Jul 15 18:32:30 devstack cinder-volume[87863]: DEBUG oslo_concurrency.processutils [req-c6f7b2a2-78fa-4d76-a320-607064e2f607 req-9e22ec94-d37f-4bea-975f-b396f6f16f58 tempest-ServerActionsTestOtherA-851711418 None] Running cmd (subprocess): /opt/stack/data/venv/bin/python3.12 -m oslo_concurrency.prlimit --as=1073741824 --cpu=60 -- sudo cinder-rootwrap /etc/cinder/rootwrap.conf env LC_ALL=C qemu-img info -f qcow2 --output=json --force-share /opt/stack/data/cinder/mnt/a58615b2bcf8f38f83cd229b1047e603/volume-02dc57a9-8d78-478c-b1d6-c3f3c2b9b40a {{(pid=87863) execute /opt/stack/data/venv/lib/python3.12/site-packages/oslo_concurrency/processutils.py:440}}
Jul 15 18:32:30 devstack sudo[91716]: quobyte : PWD=/ ; USER=root ; COMMAND=/opt/stack/data/venv/bin/cinder-rootwrap /etc/cinder/rootwrap.conf env LC_ALL=C qemu-img info -f qcow2 --output=json --force-share /opt/stack/data/cinder/mnt/a58615b2bcf8f38f83cd229b1047e603/volume-02dc57a9-8d78-478c-b1d6-c3f3c2b9b40a
Jul 15 18:32:30 devstack sudo[91716]: pam_unix(sudo:session): session opened for user root(uid=0) by (uid=1000)
Jul 15 18:32:31 devstack sudo[91716]: pam_unix(sudo:session): session closed for user root
Jul 15 18:32:31 devstack cinder-volume[87863]: DEBUG oslo_concurrency.processutils [req-c6f7b2a2-78fa-4d76-a320-607064e2f607 req-9e22ec94-d37f-4bea-975f-b396f6f16f58 tempest-ServerActionsTestOtherA-851711418 None] CMD "/opt/stack/data/venv/bin/python3.12 -m oslo_concurrency.prlimit --as=1073741824 --cpu=60 -- sudo cinder-rootwrap /etc/cinder/rootwrap.conf env LC_ALL=C qemu-img info -f qcow2 --output=json --force-share /opt/stack/data/cinder/mnt/a58615b2bcf8f38f83cd229b1047e603/volume-02dc57a9-8d78-478c-b1d6-c3f3c2b9b40a" returned: 0 in 0.645s {{(pid=87863) execute /opt/stack/data/venv/lib/python3.12/site-packages/oslo_concurrency/processutils.py:468}}
Jul 15 18:32:31 devstack cinder-volume[87863]: DEBUG oslo_concurrency.lockutils [req-c6f7b2a2-78fa-4d76-a320-607064e2f607 req-9e22ec94-d37f-4bea-975f-b396f6f16f58 tempest-ServerActionsTestOtherA-851711418 None] Lock "quobyte" "released" by "cinder.volume.drivers.quobyte.QuobyteDriver.initialize_connection" :: held 0.685s {{(pid=87863) inner /opt/stack/data/venv/lib/python3.12/site-packages/oslo_concurrency/lockutils.py:543}}
Jul 15 18:32:31 devstack cinder-volume[87863]: DEBUG cinder.volume.manager [req-c6f7b2a2-78fa-4d76-a320-607064e2f607 req-9e22ec94-d37f-4bea-975f-b396f6f16f58 tempest-ServerActionsTestOtherA-851711418 None] Connection info returned from driver {'export': 'osci02.corp.quobyte.com/cinder-vol-bd9da556-4c12-434f-b9a1-5e2ec88a398c', 'name': 'volume-02dc57a9-8d78-478c-b1d6-c3f3c2b9b40a', 'options': None, 'format': 'qcow2', 'qos_specs': None, 'access_mode': 'rw', 'encrypted': False, 'cacheable': False, 'driver_volume_type': 'quobyte', 'mount_point_base': '/opt/stack/data/cinder/mnt', 'attachment_id': 'ecdde1ab-db92-4740-96bd-1d7937cd3c51', 'enforce_multipath': True} {{(pid=87863) _connection_create /opt/stack/cinder/cinder/volume/manager.py:4924}}
Jul 15 18:32:31 devstack cinder-volume[87863]: INFO cinder.volume.manager [req-c6f7b2a2-78fa-4d76-a320-607064e2f607 req-9e22ec94-d37f-4bea-975f-b396f6f16f58 tempest-ServerActionsTestOtherA-851711418 None] attachment_update completed successfully.
Jul 15 18:32:31 devstack cinder-volume[87863]: INFO cinder.volume.manager [None req-c6eacea0-845c-4c08-87fb-ef252f39bcb2 tempest-GroupSnapshotsTest-211943275 None] Update group completed successfully.
Jul 15 18:32:32 devstack cinder-volume[87863]: INFO cinder.volume.manager [None req-e224323e-aa76-41d4-b7b9-3f43d1e45b15 tempest-GroupSnapshotsTest-211943275 None] Update group completed successfully.
Jul 15 18:32:34 devstack cinder-volume[87863]: INFO cinder.volume.manager [None req-d82ad312-4982-4bea-9265-c37e0318f54e tempest-GroupSnapshotsV319Test-1915402508 None] Group tempest-GroupSnapshotsV319Test-Group-1418421978: creating
Jul 15 18:32:34 devstack cinder-volume[87863]: INFO cinder.volume.manager [None req-d82ad312-4982-4bea-9265-c37e0318f54e tempest-GroupSnapshotsV319Test-1915402508 None] Group tempest-GroupSnapshotsV319Test-Group-1418421978: created successfully
Jul 15 18:32:34 devstack cinder-volume[87863]: INFO cinder.volume.manager [None req-d82ad312-4982-4bea-9265-c37e0318f54e tempest-GroupSnapshotsV319Test-1915402508 None] Create group completed successfully.
Jul 15 18:32:34 devstack cinder-volume[87863]: INFO cinder.volume.manager [None req-bb08a2c8-664b-4341-8717-c83d95c52293 tempest-GroupSnapshotsTest-211943275 None] GroupSnapshot 7d41675e-4384-4474-a4fd-60c4d3255731: creating.
Jul 15 18:32:35 devstack cinder-volume[87863]: DEBUG cinder.volume.manager [None req-bb08a2c8-664b-4341-8717-c83d95c52293 tempest-GroupSnapshotsTest-211943275 None] Group snapshot 7d41675e-4384-4474-a4fd-60c4d3255731: creating. {{(pid=87863) create_group_snapshot /opt/stack/cinder/cinder/volume/manager.py:4175}}
Jul 15 18:32:35 devstack cinder-volume[87863]: DEBUG oslo_concurrency.lockutils [None req-bb08a2c8-664b-4341-8717-c83d95c52293 tempest-GroupSnapshotsTest-211943275 None] Acquiring lock "quobyte" by "cinder.volume.drivers.quobyte.QuobyteDriver.create_snapshot" {{(pid=87863) inner /opt/stack/data/venv/lib/python3.12/site-packages/oslo_concurrency/lockutils.py:511}}
Jul 15 18:32:35 devstack cinder-volume[87863]: DEBUG oslo_concurrency.lockutils [None req-bb08a2c8-664b-4341-8717-c83d95c52293 tempest-GroupSnapshotsTest-211943275 None] Lock "quobyte" acquired by "cinder.volume.drivers.quobyte.QuobyteDriver.create_snapshot" :: waited 0.001s {{(pid=87863) inner /opt/stack/data/venv/lib/python3.12/site-packages/oslo_concurrency/lockutils.py:524}}
Jul 15 18:32:35 devstack cinder-volume[87863]: DEBUG cinder.volume.drivers.remotefs [None req-bb08a2c8-664b-4341-8717-c83d95c52293 tempest-GroupSnapshotsTest-211943275 None] Creating offline snapshot 3eb59b2b-3917-44ea-b429-e70049db63d8 of volume 2b0a9176-0d78-4f8f-9c9f-dd187020fc94 {{(pid=87863) _create_snapshot /opt/stack/cinder/cinder/volume/drivers/remotefs.py:1816}}
Jul 15 18:32:35 devstack cinder-volume[87863]: DEBUG oslo.privsep.daemon [-] privsep: reply[b3d4bf39-1761-40c9-845d-e5d00a17d0b3]: (4, 'qcow2') {{(pid=89013) _call_back /opt/stack/data/venv/lib/python3.12/site-packages/oslo_privsep/daemon.py:580}}
Jul 15 18:32:35 devstack cinder-volume[87863]: DEBUG oslo_concurrency.processutils [None req-bb08a2c8-664b-4341-8717-c83d95c52293 tempest-GroupSnapshotsTest-211943275 None] Running cmd (subprocess): /opt/stack/data/venv/bin/python3.12 -m oslo_concurrency.prlimit --as=1073741824 --cpu=60 -- sudo cinder-rootwrap /etc/cinder/rootwrap.conf env LC_ALL=C qemu-img info -f qcow2 --output=json --force-share /opt/stack/data/cinder/mnt/a58615b2bcf8f38f83cd229b1047e603/volume-2b0a9176-0d78-4f8f-9c9f-dd187020fc94 {{(pid=87863) execute /opt/stack/data/venv/lib/python3.12/site-packages/oslo_concurrency/processutils.py:440}}
Jul 15 18:32:35 devstack cinder-volume[87863]: DEBUG oslo_service.periodic_task [None req-a6d37bcb-388f-42e8-88df-cd188ae93a50 None None] Running periodic task VolumeManager.publish_service_capabilities {{(pid=87863) run_periodic_tasks /opt/stack/data/venv/lib/python3.12/site-packages/oslo_service/periodic_task.py:254}}
Jul 15 18:32:35 devstack cinder-volume[87863]: DEBUG oslo_concurrency.lockutils [None req-a6d37bcb-388f-42e8-88df-cd188ae93a50 None None] Acquiring lock "quobyte_ensure" by "cinder.volume.drivers.quobyte.QuobyteDriver._ensure_shares_mounted" {{(pid=87863) inner /opt/stack/data/venv/lib/python3.12/site-packages/oslo_concurrency/lockutils.py:511}}
Jul 15 18:32:35 devstack cinder-volume[87863]: DEBUG oslo_concurrency.lockutils [None req-a6d37bcb-388f-42e8-88df-cd188ae93a50 None None] Lock "quobyte_ensure" acquired by "cinder.volume.drivers.quobyte.QuobyteDriver._ensure_shares_mounted" :: waited 0.001s {{(pid=87863) inner /opt/stack/data/venv/lib/python3.12/site-packages/oslo_concurrency/lockutils.py:524}}
Jul 15 18:32:35 devstack cinder-volume[87863]: DEBUG cinder.volume.drivers.quobyte [None req-a6d37bcb-388f-42e8-88df-cd188ae93a50 None None] Quobyte Volume URL set to: {'osci02.corp.quobyte.com/cinder-vol-bd9da556-4c12-434f-b9a1-5e2ec88a398c': None} {{(pid=87863) _load_shares_config /opt/stack/cinder/cinder/volume/drivers/quobyte.py:617}}
Jul 15 18:32:35 devstack cinder-volume[87863]: DEBUG cinder.volume.drivers.quobyte [None req-a6d37bcb-388f-42e8-88df-cd188ae93a50 None None] Available shares ['osci02.corp.quobyte.com/cinder-vol-bd9da556-4c12-434f-b9a1-5e2ec88a398c'] {{(pid=87863) _ensure_shares_mounted /opt/stack/cinder/cinder/volume/drivers/quobyte.py:647}}
Jul 15 18:32:35 devstack cinder-volume[87863]: DEBUG oslo_concurrency.lockutils [None req-a6d37bcb-388f-42e8-88df-cd188ae93a50 None None] Lock "quobyte_ensure" "released" by "cinder.volume.drivers.quobyte.QuobyteDriver._ensure_shares_mounted" :: held 0.018s {{(pid=87863) inner /opt/stack/data/venv/lib/python3.12/site-packages/oslo_concurrency/lockutils.py:543}}
Jul 15 18:32:35 devstack cinder-volume[87863]: DEBUG oslo_concurrency.processutils [None req-a6d37bcb-388f-42e8-88df-cd188ae93a50 None None] Running cmd (subprocess): sudo cinder-rootwrap /etc/cinder/rootwrap.conf df --portability --block-size 1 /opt/stack/data/cinder/mnt/a58615b2bcf8f38f83cd229b1047e603 {{(pid=87863) execute /opt/stack/data/venv/lib/python3.12/site-packages/oslo_concurrency/processutils.py:440}}
Jul 15 18:32:35 devstack sudo[92166]: quobyte : PWD=/ ; USER=root ; COMMAND=/opt/stack/data/venv/bin/cinder-rootwrap /etc/cinder/rootwrap.conf df --portability --block-size 1 /opt/stack/data/cinder/mnt/a58615b2bcf8f38f83cd229b1047e603
Jul 15 18:32:35 devstack sudo[92166]: pam_unix(sudo:session): session opened for user root(uid=0) by (uid=1000)
Jul 15 18:32:35 devstack sudo[92165]: quobyte : PWD=/ ; USER=root ; COMMAND=/opt/stack/data/venv/bin/cinder-rootwrap /etc/cinder/rootwrap.conf env LC_ALL=C qemu-img info -f qcow2 --output=json --force-share /opt/stack/data/cinder/mnt/a58615b2bcf8f38f83cd229b1047e603/volume-2b0a9176-0d78-4f8f-9c9f-dd187020fc94
Jul 15 18:32:35 devstack sudo[92165]: pam_unix(sudo:session): session opened for user root(uid=0) by (uid=1000)
Jul 15 18:32:35 devstack sudo[92166]: pam_unix(sudo:session): session closed for user root
Jul 15 18:32:35 devstack cinder-volume[87863]: DEBUG oslo_concurrency.processutils [None req-a6d37bcb-388f-42e8-88df-cd188ae93a50 None None] CMD "sudo cinder-rootwrap /etc/cinder/rootwrap.conf df --portability --block-size 1 /opt/stack/data/cinder/mnt/a58615b2bcf8f38f83cd229b1047e603" returned: 0 in 0.424s {{(pid=87863) execute /opt/stack/data/venv/lib/python3.12/site-packages/oslo_concurrency/processutils.py:468}}
Jul 15 18:32:35 devstack cinder-volume[87863]: DEBUG cinder.manager [None req-a6d37bcb-388f-42e8-88df-cd188ae93a50 None None] Notifying Schedulers of capabilities ... {{(pid=87863) _publish_service_capabilities /opt/stack/cinder/cinder/manager.py:219}}
Jul 15 18:32:36 devstack sudo[92165]: pam_unix(sudo:session): session closed for user root
Jul 15 18:32:36 devstack cinder-volume[87863]: DEBUG oslo_concurrency.processutils [None req-bb08a2c8-664b-4341-8717-c83d95c52293 tempest-GroupSnapshotsTest-211943275 None] CMD "/opt/stack/data/venv/bin/python3.12 -m oslo_concurrency.prlimit --as=1073741824 --cpu=60 -- sudo cinder-rootwrap /etc/cinder/rootwrap.conf env LC_ALL=C qemu-img info -f qcow2 --output=json --force-share /opt/stack/data/cinder/mnt/a58615b2bcf8f38f83cd229b1047e603/volume-2b0a9176-0d78-4f8f-9c9f-dd187020fc94" returned: 0 in 0.991s {{(pid=87863) execute /opt/stack/data/venv/lib/python3.12/site-packages/oslo_concurrency/processutils.py:468}}
Jul 15 18:32:36 devstack cinder-volume[87863]: DEBUG oslo_concurrency.processutils [None req-bb08a2c8-664b-4341-8717-c83d95c52293 tempest-GroupSnapshotsTest-211943275 None] Running cmd (subprocess): sudo cinder-rootwrap /etc/cinder/rootwrap.conf qemu-img create -f qcow2 -o backing_file=/opt/stack/data/cinder/mnt/a58615b2bcf8f38f83cd229b1047e603/volume-2b0a9176-0d78-4f8f-9c9f-dd187020fc94,backing_fmt=qcow2 /opt/stack/data/cinder/mnt/a58615b2bcf8f38f83cd229b1047e603/volume-2b0a9176-0d78-4f8f-9c9f-dd187020fc94.3eb59b2b-3917-44ea-b429-e70049db63d8 1G {{(pid=87863) execute /opt/stack/data/venv/lib/python3.12/site-packages/oslo_concurrency/processutils.py:440}}
Jul 15 18:32:36 devstack sudo[92175]: quobyte : PWD=/ ; USER=root ; COMMAND=/opt/stack/data/venv/bin/cinder-rootwrap /etc/cinder/rootwrap.conf qemu-img create -f qcow2 -o backing_file=/opt/stack/data/cinder/mnt/a58615b2bcf8f38f83cd229b1047e603/volume-2b0a9176-0d78-4f8f-9c9f-dd187020fc94,backing_fmt=qcow2 /opt/stack/data/cinder/mnt/a58615b2bcf8f38f83cd229b1047e603/volume-2b0a9176-0d78-4f8f-9c9f-dd187020fc94.3eb59b2b-3917-44ea-b429-e70049db63d8 1G
Jul 15 18:32:36 devstack sudo[92175]: pam_unix(sudo:session): session opened for user root(uid=0) by (uid=1000)
Jul 15 18:32:37 devstack sudo[92175]: pam_unix(sudo:session): session closed for user root
Jul 15 18:32:37 devstack cinder-volume[87863]: DEBUG oslo_concurrency.processutils [None req-bb08a2c8-664b-4341-8717-c83d95c52293 tempest-GroupSnapshotsTest-211943275 None] CMD "sudo cinder-rootwrap /etc/cinder/rootwrap.conf qemu-img create -f qcow2 -o backing_file=/opt/stack/data/cinder/mnt/a58615b2bcf8f38f83cd229b1047e603/volume-2b0a9176-0d78-4f8f-9c9f-dd187020fc94,backing_fmt=qcow2 /opt/stack/data/cinder/mnt/a58615b2bcf8f38f83cd229b1047e603/volume-2b0a9176-0d78-4f8f-9c9f-dd187020fc94.3eb59b2b-3917-44ea-b429-e70049db63d8 1G" returned: 0 in 1.297s {{(pid=87863) execute /opt/stack/data/venv/lib/python3.12/site-packages/oslo_concurrency/processutils.py:468}}
Jul 15 18:32:37 devstack cinder-volume[87863]: DEBUG oslo_concurrency.processutils [None req-bb08a2c8-664b-4341-8717-c83d95c52293 tempest-GroupSnapshotsTest-211943275 None] Running cmd (subprocess): sudo cinder-rootwrap /etc/cinder/rootwrap.conf qemu-img rebase -u -b volume-2b0a9176-0d78-4f8f-9c9f-dd187020fc94 -F qcow2 /opt/stack/data/cinder/mnt/a58615b2bcf8f38f83cd229b1047e603/volume-2b0a9176-0d78-4f8f-9c9f-dd187020fc94.3eb59b2b-3917-44ea-b429-e70049db63d8 {{(pid=87863) execute /opt/stack/data/venv/lib/python3.12/site-packages/oslo_concurrency/processutils.py:440}}
Jul 15 18:32:37 devstack sudo[92201]: quobyte : PWD=/ ; USER=root ; COMMAND=/opt/stack/data/venv/bin/cinder-rootwrap /etc/cinder/rootwrap.conf qemu-img rebase -u -b volume-2b0a9176-0d78-4f8f-9c9f-dd187020fc94 -F qcow2 /opt/stack/data/cinder/mnt/a58615b2bcf8f38f83cd229b1047e603/volume-2b0a9176-0d78-4f8f-9c9f-dd187020fc94.3eb59b2b-3917-44ea-b429-e70049db63d8
Jul 15 18:32:37 devstack sudo[92201]: pam_unix(sudo:session): session opened for user root(uid=0) by (uid=1000)
Jul 15 18:32:37 devstack cinder-volume[87863]: DEBUG cinder.volume.flows.manager.create_volume [None req-dfb94447-01ab-402f-92d7-b69c179e16d2 tempest-GroupSnapshotsV319Test-1915402508 None] Volume reschedule parameters: True retry: {'num_attempts': 1, 'backends': ['devstack@QuobyteHD#QuobyteHD'], 'hosts': ['devstack@QuobyteHD#QuobyteHD']} {{(pid=87863) get_flow /opt/stack/cinder/cinder/volume/flows/manager/create_volume.py:1397}}
Jul 15 18:32:37 devstack cinder-volume[87863]: DEBUG cinder.volume.manager [None req-dfb94447-01ab-402f-92d7-b69c179e16d2 tempest-GroupSnapshotsV319Test-1915402508 None] Flow 'volume_create_manager' (21ba9ca7-0752-4819-9abf-36d63416fc28) transitioned into state 'RUNNING' from state 'PENDING' {{(pid=87863) _flow_receiver /opt/stack/data/venv/lib/python3.12/site-packages/taskflow/listeners/logging.py:160}}
Jul 15 18:32:37 devstack cinder-volume[87863]: DEBUG cinder.volume.manager [None req-dfb94447-01ab-402f-92d7-b69c179e16d2 tempest-GroupSnapshotsV319Test-1915402508 None] Task 'cinder.volume.flows.manager.create_volume.ExtractVolumeRefTask;volume:create' (4822734e-00fa-4c05-bcbb-54027b5c98e8) transitioned into state 'RUNNING' from state 'PENDING' {{(pid=87863) _task_receiver /opt/stack/data/venv/lib/python3.12/site-packages/taskflow/listeners/logging.py:242}}
Jul 15 18:32:37 devstack cinder-volume[87863]: DEBUG cinder.volume.manager [None req-dfb94447-01ab-402f-92d7-b69c179e16d2 tempest-GroupSnapshotsV319Test-1915402508 None] Task 'cinder.volume.flows.manager.create_volume.ExtractVolumeRefTask;volume:create' (4822734e-00fa-4c05-bcbb-54027b5c98e8) transitioned into state 'SUCCESS' from state 'RUNNING' with result 'Volume(_name_id=None,admin_metadata=,attach_status='detached',availability_zone='nova',bootable=False,cluster=,cluster_name=None,consistencygroup=,consistencygroup_id=None,created_at=2026-07-15T16:32:36Z,deleted=False,deleted_at=None,display_description=None,display_name='tempest-volume-1961256697',ec2_id=None,encryption_key_id=None,glance_metadata=,group=,group_id=443b61d6-206d-4a3e-ba00-7bba5607092d,host='devstack@QuobyteHD#QuobyteHD',id=4e285cd9-732f-4a11-b200-1b4e14df6931,launched_at=None,metadata={},migration_status=None,multiattach=False,previous_status=None,project_id='4a2f11aa72cd497dbf6c39f62a016361',provider_auth=None,provider_geometry=None,provider_id=None,provider_location=None,replication_driver_data=None,replication_extended_status=None,replication_status=None,scheduled_at=2026-07-15T16:32:37Z,service_uuid=None,shared_targets=True,size=1,snapshot_id=None,snapshots=,source_volid=None,status='creating',terminated_at=None,updated_at=2026-07-15T16:32:37Z,use_quota=True,user_id='2a6c2c0306cc45ac851571216d3491d9',volume_attachment=VolumeAttachmentList,volume_type=VolumeType(500f7702-1fa4-4911-bd55-c8addd0e2b36),volume_type_id=500f7702-1fa4-4911-bd55-c8addd0e2b36)' {{(pid=87863) _task_receiver /opt/stack/data/venv/lib/python3.12/site-packages/taskflow/listeners/logging.py:218}}
Jul 15 18:32:37 devstack cinder-volume[87863]: DEBUG cinder.volume.manager [None req-dfb94447-01ab-402f-92d7-b69c179e16d2 tempest-GroupSnapshotsV319Test-1915402508 None] Task 'cinder.volume.flows.manager.create_volume.OnFailureRescheduleTask;volume:create' (0ef66589-de22-4f5b-8ad0-f3de6c554b88) transitioned into state 'RUNNING' from state 'PENDING' {{(pid=87863) _task_receiver /opt/stack/data/venv/lib/python3.12/site-packages/taskflow/listeners/logging.py:242}}
Jul 15 18:32:37 devstack cinder-volume[87863]: DEBUG cinder.volume.manager [None req-dfb94447-01ab-402f-92d7-b69c179e16d2 tempest-GroupSnapshotsV319Test-1915402508 None] Task 'cinder.volume.flows.manager.create_volume.OnFailureRescheduleTask;volume:create' (0ef66589-de22-4f5b-8ad0-f3de6c554b88) transitioned into state 'SUCCESS' from state 'RUNNING' with result 'None' {{(pid=87863) _task_receiver /opt/stack/data/venv/lib/python3.12/site-packages/taskflow/listeners/logging.py:218}}
Jul 15 18:32:37 devstack cinder-volume[87863]: DEBUG cinder.volume.manager [None req-dfb94447-01ab-402f-92d7-b69c179e16d2 tempest-GroupSnapshotsV319Test-1915402508 None] Task 'cinder.volume.flows.manager.create_volume.ExtractVolumeSpecTask;volume:create' (d566a98d-1552-41db-b665-5c6c501c9a17) transitioned into state 'RUNNING' from state 'PENDING' {{(pid=87863) _task_receiver /opt/stack/data/venv/lib/python3.12/site-packages/taskflow/listeners/logging.py:242}}
Jul 15 18:32:37 devstack cinder-volume[87863]: DEBUG cinder.volume.manager [None req-dfb94447-01ab-402f-92d7-b69c179e16d2 tempest-GroupSnapshotsV319Test-1915402508 None] Task 'cinder.volume.flows.manager.create_volume.ExtractVolumeSpecTask;volume:create' (d566a98d-1552-41db-b665-5c6c501c9a17) transitioned into state 'SUCCESS' from state 'RUNNING' with result '{'status': 'creating', 'type': 'raw', 'volume_id': '4e285cd9-732f-4a11-b200-1b4e14df6931', 'volume_name': 'volume-4e285cd9-732f-4a11-b200-1b4e14df6931', 'volume_size': 1}' {{(pid=87863) _task_receiver /opt/stack/data/venv/lib/python3.12/site-packages/taskflow/listeners/logging.py:218}}
Jul 15 18:32:37 devstack cinder-volume[87863]: DEBUG cinder.volume.manager [None req-dfb94447-01ab-402f-92d7-b69c179e16d2 tempest-GroupSnapshotsV319Test-1915402508 None] Task 'cinder.volume.flows.manager.create_volume.NotifyVolumeActionTask;volume:create, create.start' (d95dd3ef-dba4-47c0-847c-a9ab7ed94688) transitioned into state 'RUNNING' from state 'PENDING' {{(pid=87863) _task_receiver /opt/stack/data/venv/lib/python3.12/site-packages/taskflow/listeners/logging.py:242}}
Jul 15 18:32:37 devstack cinder-volume[87863]: DEBUG cinder.volume.manager [None req-dfb94447-01ab-402f-92d7-b69c179e16d2 tempest-GroupSnapshotsV319Test-1915402508 None] Task 'cinder.volume.flows.manager.create_volume.NotifyVolumeActionTask;volume:create, create.start' (d95dd3ef-dba4-47c0-847c-a9ab7ed94688) transitioned into state 'SUCCESS' from state 'RUNNING' with result 'None' {{(pid=87863) _task_receiver /opt/stack/data/venv/lib/python3.12/site-packages/taskflow/listeners/logging.py:218}}
Jul 15 18:32:37 devstack cinder-volume[87863]: DEBUG cinder.volume.manager [None req-dfb94447-01ab-402f-92d7-b69c179e16d2 tempest-GroupSnapshotsV319Test-1915402508 None] Task 'cinder.volume.flows.manager.create_volume.CreateVolumeFromSpecTask;volume:create' (b5341bf4-89ba-418f-9001-43c14861a74c) transitioned into state 'RUNNING' from state 'PENDING' {{(pid=87863) _task_receiver /opt/stack/data/venv/lib/python3.12/site-packages/taskflow/listeners/logging.py:242}}
Jul 15 18:32:37 devstack cinder-volume[87863]: INFO cinder.volume.flows.manager.create_volume [None req-dfb94447-01ab-402f-92d7-b69c179e16d2 tempest-GroupSnapshotsV319Test-1915402508 None] Volume 4e285cd9-732f-4a11-b200-1b4e14df6931: being created as raw with specification: {'status': 'creating', 'volume_name': 'volume-4e285cd9-732f-4a11-b200-1b4e14df6931', 'volume_size': 1}
Jul 15 18:32:37 devstack cinder-volume[87863]: DEBUG oslo_concurrency.lockutils [None req-dfb94447-01ab-402f-92d7-b69c179e16d2 tempest-GroupSnapshotsV319Test-1915402508 None] Acquiring lock "quobyte" by "cinder.volume.drivers.quobyte.QuobyteDriver.create_volume" {{(pid=87863) inner /opt/stack/data/venv/lib/python3.12/site-packages/oslo_concurrency/lockutils.py:511}}
Jul 15 18:32:38 devstack sudo[92201]: pam_unix(sudo:session): session closed for user root
Jul 15 18:32:38 devstack cinder-volume[87863]: DEBUG oslo_concurrency.processutils [None req-bb08a2c8-664b-4341-8717-c83d95c52293 tempest-GroupSnapshotsTest-211943275 None] CMD "sudo cinder-rootwrap /etc/cinder/rootwrap.conf qemu-img rebase -u -b volume-2b0a9176-0d78-4f8f-9c9f-dd187020fc94 -F qcow2 /opt/stack/data/cinder/mnt/a58615b2bcf8f38f83cd229b1047e603/volume-2b0a9176-0d78-4f8f-9c9f-dd187020fc94.3eb59b2b-3917-44ea-b429-e70049db63d8" returned: 0 in 0.657s {{(pid=87863) execute /opt/stack/data/venv/lib/python3.12/site-packages/oslo_concurrency/processutils.py:468}}
Jul 15 18:32:38 devstack cinder-volume[87863]: WARNING cinder.volume.drivers.remotefs [None req-bb08a2c8-664b-4341-8717-c83d95c52293 tempest-GroupSnapshotsTest-211943275 None] /opt/stack/data/cinder/mnt/a58615b2bcf8f38f83cd229b1047e603/volume-2b0a9176-0d78-4f8f-9c9f-dd187020fc94.3eb59b2b-3917-44ea-b429-e70049db63d8 is being set with open permissions: ugo+rw: NotImplementedError
Jul 15 18:32:38 devstack cinder-volume[87863]: DEBUG oslo_concurrency.processutils [None req-bb08a2c8-664b-4341-8717-c83d95c52293 tempest-GroupSnapshotsTest-211943275 None] Running cmd (subprocess): sudo cinder-rootwrap /etc/cinder/rootwrap.conf chmod ugo+rw /opt/stack/data/cinder/mnt/a58615b2bcf8f38f83cd229b1047e603/volume-2b0a9176-0d78-4f8f-9c9f-dd187020fc94.3eb59b2b-3917-44ea-b429-e70049db63d8 {{(pid=87863) execute /opt/stack/data/venv/lib/python3.12/site-packages/oslo_concurrency/processutils.py:440}}
Jul 15 18:32:38 devstack sudo[92212]: quobyte : PWD=/ ; USER=root ; COMMAND=/opt/stack/data/venv/bin/cinder-rootwrap /etc/cinder/rootwrap.conf chmod ugo+rw /opt/stack/data/cinder/mnt/a58615b2bcf8f38f83cd229b1047e603/volume-2b0a9176-0d78-4f8f-9c9f-dd187020fc94.3eb59b2b-3917-44ea-b429-e70049db63d8
Jul 15 18:32:38 devstack sudo[92212]: pam_unix(sudo:session): session opened for user root(uid=0) by (uid=1000)
Jul 15 18:32:38 devstack sudo[92212]: pam_unix(sudo:session): session closed for user root
Jul 15 18:32:38 devstack cinder-volume[87863]: DEBUG oslo_concurrency.processutils [None req-bb08a2c8-664b-4341-8717-c83d95c52293 tempest-GroupSnapshotsTest-211943275 None] CMD "sudo cinder-rootwrap /etc/cinder/rootwrap.conf chmod ugo+rw /opt/stack/data/cinder/mnt/a58615b2bcf8f38f83cd229b1047e603/volume-2b0a9176-0d78-4f8f-9c9f-dd187020fc94.3eb59b2b-3917-44ea-b429-e70049db63d8" returned: 0 in 0.464s {{(pid=87863) execute /opt/stack/data/venv/lib/python3.12/site-packages/oslo_concurrency/processutils.py:468}}
Jul 15 18:32:38 devstack cinder-volume[87863]: DEBUG oslo_concurrency.processutils [None req-bb08a2c8-664b-4341-8717-c83d95c52293 tempest-GroupSnapshotsTest-211943275 None] Running cmd (subprocess): sudo cinder-rootwrap /etc/cinder/rootwrap.conf truncate -s0 /opt/stack/data/cinder/mnt/a58615b2bcf8f38f83cd229b1047e603/volume-2b0a9176-0d78-4f8f-9c9f-dd187020fc94.info {{(pid=87863) execute /opt/stack/data/venv/lib/python3.12/site-packages/oslo_concurrency/processutils.py:440}}
Jul 15 18:32:38 devstack sudo[92215]: quobyte : PWD=/ ; USER=root ; COMMAND=/opt/stack/data/venv/bin/cinder-rootwrap /etc/cinder/rootwrap.conf truncate -s0 /opt/stack/data/cinder/mnt/a58615b2bcf8f38f83cd229b1047e603/volume-2b0a9176-0d78-4f8f-9c9f-dd187020fc94.info
Jul 15 18:32:38 devstack sudo[92215]: pam_unix(sudo:session): session opened for user root(uid=0) by (uid=1000)
Jul 15 18:32:38 devstack sudo[92215]: pam_unix(sudo:session): session closed for user root
Jul 15 18:32:38 devstack cinder-volume[87863]: DEBUG oslo_concurrency.processutils [None req-bb08a2c8-664b-4341-8717-c83d95c52293 tempest-GroupSnapshotsTest-211943275 None] CMD "sudo cinder-rootwrap /etc/cinder/rootwrap.conf truncate -s0 /opt/stack/data/cinder/mnt/a58615b2bcf8f38f83cd229b1047e603/volume-2b0a9176-0d78-4f8f-9c9f-dd187020fc94.info" returned: 0 in 0.383s {{(pid=87863) execute /opt/stack/data/venv/lib/python3.12/site-packages/oslo_concurrency/processutils.py:468}}
Jul 15 18:32:38 devstack cinder-volume[87863]: WARNING cinder.volume.drivers.remotefs [None req-bb08a2c8-664b-4341-8717-c83d95c52293 tempest-GroupSnapshotsTest-211943275 None] /opt/stack/data/cinder/mnt/a58615b2bcf8f38f83cd229b1047e603/volume-2b0a9176-0d78-4f8f-9c9f-dd187020fc94.info is being set with open permissions: ugo+rw: NotImplementedError
Jul 15 18:32:38 devstack cinder-volume[87863]: DEBUG oslo_concurrency.processutils [None req-bb08a2c8-664b-4341-8717-c83d95c52293 tempest-GroupSnapshotsTest-211943275 None] Running cmd (subprocess): sudo cinder-rootwrap /etc/cinder/rootwrap.conf chmod ugo+rw /opt/stack/data/cinder/mnt/a58615b2bcf8f38f83cd229b1047e603/volume-2b0a9176-0d78-4f8f-9c9f-dd187020fc94.info {{(pid=87863) execute /opt/stack/data/venv/lib/python3.12/site-packages/oslo_concurrency/processutils.py:440}}
Jul 15 18:32:39 devstack sudo[92218]: quobyte : PWD=/ ; USER=root ; COMMAND=/opt/stack/data/venv/bin/cinder-rootwrap /etc/cinder/rootwrap.conf chmod ugo+rw /opt/stack/data/cinder/mnt/a58615b2bcf8f38f83cd229b1047e603/volume-2b0a9176-0d78-4f8f-9c9f-dd187020fc94.info
Jul 15 18:32:39 devstack sudo[92218]: pam_unix(sudo:session): session opened for user root(uid=0) by (uid=1000)
Jul 15 18:32:39 devstack sudo[92218]: pam_unix(sudo:session): session closed for user root
Jul 15 18:32:39 devstack cinder-volume[87863]: DEBUG oslo_concurrency.processutils [None req-bb08a2c8-664b-4341-8717-c83d95c52293 tempest-GroupSnapshotsTest-211943275 None] CMD "sudo cinder-rootwrap /etc/cinder/rootwrap.conf chmod ugo+rw /opt/stack/data/cinder/mnt/a58615b2bcf8f38f83cd229b1047e603/volume-2b0a9176-0d78-4f8f-9c9f-dd187020fc94.info" returned: 0 in 0.275s {{(pid=87863) execute /opt/stack/data/venv/lib/python3.12/site-packages/oslo_concurrency/processutils.py:468}}
Jul 15 18:32:39 devstack cinder-volume[87863]: DEBUG oslo_concurrency.lockutils [None req-bb08a2c8-664b-4341-8717-c83d95c52293 tempest-GroupSnapshotsTest-211943275 None] Lock "quobyte" "released" by "cinder.volume.drivers.quobyte.QuobyteDriver.create_snapshot" :: held 4.248s {{(pid=87863) inner /opt/stack/data/venv/lib/python3.12/site-packages/oslo_concurrency/lockutils.py:543}}
Jul 15 18:32:39 devstack cinder-volume[87863]: DEBUG oslo_concurrency.lockutils [None req-bb08a2c8-664b-4341-8717-c83d95c52293 tempest-GroupSnapshotsTest-211943275 None] Acquiring lock "quobyte" by "cinder.volume.drivers.quobyte.QuobyteDriver.create_snapshot" {{(pid=87863) inner /opt/stack/data/venv/lib/python3.12/site-packages/oslo_concurrency/lockutils.py:511}}
Jul 15 18:32:39 devstack cinder-volume[87863]: DEBUG oslo_concurrency.lockutils [None req-bb08a2c8-664b-4341-8717-c83d95c52293 tempest-GroupSnapshotsTest-211943275 None] Lock "quobyte" acquired by "cinder.volume.drivers.quobyte.QuobyteDriver.create_snapshot" :: waited 0.000s {{(pid=87863) inner /opt/stack/data/venv/lib/python3.12/site-packages/oslo_concurrency/lockutils.py:524}}
Jul 15 18:32:39 devstack cinder-volume[87863]: DEBUG cinder.volume.drivers.remotefs [None req-bb08a2c8-664b-4341-8717-c83d95c52293 tempest-GroupSnapshotsTest-211943275 None] Creating offline snapshot bdafe2e8-2948-4cdf-ba0e-bde1bae71593 of volume 38faf774-fdee-4d51-ab35-f2cc3b5f6947 {{(pid=87863) _create_snapshot /opt/stack/cinder/cinder/volume/drivers/remotefs.py:1816}}
Jul 15 18:32:39 devstack cinder-volume[87863]: DEBUG oslo.privsep.daemon [-] privsep: reply[2e94bd10-d60f-403c-a9cd-d6420365e846]: (4, 'qcow2') {{(pid=89013) _call_back /opt/stack/data/venv/lib/python3.12/site-packages/oslo_privsep/daemon.py:580}}
Jul 15 18:32:39 devstack cinder-volume[87863]: DEBUG oslo_concurrency.processutils [None req-bb08a2c8-664b-4341-8717-c83d95c52293 tempest-GroupSnapshotsTest-211943275 None] Running cmd (subprocess): /opt/stack/data/venv/bin/python3.12 -m oslo_concurrency.prlimit --as=1073741824 --cpu=60 -- sudo cinder-rootwrap /etc/cinder/rootwrap.conf env LC_ALL=C qemu-img info -f qcow2 --output=json --force-share /opt/stack/data/cinder/mnt/a58615b2bcf8f38f83cd229b1047e603/volume-38faf774-fdee-4d51-ab35-f2cc3b5f6947 {{(pid=87863) execute /opt/stack/data/venv/lib/python3.12/site-packages/oslo_concurrency/processutils.py:440}}
Jul 15 18:32:39 devstack sudo[92221]: quobyte : PWD=/ ; USER=root ; COMMAND=/opt/stack/data/venv/bin/cinder-rootwrap /etc/cinder/rootwrap.conf env LC_ALL=C qemu-img info -f qcow2 --output=json --force-share /opt/stack/data/cinder/mnt/a58615b2bcf8f38f83cd229b1047e603/volume-38faf774-fdee-4d51-ab35-f2cc3b5f6947
Jul 15 18:32:39 devstack sudo[92221]: pam_unix(sudo:session): session opened for user root(uid=0) by (uid=1000)
Jul 15 18:32:39 devstack sudo[92221]: pam_unix(sudo:session): session closed for user root
Jul 15 18:32:39 devstack cinder-volume[87863]: DEBUG oslo_concurrency.processutils [None req-bb08a2c8-664b-4341-8717-c83d95c52293 tempest-GroupSnapshotsTest-211943275 None] CMD "/opt/stack/data/venv/bin/python3.12 -m oslo_concurrency.prlimit --as=1073741824 --cpu=60 -- sudo cinder-rootwrap /etc/cinder/rootwrap.conf env LC_ALL=C qemu-img info -f qcow2 --output=json --force-share /opt/stack/data/cinder/mnt/a58615b2bcf8f38f83cd229b1047e603/volume-38faf774-fdee-4d51-ab35-f2cc3b5f6947" returned: 0 in 0.421s {{(pid=87863) execute /opt/stack/data/venv/lib/python3.12/site-packages/oslo_concurrency/processutils.py:468}}
Jul 15 18:32:39 devstack cinder-volume[87863]: DEBUG oslo_concurrency.processutils [None req-bb08a2c8-664b-4341-8717-c83d95c52293 tempest-GroupSnapshotsTest-211943275 None] Running cmd (subprocess): sudo cinder-rootwrap /etc/cinder/rootwrap.conf qemu-img create -f qcow2 -o backing_file=/opt/stack/data/cinder/mnt/a58615b2bcf8f38f83cd229b1047e603/volume-38faf774-fdee-4d51-ab35-f2cc3b5f6947,backing_fmt=qcow2 /opt/stack/data/cinder/mnt/a58615b2bcf8f38f83cd229b1047e603/volume-38faf774-fdee-4d51-ab35-f2cc3b5f6947.bdafe2e8-2948-4cdf-ba0e-bde1bae71593 1G {{(pid=87863) execute /opt/stack/data/venv/lib/python3.12/site-packages/oslo_concurrency/processutils.py:440}}
Jul 15 18:32:39 devstack sudo[92227]: quobyte : PWD=/ ; USER=root ; COMMAND=/opt/stack/data/venv/bin/cinder-rootwrap /etc/cinder/rootwrap.conf qemu-img create -f qcow2 -o backing_file=/opt/stack/data/cinder/mnt/a58615b2bcf8f38f83cd229b1047e603/volume-38faf774-fdee-4d51-ab35-f2cc3b5f6947,backing_fmt=qcow2 /opt/stack/data/cinder/mnt/a58615b2bcf8f38f83cd229b1047e603/volume-38faf774-fdee-4d51-ab35-f2cc3b5f6947.bdafe2e8-2948-4cdf-ba0e-bde1bae71593 1G
Jul 15 18:32:39 devstack sudo[92227]: pam_unix(sudo:session): session opened for user root(uid=0) by (uid=1000)
Jul 15 18:32:40 devstack sudo[92227]: pam_unix(sudo:session): session closed for user root
Jul 15 18:32:40 devstack cinder-volume[87863]: DEBUG oslo_concurrency.processutils [None req-bb08a2c8-664b-4341-8717-c83d95c52293 tempest-GroupSnapshotsTest-211943275 None] CMD "sudo cinder-rootwrap /etc/cinder/rootwrap.conf qemu-img create -f qcow2 -o backing_file=/opt/stack/data/cinder/mnt/a58615b2bcf8f38f83cd229b1047e603/volume-38faf774-fdee-4d51-ab35-f2cc3b5f6947,backing_fmt=qcow2 /opt/stack/data/cinder/mnt/a58615b2bcf8f38f83cd229b1047e603/volume-38faf774-fdee-4d51-ab35-f2cc3b5f6947.bdafe2e8-2948-4cdf-ba0e-bde1bae71593 1G" returned: 0 in 0.455s {{(pid=87863) execute /opt/stack/data/venv/lib/python3.12/site-packages/oslo_concurrency/processutils.py:468}}
Jul 15 18:32:40 devstack cinder-volume[87863]: DEBUG oslo_concurrency.processutils [None req-bb08a2c8-664b-4341-8717-c83d95c52293 tempest-GroupSnapshotsTest-211943275 None] Running cmd (subprocess): sudo cinder-rootwrap /etc/cinder/rootwrap.conf qemu-img rebase -u -b volume-38faf774-fdee-4d51-ab35-f2cc3b5f6947 -F qcow2 /opt/stack/data/cinder/mnt/a58615b2bcf8f38f83cd229b1047e603/volume-38faf774-fdee-4d51-ab35-f2cc3b5f6947.bdafe2e8-2948-4cdf-ba0e-bde1bae71593 {{(pid=87863) execute /opt/stack/data/venv/lib/python3.12/site-packages/oslo_concurrency/processutils.py:440}}
Jul 15 18:32:40 devstack sudo[92233]: quobyte : PWD=/ ; USER=root ; COMMAND=/opt/stack/data/venv/bin/cinder-rootwrap /etc/cinder/rootwrap.conf qemu-img rebase -u -b volume-38faf774-fdee-4d51-ab35-f2cc3b5f6947 -F qcow2 /opt/stack/data/cinder/mnt/a58615b2bcf8f38f83cd229b1047e603/volume-38faf774-fdee-4d51-ab35-f2cc3b5f6947.bdafe2e8-2948-4cdf-ba0e-bde1bae71593
Jul 15 18:32:40 devstack sudo[92233]: pam_unix(sudo:session): session opened for user root(uid=0) by (uid=1000)
Jul 15 18:32:40 devstack sudo[92233]: pam_unix(sudo:session): session closed for user root
Jul 15 18:32:40 devstack cinder-volume[87863]: DEBUG oslo_concurrency.processutils [None req-bb08a2c8-664b-4341-8717-c83d95c52293 tempest-GroupSnapshotsTest-211943275 None] CMD "sudo cinder-rootwrap /etc/cinder/rootwrap.conf qemu-img rebase -u -b volume-38faf774-fdee-4d51-ab35-f2cc3b5f6947 -F qcow2 /opt/stack/data/cinder/mnt/a58615b2bcf8f38f83cd229b1047e603/volume-38faf774-fdee-4d51-ab35-f2cc3b5f6947.bdafe2e8-2948-4cdf-ba0e-bde1bae71593" returned: 0 in 0.349s {{(pid=87863) execute /opt/stack/data/venv/lib/python3.12/site-packages/oslo_concurrency/processutils.py:468}}
Jul 15 18:32:40 devstack cinder-volume[87863]: WARNING cinder.volume.drivers.remotefs [None req-bb08a2c8-664b-4341-8717-c83d95c52293 tempest-GroupSnapshotsTest-211943275 None] /opt/stack/data/cinder/mnt/a58615b2bcf8f38f83cd229b1047e603/volume-38faf774-fdee-4d51-ab35-f2cc3b5f6947.bdafe2e8-2948-4cdf-ba0e-bde1bae71593 is being set with open permissions: ugo+rw: NotImplementedError
Jul 15 18:32:40 devstack cinder-volume[87863]: DEBUG oslo_concurrency.processutils [None req-bb08a2c8-664b-4341-8717-c83d95c52293 tempest-GroupSnapshotsTest-211943275 None] Running cmd (subprocess): sudo cinder-rootwrap /etc/cinder/rootwrap.conf chmod ugo+rw /opt/stack/data/cinder/mnt/a58615b2bcf8f38f83cd229b1047e603/volume-38faf774-fdee-4d51-ab35-f2cc3b5f6947.bdafe2e8-2948-4cdf-ba0e-bde1bae71593 {{(pid=87863) execute /opt/stack/data/venv/lib/python3.12/site-packages/oslo_concurrency/processutils.py:440}}
Jul 15 18:32:40 devstack sudo[92239]: quobyte : PWD=/ ; USER=root ; COMMAND=/opt/stack/data/venv/bin/cinder-rootwrap /etc/cinder/rootwrap.conf chmod ugo+rw /opt/stack/data/cinder/mnt/a58615b2bcf8f38f83cd229b1047e603/volume-38faf774-fdee-4d51-ab35-f2cc3b5f6947.bdafe2e8-2948-4cdf-ba0e-bde1bae71593
Jul 15 18:32:40 devstack sudo[92239]: pam_unix(sudo:session): session opened for user root(uid=0) by (uid=1000)
Jul 15 18:32:40 devstack sudo[92239]: pam_unix(sudo:session): session closed for user root
Jul 15 18:32:40 devstack cinder-volume[87863]: DEBUG oslo_concurrency.processutils [None req-bb08a2c8-664b-4341-8717-c83d95c52293 tempest-GroupSnapshotsTest-211943275 None] CMD "sudo cinder-rootwrap /etc/cinder/rootwrap.conf chmod ugo+rw /opt/stack/data/cinder/mnt/a58615b2bcf8f38f83cd229b1047e603/volume-38faf774-fdee-4d51-ab35-f2cc3b5f6947.bdafe2e8-2948-4cdf-ba0e-bde1bae71593" returned: 0 in 0.260s {{(pid=87863) execute /opt/stack/data/venv/lib/python3.12/site-packages/oslo_concurrency/processutils.py:468}}
Jul 15 18:32:40 devstack cinder-volume[87863]: DEBUG oslo_concurrency.processutils [None req-bb08a2c8-664b-4341-8717-c83d95c52293 tempest-GroupSnapshotsTest-211943275 None] Running cmd (subprocess): sudo cinder-rootwrap /etc/cinder/rootwrap.conf truncate -s0 /opt/stack/data/cinder/mnt/a58615b2bcf8f38f83cd229b1047e603/volume-38faf774-fdee-4d51-ab35-f2cc3b5f6947.info {{(pid=87863) execute /opt/stack/data/venv/lib/python3.12/site-packages/oslo_concurrency/processutils.py:440}}
Jul 15 18:32:40 devstack sudo[92242]: quobyte : PWD=/ ; USER=root ; COMMAND=/opt/stack/data/venv/bin/cinder-rootwrap /etc/cinder/rootwrap.conf truncate -s0 /opt/stack/data/cinder/mnt/a58615b2bcf8f38f83cd229b1047e603/volume-38faf774-fdee-4d51-ab35-f2cc3b5f6947.info
Jul 15 18:32:40 devstack sudo[92242]: pam_unix(sudo:session): session opened for user root(uid=0) by (uid=1000)
Jul 15 18:32:41 devstack sudo[92242]: pam_unix(sudo:session): session closed for user root
Jul 15 18:32:41 devstack cinder-volume[87863]: DEBUG oslo_concurrency.processutils [None req-bb08a2c8-664b-4341-8717-c83d95c52293 tempest-GroupSnapshotsTest-211943275 None] CMD "sudo cinder-rootwrap /etc/cinder/rootwrap.conf truncate -s0 /opt/stack/data/cinder/mnt/a58615b2bcf8f38f83cd229b1047e603/volume-38faf774-fdee-4d51-ab35-f2cc3b5f6947.info" returned: 0 in 0.324s {{(pid=87863) execute /opt/stack/data/venv/lib/python3.12/site-packages/oslo_concurrency/processutils.py:468}}
Jul 15 18:32:41 devstack cinder-volume[87863]: WARNING cinder.volume.drivers.remotefs [None req-bb08a2c8-664b-4341-8717-c83d95c52293 tempest-GroupSnapshotsTest-211943275 None] /opt/stack/data/cinder/mnt/a58615b2bcf8f38f83cd229b1047e603/volume-38faf774-fdee-4d51-ab35-f2cc3b5f6947.info is being set with open permissions: ugo+rw: NotImplementedError
Jul 15 18:32:41 devstack cinder-volume[87863]: DEBUG oslo_concurrency.processutils [None req-bb08a2c8-664b-4341-8717-c83d95c52293 tempest-GroupSnapshotsTest-211943275 None] Running cmd (subprocess): sudo cinder-rootwrap /etc/cinder/rootwrap.conf chmod ugo+rw /opt/stack/data/cinder/mnt/a58615b2bcf8f38f83cd229b1047e603/volume-38faf774-fdee-4d51-ab35-f2cc3b5f6947.info {{(pid=87863) execute /opt/stack/data/venv/lib/python3.12/site-packages/oslo_concurrency/processutils.py:440}}
Jul 15 18:32:41 devstack sudo[92245]: quobyte : PWD=/ ; USER=root ; COMMAND=/opt/stack/data/venv/bin/cinder-rootwrap /etc/cinder/rootwrap.conf chmod ugo+rw /opt/stack/data/cinder/mnt/a58615b2bcf8f38f83cd229b1047e603/volume-38faf774-fdee-4d51-ab35-f2cc3b5f6947.info
Jul 15 18:32:41 devstack sudo[92245]: pam_unix(sudo:session): session opened for user root(uid=0) by (uid=1000)
Jul 15 18:32:41 devstack sudo[92245]: pam_unix(sudo:session): session closed for user root
Jul 15 18:32:41 devstack cinder-volume[87863]: DEBUG oslo_concurrency.processutils [None req-bb08a2c8-664b-4341-8717-c83d95c52293 tempest-GroupSnapshotsTest-211943275 None] CMD "sudo cinder-rootwrap /etc/cinder/rootwrap.conf chmod ugo+rw /opt/stack/data/cinder/mnt/a58615b2bcf8f38f83cd229b1047e603/volume-38faf774-fdee-4d51-ab35-f2cc3b5f6947.info" returned: 0 in 0.273s {{(pid=87863) execute /opt/stack/data/venv/lib/python3.12/site-packages/oslo_concurrency/processutils.py:468}}
Jul 15 18:32:41 devstack cinder-volume[87863]: DEBUG oslo_concurrency.lockutils [None req-bb08a2c8-664b-4341-8717-c83d95c52293 tempest-GroupSnapshotsTest-211943275 None] Lock "quobyte" "released" by "cinder.volume.drivers.quobyte.QuobyteDriver.create_snapshot" :: held 2.194s {{(pid=87863) inner /opt/stack/data/venv/lib/python3.12/site-packages/oslo_concurrency/lockutils.py:543}}
Jul 15 18:32:41 devstack cinder-volume[87863]: DEBUG oslo_concurrency.lockutils [None req-dfb94447-01ab-402f-92d7-b69c179e16d2 tempest-GroupSnapshotsV319Test-1915402508 None] Lock "quobyte" acquired by "cinder.volume.drivers.quobyte.QuobyteDriver.create_volume" :: waited 3.736s {{(pid=87863) inner /opt/stack/data/venv/lib/python3.12/site-packages/oslo_concurrency/lockutils.py:524}}
Jul 15 18:32:41 devstack cinder-volume[87863]: DEBUG cinder.volume.drivers.quobyte [None req-dfb94447-01ab-402f-92d7-b69c179e16d2 tempest-GroupSnapshotsV319Test-1915402508 None] ==> create_volume: call "{'self': , 'volume': Volume(_name_id=None,admin_metadata=,attach_status='detached',availability_zone='nova',bootable=False,cluster=,cluster_name=None,consistencygroup=,consistencygroup_id=443b61d6-206d-4a3e-ba00-7bba5607092d,created_at=2026-07-15T16:32:36Z,deleted=False,deleted_at=None,display_description=None,display_name='tempest-volume-1961256697',ec2_id=None,encryption_key_id=None,glance_metadata=,group=,group_id=443b61d6-206d-4a3e-ba00-7bba5607092d,host='devstack@QuobyteHD#QuobyteHD',id=4e285cd9-732f-4a11-b200-1b4e14df6931,launched_at=None,metadata={},migration_status=None,multiattach=False,previous_status=None,project_id='4a2f11aa72cd497dbf6c39f62a016361',provider_auth=None,provider_geometry=None,provider_id=None,provider_location=None,replication_driver_data=None,replication_extended_status=None,replication_status=None,scheduled_at=2026-07-15T16:32:37Z,service_uuid=None,shared_targets=True,size=1,snapshot_id=None,snapshots=,source_volid=None,status='creating',terminated_at=None,updated_at=2026-07-15T16:32:37Z,use_quota=True,user_id='2a6c2c0306cc45ac851571216d3491d9',volume_attachment=VolumeAttachmentList,volume_type=VolumeType(500f7702-1fa4-4911-bd55-c8addd0e2b36),volume_type_id=500f7702-1fa4-4911-bd55-c8addd0e2b36)}" {{(pid=87863) trace_logging_wrapper /opt/stack/cinder/cinder/volume/volume_utils.py:1497}}
Jul 15 18:32:41 devstack cinder-volume[87863]: DEBUG cinder.volume.drivers.remotefs [None req-dfb94447-01ab-402f-92d7-b69c179e16d2 tempest-GroupSnapshotsV319Test-1915402508 None] Creating volume 4e285cd9-732f-4a11-b200-1b4e14df6931 {{(pid=87863) create_volume /opt/stack/cinder/cinder/volume/drivers/remotefs.py:292}}
Jul 15 18:32:41 devstack cinder-volume[87863]: DEBUG oslo_concurrency.lockutils [None req-dfb94447-01ab-402f-92d7-b69c179e16d2 tempest-GroupSnapshotsV319Test-1915402508 None] Acquiring lock "quobyte_ensure" by "cinder.volume.drivers.quobyte.QuobyteDriver._ensure_shares_mounted" {{(pid=87863) inner /opt/stack/data/venv/lib/python3.12/site-packages/oslo_concurrency/lockutils.py:511}}
Jul 15 18:32:41 devstack cinder-volume[87863]: DEBUG oslo_concurrency.lockutils [None req-dfb94447-01ab-402f-92d7-b69c179e16d2 tempest-GroupSnapshotsV319Test-1915402508 None] Lock "quobyte_ensure" acquired by "cinder.volume.drivers.quobyte.QuobyteDriver._ensure_shares_mounted" :: waited 0.001s {{(pid=87863) inner /opt/stack/data/venv/lib/python3.12/site-packages/oslo_concurrency/lockutils.py:524}}
Jul 15 18:32:41 devstack cinder-volume[87863]: DEBUG cinder.volume.drivers.quobyte [None req-dfb94447-01ab-402f-92d7-b69c179e16d2 tempest-GroupSnapshotsV319Test-1915402508 None] Quobyte Volume URL set to: {'osci02.corp.quobyte.com/cinder-vol-bd9da556-4c12-434f-b9a1-5e2ec88a398c': None} {{(pid=87863) _load_shares_config /opt/stack/cinder/cinder/volume/drivers/quobyte.py:617}}
Jul 15 18:32:41 devstack cinder-volume[87863]: DEBUG cinder.volume.drivers.quobyte [None req-dfb94447-01ab-402f-92d7-b69c179e16d2 tempest-GroupSnapshotsV319Test-1915402508 None] Available shares ['osci02.corp.quobyte.com/cinder-vol-bd9da556-4c12-434f-b9a1-5e2ec88a398c'] {{(pid=87863) _ensure_shares_mounted /opt/stack/cinder/cinder/volume/drivers/quobyte.py:647}}
Jul 15 18:32:41 devstack cinder-volume[87863]: DEBUG oslo_concurrency.lockutils [None req-dfb94447-01ab-402f-92d7-b69c179e16d2 tempest-GroupSnapshotsV319Test-1915402508 None] Lock "quobyte_ensure" "released" by "cinder.volume.drivers.quobyte.QuobyteDriver._ensure_shares_mounted" :: held 0.006s {{(pid=87863) inner /opt/stack/data/venv/lib/python3.12/site-packages/oslo_concurrency/lockutils.py:543}}
Jul 15 18:32:41 devstack cinder-volume[87863]: DEBUG cinder.volume.drivers.quobyte [None req-dfb94447-01ab-402f-92d7-b69c179e16d2 tempest-GroupSnapshotsV319Test-1915402508 None] Selected osci02.corp.quobyte.com/cinder-vol-bd9da556-4c12-434f-b9a1-5e2ec88a398c as target Quobyte volume. {{(pid=87863) _find_share /opt/stack/cinder/cinder/volume/drivers/quobyte.py:668}}
Jul 15 18:32:41 devstack cinder-volume[87863]: INFO cinder.volume.drivers.remotefs [None req-dfb94447-01ab-402f-92d7-b69c179e16d2 tempest-GroupSnapshotsV319Test-1915402508 None] casted to osci02.corp.quobyte.com/cinder-vol-bd9da556-4c12-434f-b9a1-5e2ec88a398c
Jul 15 18:32:41 devstack cinder-volume[87863]: DEBUG oslo_concurrency.processutils [None req-dfb94447-01ab-402f-92d7-b69c179e16d2 tempest-GroupSnapshotsV319Test-1915402508 None] Running cmd (subprocess): sudo cinder-rootwrap /etc/cinder/rootwrap.conf qemu-img create -f qcow2 -o preallocation=metadata /opt/stack/data/cinder/mnt/a58615b2bcf8f38f83cd229b1047e603/volume-4e285cd9-732f-4a11-b200-1b4e14df6931 1073741824 {{(pid=87863) execute /opt/stack/data/venv/lib/python3.12/site-packages/oslo_concurrency/processutils.py:440}}
Jul 15 18:32:41 devstack sudo[92248]: quobyte : PWD=/ ; USER=root ; COMMAND=/opt/stack/data/venv/bin/cinder-rootwrap /etc/cinder/rootwrap.conf qemu-img create -f qcow2 -o preallocation=metadata /opt/stack/data/cinder/mnt/a58615b2bcf8f38f83cd229b1047e603/volume-4e285cd9-732f-4a11-b200-1b4e14df6931 1073741824
Jul 15 18:32:41 devstack sudo[92248]: pam_unix(sudo:session): session opened for user root(uid=0) by (uid=1000)
Jul 15 18:32:41 devstack cinder-volume[87863]: INFO cinder.volume.manager [None req-bb08a2c8-664b-4341-8717-c83d95c52293 tempest-GroupSnapshotsTest-211943275 None] group_snapshot 7d41675e-4384-4474-a4fd-60c4d3255731: created successfully
Jul 15 18:32:42 devstack sudo[92248]: pam_unix(sudo:session): session closed for user root
Jul 15 18:32:42 devstack cinder-volume[87863]: DEBUG oslo_concurrency.processutils [None req-dfb94447-01ab-402f-92d7-b69c179e16d2 tempest-GroupSnapshotsV319Test-1915402508 None] CMD "sudo cinder-rootwrap /etc/cinder/rootwrap.conf qemu-img create -f qcow2 -o preallocation=metadata /opt/stack/data/cinder/mnt/a58615b2bcf8f38f83cd229b1047e603/volume-4e285cd9-732f-4a11-b200-1b4e14df6931 1073741824" returned: 0 in 0.541s {{(pid=87863) execute /opt/stack/data/venv/lib/python3.12/site-packages/oslo_concurrency/processutils.py:468}}
Jul 15 18:32:42 devstack cinder-volume[87863]: DEBUG oslo_concurrency.processutils [None req-dfb94447-01ab-402f-92d7-b69c179e16d2 tempest-GroupSnapshotsV319Test-1915402508 None] Running cmd (subprocess): sudo cinder-rootwrap /etc/cinder/rootwrap.conf chmod ugo+rw /opt/stack/data/cinder/mnt/a58615b2bcf8f38f83cd229b1047e603/volume-4e285cd9-732f-4a11-b200-1b4e14df6931 {{(pid=87863) execute /opt/stack/data/venv/lib/python3.12/site-packages/oslo_concurrency/processutils.py:440}}
Jul 15 18:32:42 devstack sudo[92271]: quobyte : PWD=/ ; USER=root ; COMMAND=/opt/stack/data/venv/bin/cinder-rootwrap /etc/cinder/rootwrap.conf chmod ugo+rw /opt/stack/data/cinder/mnt/a58615b2bcf8f38f83cd229b1047e603/volume-4e285cd9-732f-4a11-b200-1b4e14df6931
Jul 15 18:32:42 devstack sudo[92271]: pam_unix(sudo:session): session opened for user root(uid=0) by (uid=1000)
Jul 15 18:32:42 devstack sudo[92271]: pam_unix(sudo:session): session closed for user root
Jul 15 18:32:42 devstack cinder-volume[87863]: DEBUG oslo_concurrency.processutils [None req-dfb94447-01ab-402f-92d7-b69c179e16d2 tempest-GroupSnapshotsV319Test-1915402508 None] CMD "sudo cinder-rootwrap /etc/cinder/rootwrap.conf chmod ugo+rw /opt/stack/data/cinder/mnt/a58615b2bcf8f38f83cd229b1047e603/volume-4e285cd9-732f-4a11-b200-1b4e14df6931" returned: 0 in 0.302s {{(pid=87863) execute /opt/stack/data/venv/lib/python3.12/site-packages/oslo_concurrency/processutils.py:468}}
Jul 15 18:32:42 devstack cinder-volume[87863]: DEBUG cinder.volume.drivers.quobyte [None req-dfb94447-01ab-402f-92d7-b69c179e16d2 tempest-GroupSnapshotsV319Test-1915402508 None] <== create_volume: return (889ms) {'provider_location': 'osci02.corp.quobyte.com/cinder-vol-bd9da556-4c12-434f-b9a1-5e2ec88a398c'} {{(pid=87863) trace_logging_wrapper /opt/stack/cinder/cinder/volume/volume_utils.py:1522}}
Jul 15 18:32:42 devstack cinder-volume[87863]: DEBUG oslo_concurrency.lockutils [None req-dfb94447-01ab-402f-92d7-b69c179e16d2 tempest-GroupSnapshotsV319Test-1915402508 None] Lock "quobyte" "released" by "cinder.volume.drivers.quobyte.QuobyteDriver.create_volume" :: held 0.892s {{(pid=87863) inner /opt/stack/data/venv/lib/python3.12/site-packages/oslo_concurrency/lockutils.py:543}}
Jul 15 18:32:42 devstack cinder-volume[87863]: DEBUG cinder.volume.manager [None req-dfb94447-01ab-402f-92d7-b69c179e16d2 tempest-GroupSnapshotsV319Test-1915402508 None] Task 'cinder.volume.flows.manager.create_volume.CreateVolumeFromSpecTask;volume:create' (b5341bf4-89ba-418f-9001-43c14861a74c) transitioned into state 'SUCCESS' from state 'RUNNING' with result '{'status': 'creating', 'volume_name': 'volume-4e285cd9-732f-4a11-b200-1b4e14df6931', 'volume_size': 1}' {{(pid=87863) _task_receiver /opt/stack/data/venv/lib/python3.12/site-packages/taskflow/listeners/logging.py:218}}
