Jan 26 09:43:18 devstack cinder-volume[82955]: DEBUG oslo_concurrency.processutils [None req-8931fcc1-3d01-4b28-bd07-db574e969a77 tempest-SnapshotsActionsTest-1249266490 None] Running cmd (subprocess): /opt/stack/data/venv/bin/python3.10 -m oslo_concurrency.prlimit --as=1073741824 --cpu=60 -- sudo cinder-rootwrap /etc/cinder/rootwrap.conf env LC_ALL=C qemu-img info -f qcow2 --output=json --force-share /opt/stack/data/cinder/mnt/038bf340d3a72bebcfad10309ce4c4a2/volume-f9a09c2b-081f-4fda-b32d-559347f50b3b.9598ef00-5ace-41dc-9fdb-36a5365c3563 {{(pid=82955) execute /opt/stack/data/venv/lib/python3.10/site-packages/oslo_concurrency/processutils.py:349}}
Jan 26 09:43:18 devstack sudo[90826]: quobyte : PWD=/ ; USER=root ; COMMAND=/opt/stack/data/venv/bin/cinder-rootwrap /etc/cinder/rootwrap.conf env LC_ALL=C qemu-img info -f qcow2 --output=json --force-share /opt/stack/data/cinder/mnt/038bf340d3a72bebcfad10309ce4c4a2/volume-f9a09c2b-081f-4fda-b32d-559347f50b3b.9598ef00-5ace-41dc-9fdb-36a5365c3563
Jan 26 09:43:18 devstack sudo[90826]: pam_unix(sudo:session): session opened for user root(uid=0) by (uid=1000)
Jan 26 09:43:18 devstack sudo[90826]: pam_unix(sudo:session): session closed for user root
Jan 26 09:43:18 devstack cinder-volume[82955]: DEBUG oslo_concurrency.processutils [None req-8931fcc1-3d01-4b28-bd07-db574e969a77 tempest-SnapshotsActionsTest-1249266490 None] CMD "/opt/stack/data/venv/bin/python3.10 -m oslo_concurrency.prlimit --as=1073741824 --cpu=60 -- sudo cinder-rootwrap /etc/cinder/rootwrap.conf env LC_ALL=C qemu-img info -f qcow2 --output=json --force-share /opt/stack/data/cinder/mnt/038bf340d3a72bebcfad10309ce4c4a2/volume-f9a09c2b-081f-4fda-b32d-559347f50b3b.9598ef00-5ace-41dc-9fdb-36a5365c3563" returned: 0 in 0.683s {{(pid=82955) execute /opt/stack/data/venv/lib/python3.10/site-packages/oslo_concurrency/processutils.py:372}}
Jan 26 09:43:18 devstack cinder-volume[82955]: DEBUG cinder.volume.drivers.remotefs [None req-8931fcc1-3d01-4b28-bd07-db574e969a77 tempest-SnapshotsActionsTest-1249266490 None] Fetching qemu-img info with special backing_file_template: (/opt/stack/data/cinder/mnt/[0-9a-f]+/)?(volume-f9a09c2b-081f-4fda-b32d-559347f50b3b(.(tmp-snap-)?[0-9a-f-]+)?|volume_from_snapshot_cache/(tmp-snap-)?[0-9a-f-]+(.(child-|parent-)[0-9a-f-]+)?)$ {{(pid=82955) _qemu_img_info_base /opt/stack/cinder/cinder/volume/drivers/remotefs.py:898}}
Jan 26 09:43:18 devstack cinder-volume[82955]: DEBUG oslo_concurrency.processutils [None req-8931fcc1-3d01-4b28-bd07-db574e969a77 tempest-SnapshotsActionsTest-1249266490 None] Running cmd (subprocess): sudo cinder-rootwrap /etc/cinder/rootwrap.conf qemu-img create -f qcow2 -o backing_file=/opt/stack/data/cinder/mnt/038bf340d3a72bebcfad10309ce4c4a2/volume-f9a09c2b-081f-4fda-b32d-559347f50b3b.9598ef00-5ace-41dc-9fdb-36a5365c3563,backing_fmt=qcow2 /opt/stack/data/cinder/mnt/038bf340d3a72bebcfad10309ce4c4a2/volume-f9a09c2b-081f-4fda-b32d-559347f50b3b.47510d89-48f1-49c9-8ae7-53ff70b9fc57 1G {{(pid=82955) execute /opt/stack/data/venv/lib/python3.10/site-packages/oslo_concurrency/processutils.py:349}}
Jan 26 09:43:18 devstack sudo[90831]: quobyte : PWD=/ ; USER=root ; COMMAND=/opt/stack/data/venv/bin/cinder-rootwrap /etc/cinder/rootwrap.conf qemu-img create -f qcow2 -o backing_file=/opt/stack/data/cinder/mnt/038bf340d3a72bebcfad10309ce4c4a2/volume-f9a09c2b-081f-4fda-b32d-559347f50b3b.9598ef00-5ace-41dc-9fdb-36a5365c3563,backing_fmt=qcow2 /opt/stack/data/cinder/mnt/038bf340d3a72bebcfad10309ce4c4a2/volume-f9a09c2b-081f-4fda-b32d-559347f50b3b.47510d89-48f1-49c9-8ae7-53ff70b9fc57 1G
Jan 26 09:43:18 devstack sudo[90831]: pam_unix(sudo:session): session opened for user root(uid=0) by (uid=1000)
Jan 26 09:43:19 devstack sudo[90831]: pam_unix(sudo:session): session closed for user root
Jan 26 09:43:19 devstack cinder-volume[82955]: DEBUG oslo_concurrency.processutils [None req-8931fcc1-3d01-4b28-bd07-db574e969a77 tempest-SnapshotsActionsTest-1249266490 None] CMD "sudo cinder-rootwrap /etc/cinder/rootwrap.conf qemu-img create -f qcow2 -o backing_file=/opt/stack/data/cinder/mnt/038bf340d3a72bebcfad10309ce4c4a2/volume-f9a09c2b-081f-4fda-b32d-559347f50b3b.9598ef00-5ace-41dc-9fdb-36a5365c3563,backing_fmt=qcow2 /opt/stack/data/cinder/mnt/038bf340d3a72bebcfad10309ce4c4a2/volume-f9a09c2b-081f-4fda-b32d-559347f50b3b.47510d89-48f1-49c9-8ae7-53ff70b9fc57 1G" returned: 0 in 0.573s {{(pid=82955) execute /opt/stack/data/venv/lib/python3.10/site-packages/oslo_concurrency/processutils.py:372}}
Jan 26 09:43:19 devstack cinder-volume[82955]: DEBUG oslo_concurrency.processutils [None req-8931fcc1-3d01-4b28-bd07-db574e969a77 tempest-SnapshotsActionsTest-1249266490 None] Running cmd (subprocess): sudo cinder-rootwrap /etc/cinder/rootwrap.conf qemu-img rebase -u -b volume-f9a09c2b-081f-4fda-b32d-559347f50b3b.9598ef00-5ace-41dc-9fdb-36a5365c3563 -F qcow2 /opt/stack/data/cinder/mnt/038bf340d3a72bebcfad10309ce4c4a2/volume-f9a09c2b-081f-4fda-b32d-559347f50b3b.47510d89-48f1-49c9-8ae7-53ff70b9fc57 {{(pid=82955) execute /opt/stack/data/venv/lib/python3.10/site-packages/oslo_concurrency/processutils.py:349}}
Jan 26 09:43:19 devstack sudo[90836]: quobyte : PWD=/ ; USER=root ; COMMAND=/opt/stack/data/venv/bin/cinder-rootwrap /etc/cinder/rootwrap.conf qemu-img rebase -u -b volume-f9a09c2b-081f-4fda-b32d-559347f50b3b.9598ef00-5ace-41dc-9fdb-36a5365c3563 -F qcow2 /opt/stack/data/cinder/mnt/038bf340d3a72bebcfad10309ce4c4a2/volume-f9a09c2b-081f-4fda-b32d-559347f50b3b.47510d89-48f1-49c9-8ae7-53ff70b9fc57
Jan 26 09:43:19 devstack sudo[90836]: pam_unix(sudo:session): session opened for user root(uid=0) by (uid=1000)
Jan 26 09:43:19 devstack sudo[90836]: pam_unix(sudo:session): session closed for user root
Jan 26 09:43:19 devstack cinder-volume[82955]: DEBUG oslo_concurrency.processutils [None req-8931fcc1-3d01-4b28-bd07-db574e969a77 tempest-SnapshotsActionsTest-1249266490 None] CMD "sudo cinder-rootwrap /etc/cinder/rootwrap.conf qemu-img rebase -u -b volume-f9a09c2b-081f-4fda-b32d-559347f50b3b.9598ef00-5ace-41dc-9fdb-36a5365c3563 -F qcow2 /opt/stack/data/cinder/mnt/038bf340d3a72bebcfad10309ce4c4a2/volume-f9a09c2b-081f-4fda-b32d-559347f50b3b.47510d89-48f1-49c9-8ae7-53ff70b9fc57" returned: 0 in 0.522s {{(pid=82955) execute /opt/stack/data/venv/lib/python3.10/site-packages/oslo_concurrency/processutils.py:372}}
Jan 26 09:43:19 devstack cinder-volume[82955]: WARNING cinder.volume.drivers.remotefs [None req-8931fcc1-3d01-4b28-bd07-db574e969a77 tempest-SnapshotsActionsTest-1249266490 None] /opt/stack/data/cinder/mnt/038bf340d3a72bebcfad10309ce4c4a2/volume-f9a09c2b-081f-4fda-b32d-559347f50b3b.47510d89-48f1-49c9-8ae7-53ff70b9fc57 is being set with open permissions: ugo+rw
Jan 26 09:43:19 devstack cinder-volume[82955]: DEBUG oslo_concurrency.processutils [None req-8931fcc1-3d01-4b28-bd07-db574e969a77 tempest-SnapshotsActionsTest-1249266490 None] Running cmd (subprocess): sudo cinder-rootwrap /etc/cinder/rootwrap.conf chmod ugo+rw /opt/stack/data/cinder/mnt/038bf340d3a72bebcfad10309ce4c4a2/volume-f9a09c2b-081f-4fda-b32d-559347f50b3b.47510d89-48f1-49c9-8ae7-53ff70b9fc57 {{(pid=82955) execute /opt/stack/data/venv/lib/python3.10/site-packages/oslo_concurrency/processutils.py:349}}
Jan 26 09:43:19 devstack sudo[90841]: quobyte : PWD=/ ; USER=root ; COMMAND=/opt/stack/data/venv/bin/cinder-rootwrap /etc/cinder/rootwrap.conf chmod ugo+rw /opt/stack/data/cinder/mnt/038bf340d3a72bebcfad10309ce4c4a2/volume-f9a09c2b-081f-4fda-b32d-559347f50b3b.47510d89-48f1-49c9-8ae7-53ff70b9fc57
Jan 26 09:43:19 devstack sudo[90841]: pam_unix(sudo:session): session opened for user root(uid=0) by (uid=1000)
Jan 26 09:43:20 devstack sudo[90841]: pam_unix(sudo:session): session closed for user root
Jan 26 09:43:20 devstack cinder-volume[82955]: DEBUG oslo_concurrency.processutils [None req-8931fcc1-3d01-4b28-bd07-db574e969a77 tempest-SnapshotsActionsTest-1249266490 None] CMD "sudo cinder-rootwrap /etc/cinder/rootwrap.conf chmod ugo+rw /opt/stack/data/cinder/mnt/038bf340d3a72bebcfad10309ce4c4a2/volume-f9a09c2b-081f-4fda-b32d-559347f50b3b.47510d89-48f1-49c9-8ae7-53ff70b9fc57" returned: 0 in 0.478s {{(pid=82955) execute /opt/stack/data/venv/lib/python3.10/site-packages/oslo_concurrency/processutils.py:372}}
Jan 26 09:43:20 devstack cinder-volume[82955]: DEBUG oslo_concurrency.lockutils [None req-8931fcc1-3d01-4b28-bd07-db574e969a77 tempest-SnapshotsActionsTest-1249266490 None] Lock "quobyte" "released" by "cinder.volume.drivers.quobyte.QuobyteDriver.create_snapshot" :: held 2.355s {{(pid=82955) inner /opt/stack/data/venv/lib/python3.10/site-packages/oslo_concurrency/lockutils.py:424}}
Jan 26 09:43:20 devstack cinder-volume[82955]: INFO cinder.volume.manager [None req-8931fcc1-3d01-4b28-bd07-db574e969a77 tempest-SnapshotsActionsTest-1249266490 None] Create snapshot completed successfully
Jan 26 09:43:21 devstack cinder-volume[82955]: DEBUG cinder.coordination [None req-a72a558c-1320-490b-ac9a-2e76c51bf179 tempest-SnapshotsActionsTest-1367180957 None] Acquiring lock "cinder-47510d89-48f1-49c9-8ae7-53ff70b9fc57-delete_snapshot" by "delete_snapshot" {{(pid=82955) __acquire /opt/stack/cinder/cinder/coordination.py:143}}
Jan 26 09:43:21 devstack cinder-volume[82955]: DEBUG cinder.coordination [None req-a72a558c-1320-490b-ac9a-2e76c51bf179 tempest-SnapshotsActionsTest-1367180957 None] Lock "cinder-47510d89-48f1-49c9-8ae7-53ff70b9fc57-delete_snapshot" acquired by "delete_snapshot" :: waited 0.015s {{(pid=82955) __acquire /opt/stack/cinder/cinder/coordination.py:146}}
Jan 26 09:43:21 devstack cinder-volume[82955]: WARNING cinder.volume.volume_utils [None req-a72a558c-1320-490b-ac9a-2e76c51bf179 tempest-SnapshotsActionsTest-1367180957 None] Volume driver (QuobyteDriver 1.1.13) is currently unsupported and may be removed in the next release of OpenStack. Use at your own risk.
Jan 26 09:43:21 devstack cinder-volume[82955]: DEBUG cinder.coordination [None req-a72a558c-1320-490b-ac9a-2e76c51bf179 tempest-SnapshotsActionsTest-1367180957 None] Acquiring lock "cinder-quobyte-f9a09c2b-081f-4fda-b32d-559347f50b3b" by "delete_snapshot" {{(pid=82955) __acquire /opt/stack/cinder/cinder/coordination.py:143}}
Jan 26 09:43:21 devstack cinder-volume[82955]: DEBUG cinder.coordination [None req-a72a558c-1320-490b-ac9a-2e76c51bf179 tempest-SnapshotsActionsTest-1367180957 None] Lock "cinder-quobyte-f9a09c2b-081f-4fda-b32d-559347f50b3b" acquired by "delete_snapshot" :: waited 0.010s {{(pid=82955) __acquire /opt/stack/cinder/cinder/coordination.py:146}}
Jan 26 09:43:21 devstack cinder-volume[82955]: DEBUG cinder.coordination [None req-a72a558c-1320-490b-ac9a-2e76c51bf179 tempest-SnapshotsActionsTest-1367180957 None] Acquiring lock "cinder-quobyte-47510d89-48f1-49c9-8ae7-53ff70b9fc57" by "_delete_snapshot" {{(pid=82955) __acquire /opt/stack/cinder/cinder/coordination.py:143}}
Jan 26 09:43:21 devstack cinder-volume[82955]: DEBUG cinder.coordination [None req-a72a558c-1320-490b-ac9a-2e76c51bf179 tempest-SnapshotsActionsTest-1367180957 None] Lock "cinder-quobyte-47510d89-48f1-49c9-8ae7-53ff70b9fc57" acquired by "_delete_snapshot" :: waited 0.009s {{(pid=82955) __acquire /opt/stack/cinder/cinder/coordination.py:146}}
Jan 26 09:43:21 devstack cinder-volume[82955]: DEBUG cinder.volume.drivers.remotefs [None req-a72a558c-1320-490b-ac9a-2e76c51bf179 tempest-SnapshotsActionsTest-1367180957 None] Deleting offline snapshot 47510d89-48f1-49c9-8ae7-53ff70b9fc57 of volume f9a09c2b-081f-4fda-b32d-559347f50b3b {{(pid=82955) _delete_snapshot /opt/stack/cinder/cinder/volume/drivers/remotefs.py:1290}}
Jan 26 09:43:21 devstack cinder-volume[82955]: DEBUG cinder.volume.drivers.remotefs [None req-a72a558c-1320-490b-ac9a-2e76c51bf179 tempest-SnapshotsActionsTest-1367180957 None] snapshot_file for this snap is: volume-f9a09c2b-081f-4fda-b32d-559347f50b3b.47510d89-48f1-49c9-8ae7-53ff70b9fc57 {{(pid=82955) _delete_snapshot /opt/stack/cinder/cinder/volume/drivers/remotefs.py:1319}}
Jan 26 09:43:21 devstack cinder-volume[82955]: DEBUG oslo.privsep.daemon [-] privsep: reply[9cd05305-1743-437f-ba28-cc20338a696d]: (4, 'qcow2') {{(pid=83929) _call_back /opt/stack/data/venv/lib/python3.10/site-packages/oslo_privsep/daemon.py:515}}
Jan 26 09:43:21 devstack cinder-volume[82955]: DEBUG oslo_concurrency.processutils [None req-a72a558c-1320-490b-ac9a-2e76c51bf179 tempest-SnapshotsActionsTest-1367180957 None] Running cmd (subprocess): /opt/stack/data/venv/bin/python3.10 -m oslo_concurrency.prlimit --as=1073741824 --cpu=60 -- sudo cinder-rootwrap /etc/cinder/rootwrap.conf env LC_ALL=C qemu-img info -f qcow2 --output=json --force-share /opt/stack/data/cinder/mnt/038bf340d3a72bebcfad10309ce4c4a2/volume-f9a09c2b-081f-4fda-b32d-559347f50b3b.47510d89-48f1-49c9-8ae7-53ff70b9fc57 {{(pid=82955) execute /opt/stack/data/venv/lib/python3.10/site-packages/oslo_concurrency/processutils.py:349}}
Jan 26 09:43:21 devstack sudo[90860]: quobyte : PWD=/ ; USER=root ; COMMAND=/opt/stack/data/venv/bin/cinder-rootwrap /etc/cinder/rootwrap.conf env LC_ALL=C qemu-img info -f qcow2 --output=json --force-share /opt/stack/data/cinder/mnt/038bf340d3a72bebcfad10309ce4c4a2/volume-f9a09c2b-081f-4fda-b32d-559347f50b3b.47510d89-48f1-49c9-8ae7-53ff70b9fc57
Jan 26 09:43:21 devstack sudo[90860]: pam_unix(sudo:session): session opened for user root(uid=0) by (uid=1000)
Jan 26 09:43:21 devstack sudo[90860]: pam_unix(sudo:session): session closed for user root
Jan 26 09:43:21 devstack cinder-volume[82955]: DEBUG oslo_concurrency.processutils [None req-a72a558c-1320-490b-ac9a-2e76c51bf179 tempest-SnapshotsActionsTest-1367180957 None] CMD "/opt/stack/data/venv/bin/python3.10 -m oslo_concurrency.prlimit --as=1073741824 --cpu=60 -- sudo cinder-rootwrap /etc/cinder/rootwrap.conf env LC_ALL=C qemu-img info -f qcow2 --output=json --force-share /opt/stack/data/cinder/mnt/038bf340d3a72bebcfad10309ce4c4a2/volume-f9a09c2b-081f-4fda-b32d-559347f50b3b.47510d89-48f1-49c9-8ae7-53ff70b9fc57" returned: 0 in 0.551s {{(pid=82955) execute /opt/stack/data/venv/lib/python3.10/site-packages/oslo_concurrency/processutils.py:372}}
Jan 26 09:43:21 devstack cinder-volume[82955]: DEBUG cinder.volume.drivers.remotefs [None req-a72a558c-1320-490b-ac9a-2e76c51bf179 tempest-SnapshotsActionsTest-1367180957 None] Fetching qemu-img info with special backing_file_template: (/opt/stack/data/cinder/mnt/[0-9a-f]+/)?(volume-f9a09c2b-081f-4fda-b32d-559347f50b3b(.(tmp-snap-)?[0-9a-f-]+)?|volume_from_snapshot_cache/(tmp-snap-)?[0-9a-f-]+(.(child-|parent-)[0-9a-f-]+)?)$ {{(pid=82955) _qemu_img_info_base /opt/stack/cinder/cinder/volume/drivers/remotefs.py:898}}
Jan 26 09:43:21 devstack cinder-volume[82955]: DEBUG oslo.privsep.daemon [-] privsep: reply[1d59f497-9da6-469a-aa2d-6b779af8494f]: (4, 'qcow2') {{(pid=83929) _call_back /opt/stack/data/venv/lib/python3.10/site-packages/oslo_privsep/daemon.py:515}}
Jan 26 09:43:21 devstack cinder-volume[82955]: DEBUG oslo_concurrency.processutils [None req-a72a558c-1320-490b-ac9a-2e76c51bf179 tempest-SnapshotsActionsTest-1367180957 None] Running cmd (subprocess): /opt/stack/data/venv/bin/python3.10 -m oslo_concurrency.prlimit --as=1073741824 --cpu=60 -- sudo cinder-rootwrap /etc/cinder/rootwrap.conf env LC_ALL=C qemu-img info -f qcow2 --output=json --force-share /opt/stack/data/cinder/mnt/038bf340d3a72bebcfad10309ce4c4a2/volume-f9a09c2b-081f-4fda-b32d-559347f50b3b.9598ef00-5ace-41dc-9fdb-36a5365c3563 {{(pid=82955) execute /opt/stack/data/venv/lib/python3.10/site-packages/oslo_concurrency/processutils.py:349}}
Jan 26 09:43:22 devstack sudo[90880]: quobyte : PWD=/ ; USER=root ; COMMAND=/opt/stack/data/venv/bin/cinder-rootwrap /etc/cinder/rootwrap.conf env LC_ALL=C qemu-img info -f qcow2 --output=json --force-share /opt/stack/data/cinder/mnt/038bf340d3a72bebcfad10309ce4c4a2/volume-f9a09c2b-081f-4fda-b32d-559347f50b3b.9598ef00-5ace-41dc-9fdb-36a5365c3563
Jan 26 09:43:22 devstack sudo[90880]: pam_unix(sudo:session): session opened for user root(uid=0) by (uid=1000)
Jan 26 09:43:22 devstack sudo[90880]: pam_unix(sudo:session): session closed for user root
Jan 26 09:43:22 devstack cinder-volume[82955]: DEBUG oslo_concurrency.processutils [None req-a72a558c-1320-490b-ac9a-2e76c51bf179 tempest-SnapshotsActionsTest-1367180957 None] CMD "/opt/stack/data/venv/bin/python3.10 -m oslo_concurrency.prlimit --as=1073741824 --cpu=60 -- sudo cinder-rootwrap /etc/cinder/rootwrap.conf env LC_ALL=C qemu-img info -f qcow2 --output=json --force-share /opt/stack/data/cinder/mnt/038bf340d3a72bebcfad10309ce4c4a2/volume-f9a09c2b-081f-4fda-b32d-559347f50b3b.9598ef00-5ace-41dc-9fdb-36a5365c3563" returned: 0 in 0.904s {{(pid=82955) execute /opt/stack/data/venv/lib/python3.10/site-packages/oslo_concurrency/processutils.py:372}}
Jan 26 09:43:22 devstack cinder-volume[82955]: DEBUG cinder.volume.drivers.remotefs [None req-a72a558c-1320-490b-ac9a-2e76c51bf179 tempest-SnapshotsActionsTest-1367180957 None] Fetching qemu-img info with special backing_file_template: (/opt/stack/data/cinder/mnt/[0-9a-f]+/)?(volume-f9a09c2b-081f-4fda-b32d-559347f50b3b(.(tmp-snap-)?[0-9a-f-]+)?|volume_from_snapshot_cache/(tmp-snap-)?[0-9a-f-]+(.(child-|parent-)[0-9a-f-]+)?)$ {{(pid=82955) _qemu_img_info_base /opt/stack/cinder/cinder/volume/drivers/remotefs.py:898}}
Jan 26 09:43:22 devstack cinder-volume[82955]: DEBUG oslo_concurrency.processutils [None req-a72a558c-1320-490b-ac9a-2e76c51bf179 tempest-SnapshotsActionsTest-1367180957 None] Running cmd (subprocess): sudo cinder-rootwrap /etc/cinder/rootwrap.conf qemu-img commit -d /opt/stack/data/cinder/mnt/038bf340d3a72bebcfad10309ce4c4a2/volume-f9a09c2b-081f-4fda-b32d-559347f50b3b.47510d89-48f1-49c9-8ae7-53ff70b9fc57 {{(pid=82955) execute /opt/stack/data/venv/lib/python3.10/site-packages/oslo_concurrency/processutils.py:349}}
Jan 26 09:43:22 devstack sudo[90936]: quobyte : PWD=/ ; USER=root ; COMMAND=/opt/stack/data/venv/bin/cinder-rootwrap /etc/cinder/rootwrap.conf qemu-img commit -d /opt/stack/data/cinder/mnt/038bf340d3a72bebcfad10309ce4c4a2/volume-f9a09c2b-081f-4fda-b32d-559347f50b3b.47510d89-48f1-49c9-8ae7-53ff70b9fc57
Jan 26 09:43:22 devstack sudo[90936]: pam_unix(sudo:session): session opened for user root(uid=0) by (uid=1000)
Jan 26 09:43:23 devstack sudo[90936]: pam_unix(sudo:session): session closed for user root
Jan 26 09:43:23 devstack cinder-volume[82955]: DEBUG oslo_concurrency.processutils [None req-a72a558c-1320-490b-ac9a-2e76c51bf179 tempest-SnapshotsActionsTest-1367180957 None] CMD "sudo cinder-rootwrap /etc/cinder/rootwrap.conf qemu-img commit -d /opt/stack/data/cinder/mnt/038bf340d3a72bebcfad10309ce4c4a2/volume-f9a09c2b-081f-4fda-b32d-559347f50b3b.47510d89-48f1-49c9-8ae7-53ff70b9fc57" returned: 0 in 0.901s {{(pid=82955) execute /opt/stack/data/venv/lib/python3.10/site-packages/oslo_concurrency/processutils.py:372}}
Jan 26 09:43:23 devstack cinder-volume[82955]: DEBUG oslo_concurrency.processutils [None req-a72a558c-1320-490b-ac9a-2e76c51bf179 tempest-SnapshotsActionsTest-1367180957 None] Running cmd (subprocess): sudo cinder-rootwrap /etc/cinder/rootwrap.conf rm -f /opt/stack/data/cinder/mnt/038bf340d3a72bebcfad10309ce4c4a2/volume-f9a09c2b-081f-4fda-b32d-559347f50b3b.47510d89-48f1-49c9-8ae7-53ff70b9fc57 {{(pid=82955) execute /opt/stack/data/venv/lib/python3.10/site-packages/oslo_concurrency/processutils.py:349}}
Jan 26 09:43:23 devstack sudo[91015]: quobyte : PWD=/ ; USER=root ; COMMAND=/opt/stack/data/venv/bin/cinder-rootwrap /etc/cinder/rootwrap.conf rm -f /opt/stack/data/cinder/mnt/038bf340d3a72bebcfad10309ce4c4a2/volume-f9a09c2b-081f-4fda-b32d-559347f50b3b.47510d89-48f1-49c9-8ae7-53ff70b9fc57
Jan 26 09:43:23 devstack sudo[91015]: pam_unix(sudo:session): session opened for user root(uid=0) by (uid=1000)
Jan 26 09:43:24 devstack cinder-volume[82955]: WARNING cinder.volume.volume_utils [req-4f0f180c-85ce-4e1a-b819-bd9ac61279d0 req-55b9011c-1830-4ef2-a6d3-82b3759fa18b tempest-ServerActionsTestOtherB-265273711 None] Volume driver (QuobyteDriver 1.1.13) is currently unsupported and may be removed in the next release of OpenStack. Use at your own risk.
Jan 26 09:43:24 devstack cinder-volume[82955]: WARNING cinder.volume.volume_utils [req-4f0f180c-85ce-4e1a-b819-bd9ac61279d0 req-55b9011c-1830-4ef2-a6d3-82b3759fa18b tempest-ServerActionsTestOtherB-265273711 None] Volume driver (QuobyteDriver 1.1.13) is currently unsupported and may be removed in the next release of OpenStack. Use at your own risk.
Jan 26 09:43:24 devstack cinder-volume[82955]: INFO cinder.volume.manager [req-4f0f180c-85ce-4e1a-b819-bd9ac61279d0 req-55b9011c-1830-4ef2-a6d3-82b3759fa18b tempest-ServerActionsTestOtherB-265273711 None] Terminate volume connection completed successfully.
Jan 26 09:43:24 devstack cinder-volume[82955]: DEBUG cinder.volume.manager [req-4f0f180c-85ce-4e1a-b819-bd9ac61279d0 req-55b9011c-1830-4ef2-a6d3-82b3759fa18b tempest-ServerActionsTestOtherB-265273711 None] Deleting attachment 8236a87d-84b7-4ec3-8311-0b9de87e29a7. {{(pid=82955) attachment_delete /opt/stack/cinder/cinder/volume/manager.py:5024}}
Jan 26 09:43:24 devstack sudo[91015]: pam_unix(sudo:session): session closed for user root
Jan 26 09:43:24 devstack cinder-volume[82955]: DEBUG oslo_concurrency.processutils [None req-a72a558c-1320-490b-ac9a-2e76c51bf179 tempest-SnapshotsActionsTest-1367180957 None] CMD "sudo cinder-rootwrap /etc/cinder/rootwrap.conf rm -f /opt/stack/data/cinder/mnt/038bf340d3a72bebcfad10309ce4c4a2/volume-f9a09c2b-081f-4fda-b32d-559347f50b3b.47510d89-48f1-49c9-8ae7-53ff70b9fc57" returned: 0 in 0.531s {{(pid=82955) execute /opt/stack/data/venv/lib/python3.10/site-packages/oslo_concurrency/processutils.py:372}}
Jan 26 09:43:24 devstack cinder-volume[82955]: DEBUG cinder.coordination [None req-a72a558c-1320-490b-ac9a-2e76c51bf179 tempest-SnapshotsActionsTest-1367180957 None] Lock "cinder-quobyte-47510d89-48f1-49c9-8ae7-53ff70b9fc57" released by "_delete_snapshot" :: held 2.952s {{(pid=82955) __release /opt/stack/cinder/cinder/coordination.py:157}}
Jan 26 09:43:24 devstack cinder-volume[82955]: DEBUG cinder.coordination [None req-a72a558c-1320-490b-ac9a-2e76c51bf179 tempest-SnapshotsActionsTest-1367180957 None] Lock "cinder-quobyte-f9a09c2b-081f-4fda-b32d-559347f50b3b" released by "delete_snapshot" :: held 2.965s {{(pid=82955) __release /opt/stack/cinder/cinder/coordination.py:157}}
Jan 26 09:43:24 devstack cinder-volume[82955]: DEBUG cinder.quota [None req-a72a558c-1320-490b-ac9a-2e76c51bf179 tempest-SnapshotsActionsTest-1367180957 None] Created reservations ['925535d2-0d8a-476a-ba52-1fa131d5f683', 'a466150d-eb5c-4d27-94bc-63dba136824c', '07585732-ca16-4d1e-a40a-6fff65a02fb9', '5dd05b80-33b3-483e-8622-0030da83b1f0'] {{(pid=82955) reserve /opt/stack/cinder/cinder/quota.py:752}}
Jan 26 09:43:24 devstack cinder-volume[82955]: INFO cinder.volume.manager [None req-a72a558c-1320-490b-ac9a-2e76c51bf179 tempest-SnapshotsActionsTest-1367180957 None] Delete snapshot completed successfully.
Jan 26 09:43:24 devstack cinder-volume[82955]: DEBUG cinder.coordination [None req-a72a558c-1320-490b-ac9a-2e76c51bf179 tempest-SnapshotsActionsTest-1367180957 None] Lock "cinder-47510d89-48f1-49c9-8ae7-53ff70b9fc57-delete_snapshot" released by "delete_snapshot" :: held 3.047s {{(pid=82955) __release /opt/stack/cinder/cinder/coordination.py:157}}
Jan 26 09:43:24 devstack cinder-volume[82955]: DEBUG cinder.coordination [None req-93115d57-6fcb-448d-be0d-70a2374c07e0 tempest-SnapshotsActionsTest-1249266490 None] Acquiring lock "cinder-9598ef00-5ace-41dc-9fdb-36a5365c3563-delete_snapshot" by "delete_snapshot" {{(pid=82955) __acquire /opt/stack/cinder/cinder/coordination.py:143}}
Jan 26 09:43:24 devstack cinder-volume[82955]: DEBUG cinder.coordination [None req-93115d57-6fcb-448d-be0d-70a2374c07e0 tempest-SnapshotsActionsTest-1249266490 None] Lock "cinder-9598ef00-5ace-41dc-9fdb-36a5365c3563-delete_snapshot" acquired by "delete_snapshot" :: waited 0.008s {{(pid=82955) __acquire /opt/stack/cinder/cinder/coordination.py:146}}
Jan 26 09:43:24 devstack cinder-volume[82955]: WARNING cinder.volume.volume_utils [None req-93115d57-6fcb-448d-be0d-70a2374c07e0 tempest-SnapshotsActionsTest-1249266490 None] Volume driver (QuobyteDriver 1.1.13) is currently unsupported and may be removed in the next release of OpenStack. Use at your own risk.
Jan 26 09:43:24 devstack cinder-volume[82955]: DEBUG cinder.coordination [None req-93115d57-6fcb-448d-be0d-70a2374c07e0 tempest-SnapshotsActionsTest-1249266490 None] Acquiring lock "cinder-quobyte-f9a09c2b-081f-4fda-b32d-559347f50b3b" by "delete_snapshot" {{(pid=82955) __acquire /opt/stack/cinder/cinder/coordination.py:143}}
Jan 26 09:43:24 devstack cinder-volume[82955]: DEBUG cinder.coordination [None req-93115d57-6fcb-448d-be0d-70a2374c07e0 tempest-SnapshotsActionsTest-1249266490 None] Lock "cinder-quobyte-f9a09c2b-081f-4fda-b32d-559347f50b3b" acquired by "delete_snapshot" :: waited 0.009s {{(pid=82955) __acquire /opt/stack/cinder/cinder/coordination.py:146}}
Jan 26 09:43:24 devstack cinder-volume[82955]: DEBUG cinder.coordination [None req-93115d57-6fcb-448d-be0d-70a2374c07e0 tempest-SnapshotsActionsTest-1249266490 None] Acquiring lock "cinder-quobyte-9598ef00-5ace-41dc-9fdb-36a5365c3563" by "_delete_snapshot" {{(pid=82955) __acquire /opt/stack/cinder/cinder/coordination.py:143}}
Jan 26 09:43:24 devstack cinder-volume[82955]: DEBUG cinder.coordination [None req-93115d57-6fcb-448d-be0d-70a2374c07e0 tempest-SnapshotsActionsTest-1249266490 None] Lock "cinder-quobyte-9598ef00-5ace-41dc-9fdb-36a5365c3563" acquired by "_delete_snapshot" :: waited 0.007s {{(pid=82955) __acquire /opt/stack/cinder/cinder/coordination.py:146}}
Jan 26 09:43:24 devstack cinder-volume[82955]: DEBUG cinder.volume.drivers.remotefs [None req-93115d57-6fcb-448d-be0d-70a2374c07e0 tempest-SnapshotsActionsTest-1249266490 None] Deleting offline snapshot 9598ef00-5ace-41dc-9fdb-36a5365c3563 of volume f9a09c2b-081f-4fda-b32d-559347f50b3b {{(pid=82955) _delete_snapshot /opt/stack/cinder/cinder/volume/drivers/remotefs.py:1290}}
Jan 26 09:43:24 devstack cinder-volume[82955]: DEBUG cinder.volume.drivers.remotefs [None req-93115d57-6fcb-448d-be0d-70a2374c07e0 tempest-SnapshotsActionsTest-1249266490 None] snapshot_file for this snap is: volume-f9a09c2b-081f-4fda-b32d-559347f50b3b.9598ef00-5ace-41dc-9fdb-36a5365c3563 {{(pid=82955) _delete_snapshot /opt/stack/cinder/cinder/volume/drivers/remotefs.py:1319}}
Jan 26 09:43:24 devstack cinder-volume[82955]: DEBUG oslo.privsep.daemon [-] privsep: reply[901f70f8-c6ab-491d-8bb6-96f589677bbb]: (4, 'qcow2') {{(pid=83929) _call_back /opt/stack/data/venv/lib/python3.10/site-packages/oslo_privsep/daemon.py:515}}
Jan 26 09:43:24 devstack cinder-volume[82955]: DEBUG oslo_concurrency.processutils [None req-93115d57-6fcb-448d-be0d-70a2374c07e0 tempest-SnapshotsActionsTest-1249266490 None] Running cmd (subprocess): /opt/stack/data/venv/bin/python3.10 -m oslo_concurrency.prlimit --as=1073741824 --cpu=60 -- sudo cinder-rootwrap /etc/cinder/rootwrap.conf env LC_ALL=C qemu-img info -f qcow2 --output=json --force-share /opt/stack/data/cinder/mnt/038bf340d3a72bebcfad10309ce4c4a2/volume-f9a09c2b-081f-4fda-b32d-559347f50b3b.9598ef00-5ace-41dc-9fdb-36a5365c3563 {{(pid=82955) execute /opt/stack/data/venv/lib/python3.10/site-packages/oslo_concurrency/processutils.py:349}}
Jan 26 09:43:24 devstack sudo[91031]: quobyte : PWD=/ ; USER=root ; COMMAND=/opt/stack/data/venv/bin/cinder-rootwrap /etc/cinder/rootwrap.conf env LC_ALL=C qemu-img info -f qcow2 --output=json --force-share /opt/stack/data/cinder/mnt/038bf340d3a72bebcfad10309ce4c4a2/volume-f9a09c2b-081f-4fda-b32d-559347f50b3b.9598ef00-5ace-41dc-9fdb-36a5365c3563
Jan 26 09:43:24 devstack sudo[91031]: pam_unix(sudo:session): session opened for user root(uid=0) by (uid=1000)
Jan 26 09:43:25 devstack sudo[91031]: pam_unix(sudo:session): session closed for user root
Jan 26 09:43:25 devstack cinder-volume[82955]: DEBUG oslo_concurrency.processutils [None req-93115d57-6fcb-448d-be0d-70a2374c07e0 tempest-SnapshotsActionsTest-1249266490 None] CMD "/opt/stack/data/venv/bin/python3.10 -m oslo_concurrency.prlimit --as=1073741824 --cpu=60 -- sudo cinder-rootwrap /etc/cinder/rootwrap.conf env LC_ALL=C qemu-img info -f qcow2 --output=json --force-share /opt/stack/data/cinder/mnt/038bf340d3a72bebcfad10309ce4c4a2/volume-f9a09c2b-081f-4fda-b32d-559347f50b3b.9598ef00-5ace-41dc-9fdb-36a5365c3563" returned: 0 in 0.596s {{(pid=82955) execute /opt/stack/data/venv/lib/python3.10/site-packages/oslo_concurrency/processutils.py:372}}
Jan 26 09:43:25 devstack cinder-volume[82955]: DEBUG cinder.volume.drivers.remotefs [None req-93115d57-6fcb-448d-be0d-70a2374c07e0 tempest-SnapshotsActionsTest-1249266490 None] Fetching qemu-img info with special backing_file_template: (/opt/stack/data/cinder/mnt/[0-9a-f]+/)?(volume-f9a09c2b-081f-4fda-b32d-559347f50b3b(.(tmp-snap-)?[0-9a-f-]+)?|volume_from_snapshot_cache/(tmp-snap-)?[0-9a-f-]+(.(child-|parent-)[0-9a-f-]+)?)$ {{(pid=82955) _qemu_img_info_base /opt/stack/cinder/cinder/volume/drivers/remotefs.py:898}}
Jan 26 09:43:25 devstack cinder-volume[82955]: DEBUG oslo.privsep.daemon [-] privsep: reply[ebb21f0d-32c5-4959-9326-47231d75888d]: (4, 'qcow2') {{(pid=83929) _call_back /opt/stack/data/venv/lib/python3.10/site-packages/oslo_privsep/daemon.py:515}}
Jan 26 09:43:25 devstack cinder-volume[82955]: DEBUG oslo_concurrency.processutils [None req-93115d57-6fcb-448d-be0d-70a2374c07e0 tempest-SnapshotsActionsTest-1249266490 None] Running cmd (subprocess): /opt/stack/data/venv/bin/python3.10 -m oslo_concurrency.prlimit --as=1073741824 --cpu=60 -- sudo cinder-rootwrap /etc/cinder/rootwrap.conf env LC_ALL=C qemu-img info -f qcow2 --output=json --force-share /opt/stack/data/cinder/mnt/038bf340d3a72bebcfad10309ce4c4a2/volume-f9a09c2b-081f-4fda-b32d-559347f50b3b {{(pid=82955) execute /opt/stack/data/venv/lib/python3.10/site-packages/oslo_concurrency/processutils.py:349}}
Jan 26 09:43:25 devstack sudo[91036]: quobyte : PWD=/ ; USER=root ; COMMAND=/opt/stack/data/venv/bin/cinder-rootwrap /etc/cinder/rootwrap.conf env LC_ALL=C qemu-img info -f qcow2 --output=json --force-share /opt/stack/data/cinder/mnt/038bf340d3a72bebcfad10309ce4c4a2/volume-f9a09c2b-081f-4fda-b32d-559347f50b3b
Jan 26 09:43:25 devstack sudo[91036]: pam_unix(sudo:session): session opened for user root(uid=0) by (uid=1000)
Jan 26 09:43:25 devstack sudo[91036]: pam_unix(sudo:session): session closed for user root
Jan 26 09:43:25 devstack cinder-volume[82955]: DEBUG oslo_concurrency.processutils [None req-93115d57-6fcb-448d-be0d-70a2374c07e0 tempest-SnapshotsActionsTest-1249266490 None] CMD "/opt/stack/data/venv/bin/python3.10 -m oslo_concurrency.prlimit --as=1073741824 --cpu=60 -- sudo cinder-rootwrap /etc/cinder/rootwrap.conf env LC_ALL=C qemu-img info -f qcow2 --output=json --force-share /opt/stack/data/cinder/mnt/038bf340d3a72bebcfad10309ce4c4a2/volume-f9a09c2b-081f-4fda-b32d-559347f50b3b" returned: 0 in 0.601s {{(pid=82955) execute /opt/stack/data/venv/lib/python3.10/site-packages/oslo_concurrency/processutils.py:372}}
Jan 26 09:43:25 devstack cinder-volume[82955]: DEBUG oslo_concurrency.processutils [None req-93115d57-6fcb-448d-be0d-70a2374c07e0 tempest-SnapshotsActionsTest-1249266490 None] Running cmd (subprocess): sudo cinder-rootwrap /etc/cinder/rootwrap.conf qemu-img commit -d /opt/stack/data/cinder/mnt/038bf340d3a72bebcfad10309ce4c4a2/volume-f9a09c2b-081f-4fda-b32d-559347f50b3b.9598ef00-5ace-41dc-9fdb-36a5365c3563 {{(pid=82955) execute /opt/stack/data/venv/lib/python3.10/site-packages/oslo_concurrency/processutils.py:349}}
Jan 26 09:43:26 devstack sudo[91041]: quobyte : PWD=/ ; USER=root ; COMMAND=/opt/stack/data/venv/bin/cinder-rootwrap /etc/cinder/rootwrap.conf qemu-img commit -d /opt/stack/data/cinder/mnt/038bf340d3a72bebcfad10309ce4c4a2/volume-f9a09c2b-081f-4fda-b32d-559347f50b3b.9598ef00-5ace-41dc-9fdb-36a5365c3563
Jan 26 09:43:26 devstack sudo[91041]: pam_unix(sudo:session): session opened for user root(uid=0) by (uid=1000)
Jan 26 09:43:26 devstack sudo[91041]: pam_unix(sudo:session): session closed for user root
Jan 26 09:43:26 devstack cinder-volume[82955]: DEBUG oslo_concurrency.processutils [None req-93115d57-6fcb-448d-be0d-70a2374c07e0 tempest-SnapshotsActionsTest-1249266490 None] CMD "sudo cinder-rootwrap /etc/cinder/rootwrap.conf qemu-img commit -d /opt/stack/data/cinder/mnt/038bf340d3a72bebcfad10309ce4c4a2/volume-f9a09c2b-081f-4fda-b32d-559347f50b3b.9598ef00-5ace-41dc-9fdb-36a5365c3563" returned: 0 in 0.512s {{(pid=82955) execute /opt/stack/data/venv/lib/python3.10/site-packages/oslo_concurrency/processutils.py:372}}
Jan 26 09:43:26 devstack cinder-volume[82955]: DEBUG oslo_concurrency.processutils [None req-93115d57-6fcb-448d-be0d-70a2374c07e0 tempest-SnapshotsActionsTest-1249266490 None] Running cmd (subprocess): sudo cinder-rootwrap /etc/cinder/rootwrap.conf rm -f /opt/stack/data/cinder/mnt/038bf340d3a72bebcfad10309ce4c4a2/volume-f9a09c2b-081f-4fda-b32d-559347f50b3b.9598ef00-5ace-41dc-9fdb-36a5365c3563 {{(pid=82955) execute /opt/stack/data/venv/lib/python3.10/site-packages/oslo_concurrency/processutils.py:349}}
Jan 26 09:43:26 devstack sudo[91046]: quobyte : PWD=/ ; USER=root ; COMMAND=/opt/stack/data/venv/bin/cinder-rootwrap /etc/cinder/rootwrap.conf rm -f /opt/stack/data/cinder/mnt/038bf340d3a72bebcfad10309ce4c4a2/volume-f9a09c2b-081f-4fda-b32d-559347f50b3b.9598ef00-5ace-41dc-9fdb-36a5365c3563
Jan 26 09:43:26 devstack sudo[91046]: pam_unix(sudo:session): session opened for user root(uid=0) by (uid=1000)
Jan 26 09:43:26 devstack sudo[91046]: pam_unix(sudo:session): session closed for user root
Jan 26 09:43:26 devstack cinder-volume[82955]: DEBUG oslo_concurrency.processutils [None req-93115d57-6fcb-448d-be0d-70a2374c07e0 tempest-SnapshotsActionsTest-1249266490 None] CMD "sudo cinder-rootwrap /etc/cinder/rootwrap.conf rm -f /opt/stack/data/cinder/mnt/038bf340d3a72bebcfad10309ce4c4a2/volume-f9a09c2b-081f-4fda-b32d-559347f50b3b.9598ef00-5ace-41dc-9fdb-36a5365c3563" returned: 0 in 0.463s {{(pid=82955) execute /opt/stack/data/venv/lib/python3.10/site-packages/oslo_concurrency/processutils.py:372}}
Jan 26 09:43:26 devstack cinder-volume[82955]: DEBUG dbcounter [-] [82955] Writing DB stats cinder:UPDATE=77,cinder:SELECT=86,cinder:INSERT=14,cinder:DELETE=6 {{(pid=82955) stat_writer /opt/stack/data/venv/lib/python3.10/site-packages/dbcounter.py:115}}
Jan 26 09:43:26 devstack cinder-volume[82955]: DEBUG dbcounter [-] [82955] Writing DB stats cinder:UPDATE=91,cinder:SELECT=107,cinder:DELETE=4,cinder:INSERT=23 {{(pid=82955) stat_writer /opt/stack/data/venv/lib/python3.10/site-packages/dbcounter.py:115}}
Jan 26 09:43:26 devstack cinder-volume[82955]: DEBUG cinder.coordination [None req-93115d57-6fcb-448d-be0d-70a2374c07e0 tempest-SnapshotsActionsTest-1249266490 None] Lock "cinder-quobyte-9598ef00-5ace-41dc-9fdb-36a5365c3563" released by "_delete_snapshot" :: held 2.262s {{(pid=82955) __release /opt/stack/cinder/cinder/coordination.py:157}}
Jan 26 09:43:27 devstack cinder-volume[82955]: DEBUG cinder.coordination [None req-93115d57-6fcb-448d-be0d-70a2374c07e0 tempest-SnapshotsActionsTest-1249266490 None] Lock "cinder-quobyte-f9a09c2b-081f-4fda-b32d-559347f50b3b" released by "delete_snapshot" :: held 2.275s {{(pid=82955) __release /opt/stack/cinder/cinder/coordination.py:157}}
Jan 26 09:43:27 devstack cinder-volume[82955]: DEBUG cinder.quota [None req-93115d57-6fcb-448d-be0d-70a2374c07e0 tempest-SnapshotsActionsTest-1249266490 None] Created reservations ['db66d173-e702-4858-a3c8-aab05978d1c6', 'a5cea410-5ada-46bc-ace0-276b5a575338', 'bcfefa4e-beeb-464e-b57e-d46be1a3ba9b', 'a9d8afa8-3e15-476d-9c7b-b3c19243de77'] {{(pid=82955) reserve /opt/stack/cinder/cinder/quota.py:752}}
Jan 26 09:43:27 devstack cinder-volume[82955]: INFO cinder.volume.manager [None req-93115d57-6fcb-448d-be0d-70a2374c07e0 tempest-SnapshotsActionsTest-1249266490 None] Delete snapshot completed successfully.
Jan 26 09:43:27 devstack cinder-volume[82955]: DEBUG cinder.coordination [None req-93115d57-6fcb-448d-be0d-70a2374c07e0 tempest-SnapshotsActionsTest-1249266490 None] Lock "cinder-9598ef00-5ace-41dc-9fdb-36a5365c3563-delete_snapshot" released by "delete_snapshot" :: held 2.359s {{(pid=82955) __release /opt/stack/cinder/cinder/coordination.py:157}}
Jan 26 09:43:27 devstack cinder-volume[82955]: DEBUG cinder.coordination [None req-5dc17e68-4330-4575-a67b-e31558117d2c tempest-SnapshotsActionsTest-1249266490 None] Acquiring lock "cinder-f9a09c2b-081f-4fda-b32d-559347f50b3b-delete_volume" by "delete_volume" {{(pid=82955) __acquire /opt/stack/cinder/cinder/coordination.py:143}}
Jan 26 09:43:27 devstack cinder-volume[82955]: DEBUG cinder.coordination [None req-5dc17e68-4330-4575-a67b-e31558117d2c tempest-SnapshotsActionsTest-1249266490 None] Lock "cinder-f9a09c2b-081f-4fda-b32d-559347f50b3b-delete_volume" acquired by "delete_volume" :: waited 0.017s {{(pid=82955) __acquire /opt/stack/cinder/cinder/coordination.py:146}}
Jan 26 09:43:27 devstack cinder-volume[82955]: WARNING cinder.volume.volume_utils [None req-5dc17e68-4330-4575-a67b-e31558117d2c tempest-SnapshotsActionsTest-1249266490 None] Volume driver (QuobyteDriver 1.1.13) is currently unsupported and may be removed in the next release of OpenStack. Use at your own risk.
Jan 26 09:43:27 devstack cinder-volume[82955]: DEBUG cinder.coordination [None req-5dc17e68-4330-4575-a67b-e31558117d2c tempest-SnapshotsActionsTest-1249266490 None] Acquiring lock "cinder-quobyte-f9a09c2b-081f-4fda-b32d-559347f50b3b" by "delete_volume" {{(pid=82955) __acquire /opt/stack/cinder/cinder/coordination.py:143}}
Jan 26 09:43:27 devstack cinder-volume[82955]: DEBUG cinder.coordination [None req-5dc17e68-4330-4575-a67b-e31558117d2c tempest-SnapshotsActionsTest-1249266490 None] Lock "cinder-quobyte-f9a09c2b-081f-4fda-b32d-559347f50b3b" acquired by "delete_volume" :: waited 0.011s {{(pid=82955) __acquire /opt/stack/cinder/cinder/coordination.py:146}}
Jan 26 09:43:28 devstack cinder-volume[82955]: DEBUG oslo.privsep.daemon [-] privsep: reply[c89c4833-892a-4154-be5e-c2484cf23217]: (4, 'qcow2') {{(pid=83929) _call_back /opt/stack/data/venv/lib/python3.10/site-packages/oslo_privsep/daemon.py:515}}
Jan 26 09:43:28 devstack cinder-volume[82955]: DEBUG oslo_concurrency.processutils [None req-5dc17e68-4330-4575-a67b-e31558117d2c tempest-SnapshotsActionsTest-1249266490 None] Running cmd (subprocess): /opt/stack/data/venv/bin/python3.10 -m oslo_concurrency.prlimit --as=1073741824 --cpu=60 -- sudo cinder-rootwrap /etc/cinder/rootwrap.conf env LC_ALL=C qemu-img info -f qcow2 --output=json --force-share /opt/stack/data/cinder/mnt/038bf340d3a72bebcfad10309ce4c4a2/volume-f9a09c2b-081f-4fda-b32d-559347f50b3b {{(pid=82955) execute /opt/stack/data/venv/lib/python3.10/site-packages/oslo_concurrency/processutils.py:349}}
Jan 26 09:43:28 devstack sudo[91055]: quobyte : PWD=/ ; USER=root ; COMMAND=/opt/stack/data/venv/bin/cinder-rootwrap /etc/cinder/rootwrap.conf env LC_ALL=C qemu-img info -f qcow2 --output=json --force-share /opt/stack/data/cinder/mnt/038bf340d3a72bebcfad10309ce4c4a2/volume-f9a09c2b-081f-4fda-b32d-559347f50b3b
Jan 26 09:43:28 devstack sudo[91055]: pam_unix(sudo:session): session opened for user root(uid=0) by (uid=1000)
Jan 26 09:43:28 devstack sudo[91055]: pam_unix(sudo:session): session closed for user root
Jan 26 09:43:28 devstack cinder-volume[82955]: DEBUG oslo_concurrency.processutils [None req-5dc17e68-4330-4575-a67b-e31558117d2c tempest-SnapshotsActionsTest-1249266490 None] CMD "/opt/stack/data/venv/bin/python3.10 -m oslo_concurrency.prlimit --as=1073741824 --cpu=60 -- sudo cinder-rootwrap /etc/cinder/rootwrap.conf env LC_ALL=C qemu-img info -f qcow2 --output=json --force-share /opt/stack/data/cinder/mnt/038bf340d3a72bebcfad10309ce4c4a2/volume-f9a09c2b-081f-4fda-b32d-559347f50b3b" returned: 0 in 0.888s {{(pid=82955) execute /opt/stack/data/venv/lib/python3.10/site-packages/oslo_concurrency/processutils.py:372}}
Jan 26 09:43:28 devstack cinder-volume[82955]: DEBUG oslo_concurrency.processutils [None req-5dc17e68-4330-4575-a67b-e31558117d2c tempest-SnapshotsActionsTest-1249266490 None] Running cmd (subprocess): sudo cinder-rootwrap /etc/cinder/rootwrap.conf rm -f /opt/stack/data/cinder/mnt/038bf340d3a72bebcfad10309ce4c4a2/volume-f9a09c2b-081f-4fda-b32d-559347f50b3b {{(pid=82955) execute /opt/stack/data/venv/lib/python3.10/site-packages/oslo_concurrency/processutils.py:349}}
Jan 26 09:43:28 devstack sudo[91092]: quobyte : PWD=/ ; USER=root ; COMMAND=/opt/stack/data/venv/bin/cinder-rootwrap /etc/cinder/rootwrap.conf rm -f /opt/stack/data/cinder/mnt/038bf340d3a72bebcfad10309ce4c4a2/volume-f9a09c2b-081f-4fda-b32d-559347f50b3b
Jan 26 09:43:28 devstack sudo[91092]: pam_unix(sudo:session): session opened for user root(uid=0) by (uid=1000)
Jan 26 09:43:29 devstack cinder-volume[82955]: DEBUG oslo_concurrency.lockutils [req-4f0f180c-85ce-4e1a-b819-bd9ac61279d0 req-bd0fbe72-2832-4113-bb18-03590a50634f tempest-ServerActionsTestOtherB-265273711 None] Acquiring lock "quobyte" by "cinder.volume.drivers.quobyte.QuobyteDriver.initialize_connection" {{(pid=82955) inner /opt/stack/data/venv/lib/python3.10/site-packages/oslo_concurrency/lockutils.py:405}}
Jan 26 09:43:29 devstack cinder-volume[82955]: DEBUG oslo_concurrency.lockutils [req-4f0f180c-85ce-4e1a-b819-bd9ac61279d0 req-bd0fbe72-2832-4113-bb18-03590a50634f tempest-ServerActionsTestOtherB-265273711 None] Lock "quobyte" acquired by "cinder.volume.drivers.quobyte.QuobyteDriver.initialize_connection" :: waited 0.001s {{(pid=82955) inner /opt/stack/data/venv/lib/python3.10/site-packages/oslo_concurrency/lockutils.py:410}}
Jan 26 09:43:29 devstack cinder-volume[82955]: DEBUG oslo.privsep.daemon [-] privsep: reply[2f0ce53f-6601-4381-9c21-34623834d66d]: (4, 'qcow2') {{(pid=83929) _call_back /opt/stack/data/venv/lib/python3.10/site-packages/oslo_privsep/daemon.py:515}}
Jan 26 09:43:29 devstack cinder-volume[82955]: DEBUG oslo_concurrency.processutils [req-4f0f180c-85ce-4e1a-b819-bd9ac61279d0 req-bd0fbe72-2832-4113-bb18-03590a50634f tempest-ServerActionsTestOtherB-265273711 None] Running cmd (subprocess): /opt/stack/data/venv/bin/python3.10 -m oslo_concurrency.prlimit --as=1073741824 --cpu=60 -- sudo cinder-rootwrap /etc/cinder/rootwrap.conf env LC_ALL=C qemu-img info -f qcow2 --output=json --force-share /opt/stack/data/cinder/mnt/038bf340d3a72bebcfad10309ce4c4a2/volume-0803a001-2d0b-483e-b078-a3e224624bbc {{(pid=82955) execute /opt/stack/data/venv/lib/python3.10/site-packages/oslo_concurrency/processutils.py:349}}
Jan 26 09:43:29 devstack sudo[91092]: pam_unix(sudo:session): session closed for user root
Jan 26 09:43:29 devstack cinder-volume[82955]: DEBUG oslo_concurrency.processutils [None req-5dc17e68-4330-4575-a67b-e31558117d2c tempest-SnapshotsActionsTest-1249266490 None] CMD "sudo cinder-rootwrap /etc/cinder/rootwrap.conf rm -f /opt/stack/data/cinder/mnt/038bf340d3a72bebcfad10309ce4c4a2/volume-f9a09c2b-081f-4fda-b32d-559347f50b3b" returned: 0 in 0.634s {{(pid=82955) execute /opt/stack/data/venv/lib/python3.10/site-packages/oslo_concurrency/processutils.py:372}}
Jan 26 09:43:29 devstack cinder-volume[82955]: DEBUG cinder.coordination [None req-5dc17e68-4330-4575-a67b-e31558117d2c tempest-SnapshotsActionsTest-1249266490 None] Lock "cinder-quobyte-f9a09c2b-081f-4fda-b32d-559347f50b3b" released by "delete_volume" :: held 1.636s {{(pid=82955) __release /opt/stack/cinder/cinder/coordination.py:157}}
Jan 26 09:43:29 devstack cinder-volume[82955]: DEBUG cinder.quota [None req-5dc17e68-4330-4575-a67b-e31558117d2c tempest-SnapshotsActionsTest-1249266490 None] Created reservations ['90e87762-7912-4a9e-a030-dc214307b0e2', '81542afe-e531-4a00-a99b-6aa90a347acb', '20284be2-023a-49dd-a7f8-25665b8ede6a', 'f466a6e5-a8cd-4478-b853-53d0b78dea0d'] {{(pid=82955) reserve /opt/stack/cinder/cinder/quota.py:752}}
Jan 26 09:43:29 devstack sudo[91116]: quobyte : PWD=/ ; USER=root ; COMMAND=/opt/stack/data/venv/bin/cinder-rootwrap /etc/cinder/rootwrap.conf env LC_ALL=C qemu-img info -f qcow2 --output=json --force-share /opt/stack/data/cinder/mnt/038bf340d3a72bebcfad10309ce4c4a2/volume-0803a001-2d0b-483e-b078-a3e224624bbc
Jan 26 09:43:29 devstack sudo[91116]: pam_unix(sudo:session): session opened for user root(uid=0) by (uid=1000)
Jan 26 09:43:29 devstack cinder-volume[82955]: DEBUG oslo_concurrency.lockutils [None req-5dc17e68-4330-4575-a67b-e31558117d2c tempest-SnapshotsActionsTest-1249266490 None] Acquiring lock "quobyte_ensure" by "cinder.volume.drivers.quobyte.QuobyteDriver._ensure_shares_mounted" {{(pid=82955) inner /opt/stack/data/venv/lib/python3.10/site-packages/oslo_concurrency/lockutils.py:405}}
Jan 26 09:43:29 devstack cinder-volume[82955]: DEBUG oslo_concurrency.lockutils [None req-5dc17e68-4330-4575-a67b-e31558117d2c tempest-SnapshotsActionsTest-1249266490 None] Lock "quobyte_ensure" acquired by "cinder.volume.drivers.quobyte.QuobyteDriver._ensure_shares_mounted" :: waited 0.001s {{(pid=82955) inner /opt/stack/data/venv/lib/python3.10/site-packages/oslo_concurrency/lockutils.py:410}}
Jan 26 09:43:29 devstack cinder-volume[82955]: DEBUG cinder.volume.drivers.quobyte [None req-5dc17e68-4330-4575-a67b-e31558117d2c tempest-SnapshotsActionsTest-1249266490 None] Quobyte Volume URL set to: {'osci02.corp.quobyte.com/cinder-vol-bc6979e4-3217-45a9-83b9-e9eb1ca7d36c': None} {{(pid=82955) _load_shares_config /opt/stack/cinder/cinder/volume/drivers/quobyte.py:611}}
Jan 26 09:43:29 devstack cinder-volume[82955]: DEBUG cinder.volume.drivers.quobyte [None req-5dc17e68-4330-4575-a67b-e31558117d2c tempest-SnapshotsActionsTest-1249266490 None] Available shares ['osci02.corp.quobyte.com/cinder-vol-bc6979e4-3217-45a9-83b9-e9eb1ca7d36c'] {{(pid=82955) _ensure_shares_mounted /opt/stack/cinder/cinder/volume/drivers/quobyte.py:641}}
Jan 26 09:43:29 devstack cinder-volume[82955]: DEBUG oslo_concurrency.lockutils [None req-5dc17e68-4330-4575-a67b-e31558117d2c tempest-SnapshotsActionsTest-1249266490 None] Lock "quobyte_ensure" "released" by "cinder.volume.drivers.quobyte.QuobyteDriver._ensure_shares_mounted" :: held 0.033s {{(pid=82955) inner /opt/stack/data/venv/lib/python3.10/site-packages/oslo_concurrency/lockutils.py:424}}
Jan 26 09:43:29 devstack cinder-volume[82955]: DEBUG oslo_concurrency.processutils [None req-5dc17e68-4330-4575-a67b-e31558117d2c tempest-SnapshotsActionsTest-1249266490 None] Running cmd (subprocess): sudo cinder-rootwrap /etc/cinder/rootwrap.conf df --portability --block-size 1 /opt/stack/data/cinder/mnt/038bf340d3a72bebcfad10309ce4c4a2 {{(pid=82955) execute /opt/stack/data/venv/lib/python3.10/site-packages/oslo_concurrency/processutils.py:349}}
Jan 26 09:43:29 devstack sudo[91118]: quobyte : PWD=/ ; USER=root ; COMMAND=/opt/stack/data/venv/bin/cinder-rootwrap /etc/cinder/rootwrap.conf df --portability --block-size 1 /opt/stack/data/cinder/mnt/038bf340d3a72bebcfad10309ce4c4a2
Jan 26 09:43:29 devstack sudo[91118]: pam_unix(sudo:session): session opened for user root(uid=0) by (uid=1000)
Jan 26 09:43:30 devstack sudo[91116]: pam_unix(sudo:session): session closed for user root
Jan 26 09:43:30 devstack cinder-volume[82955]: DEBUG oslo_concurrency.processutils [req-4f0f180c-85ce-4e1a-b819-bd9ac61279d0 req-bd0fbe72-2832-4113-bb18-03590a50634f tempest-ServerActionsTestOtherB-265273711 None] CMD "/opt/stack/data/venv/bin/python3.10 -m oslo_concurrency.prlimit --as=1073741824 --cpu=60 -- sudo cinder-rootwrap /etc/cinder/rootwrap.conf env LC_ALL=C qemu-img info -f qcow2 --output=json --force-share /opt/stack/data/cinder/mnt/038bf340d3a72bebcfad10309ce4c4a2/volume-0803a001-2d0b-483e-b078-a3e224624bbc" returned: 0 in 0.997s {{(pid=82955) execute /opt/stack/data/venv/lib/python3.10/site-packages/oslo_concurrency/processutils.py:372}}
Jan 26 09:43:30 devstack cinder-volume[82955]: DEBUG oslo_concurrency.lockutils [req-4f0f180c-85ce-4e1a-b819-bd9ac61279d0 req-bd0fbe72-2832-4113-bb18-03590a50634f tempest-ServerActionsTestOtherB-265273711 None] Lock "quobyte" "released" by "cinder.volume.drivers.quobyte.QuobyteDriver.initialize_connection" :: held 1.042s {{(pid=82955) inner /opt/stack/data/venv/lib/python3.10/site-packages/oslo_concurrency/lockutils.py:424}}
Jan 26 09:43:30 devstack cinder-volume[82955]: DEBUG cinder.volume.manager [req-4f0f180c-85ce-4e1a-b819-bd9ac61279d0 req-bd0fbe72-2832-4113-bb18-03590a50634f tempest-ServerActionsTestOtherB-265273711 None] Connection info returned from driver {'export': 'osci02.corp.quobyte.com/cinder-vol-bc6979e4-3217-45a9-83b9-e9eb1ca7d36c', 'name': 'volume-0803a001-2d0b-483e-b078-a3e224624bbc', 'options': None, 'format': 'qcow2', 'qos_specs': None, 'access_mode': 'rw', 'encrypted': False, 'cacheable': False, 'driver_volume_type': 'quobyte', 'mount_point_base': '/opt/stack/data/cinder/mnt', 'attachment_id': '64d3c1df-0f78-45c7-98ff-a88b15872360', 'enforce_multipath': True} {{(pid=82955) _connection_create /opt/stack/cinder/cinder/volume/manager.py:4893}}
Jan 26 09:43:30 devstack cinder-volume[82955]: WARNING cinder.volume.volume_utils [req-4f0f180c-85ce-4e1a-b819-bd9ac61279d0 req-bd0fbe72-2832-4113-bb18-03590a50634f tempest-ServerActionsTestOtherB-265273711 None] Volume driver (QuobyteDriver 1.1.13) is currently unsupported and may be removed in the next release of OpenStack. Use at your own risk.
Jan 26 09:43:30 devstack cinder-volume[82955]: INFO cinder.volume.manager [req-4f0f180c-85ce-4e1a-b819-bd9ac61279d0 req-bd0fbe72-2832-4113-bb18-03590a50634f tempest-ServerActionsTestOtherB-265273711 None] attachment_update completed successfully.
Jan 26 09:43:30 devstack sudo[91118]: pam_unix(sudo:session): session closed for user root
Jan 26 09:43:30 devstack cinder-volume[82955]: DEBUG oslo_concurrency.processutils [None req-5dc17e68-4330-4575-a67b-e31558117d2c tempest-SnapshotsActionsTest-1249266490 None] CMD "sudo cinder-rootwrap /etc/cinder/rootwrap.conf df --portability --block-size 1 /opt/stack/data/cinder/mnt/038bf340d3a72bebcfad10309ce4c4a2" returned: 0 in 0.882s {{(pid=82955) execute /opt/stack/data/venv/lib/python3.10/site-packages/oslo_concurrency/processutils.py:372}}
