Jul 10 00:17:09 devstack devstack@g-api.service[77687]: DEBUG glance.common.config [None req-c15ccff8-8582-46f1-a351-ce5035ebe41b None None] barbican_service_user.keyfile = None {{(pid=77687) log_opt_values /opt/stack/data/venv/lib/python3.12/site-packages/oslo_config/cfg.py:3253}}
Jul 10 00:17:09 devstack devstack@g-api.service[77687]: DEBUG glance.common.config [None req-c15ccff8-8582-46f1-a351-ce5035ebe41b None None] barbican_service_user.split_loggers = False {{(pid=77687) log_opt_values /opt/stack/data/venv/lib/python3.12/site-packages/oslo_config/cfg.py:3253}}
Jul 10 00:17:09 devstack devstack@g-api.service[77687]: DEBUG glance.common.config [None req-c15ccff8-8582-46f1-a351-ce5035ebe41b None None] barbican_service_user.timeout = None {{(pid=77687) log_opt_values /opt/stack/data/venv/lib/python3.12/site-packages/oslo_config/cfg.py:3253}}
Jul 10 00:17:09 devstack devstack@g-api.service[77687]: DEBUG glance.common.config [None req-c15ccff8-8582-46f1-a351-ce5035ebe41b None None] database.asyncio_connection = **** {{(pid=77687) log_opt_values /opt/stack/data/venv/lib/python3.12/site-packages/oslo_config/cfg.py:3253}}
Jul 10 00:17:09 devstack devstack@g-api.service[77687]: DEBUG glance.common.config [None req-c15ccff8-8582-46f1-a351-ce5035ebe41b None None] database.asyncio_slave_connection = **** {{(pid=77687) log_opt_values /opt/stack/data/venv/lib/python3.12/site-packages/oslo_config/cfg.py:3253}}
Jul 10 00:17:09 devstack devstack@g-api.service[77687]: DEBUG glance.common.config [None req-c15ccff8-8582-46f1-a351-ce5035ebe41b None None] database.backend = sqlalchemy {{(pid=77687) log_opt_values /opt/stack/data/venv/lib/python3.12/site-packages/oslo_config/cfg.py:3253}}
Jul 10 00:17:09 devstack devstack@g-api.service[77687]: DEBUG glance.common.config [None req-c15ccff8-8582-46f1-a351-ce5035ebe41b None None] database.connection = **** {{(pid=77687) log_opt_values /opt/stack/data/venv/lib/python3.12/site-packages/oslo_config/cfg.py:3253}}
Jul 10 00:17:09 devstack devstack@g-api.service[77687]: DEBUG glance.common.config [None req-c15ccff8-8582-46f1-a351-ce5035ebe41b None None] database.connection_debug = 0 {{(pid=77687) log_opt_values /opt/stack/data/venv/lib/python3.12/site-packages/oslo_config/cfg.py:3253}}
Jul 10 00:17:09 devstack devstack@g-api.service[77687]: DEBUG glance.common.config [None req-c15ccff8-8582-46f1-a351-ce5035ebe41b None None] database.connection_parameters = {{(pid=77687) log_opt_values /opt/stack/data/venv/lib/python3.12/site-packages/oslo_config/cfg.py:3253}}
Jul 10 00:17:09 devstack devstack@g-api.service[77687]: DEBUG glance.common.config [None req-c15ccff8-8582-46f1-a351-ce5035ebe41b None None] database.connection_recycle_time = 3600 {{(pid=77687) log_opt_values /opt/stack/data/venv/lib/python3.12/site-packages/oslo_config/cfg.py:3253}}
Jul 10 00:17:09 devstack devstack@g-api.service[77687]: DEBUG glance.common.config [None req-c15ccff8-8582-46f1-a351-ce5035ebe41b None None] database.connection_trace = False {{(pid=77687) log_opt_values /opt/stack/data/venv/lib/python3.12/site-packages/oslo_config/cfg.py:3253}}
Jul 10 00:17:09 devstack devstack@g-api.service[77687]: DEBUG glance.common.config [None req-c15ccff8-8582-46f1-a351-ce5035ebe41b None None] database.db_inc_retry_interval = True {{(pid=77687) log_opt_values /opt/stack/data/venv/lib/python3.12/site-packages/oslo_config/cfg.py:3253}}
Jul 10 00:17:09 devstack devstack@g-api.service[77687]: DEBUG glance.common.config [None req-c15ccff8-8582-46f1-a351-ce5035ebe41b None None] database.db_max_retries = 20 {{(pid=77687) log_opt_values /opt/stack/data/venv/lib/python3.12/site-packages/oslo_config/cfg.py:3253}}
Jul 10 00:17:09 devstack devstack@g-api.service[77687]: DEBUG glance.common.config [None req-c15ccff8-8582-46f1-a351-ce5035ebe41b None None] database.db_max_retry_interval = 10 {{(pid=77687) log_opt_values /opt/stack/data/venv/lib/python3.12/site-packages/oslo_config/cfg.py:3253}}
Jul 10 00:17:09 devstack devstack@g-api.service[77687]: DEBUG glance.common.config [None req-c15ccff8-8582-46f1-a351-ce5035ebe41b None None] database.db_retry_interval = 1 {{(pid=77687) log_opt_values /opt/stack/data/venv/lib/python3.12/site-packages/oslo_config/cfg.py:3253}}
Jul 10 00:17:09 devstack devstack@g-api.service[77687]: DEBUG glance.common.config [None req-c15ccff8-8582-46f1-a351-ce5035ebe41b None None] database.max_overflow = 50 {{(pid=77687) log_opt_values /opt/stack/data/venv/lib/python3.12/site-packages/oslo_config/cfg.py:3253}}
Jul 10 00:17:09 devstack devstack@g-api.service[77687]: DEBUG glance.common.config [None req-c15ccff8-8582-46f1-a351-ce5035ebe41b None None] database.max_pool_size = 5 {{(pid=77687) log_opt_values /opt/stack/data/venv/lib/python3.12/site-packages/oslo_config/cfg.py:3253}}
Jul 10 00:17:09 devstack devstack@g-api.service[77687]: DEBUG glance.common.config [None req-c15ccff8-8582-46f1-a351-ce5035ebe41b None None] database.max_retries = 10 {{(pid=77687) log_opt_values /opt/stack/data/venv/lib/python3.12/site-packages/oslo_config/cfg.py:3253}}
Jul 10 00:17:09 devstack devstack@g-api.service[77687]: DEBUG glance.common.config [None req-c15ccff8-8582-46f1-a351-ce5035ebe41b None None] database.mysql_sql_mode = TRADITIONAL {{(pid=77687) log_opt_values /opt/stack/data/venv/lib/python3.12/site-packages/oslo_config/cfg.py:3253}}
Jul 10 00:17:09 devstack devstack@g-api.service[77687]: DEBUG glance.common.config [None req-c15ccff8-8582-46f1-a351-ce5035ebe41b None None] database.mysql_wsrep_sync_wait = None {{(pid=77687) log_opt_values /opt/stack/data/venv/lib/python3.12/site-packages/oslo_config/cfg.py:3253}}
Jul 10 00:17:09 devstack devstack@g-api.service[77687]: DEBUG glance.common.config [None req-c15ccff8-8582-46f1-a351-ce5035ebe41b None None] database.pool_timeout = None {{(pid=77687) log_opt_values /opt/stack/data/venv/lib/python3.12/site-packages/oslo_config/cfg.py:3253}}
Jul 10 00:17:09 devstack devstack@g-api.service[77687]: DEBUG glance.common.config [None req-c15ccff8-8582-46f1-a351-ce5035ebe41b None None] database.retry_interval = 10 {{(pid=77687) log_opt_values /opt/stack/data/venv/lib/python3.12/site-packages/oslo_config/cfg.py:3253}}
Jul 10 00:17:09 devstack devstack@g-api.service[77687]: DEBUG glance.common.config [None req-c15ccff8-8582-46f1-a351-ce5035ebe41b None None] database.slave_connection = **** {{(pid=77687) log_opt_values /opt/stack/data/venv/lib/python3.12/site-packages/oslo_config/cfg.py:3253}}
Jul 10 00:17:09 devstack devstack@g-api.service[77687]: DEBUG glance.common.config [None req-c15ccff8-8582-46f1-a351-ce5035ebe41b None None] database.sqlite_synchronous = True {{(pid=77687) log_opt_values /opt/stack/data/venv/lib/python3.12/site-packages/oslo_config/cfg.py:3253}}
Jul 10 00:17:09 devstack devstack@g-api.service[77687]: DEBUG glance.common.config [None req-c15ccff8-8582-46f1-a351-ce5035ebe41b None None] database.synchronous_reader = True {{(pid=77687) log_opt_values /opt/stack/data/venv/lib/python3.12/site-packages/oslo_config/cfg.py:3253}}
Jul 10 00:17:09 devstack devstack@g-api.service[77687]: DEBUG glance.common.config [None req-c15ccff8-8582-46f1-a351-ce5035ebe41b None None] database.use_db_reconnect = False {{(pid=77687) log_opt_values /opt/stack/data/venv/lib/python3.12/site-packages/oslo_config/cfg.py:3253}}
Jul 10 00:17:09 devstack devstack@g-api.service[77687]: DEBUG glance.common.config [None req-c15ccff8-8582-46f1-a351-ce5035ebe41b None None] healthcheck.allowed_source_ranges = [] {{(pid=77687) log_opt_values /opt/stack/data/venv/lib/python3.12/site-packages/oslo_config/cfg.py:3253}}
Jul 10 00:17:09 devstack devstack@g-api.service[77687]: DEBUG glance.common.config [None req-c15ccff8-8582-46f1-a351-ce5035ebe41b None None] healthcheck.backends = ['disable_by_file'] {{(pid=77687) log_opt_values /opt/stack/data/venv/lib/python3.12/site-packages/oslo_config/cfg.py:3253}}
Jul 10 00:17:09 devstack devstack@g-api.service[77687]: DEBUG glance.common.config [None req-c15ccff8-8582-46f1-a351-ce5035ebe41b None None] healthcheck.detailed = False {{(pid=77687) log_opt_values /opt/stack/data/venv/lib/python3.12/site-packages/oslo_config/cfg.py:3253}}
Jul 10 00:17:09 devstack devstack@g-api.service[77687]: DEBUG glance.common.config [None req-c15ccff8-8582-46f1-a351-ce5035ebe41b None None] healthcheck.disable_by_file_path = None {{(pid=77687) log_opt_values /opt/stack/data/venv/lib/python3.12/site-packages/oslo_config/cfg.py:3253}}
Jul 10 00:17:09 devstack devstack@g-api.service[77687]: DEBUG glance.common.config [None req-c15ccff8-8582-46f1-a351-ce5035ebe41b None None] healthcheck.ignore_proxied_requests = False {{(pid=77687) log_opt_values /opt/stack/data/venv/lib/python3.12/site-packages/oslo_config/cfg.py:3253}}
Jul 10 00:17:09 devstack devstack@g-api.service[77687]: DEBUG glance.common.config [None req-c15ccff8-8582-46f1-a351-ce5035ebe41b None None] ******************************************************************************** {{(pid=77687) log_opt_values /opt/stack/data/venv/lib/python3.12/site-packages/oslo_config/cfg.py:3260}}
Jul 10 00:17:09 devstack devstack@g-api.service[77687]: WSGI app 0 (mountpoint='') ready in 6 seconds on interpreter 0x7791d98a4668 pid: 77687 (default app)
Jul 10 00:17:13 devstack devstack@g-api.service[77686]: DEBUG glance.api.middleware.version_negotiation [None req-4d5d229f-16d5-4f9c-b37a-254bae90b117 None None] Determining version of request: GET / Accept: application/json {{(pid=77686) process_request /opt/stack/glance/glance/api/middleware/version_negotiation.py:44}}
Jul 10 00:17:13 devstack devstack@g-api.service[77686]: DEBUG glance.api.middleware.version_negotiation [None req-4d5d229f-16d5-4f9c-b37a-254bae90b117 None None] Using url versioning {{(pid=77686) process_request /opt/stack/glance/glance/api/middleware/version_negotiation.py:57}}
Jul 10 00:17:13 devstack devstack@g-api.service[77686]: DEBUG glance.api.middleware.version_negotiation [None req-4d5d229f-16d5-4f9c-b37a-254bae90b117 None None] Unknown version. Returning version choices. {{(pid=77686) process_request /opt/stack/glance/glance/api/middleware/version_negotiation.py:64}}
Jul 10 00:17:13 devstack devstack@g-api.service[77686]: [pid: 77686|app: 0|req: 2/2] 127.0.0.1 () {34 vars in 519 bytes} [Fri Jul 10 00:17:13 2026] GET / => generated 1571 bytes in 2 msecs (HTTP/1.1 300) 3 headers in 106 bytes (1 switches on core 0)
Jul 10 00:17:13 devstack devstack@g-api.service[77687]: DEBUG glance.api.middleware.version_negotiation [None req-c15ccff8-8582-46f1-a351-ce5035ebe41b None None] Determining version of request: POST /v2/images Accept: */* {{(pid=77687) process_request /opt/stack/glance/glance/api/middleware/version_negotiation.py:44}}
Jul 10 00:17:13 devstack devstack@g-api.service[77687]: DEBUG glance.api.middleware.version_negotiation [None req-c15ccff8-8582-46f1-a351-ce5035ebe41b None None] Using url versioning {{(pid=77687) process_request /opt/stack/glance/glance/api/middleware/version_negotiation.py:57}}
Jul 10 00:17:13 devstack devstack@g-api.service[77687]: DEBUG glance.api.middleware.version_negotiation [None req-c15ccff8-8582-46f1-a351-ce5035ebe41b None None] Matched version: v2 {{(pid=77687) process_request /opt/stack/glance/glance/api/middleware/version_negotiation.py:69}}
Jul 10 00:17:13 devstack devstack@g-api.service[77687]: DEBUG glance.api.middleware.version_negotiation [None req-c15ccff8-8582-46f1-a351-ce5035ebe41b None None] new path /v2/images {{(pid=77687) process_request /opt/stack/glance/glance/api/middleware/version_negotiation.py:70}}
Jul 10 00:17:14 devstack devstack@g-api.service[77687]: [pid: 77687|app: 0|req: 1/3] 127.0.0.1 () {40 vars in 782 bytes} [Fri Jul 10 00:17:13 2026] POST /v2/images => generated 807 bytes in 1252 msecs (HTTP/1.1 201) 6 headers in 314 bytes (1 switches on core 0)
Jul 10 00:17:14 devstack devstack@g-api.service[77686]: DEBUG glance.api.middleware.version_negotiation [None req-4d5d229f-16d5-4f9c-b37a-254bae90b117 None None] Determining version of request: PUT /v2/images/a6d0c978-002e-4d46-ab92-a0880bff49c1/file Accept: {{(pid=77686) process_request /opt/stack/glance/glance/api/middleware/version_negotiation.py:44}}
Jul 10 00:17:14 devstack devstack@g-api.service[77686]: DEBUG glance.api.middleware.version_negotiation [None req-4d5d229f-16d5-4f9c-b37a-254bae90b117 None None] Using url versioning {{(pid=77686) process_request /opt/stack/glance/glance/api/middleware/version_negotiation.py:57}}
Jul 10 00:17:14 devstack devstack@g-api.service[77686]: DEBUG glance.api.middleware.version_negotiation [None req-4d5d229f-16d5-4f9c-b37a-254bae90b117 None None] Matched version: v2 {{(pid=77686) process_request /opt/stack/glance/glance/api/middleware/version_negotiation.py:69}}
Jul 10 00:17:14 devstack devstack@g-api.service[77686]: DEBUG glance.api.middleware.version_negotiation [None req-4d5d229f-16d5-4f9c-b37a-254bae90b117 None None] new path /v2/images/a6d0c978-002e-4d46-ab92-a0880bff49c1/file {{(pid=77686) process_request /opt/stack/glance/glance/api/middleware/version_negotiation.py:70}}
Jul 10 00:17:15 devstack devstack@g-api.service[77686]: INFO glance.api.v2.image_data [None req-a7871133-2f1c-474c-8b2e-791465ce7bda admin admin] Unable to create trust: no such option collect_timing in group [keystone_authtoken] Use the existing user token.
Jul 10 00:17:15 devstack devstack@g-api.service[77686]: DEBUG glance.location [None req-a7871133-2f1c-474c-8b2e-791465ce7bda admin admin] Enabling in-flight format inspection for qcow2 {{(pid=77686) set_data /opt/stack/glance/glance/location.py:596}}
Jul 10 00:17:15 devstack devstack@g-api.service[77686]: DEBUG oslo_utils.imageutils.format_inspector [None req-a7871133-2f1c-474c-8b2e-791465ce7bda admin admin] Format inspector for vmdk does not match, excluding from consideration (Signature KDMV not found: b'QFI\xfb') {{(pid=77686) _process_chunk /opt/stack/data/venv/lib/python3.12/site-packages/oslo_utils/imageutils/format_inspector.py:1758}}
Jul 10 00:17:15 devstack devstack@g-api.service[77686]: DEBUG oslo_utils.imageutils.format_inspector [None req-a7871133-2f1c-474c-8b2e-791465ce7bda admin admin] Format inspector for vhdx does not match, excluding from consideration (Region signature not found at 30000) {{(pid=77686) _process_chunk /opt/stack/data/venv/lib/python3.12/site-packages/oslo_utils/imageutils/format_inspector.py:1758}}
Jul 10 00:17:16 devstack devstack@g-api.service[77686]: DEBUG glance_store._drivers.filesystem [None req-a7871133-2f1c-474c-8b2e-791465ce7bda admin admin] Wrote 21692416 bytes to /opt/stack/data/glance/images/a6d0c978-002e-4d46-ab92-a0880bff49c1 with checksum 87617e24a5e30cb3b87fda8c0764838f and multihash 9a9bce0083a00939ec17c11febbfc767aa211aaa54f51e75c5a8b271a9b5637c77205a518b7a2007cb391d23cceb01e0e4e8d64832317151bc85b734b92a7be0 {{(pid=77686) add /opt/stack/data/venv/lib/python3.12/site-packages/glance_store/_drivers/filesystem.py:899}}
Jul 10 00:17:16 devstack devstack@g-api.service[77686]: INFO glance.location [None req-a7871133-2f1c-474c-8b2e-791465ce7bda admin admin] Image format matched and virtual size computed: 117440512
Jul 10 00:17:16 devstack devstack@g-api.service[77686]: DEBUG glance_store.backend [None req-a7871133-2f1c-474c-8b2e-791465ce7bda admin admin] Skipping store.set_acls... not implemented. {{(pid=77686) set_acls /opt/stack/data/venv/lib/python3.12/site-packages/glance_store/backend.py:507}}
Jul 10 00:17:16 devstack devstack@g-api.service[77686]: [pid: 77686|app: 0|req: 3/4] 127.0.0.1 () {40 vars in 875 bytes} [Fri Jul 10 00:17:14 2026] PUT /v2/images/a6d0c978-002e-4d46-ab92-a0880bff49c1/file => generated 0 bytes in 1822 msecs (HTTP/1.1 204) 4 headers in 171 bytes (1 switches on core 0)
Jul 10 00:17:16 devstack devstack@g-api.service[77687]: DEBUG glance.api.middleware.version_negotiation [None req-58f840b8-8872-4e29-9c4d-0d683336d72d admin admin] Determining version of request: GET /v2/images/a6d0c978-002e-4d46-ab92-a0880bff49c1 Accept: */* {{(pid=77687) process_request /opt/stack/glance/glance/api/middleware/version_negotiation.py:44}}
Jul 10 00:17:16 devstack devstack@g-api.service[77687]: DEBUG glance.api.middleware.version_negotiation [None req-58f840b8-8872-4e29-9c4d-0d683336d72d admin admin] Using url versioning {{(pid=77687) process_request /opt/stack/glance/glance/api/middleware/version_negotiation.py:57}}
Jul 10 00:17:16 devstack devstack@g-api.service[77687]: DEBUG glance.api.middleware.version_negotiation [None req-58f840b8-8872-4e29-9c4d-0d683336d72d admin admin] Matched version: v2 {{(pid=77687) process_request /opt/stack/glance/glance/api/middleware/version_negotiation.py:69}}
Jul 10 00:17:16 devstack devstack@g-api.service[77687]: DEBUG glance.api.middleware.version_negotiation [None req-58f840b8-8872-4e29-9c4d-0d683336d72d admin admin] new path /v2/images/a6d0c978-002e-4d46-ab92-a0880bff49c1 {{(pid=77687) process_request /opt/stack/glance/glance/api/middleware/version_negotiation.py:70}}
Jul 10 00:17:16 devstack devstack@g-api.service[77687]: [pid: 77687|app: 0|req: 2/5] 127.0.0.1 () {36 vars in 802 bytes} [Fri Jul 10 00:17:16 2026] GET /v2/images/a6d0c978-002e-4d46-ab92-a0880bff49c1 => generated 976 bytes in 21 msecs (HTTP/1.1 200) 4 headers in 157 bytes (1 switches on core 0)
Jul 10 00:17:26 devstack devstack@g-api.service[77686]: DEBUG dbcounter [-] [77686] Writing DB stats glance:INSERT=5,glance:SELECT=16,glance:UPDATE=2 {{(pid=77686) stat_writer /opt/stack/data/venv/lib/python3.12/site-packages/dbcounter.py:115}}
Jul 10 00:17:26 devstack devstack@g-api.service[77687]: DEBUG dbcounter [-] [77687] Writing DB stats glance:INSERT=9,glance:SELECT=6 {{(pid=77687) stat_writer /opt/stack/data/venv/lib/python3.12/site-packages/dbcounter.py:115}}
Jul 10 00:18:02 devstack devstack@g-api.service[77686]: DEBUG glance.api.middleware.version_negotiation [None req-a7871133-2f1c-474c-8b2e-791465ce7bda admin admin] Determining version of request: GET / Accept: application/json {{(pid=77686) process_request /opt/stack/glance/glance/api/middleware/version_negotiation.py:44}}
Jul 10 00:18:02 devstack devstack@g-api.service[77686]: DEBUG glance.api.middleware.version_negotiation [None req-a7871133-2f1c-474c-8b2e-791465ce7bda admin admin] Using url versioning {{(pid=77686) process_request /opt/stack/glance/glance/api/middleware/version_negotiation.py:57}}
Jul 10 00:18:02 devstack devstack@g-api.service[77686]: DEBUG glance.api.middleware.version_negotiation [None req-a7871133-2f1c-474c-8b2e-791465ce7bda admin admin] Unknown version. Returning version choices. {{(pid=77686) process_request /opt/stack/glance/glance/api/middleware/version_negotiation.py:64}}
Jul 10 00:18:02 devstack devstack@g-api.service[77686]: [pid: 77686|app: 0|req: 4/6] 127.0.0.1 () {34 vars in 519 bytes} [Fri Jul 10 00:18:02 2026] GET / => generated 1571 bytes in 3 msecs (HTTP/1.1 300) 3 headers in 106 bytes (1 switches on core 0)
Jul 10 00:18:02 devstack devstack@g-api.service[77687]: DEBUG glance.api.middleware.version_negotiation [None req-62fdb3d5-84bd-451c-b168-2228391b1808 admin admin] Determining version of request: GET /v2/images Accept: application/json {{(pid=77687) process_request /opt/stack/glance/glance/api/middleware/version_negotiation.py:44}}
Jul 10 00:18:02 devstack devstack@g-api.service[77687]: DEBUG glance.api.middleware.version_negotiation [None req-62fdb3d5-84bd-451c-b168-2228391b1808 admin admin] Using url versioning {{(pid=77687) process_request /opt/stack/glance/glance/api/middleware/version_negotiation.py:57}}
Jul 10 00:18:02 devstack devstack@g-api.service[77687]: DEBUG glance.api.middleware.version_negotiation [None req-62fdb3d5-84bd-451c-b168-2228391b1808 admin admin] Matched version: v2 {{(pid=77687) process_request /opt/stack/glance/glance/api/middleware/version_negotiation.py:69}}
Jul 10 00:18:02 devstack devstack@g-api.service[77687]: DEBUG glance.api.middleware.version_negotiation [None req-62fdb3d5-84bd-451c-b168-2228391b1808 admin admin] new path /v2/images {{(pid=77687) process_request /opt/stack/glance/glance/api/middleware/version_negotiation.py:70}}
Jul 10 00:18:02 devstack devstack@g-api.service[77687]: [pid: 77687|app: 0|req: 3/7] 127.0.0.1 () {36 vars in 741 bytes} [Fri Jul 10 00:18:02 2026] GET /v2/images => generated 1045 bytes in 86 msecs (HTTP/1.1 200) 4 headers in 158 bytes (1 switches on core 0)
Jul 10 00:18:12 devstack devstack@g-api.service[77687]: DEBUG dbcounter [-] [77687] Writing DB stats glance:SELECT=1 {{(pid=77687) stat_writer /opt/stack/data/venv/lib/python3.12/site-packages/dbcounter.py:115}}
Jul 10 00:18:12 devstack devstack@g-api.service[77686]: DEBUG glance.api.middleware.version_negotiation [None req-a7871133-2f1c-474c-8b2e-791465ce7bda admin admin] Determining version of request: GET / Accept: application/json {{(pid=77686) process_request /opt/stack/glance/glance/api/middleware/version_negotiation.py:44}}
Jul 10 00:18:12 devstack devstack@g-api.service[77686]: DEBUG glance.api.middleware.version_negotiation [None req-a7871133-2f1c-474c-8b2e-791465ce7bda admin admin] Using url versioning {{(pid=77686) process_request /opt/stack/glance/glance/api/middleware/version_negotiation.py:57}}
Jul 10 00:18:12 devstack devstack@g-api.service[77686]: DEBUG glance.api.middleware.version_negotiation [None req-a7871133-2f1c-474c-8b2e-791465ce7bda admin admin] Unknown version. Returning version choices. {{(pid=77686) process_request /opt/stack/glance/glance/api/middleware/version_negotiation.py:64}}
Jul 10 00:18:12 devstack devstack@g-api.service[77686]: [pid: 77686|app: 0|req: 5/8] 127.0.0.1 () {34 vars in 519 bytes} [Fri Jul 10 00:18:12 2026] GET / => generated 1571 bytes in 2 msecs (HTTP/1.1 300) 3 headers in 106 bytes (1 switches on core 0)
Jul 10 00:18:12 devstack devstack@g-api.service[77687]: DEBUG glance.api.middleware.version_negotiation [None req-34cbdd3a-cc6c-4fdc-9914-6bec23eb91b5 admin admin] Determining version of request: GET /v2/images/a6d0c978-002e-4d46-ab92-a0880bff49c1 Accept: */* {{(pid=77687) process_request /opt/stack/glance/glance/api/middleware/version_negotiation.py:44}}
Jul 10 00:18:12 devstack devstack@g-api.service[77687]: DEBUG glance.api.middleware.version_negotiation [None req-34cbdd3a-cc6c-4fdc-9914-6bec23eb91b5 admin admin] Using url versioning {{(pid=77687) process_request /opt/stack/glance/glance/api/middleware/version_negotiation.py:57}}
Jul 10 00:18:12 devstack devstack@g-api.service[77687]: DEBUG glance.api.middleware.version_negotiation [None req-34cbdd3a-cc6c-4fdc-9914-6bec23eb91b5 admin admin] Matched version: v2 {{(pid=77687) process_request /opt/stack/glance/glance/api/middleware/version_negotiation.py:69}}
Jul 10 00:18:12 devstack devstack@g-api.service[77687]: DEBUG glance.api.middleware.version_negotiation [None req-34cbdd3a-cc6c-4fdc-9914-6bec23eb91b5 admin admin] new path /v2/images/a6d0c978-002e-4d46-ab92-a0880bff49c1 {{(pid=77687) process_request /opt/stack/glance/glance/api/middleware/version_negotiation.py:70}}
Jul 10 00:18:12 devstack devstack@g-api.service[77687]: [pid: 77687|app: 0|req: 4/9] 127.0.0.1 () {36 vars in 802 bytes} [Fri Jul 10 00:18:12 2026] GET /v2/images/a6d0c978-002e-4d46-ab92-a0880bff49c1 => generated 976 bytes in 67 msecs (HTTP/1.1 200) 4 headers in 157 bytes (1 switches on core 0)
Jul 10 00:18:19 devstack devstack@g-api.service[77686]: DEBUG glance.api.middleware.version_negotiation [None req-a7871133-2f1c-474c-8b2e-791465ce7bda admin admin] Determining version of request: GET / Accept: application/json {{(pid=77686) process_request /opt/stack/glance/glance/api/middleware/version_negotiation.py:44}}
Jul 10 00:18:19 devstack devstack@g-api.service[77686]: DEBUG glance.api.middleware.version_negotiation [None req-a7871133-2f1c-474c-8b2e-791465ce7bda admin admin] Using url versioning {{(pid=77686) process_request /opt/stack/glance/glance/api/middleware/version_negotiation.py:57}}
Jul 10 00:18:19 devstack devstack@g-api.service[77686]: DEBUG glance.api.middleware.version_negotiation [None req-a7871133-2f1c-474c-8b2e-791465ce7bda admin admin] Unknown version. Returning version choices. {{(pid=77686) process_request /opt/stack/glance/glance/api/middleware/version_negotiation.py:64}}
Jul 10 00:18:19 devstack devstack@g-api.service[77686]: [pid: 77686|app: 0|req: 6/10] 127.0.0.1 () {34 vars in 519 bytes} [Fri Jul 10 00:18:19 2026] GET / => generated 1571 bytes in 2 msecs (HTTP/1.1 300) 3 headers in 106 bytes (1 switches on core 0)
Jul 10 00:18:19 devstack devstack@g-api.service[77687]: DEBUG glance.api.middleware.version_negotiation [None req-5cbc64a1-a2cf-4377-bdf3-799dc8337c2f admin admin] Determining version of request: GET /v2/images/a6d0c978-002e-4d46-ab92-a0880bff49c1 Accept: */* {{(pid=77687) process_request /opt/stack/glance/glance/api/middleware/version_negotiation.py:44}}
Jul 10 00:18:19 devstack devstack@g-api.service[77687]: DEBUG glance.api.middleware.version_negotiation [None req-5cbc64a1-a2cf-4377-bdf3-799dc8337c2f admin admin] Using url versioning {{(pid=77687) process_request /opt/stack/glance/glance/api/middleware/version_negotiation.py:57}}
Jul 10 00:18:19 devstack devstack@g-api.service[77687]: DEBUG glance.api.middleware.version_negotiation [None req-5cbc64a1-a2cf-4377-bdf3-799dc8337c2f admin admin] Matched version: v2 {{(pid=77687) process_request /opt/stack/glance/glance/api/middleware/version_negotiation.py:69}}
Jul 10 00:18:19 devstack devstack@g-api.service[77687]: DEBUG glance.api.middleware.version_negotiation [None req-5cbc64a1-a2cf-4377-bdf3-799dc8337c2f admin admin] new path /v2/images/a6d0c978-002e-4d46-ab92-a0880bff49c1 {{(pid=77687) process_request /opt/stack/glance/glance/api/middleware/version_negotiation.py:70}}
Jul 10 00:18:19 devstack devstack@g-api.service[77687]: [pid: 77687|app: 0|req: 5/11] 127.0.0.1 () {36 vars in 802 bytes} [Fri Jul 10 00:18:19 2026] GET /v2/images/a6d0c978-002e-4d46-ab92-a0880bff49c1 => generated 976 bytes in 73 msecs (HTTP/1.1 200) 4 headers in 157 bytes (1 switches on core 0)
Jul 10 00:18:29 devstack devstack@g-api.service[77687]: DEBUG dbcounter [-] [77687] Writing DB stats glance:SELECT=4 {{(pid=77687) stat_writer /opt/stack/data/venv/lib/python3.12/site-packages/dbcounter.py:115}}
Jul 10 00:19:33 devstack devstack@g-api.service[77686]: DEBUG glance.api.middleware.version_negotiation [None req-a7871133-2f1c-474c-8b2e-791465ce7bda admin admin] Determining version of request: GET / Accept: application/json {{(pid=77686) process_request /opt/stack/glance/glance/api/middleware/version_negotiation.py:44}}
Jul 10 00:19:33 devstack devstack@g-api.service[77686]: DEBUG glance.api.middleware.version_negotiation [None req-a7871133-2f1c-474c-8b2e-791465ce7bda admin admin] Using url versioning {{(pid=77686) process_request /opt/stack/glance/glance/api/middleware/version_negotiation.py:57}}
Jul 10 00:19:33 devstack devstack@g-api.service[77686]: DEBUG glance.api.middleware.version_negotiation [None req-a7871133-2f1c-474c-8b2e-791465ce7bda admin admin] Unknown version. Returning version choices. {{(pid=77686) process_request /opt/stack/glance/glance/api/middleware/version_negotiation.py:64}}
Jul 10 00:19:33 devstack devstack@g-api.service[77686]: [pid: 77686|app: 0|req: 7/12] 127.0.0.1 () {36 vars in 488 bytes} [Fri Jul 10 00:19:33 2026] GET / => generated 1571 bytes in 2 msecs (HTTP/1.1 300) 3 headers in 106 bytes (1 switches on core 0)
Jul 10 00:22:29 devstack devstack@g-api.service[77687]: DEBUG glance.api.middleware.version_negotiation [None req-bf03c505-99ec-4d8f-9a2c-b24097ba7fbc admin admin] Determining version of request: GET / Accept: application/json {{(pid=77687) process_request /opt/stack/glance/glance/api/middleware/version_negotiation.py:44}}
Jul 10 00:22:29 devstack devstack@g-api.service[77687]: DEBUG glance.api.middleware.version_negotiation [None req-bf03c505-99ec-4d8f-9a2c-b24097ba7fbc admin admin] Using url versioning {{(pid=77687) process_request /opt/stack/glance/glance/api/middleware/version_negotiation.py:57}}
Jul 10 00:22:29 devstack devstack@g-api.service[77687]: DEBUG glance.api.middleware.version_negotiation [None req-bf03c505-99ec-4d8f-9a2c-b24097ba7fbc admin admin] Unknown version. Returning version choices. {{(pid=77687) process_request /opt/stack/glance/glance/api/middleware/version_negotiation.py:64}}
Jul 10 00:22:29 devstack devstack@g-api.service[77687]: [pid: 77687|app: 0|req: 6/13] 127.0.0.1 () {34 vars in 505 bytes} [Fri Jul 10 00:22:29 2026] GET / => generated 1571 bytes in 4 msecs (HTTP/1.1 300) 3 headers in 106 bytes (1 switches on core 0)
Jul 10 00:22:29 devstack devstack@g-api.service[77686]: DEBUG glance.api.middleware.version_negotiation [None req-a7871133-2f1c-474c-8b2e-791465ce7bda admin admin] Determining version of request: GET /v2/images/a6d0c978-002e-4d46-ab92-a0880bff49c1 Accept: */* {{(pid=77686) process_request /opt/stack/glance/glance/api/middleware/version_negotiation.py:44}}
Jul 10 00:22:29 devstack devstack@g-api.service[77686]: DEBUG glance.api.middleware.version_negotiation [None req-a7871133-2f1c-474c-8b2e-791465ce7bda admin admin] Using url versioning {{(pid=77686) process_request /opt/stack/glance/glance/api/middleware/version_negotiation.py:57}}
Jul 10 00:22:29 devstack devstack@g-api.service[77686]: DEBUG glance.api.middleware.version_negotiation [None req-a7871133-2f1c-474c-8b2e-791465ce7bda admin admin] Matched version: v2 {{(pid=77686) process_request /opt/stack/glance/glance/api/middleware/version_negotiation.py:69}}
Jul 10 00:22:29 devstack devstack@g-api.service[77686]: DEBUG glance.api.middleware.version_negotiation [None req-a7871133-2f1c-474c-8b2e-791465ce7bda admin admin] new path /v2/images/a6d0c978-002e-4d46-ab92-a0880bff49c1 {{(pid=77686) process_request /opt/stack/glance/glance/api/middleware/version_negotiation.py:70}}
Jul 10 00:22:30 devstack devstack@g-api.service[77686]: [pid: 77686|app: 0|req: 8/14] 127.0.0.1 () {42 vars in 1061 bytes} [Fri Jul 10 00:22:29 2026] GET /v2/images/a6d0c978-002e-4d46-ab92-a0880bff49c1 => generated 976 bytes in 596 msecs (HTTP/1.1 200) 4 headers in 157 bytes (1 switches on core 0)
Jul 10 00:22:30 devstack devstack@g-api.service[77687]: DEBUG glance.api.middleware.version_negotiation [None req-bf03c505-99ec-4d8f-9a2c-b24097ba7fbc admin admin] Determining version of request: GET /v2/schemas/image Accept: */* {{(pid=77687) process_request /opt/stack/glance/glance/api/middleware/version_negotiation.py:44}}
Jul 10 00:22:30 devstack devstack@g-api.service[77687]: DEBUG glance.api.middleware.version_negotiation [None req-bf03c505-99ec-4d8f-9a2c-b24097ba7fbc admin admin] Using url versioning {{(pid=77687) process_request /opt/stack/glance/glance/api/middleware/version_negotiation.py:57}}
Jul 10 00:22:30 devstack devstack@g-api.service[77687]: DEBUG glance.api.middleware.version_negotiation [None req-bf03c505-99ec-4d8f-9a2c-b24097ba7fbc admin admin] Matched version: v2 {{(pid=77687) process_request /opt/stack/glance/glance/api/middleware/version_negotiation.py:69}}
Jul 10 00:22:30 devstack devstack@g-api.service[77687]: DEBUG glance.api.middleware.version_negotiation [None req-bf03c505-99ec-4d8f-9a2c-b24097ba7fbc admin admin] new path /v2/schemas/image {{(pid=77687) process_request /opt/stack/glance/glance/api/middleware/version_negotiation.py:70}}
Jul 10 00:22:30 devstack devstack@g-api.service[77687]: [pid: 77687|app: 0|req: 7/15] 127.0.0.1 () {42 vars in 1001 bytes} [Fri Jul 10 00:22:30 2026] GET /v2/schemas/image => generated 6083 bytes in 8 msecs (HTTP/1.1 200) 4 headers in 158 bytes (1 switches on core 0)
Jul 10 00:22:40 devstack devstack@g-api.service[77686]: DEBUG dbcounter [-] [77686] Writing DB stats glance:SELECT=2 {{(pid=77686) stat_writer /opt/stack/data/venv/lib/python3.12/site-packages/dbcounter.py:115}}
Jul 10 00:22:48 devstack devstack@g-api.service[77686]: DEBUG glance.api.middleware.version_negotiation [None req-b4e5c07a-4892-4480-b438-347ecad8afb5 tempest-ServerRescueNegativeTestJSON-946027985 tempest-ServerRescueNegativeTestJSON-946027985-project-member] Determining version of request: GET /v2/images/a6d0c978-002e-4d46-ab92-a0880bff49c1 Accept: */* {{(pid=77686) process_request /opt/stack/glance/glance/api/middleware/version_negotiation.py:44}}
Jul 10 00:22:48 devstack devstack@g-api.service[77686]: DEBUG glance.api.middleware.version_negotiation [None req-b4e5c07a-4892-4480-b438-347ecad8afb5 tempest-ServerRescueNegativeTestJSON-946027985 tempest-ServerRescueNegativeTestJSON-946027985-project-member] Using url versioning {{(pid=77686) process_request /opt/stack/glance/glance/api/middleware/version_negotiation.py:57}}
Jul 10 00:22:48 devstack devstack@g-api.service[77686]: DEBUG glance.api.middleware.version_negotiation [None req-b4e5c07a-4892-4480-b438-347ecad8afb5 tempest-ServerRescueNegativeTestJSON-946027985 tempest-ServerRescueNegativeTestJSON-946027985-project-member] Matched version: v2 {{(pid=77686) process_request /opt/stack/glance/glance/api/middleware/version_negotiation.py:69}}
Jul 10 00:22:48 devstack devstack@g-api.service[77686]: DEBUG glance.api.middleware.version_negotiation [None req-b4e5c07a-4892-4480-b438-347ecad8afb5 tempest-ServerRescueNegativeTestJSON-946027985 tempest-ServerRescueNegativeTestJSON-946027985-project-member] new path /v2/images/a6d0c978-002e-4d46-ab92-a0880bff49c1 {{(pid=77686) process_request /opt/stack/glance/glance/api/middleware/version_negotiation.py:70}}
Jul 10 00:22:48 devstack devstack@g-api.service[77686]: [pid: 77686|app: 0|req: 9/16] 127.0.0.1 () {42 vars in 1061 bytes} [Fri Jul 10 00:22:48 2026] GET /v2/images/a6d0c978-002e-4d46-ab92-a0880bff49c1 => generated 976 bytes in 36 msecs (HTTP/1.1 200) 4 headers in 157 bytes (1 switches on core 0)
Jul 10 00:22:48 devstack devstack@g-api.service[77687]: DEBUG glance.api.middleware.version_negotiation [None req-b4e5c07a-4892-4480-b438-347ecad8afb5 tempest-ServerRescueNegativeTestJSON-946027985 tempest-ServerRescueNegativeTestJSON-946027985-project-member] Determining version of request: GET /v2/schemas/image Accept: */* {{(pid=77687) process_request /opt/stack/glance/glance/api/middleware/version_negotiation.py:44}}
Jul 10 00:22:48 devstack devstack@g-api.service[77687]: DEBUG glance.api.middleware.version_negotiation [None req-b4e5c07a-4892-4480-b438-347ecad8afb5 tempest-ServerRescueNegativeTestJSON-946027985 tempest-ServerRescueNegativeTestJSON-946027985-project-member] Using url versioning {{(pid=77687) process_request /opt/stack/glance/glance/api/middleware/version_negotiation.py:57}}
Jul 10 00:22:48 devstack devstack@g-api.service[77687]: DEBUG glance.api.middleware.version_negotiation [None req-b4e5c07a-4892-4480-b438-347ecad8afb5 tempest-ServerRescueNegativeTestJSON-946027985 tempest-ServerRescueNegativeTestJSON-946027985-project-member] Matched version: v2 {{(pid=77687) process_request /opt/stack/glance/glance/api/middleware/version_negotiation.py:69}}
Jul 10 00:22:48 devstack devstack@g-api.service[77687]: DEBUG glance.api.middleware.version_negotiation [None req-b4e5c07a-4892-4480-b438-347ecad8afb5 tempest-ServerRescueNegativeTestJSON-946027985 tempest-ServerRescueNegativeTestJSON-946027985-project-member] new path /v2/schemas/image {{(pid=77687) process_request /opt/stack/glance/glance/api/middleware/version_negotiation.py:70}}
Jul 10 00:22:48 devstack devstack@g-api.service[77687]: [pid: 77687|app: 0|req: 8/17] 127.0.0.1 () {42 vars in 1001 bytes} [Fri Jul 10 00:22:48 2026] GET /v2/schemas/image => generated 6083 bytes in 12 msecs (HTTP/1.1 200) 4 headers in 158 bytes (1 switches on core 0)
Jul 10 00:22:49 devstack devstack@g-api.service[77686]: DEBUG glance.api.middleware.version_negotiation [None req-91b066db-8229-4af5-8cac-67993db38cd8 tempest-ServerRescueNegativeTestJSON-946027985 tempest-ServerRescueNegativeTestJSON-946027985-project-member] Determining version of request: GET /v2/images/a6d0c978-002e-4d46-ab92-a0880bff49c1 Accept: */* {{(pid=77686) process_request /opt/stack/glance/glance/api/middleware/version_negotiation.py:44}}
Jul 10 00:22:49 devstack devstack@g-api.service[77686]: DEBUG glance.api.middleware.version_negotiation [None req-91b066db-8229-4af5-8cac-67993db38cd8 tempest-ServerRescueNegativeTestJSON-946027985 tempest-ServerRescueNegativeTestJSON-946027985-project-member] Using url versioning {{(pid=77686) process_request /opt/stack/glance/glance/api/middleware/version_negotiation.py:57}}
Jul 10 00:22:49 devstack devstack@g-api.service[77686]: DEBUG glance.api.middleware.version_negotiation [None req-91b066db-8229-4af5-8cac-67993db38cd8 tempest-ServerRescueNegativeTestJSON-946027985 tempest-ServerRescueNegativeTestJSON-946027985-project-member] Matched version: v2 {{(pid=77686) process_request /opt/stack/glance/glance/api/middleware/version_negotiation.py:69}}
Jul 10 00:22:49 devstack devstack@g-api.service[77686]: DEBUG glance.api.middleware.version_negotiation [None req-91b066db-8229-4af5-8cac-67993db38cd8 tempest-ServerRescueNegativeTestJSON-946027985 tempest-ServerRescueNegativeTestJSON-946027985-project-member] new path /v2/images/a6d0c978-002e-4d46-ab92-a0880bff49c1 {{(pid=77686) process_request /opt/stack/glance/glance/api/middleware/version_negotiation.py:70}}
Jul 10 00:22:49 devstack devstack@g-api.service[77686]: [pid: 77686|app: 0|req: 10/18] 127.0.0.1 () {42 vars in 1061 bytes} [Fri Jul 10 00:22:49 2026] GET /v2/images/a6d0c978-002e-4d46-ab92-a0880bff49c1 => generated 976 bytes in 189 msecs (HTTP/1.1 200) 4 headers in 157 bytes (1 switches on core 0)
Jul 10 00:22:49 devstack devstack@g-api.service[77687]: DEBUG glance.api.middleware.version_negotiation [None req-91b066db-8229-4af5-8cac-67993db38cd8 tempest-ServerRescueNegativeTestJSON-946027985 tempest-ServerRescueNegativeTestJSON-946027985-project-member] Determining version of request: GET /v2/images/a6d0c978-002e-4d46-ab92-a0880bff49c1/file Accept: */* {{(pid=77687) process_request /opt/stack/glance/glance/api/middleware/version_negotiation.py:44}}
Jul 10 00:22:49 devstack devstack@g-api.service[77687]: DEBUG glance.api.middleware.version_negotiation [None req-91b066db-8229-4af5-8cac-67993db38cd8 tempest-ServerRescueNegativeTestJSON-946027985 tempest-ServerRescueNegativeTestJSON-946027985-project-member] Using url versioning {{(pid=77687) process_request /opt/stack/glance/glance/api/middleware/version_negotiation.py:57}}
Jul 10 00:22:49 devstack devstack@g-api.service[77687]: DEBUG glance.api.middleware.version_negotiation [None req-91b066db-8229-4af5-8cac-67993db38cd8 tempest-ServerRescueNegativeTestJSON-946027985 tempest-ServerRescueNegativeTestJSON-946027985-project-member] Matched version: v2 {{(pid=77687) process_request /opt/stack/glance/glance/api/middleware/version_negotiation.py:69}}
Jul 10 00:22:49 devstack devstack@g-api.service[77687]: DEBUG glance.api.middleware.version_negotiation [None req-91b066db-8229-4af5-8cac-67993db38cd8 tempest-ServerRescueNegativeTestJSON-946027985 tempest-ServerRescueNegativeTestJSON-946027985-project-member] new path /v2/images/a6d0c978-002e-4d46-ab92-a0880bff49c1/file {{(pid=77687) process_request /opt/stack/glance/glance/api/middleware/version_negotiation.py:70}}
Jul 10 00:22:49 devstack devstack@g-api.service[77687]: DEBUG glance_store._drivers.filesystem [None req-b4e5c07a-4892-4480-b438-347ecad8afb5 tempest-ServerRescueNegativeTestJSON-946027985 tempest-ServerRescueNegativeTestJSON-946027985-project-member] Found image at /opt/stack/data/glance/images/a6d0c978-002e-4d46-ab92-a0880bff49c1. Returning in ChunkedFile. {{(pid=77687) get /opt/stack/data/venv/lib/python3.12/site-packages/glance_store/_drivers/filesystem.py:724}}
Jul 10 00:22:49 devstack devstack@g-api.service[77687]: DEBUG glance.image_cache [None req-b4e5c07a-4892-4480-b438-347ecad8afb5 tempest-ServerRescueNegativeTestJSON-946027985 tempest-ServerRescueNegativeTestJSON-946027985-project-member] Tee'ing image 'a6d0c978-002e-4d46-ab92-a0880bff49c1' into cache {{(pid=77687) get_caching_iter /opt/stack/glance/glance/image_cache/__init__.py:356}}
Jul 10 00:22:50 devstack devstack@g-api.service[77687]: DEBUG glance.image_cache.drivers.centralized_db [None req-b4e5c07a-4892-4480-b438-347ecad8afb5 tempest-ServerRescueNegativeTestJSON-946027985 tempest-ServerRescueNegativeTestJSON-946027985-project-member] Fetch finished, moving '/opt/stack/data/glance/cache/incomplete/a6d0c978-002e-4d46-ab92-a0880bff49c1' to '/opt/stack/data/glance/cache/a6d0c978-002e-4d46-ab92-a0880bff49c1' {{(pid=77687) commit /opt/stack/glance/glance/image_cache/drivers/centralized_db.py:243}}
Jul 10 00:22:50 devstack devstack@g-api.service[77687]: DEBUG glance.image_cache.drivers.centralized_db [None req-b4e5c07a-4892-4480-b438-347ecad8afb5 tempest-ServerRescueNegativeTestJSON-946027985 tempest-ServerRescueNegativeTestJSON-946027985-project-member] Image cached successfully. {{(pid=77687) commit /opt/stack/glance/glance/image_cache/drivers/centralized_db.py:258}}
Jul 10 00:22:50 devstack devstack@g-api.service[77687]: [pid: 77687|app: 0|req: 9/19] 127.0.0.1 () {42 vars in 1071 bytes} [Fri Jul 10 00:22:49 2026] GET /v2/images/a6d0c978-002e-4d46-ab92-a0880bff49c1/file => generated 21692416 bytes in 591 msecs (HTTP/1.1 200) 4 headers in 191 bytes (334 switches on core 0)
Jul 10 00:22:50 devstack devstack@g-api.service[77686]: DEBUG glance.api.middleware.version_negotiation [None req-b4e5c07a-4892-4480-b438-347ecad8afb5 tempest-ServerRescueNegativeTestJSON-946027985 tempest-ServerRescueNegativeTestJSON-946027985-project-member] Determining version of request: GET /v2/images/a6d0c978-002e-4d46-ab92-a0880bff49c1 Accept: */* {{(pid=77686) process_request /opt/stack/glance/glance/api/middleware/version_negotiation.py:44}}
Jul 10 00:22:50 devstack devstack@g-api.service[77686]: DEBUG glance.api.middleware.version_negotiation [None req-b4e5c07a-4892-4480-b438-347ecad8afb5 tempest-ServerRescueNegativeTestJSON-946027985 tempest-ServerRescueNegativeTestJSON-946027985-project-member] Using url versioning {{(pid=77686) process_request /opt/stack/glance/glance/api/middleware/version_negotiation.py:57}}
Jul 10 00:22:50 devstack devstack@g-api.service[77686]: DEBUG glance.api.middleware.version_negotiation [None req-b4e5c07a-4892-4480-b438-347ecad8afb5 tempest-ServerRescueNegativeTestJSON-946027985 tempest-ServerRescueNegativeTestJSON-946027985-project-member] Matched version: v2 {{(pid=77686) process_request /opt/stack/glance/glance/api/middleware/version_negotiation.py:69}}
Jul 10 00:22:50 devstack devstack@g-api.service[77686]: DEBUG glance.api.middleware.version_negotiation [None req-b4e5c07a-4892-4480-b438-347ecad8afb5 tempest-ServerRescueNegativeTestJSON-946027985 tempest-ServerRescueNegativeTestJSON-946027985-project-member] new path /v2/images/a6d0c978-002e-4d46-ab92-a0880bff49c1 {{(pid=77686) process_request /opt/stack/glance/glance/api/middleware/version_negotiation.py:70}}
Jul 10 00:22:50 devstack devstack@g-api.service[77686]: [pid: 77686|app: 0|req: 11/20] 127.0.0.1 () {42 vars in 1061 bytes} [Fri Jul 10 00:22:50 2026] GET /v2/images/a6d0c978-002e-4d46-ab92-a0880bff49c1 => generated 976 bytes in 24 msecs (HTTP/1.1 200) 4 headers in 157 bytes (1 switches on core 0)
Jul 10 00:22:50 devstack devstack@g-api.service[77687]: DEBUG glance.api.middleware.version_negotiation [None req-b4e5c07a-4892-4480-b438-347ecad8afb5 tempest-ServerRescueNegativeTestJSON-946027985 tempest-ServerRescueNegativeTestJSON-946027985-project-member] Determining version of request: GET /v2/schemas/image Accept: */* {{(pid=77687) process_request /opt/stack/glance/glance/api/middleware/version_negotiation.py:44}}
Jul 10 00:22:50 devstack devstack@g-api.service[77687]: DEBUG glance.api.middleware.version_negotiation [None req-b4e5c07a-4892-4480-b438-347ecad8afb5 tempest-ServerRescueNegativeTestJSON-946027985 tempest-ServerRescueNegativeTestJSON-946027985-project-member] Using url versioning {{(pid=77687) process_request /opt/stack/glance/glance/api/middleware/version_negotiation.py:57}}
Jul 10 00:22:50 devstack devstack@g-api.service[77687]: DEBUG glance.api.middleware.version_negotiation [None req-b4e5c07a-4892-4480-b438-347ecad8afb5 tempest-ServerRescueNegativeTestJSON-946027985 tempest-ServerRescueNegativeTestJSON-946027985-project-member] Matched version: v2 {{(pid=77687) process_request /opt/stack/glance/glance/api/middleware/version_negotiation.py:69}}
Jul 10 00:22:50 devstack devstack@g-api.service[77687]: DEBUG glance.api.middleware.version_negotiation [None req-b4e5c07a-4892-4480-b438-347ecad8afb5 tempest-ServerRescueNegativeTestJSON-946027985 tempest-ServerRescueNegativeTestJSON-946027985-project-member] new path /v2/schemas/image {{(pid=77687) process_request /opt/stack/glance/glance/api/middleware/version_negotiation.py:70}}
Jul 10 00:22:50 devstack devstack@g-api.service[77687]: [pid: 77687|app: 0|req: 10/21] 127.0.0.1 () {42 vars in 1001 bytes} [Fri Jul 10 00:22:50 2026] GET /v2/schemas/image => generated 6083 bytes in 14 msecs (HTTP/1.1 200) 4 headers in 158 bytes (1 switches on core 0)
Jul 10 00:23:00 devstack devstack@g-api.service[77687]: DEBUG dbcounter [-] [77687] Writing DB stats glance:SELECT=5,glance:INSERT=1 {{(pid=77687) stat_writer /opt/stack/data/venv/lib/python3.12/site-packages/dbcounter.py:115}}
Jul 10 00:23:00 devstack devstack@g-api.service[77686]: DEBUG dbcounter [-] [77686] Writing DB stats glance:SELECT=6 {{(pid=77686) stat_writer /opt/stack/data/venv/lib/python3.12/site-packages/dbcounter.py:115}}
Jul 10 00:23:10 devstack devstack@g-api.service[77686]: DEBUG glance.api.middleware.version_negotiation [None req-b4e5c07a-4892-4480-b438-347ecad8afb5 tempest-ServerRescueNegativeTestJSON-946027985 tempest-ServerRescueNegativeTestJSON-946027985-project-member] Determining version of request: GET / Accept: application/json {{(pid=77686) process_request /opt/stack/glance/glance/api/middleware/version_negotiation.py:44}}
Jul 10 00:23:10 devstack devstack@g-api.service[77686]: DEBUG glance.api.middleware.version_negotiation [None req-b4e5c07a-4892-4480-b438-347ecad8afb5 tempest-ServerRescueNegativeTestJSON-946027985 tempest-ServerRescueNegativeTestJSON-946027985-project-member] Using url versioning {{(pid=77686) process_request /opt/stack/glance/glance/api/middleware/version_negotiation.py:57}}
Jul 10 00:23:10 devstack devstack@g-api.service[77686]: DEBUG glance.api.middleware.version_negotiation [None req-b4e5c07a-4892-4480-b438-347ecad8afb5 tempest-ServerRescueNegativeTestJSON-946027985 tempest-ServerRescueNegativeTestJSON-946027985-project-member] Unknown version. Returning version choices. {{(pid=77686) process_request /opt/stack/glance/glance/api/middleware/version_negotiation.py:64}}
Jul 10 00:23:10 devstack devstack@g-api.service[77686]: [pid: 77686|app: 0|req: 12/22] 127.0.0.1 () {34 vars in 505 bytes} [Fri Jul 10 00:23:10 2026] GET / => generated 1571 bytes in 8 msecs (HTTP/1.1 300) 3 headers in 106 bytes (1 switches on core 0)
Jul 10 00:23:10 devstack devstack@g-api.service[77687]: DEBUG glance.api.middleware.version_negotiation [None req-b4e5c07a-4892-4480-b438-347ecad8afb5 tempest-ServerRescueNegativeTestJSON-946027985 tempest-ServerRescueNegativeTestJSON-946027985-project-member] Determining version of request: GET /v2/images/a6d0c978-002e-4d46-ab92-a0880bff49c1 Accept: */* {{(pid=77687) process_request /opt/stack/glance/glance/api/middleware/version_negotiation.py:44}}
Jul 10 00:23:10 devstack devstack@g-api.service[77687]: DEBUG glance.api.middleware.version_negotiation [None req-b4e5c07a-4892-4480-b438-347ecad8afb5 tempest-ServerRescueNegativeTestJSON-946027985 tempest-ServerRescueNegativeTestJSON-946027985-project-member] Using url versioning {{(pid=77687) process_request /opt/stack/glance/glance/api/middleware/version_negotiation.py:57}}
Jul 10 00:23:10 devstack devstack@g-api.service[77687]: DEBUG glance.api.middleware.version_negotiation [None req-b4e5c07a-4892-4480-b438-347ecad8afb5 tempest-ServerRescueNegativeTestJSON-946027985 tempest-ServerRescueNegativeTestJSON-946027985-project-member] Matched version: v2 {{(pid=77687) process_request /opt/stack/glance/glance/api/middleware/version_negotiation.py:69}}
Jul 10 00:23:10 devstack devstack@g-api.service[77687]: DEBUG glance.api.middleware.version_negotiation [None req-b4e5c07a-4892-4480-b438-347ecad8afb5 tempest-ServerRescueNegativeTestJSON-946027985 tempest-ServerRescueNegativeTestJSON-946027985-project-member] new path /v2/images/a6d0c978-002e-4d46-ab92-a0880bff49c1 {{(pid=77687) process_request /opt/stack/glance/glance/api/middleware/version_negotiation.py:70}}
Jul 10 00:23:10 devstack devstack@g-api.service[77687]: [pid: 77687|app: 0|req: 11/23] 127.0.0.1 () {42 vars in 1061 bytes} [Fri Jul 10 00:23:10 2026] GET /v2/images/a6d0c978-002e-4d46-ab92-a0880bff49c1 => generated 976 bytes in 41 msecs (HTTP/1.1 200) 4 headers in 157 bytes (1 switches on core 0)
Jul 10 00:23:10 devstack devstack@g-api.service[77686]: DEBUG glance.api.middleware.version_negotiation [None req-b4e5c07a-4892-4480-b438-347ecad8afb5 tempest-ServerRescueNegativeTestJSON-946027985 tempest-ServerRescueNegativeTestJSON-946027985-project-member] Determining version of request: GET /v2/schemas/image Accept: */* {{(pid=77686) process_request /opt/stack/glance/glance/api/middleware/version_negotiation.py:44}}
Jul 10 00:23:10 devstack devstack@g-api.service[77686]: DEBUG glance.api.middleware.version_negotiation [None req-b4e5c07a-4892-4480-b438-347ecad8afb5 tempest-ServerRescueNegativeTestJSON-946027985 tempest-ServerRescueNegativeTestJSON-946027985-project-member] Using url versioning {{(pid=77686) process_request /opt/stack/glance/glance/api/middleware/version_negotiation.py:57}}
Jul 10 00:23:10 devstack devstack@g-api.service[77686]: DEBUG glance.api.middleware.version_negotiation [None req-b4e5c07a-4892-4480-b438-347ecad8afb5 tempest-ServerRescueNegativeTestJSON-946027985 tempest-ServerRescueNegativeTestJSON-946027985-project-member] Matched version: v2 {{(pid=77686) process_request /opt/stack/glance/glance/api/middleware/version_negotiation.py:69}}
