Feb 25 22:07:43 devstack sudo[86307]: quobyte : PWD=/ ; USER=root ; COMMAND=/opt/stack/data/venv/bin/cinder-rootwrap /etc/cinder/rootwrap.conf qemu-img rebase -u -b volume-20eb1a61-dedc-47d7-8f2b-272a694d752f -F qcow2 /opt/stack/data/cinder/mnt/322a036d2e7adb58754bf43372af2dca/volume-20eb1a61-dedc-47d7-8f2b-272a694d752f.35c93287-ec94-4849-a64e-8b595fdb1fde
Feb 25 22:07:43 devstack sudo[86307]: pam_unix(sudo:session): session opened for user root(uid=0) by (uid=1000)
Feb 25 22:07:43 devstack cinder-volume[83782]: INFO cinder.volume.manager [None req-bf6d73e7-070c-4e09-b2e8-33e6670ee622 tempest-GroupSnapshotsTest-1889081823 None] GroupSnapshot 8fb30ffd-e10a-4d25-b066-a413a23cbdce: creating.
Feb 25 22:07:43 devstack cinder-volume[83782]: DEBUG cinder.volume.manager [None req-bf6d73e7-070c-4e09-b2e8-33e6670ee622 tempest-GroupSnapshotsTest-1889081823 None] Group snapshot 8fb30ffd-e10a-4d25-b066-a413a23cbdce: creating. {{(pid=83782) create_group_snapshot /opt/stack/cinder/cinder/volume/manager.py:4175}}
Feb 25 22:07:43 devstack cinder-volume[83782]: DEBUG oslo_concurrency.lockutils [None req-bf6d73e7-070c-4e09-b2e8-33e6670ee622 tempest-GroupSnapshotsTest-1889081823 None] Acquiring lock "quobyte" by "cinder.volume.drivers.quobyte.QuobyteDriver.create_snapshot" {{(pid=83782) inner /opt/stack/data/venv/lib/python3.10/site-packages/oslo_concurrency/lockutils.py:506}}
Feb 25 22:07:44 devstack sudo[86307]: pam_unix(sudo:session): session closed for user root
Feb 25 22:07:44 devstack cinder-volume[83782]: DEBUG oslo_concurrency.processutils [None req-8e84d4dd-d97f-4e64-bd36-254aa91c835f tempest-VolumesDeleteCascade-1969003426 None] CMD "sudo cinder-rootwrap /etc/cinder/rootwrap.conf qemu-img rebase -u -b volume-20eb1a61-dedc-47d7-8f2b-272a694d752f -F qcow2 /opt/stack/data/cinder/mnt/322a036d2e7adb58754bf43372af2dca/volume-20eb1a61-dedc-47d7-8f2b-272a694d752f.35c93287-ec94-4849-a64e-8b595fdb1fde" returned: 0 in 0.503s {{(pid=83782) execute /opt/stack/data/venv/lib/python3.10/site-packages/oslo_concurrency/processutils.py:468}}
Feb 25 22:07:44 devstack cinder-volume[83782]: WARNING cinder.volume.drivers.remotefs [None req-8e84d4dd-d97f-4e64-bd36-254aa91c835f tempest-VolumesDeleteCascade-1969003426 None] /opt/stack/data/cinder/mnt/322a036d2e7adb58754bf43372af2dca/volume-20eb1a61-dedc-47d7-8f2b-272a694d752f.35c93287-ec94-4849-a64e-8b595fdb1fde is being set with open permissions: ugo+rw
Feb 25 22:07:44 devstack cinder-volume[83782]: DEBUG oslo_concurrency.processutils [None req-8e84d4dd-d97f-4e64-bd36-254aa91c835f tempest-VolumesDeleteCascade-1969003426 None] Running cmd (subprocess): sudo cinder-rootwrap /etc/cinder/rootwrap.conf chmod ugo+rw /opt/stack/data/cinder/mnt/322a036d2e7adb58754bf43372af2dca/volume-20eb1a61-dedc-47d7-8f2b-272a694d752f.35c93287-ec94-4849-a64e-8b595fdb1fde {{(pid=83782) execute /opt/stack/data/venv/lib/python3.10/site-packages/oslo_concurrency/processutils.py:440}}
Feb 25 22:07:44 devstack sudo[86312]: quobyte : PWD=/ ; USER=root ; COMMAND=/opt/stack/data/venv/bin/cinder-rootwrap /etc/cinder/rootwrap.conf chmod ugo+rw /opt/stack/data/cinder/mnt/322a036d2e7adb58754bf43372af2dca/volume-20eb1a61-dedc-47d7-8f2b-272a694d752f.35c93287-ec94-4849-a64e-8b595fdb1fde
Feb 25 22:07:44 devstack sudo[86312]: pam_unix(sudo:session): session opened for user root(uid=0) by (uid=1000)
Feb 25 22:07:44 devstack sudo[86312]: pam_unix(sudo:session): session closed for user root
Feb 25 22:07:44 devstack cinder-volume[83782]: DEBUG oslo_concurrency.processutils [None req-8e84d4dd-d97f-4e64-bd36-254aa91c835f tempest-VolumesDeleteCascade-1969003426 None] CMD "sudo cinder-rootwrap /etc/cinder/rootwrap.conf chmod ugo+rw /opt/stack/data/cinder/mnt/322a036d2e7adb58754bf43372af2dca/volume-20eb1a61-dedc-47d7-8f2b-272a694d752f.35c93287-ec94-4849-a64e-8b595fdb1fde" returned: 0 in 0.399s {{(pid=83782) execute /opt/stack/data/venv/lib/python3.10/site-packages/oslo_concurrency/processutils.py:468}}
Feb 25 22:07:44 devstack cinder-volume[83782]: DEBUG oslo_concurrency.processutils [None req-8e84d4dd-d97f-4e64-bd36-254aa91c835f tempest-VolumesDeleteCascade-1969003426 None] Running cmd (subprocess): sudo cinder-rootwrap /etc/cinder/rootwrap.conf truncate -s0 /opt/stack/data/cinder/mnt/322a036d2e7adb58754bf43372af2dca/volume-20eb1a61-dedc-47d7-8f2b-272a694d752f.info {{(pid=83782) execute /opt/stack/data/venv/lib/python3.10/site-packages/oslo_concurrency/processutils.py:440}}
Feb 25 22:07:44 devstack sudo[86316]: quobyte : PWD=/ ; USER=root ; COMMAND=/opt/stack/data/venv/bin/cinder-rootwrap /etc/cinder/rootwrap.conf truncate -s0 /opt/stack/data/cinder/mnt/322a036d2e7adb58754bf43372af2dca/volume-20eb1a61-dedc-47d7-8f2b-272a694d752f.info
Feb 25 22:07:44 devstack sudo[86316]: pam_unix(sudo:session): session opened for user root(uid=0) by (uid=1000)
Feb 25 22:07:45 devstack sudo[86316]: pam_unix(sudo:session): session closed for user root
Feb 25 22:07:45 devstack cinder-volume[83782]: DEBUG oslo_concurrency.processutils [None req-8e84d4dd-d97f-4e64-bd36-254aa91c835f tempest-VolumesDeleteCascade-1969003426 None] CMD "sudo cinder-rootwrap /etc/cinder/rootwrap.conf truncate -s0 /opt/stack/data/cinder/mnt/322a036d2e7adb58754bf43372af2dca/volume-20eb1a61-dedc-47d7-8f2b-272a694d752f.info" returned: 0 in 0.425s {{(pid=83782) execute /opt/stack/data/venv/lib/python3.10/site-packages/oslo_concurrency/processutils.py:468}}
Feb 25 22:07:45 devstack cinder-volume[83782]: WARNING cinder.volume.drivers.remotefs [None req-8e84d4dd-d97f-4e64-bd36-254aa91c835f tempest-VolumesDeleteCascade-1969003426 None] /opt/stack/data/cinder/mnt/322a036d2e7adb58754bf43372af2dca/volume-20eb1a61-dedc-47d7-8f2b-272a694d752f.info is being set with open permissions: ugo+rw
Feb 25 22:07:45 devstack cinder-volume[83782]: DEBUG oslo_concurrency.processutils [None req-8e84d4dd-d97f-4e64-bd36-254aa91c835f tempest-VolumesDeleteCascade-1969003426 None] Running cmd (subprocess): sudo cinder-rootwrap /etc/cinder/rootwrap.conf chmod ugo+rw /opt/stack/data/cinder/mnt/322a036d2e7adb58754bf43372af2dca/volume-20eb1a61-dedc-47d7-8f2b-272a694d752f.info {{(pid=83782) execute /opt/stack/data/venv/lib/python3.10/site-packages/oslo_concurrency/processutils.py:440}}
Feb 25 22:07:45 devstack sudo[86319]: quobyte : PWD=/ ; USER=root ; COMMAND=/opt/stack/data/venv/bin/cinder-rootwrap /etc/cinder/rootwrap.conf chmod ugo+rw /opt/stack/data/cinder/mnt/322a036d2e7adb58754bf43372af2dca/volume-20eb1a61-dedc-47d7-8f2b-272a694d752f.info
Feb 25 22:07:45 devstack sudo[86319]: pam_unix(sudo:session): session opened for user root(uid=0) by (uid=1000)
Feb 25 22:07:45 devstack sudo[86319]: pam_unix(sudo:session): session closed for user root
Feb 25 22:07:45 devstack cinder-volume[83782]: DEBUG oslo_concurrency.processutils [None req-8e84d4dd-d97f-4e64-bd36-254aa91c835f tempest-VolumesDeleteCascade-1969003426 None] CMD "sudo cinder-rootwrap /etc/cinder/rootwrap.conf chmod ugo+rw /opt/stack/data/cinder/mnt/322a036d2e7adb58754bf43372af2dca/volume-20eb1a61-dedc-47d7-8f2b-272a694d752f.info" returned: 0 in 0.409s {{(pid=83782) execute /opt/stack/data/venv/lib/python3.10/site-packages/oslo_concurrency/processutils.py:468}}
Feb 25 22:07:45 devstack cinder-volume[83782]: DEBUG oslo_concurrency.lockutils [None req-8e84d4dd-d97f-4e64-bd36-254aa91c835f tempest-VolumesDeleteCascade-1969003426 None] Lock "quobyte" "released" by "cinder.volume.drivers.quobyte.QuobyteDriver.create_snapshot" :: held 2.761s {{(pid=83782) inner /opt/stack/data/venv/lib/python3.10/site-packages/oslo_concurrency/lockutils.py:538}}
Feb 25 22:07:45 devstack cinder-volume[83782]: DEBUG oslo_concurrency.lockutils [None req-bf6d73e7-070c-4e09-b2e8-33e6670ee622 tempest-GroupSnapshotsTest-1889081823 None] Lock "quobyte" acquired by "cinder.volume.drivers.quobyte.QuobyteDriver.create_snapshot" :: waited 1.686s {{(pid=83782) inner /opt/stack/data/venv/lib/python3.10/site-packages/oslo_concurrency/lockutils.py:519}}
Feb 25 22:07:45 devstack cinder-volume[83782]: DEBUG cinder.volume.drivers.remotefs [None req-bf6d73e7-070c-4e09-b2e8-33e6670ee622 tempest-GroupSnapshotsTest-1889081823 None] Creating offline snapshot 771549eb-57bc-4693-a0b6-0b530599d4ea of volume 0bcc0372-d3b5-492d-aabf-ab30baaa9e85 {{(pid=83782) _create_snapshot /opt/stack/cinder/cinder/volume/drivers/remotefs.py:1815}}
Feb 25 22:07:45 devstack cinder-volume[83782]: DEBUG oslo.privsep.daemon [-] privsep: reply[4b732f84-2162-4c1b-8f7d-675e57fba56a]: (4, 'qcow2') {{(pid=84517) _call_back /opt/stack/data/venv/lib/python3.10/site-packages/oslo_privsep/daemon.py:573}}
Feb 25 22:07:45 devstack cinder-volume[83782]: DEBUG oslo_concurrency.processutils [None req-bf6d73e7-070c-4e09-b2e8-33e6670ee622 tempest-GroupSnapshotsTest-1889081823 None] Running cmd (subprocess): /opt/stack/data/venv/bin/python3.10 -m oslo_concurrency.prlimit --as=1073741824 --cpu=60 -- sudo cinder-rootwrap /etc/cinder/rootwrap.conf env LC_ALL=C qemu-img info -f qcow2 --output=json --force-share /opt/stack/data/cinder/mnt/322a036d2e7adb58754bf43372af2dca/volume-0bcc0372-d3b5-492d-aabf-ab30baaa9e85 {{(pid=83782) execute /opt/stack/data/venv/lib/python3.10/site-packages/oslo_concurrency/processutils.py:440}}
Feb 25 22:07:45 devstack cinder-volume[83782]: INFO cinder.volume.manager [None req-8e84d4dd-d97f-4e64-bd36-254aa91c835f tempest-VolumesDeleteCascade-1969003426 None] Create snapshot completed successfully
Feb 25 22:07:45 devstack sudo[86328]: quobyte : PWD=/ ; USER=root ; COMMAND=/opt/stack/data/venv/bin/cinder-rootwrap /etc/cinder/rootwrap.conf env LC_ALL=C qemu-img info -f qcow2 --output=json --force-share /opt/stack/data/cinder/mnt/322a036d2e7adb58754bf43372af2dca/volume-0bcc0372-d3b5-492d-aabf-ab30baaa9e85
Feb 25 22:07:45 devstack sudo[86328]: pam_unix(sudo:session): session opened for user root(uid=0) by (uid=1000)
Feb 25 22:07:46 devstack cinder-volume[83782]: DEBUG oslo_concurrency.lockutils [None req-e8b793de-2eb9-41ac-9e76-41c6d49c65a8 tempest-VolumesDeleteCascade-1969003426 None] Acquiring lock "quobyte" by "cinder.volume.drivers.quobyte.QuobyteDriver.create_snapshot" {{(pid=83782) inner /opt/stack/data/venv/lib/python3.10/site-packages/oslo_concurrency/lockutils.py:506}}
Feb 25 22:07:46 devstack sudo[86328]: pam_unix(sudo:session): session closed for user root
Feb 25 22:07:46 devstack cinder-volume[83782]: DEBUG oslo_concurrency.processutils [None req-bf6d73e7-070c-4e09-b2e8-33e6670ee622 tempest-GroupSnapshotsTest-1889081823 None] CMD "/opt/stack/data/venv/bin/python3.10 -m oslo_concurrency.prlimit --as=1073741824 --cpu=60 -- sudo cinder-rootwrap /etc/cinder/rootwrap.conf env LC_ALL=C qemu-img info -f qcow2 --output=json --force-share /opt/stack/data/cinder/mnt/322a036d2e7adb58754bf43372af2dca/volume-0bcc0372-d3b5-492d-aabf-ab30baaa9e85" returned: 0 in 0.547s {{(pid=83782) execute /opt/stack/data/venv/lib/python3.10/site-packages/oslo_concurrency/processutils.py:468}}
Feb 25 22:07:46 devstack cinder-volume[83782]: DEBUG oslo_concurrency.processutils [None req-bf6d73e7-070c-4e09-b2e8-33e6670ee622 tempest-GroupSnapshotsTest-1889081823 None] Running cmd (subprocess): sudo cinder-rootwrap /etc/cinder/rootwrap.conf qemu-img create -f qcow2 -o backing_file=/opt/stack/data/cinder/mnt/322a036d2e7adb58754bf43372af2dca/volume-0bcc0372-d3b5-492d-aabf-ab30baaa9e85,backing_fmt=qcow2 /opt/stack/data/cinder/mnt/322a036d2e7adb58754bf43372af2dca/volume-0bcc0372-d3b5-492d-aabf-ab30baaa9e85.771549eb-57bc-4693-a0b6-0b530599d4ea 1G {{(pid=83782) execute /opt/stack/data/venv/lib/python3.10/site-packages/oslo_concurrency/processutils.py:440}}
Feb 25 22:07:46 devstack sudo[86334]: quobyte : PWD=/ ; USER=root ; COMMAND=/opt/stack/data/venv/bin/cinder-rootwrap /etc/cinder/rootwrap.conf qemu-img create -f qcow2 -o backing_file=/opt/stack/data/cinder/mnt/322a036d2e7adb58754bf43372af2dca/volume-0bcc0372-d3b5-492d-aabf-ab30baaa9e85,backing_fmt=qcow2 /opt/stack/data/cinder/mnt/322a036d2e7adb58754bf43372af2dca/volume-0bcc0372-d3b5-492d-aabf-ab30baaa9e85.771549eb-57bc-4693-a0b6-0b530599d4ea 1G
Feb 25 22:07:46 devstack sudo[86334]: pam_unix(sudo:session): session opened for user root(uid=0) by (uid=1000)
Feb 25 22:07:46 devstack sudo[86334]: pam_unix(sudo:session): session closed for user root
Feb 25 22:07:46 devstack cinder-volume[83782]: DEBUG oslo_concurrency.processutils [None req-bf6d73e7-070c-4e09-b2e8-33e6670ee622 tempest-GroupSnapshotsTest-1889081823 None] CMD "sudo cinder-rootwrap /etc/cinder/rootwrap.conf qemu-img create -f qcow2 -o backing_file=/opt/stack/data/cinder/mnt/322a036d2e7adb58754bf43372af2dca/volume-0bcc0372-d3b5-492d-aabf-ab30baaa9e85,backing_fmt=qcow2 /opt/stack/data/cinder/mnt/322a036d2e7adb58754bf43372af2dca/volume-0bcc0372-d3b5-492d-aabf-ab30baaa9e85.771549eb-57bc-4693-a0b6-0b530599d4ea 1G" returned: 0 in 0.488s {{(pid=83782) execute /opt/stack/data/venv/lib/python3.10/site-packages/oslo_concurrency/processutils.py:468}}
Feb 25 22:07:46 devstack cinder-volume[83782]: DEBUG oslo_concurrency.processutils [None req-bf6d73e7-070c-4e09-b2e8-33e6670ee622 tempest-GroupSnapshotsTest-1889081823 None] Running cmd (subprocess): sudo cinder-rootwrap /etc/cinder/rootwrap.conf qemu-img rebase -u -b volume-0bcc0372-d3b5-492d-aabf-ab30baaa9e85 -F qcow2 /opt/stack/data/cinder/mnt/322a036d2e7adb58754bf43372af2dca/volume-0bcc0372-d3b5-492d-aabf-ab30baaa9e85.771549eb-57bc-4693-a0b6-0b530599d4ea {{(pid=83782) execute /opt/stack/data/venv/lib/python3.10/site-packages/oslo_concurrency/processutils.py:440}}
Feb 25 22:07:46 devstack sudo[86339]: quobyte : PWD=/ ; USER=root ; COMMAND=/opt/stack/data/venv/bin/cinder-rootwrap /etc/cinder/rootwrap.conf qemu-img rebase -u -b volume-0bcc0372-d3b5-492d-aabf-ab30baaa9e85 -F qcow2 /opt/stack/data/cinder/mnt/322a036d2e7adb58754bf43372af2dca/volume-0bcc0372-d3b5-492d-aabf-ab30baaa9e85.771549eb-57bc-4693-a0b6-0b530599d4ea
Feb 25 22:07:46 devstack sudo[86339]: pam_unix(sudo:session): session opened for user root(uid=0) by (uid=1000)
Feb 25 22:07:47 devstack sudo[86339]: pam_unix(sudo:session): session closed for user root
Feb 25 22:07:47 devstack cinder-volume[83782]: DEBUG oslo_concurrency.processutils [None req-bf6d73e7-070c-4e09-b2e8-33e6670ee622 tempest-GroupSnapshotsTest-1889081823 None] CMD "sudo cinder-rootwrap /etc/cinder/rootwrap.conf qemu-img rebase -u -b volume-0bcc0372-d3b5-492d-aabf-ab30baaa9e85 -F qcow2 /opt/stack/data/cinder/mnt/322a036d2e7adb58754bf43372af2dca/volume-0bcc0372-d3b5-492d-aabf-ab30baaa9e85.771549eb-57bc-4693-a0b6-0b530599d4ea" returned: 0 in 0.493s {{(pid=83782) execute /opt/stack/data/venv/lib/python3.10/site-packages/oslo_concurrency/processutils.py:468}}
Feb 25 22:07:47 devstack cinder-volume[83782]: WARNING cinder.volume.drivers.remotefs [None req-bf6d73e7-070c-4e09-b2e8-33e6670ee622 tempest-GroupSnapshotsTest-1889081823 None] /opt/stack/data/cinder/mnt/322a036d2e7adb58754bf43372af2dca/volume-0bcc0372-d3b5-492d-aabf-ab30baaa9e85.771549eb-57bc-4693-a0b6-0b530599d4ea is being set with open permissions: ugo+rw: NotImplementedError
Feb 25 22:07:47 devstack cinder-volume[83782]: DEBUG oslo_concurrency.processutils [None req-bf6d73e7-070c-4e09-b2e8-33e6670ee622 tempest-GroupSnapshotsTest-1889081823 None] Running cmd (subprocess): sudo cinder-rootwrap /etc/cinder/rootwrap.conf chmod ugo+rw /opt/stack/data/cinder/mnt/322a036d2e7adb58754bf43372af2dca/volume-0bcc0372-d3b5-492d-aabf-ab30baaa9e85.771549eb-57bc-4693-a0b6-0b530599d4ea {{(pid=83782) execute /opt/stack/data/venv/lib/python3.10/site-packages/oslo_concurrency/processutils.py:440}}
Feb 25 22:07:47 devstack sudo[86344]: quobyte : PWD=/ ; USER=root ; COMMAND=/opt/stack/data/venv/bin/cinder-rootwrap /etc/cinder/rootwrap.conf chmod ugo+rw /opt/stack/data/cinder/mnt/322a036d2e7adb58754bf43372af2dca/volume-0bcc0372-d3b5-492d-aabf-ab30baaa9e85.771549eb-57bc-4693-a0b6-0b530599d4ea
Feb 25 22:07:47 devstack sudo[86344]: pam_unix(sudo:session): session opened for user root(uid=0) by (uid=1000)
Feb 25 22:07:47 devstack sudo[86344]: pam_unix(sudo:session): session closed for user root
Feb 25 22:07:47 devstack cinder-volume[83782]: DEBUG oslo_concurrency.processutils [None req-bf6d73e7-070c-4e09-b2e8-33e6670ee622 tempest-GroupSnapshotsTest-1889081823 None] CMD "sudo cinder-rootwrap /etc/cinder/rootwrap.conf chmod ugo+rw /opt/stack/data/cinder/mnt/322a036d2e7adb58754bf43372af2dca/volume-0bcc0372-d3b5-492d-aabf-ab30baaa9e85.771549eb-57bc-4693-a0b6-0b530599d4ea" returned: 0 in 0.409s {{(pid=83782) execute /opt/stack/data/venv/lib/python3.10/site-packages/oslo_concurrency/processutils.py:468}}
Feb 25 22:07:47 devstack cinder-volume[83782]: DEBUG oslo_concurrency.processutils [None req-bf6d73e7-070c-4e09-b2e8-33e6670ee622 tempest-GroupSnapshotsTest-1889081823 None] Running cmd (subprocess): sudo cinder-rootwrap /etc/cinder/rootwrap.conf truncate -s0 /opt/stack/data/cinder/mnt/322a036d2e7adb58754bf43372af2dca/volume-0bcc0372-d3b5-492d-aabf-ab30baaa9e85.info {{(pid=83782) execute /opt/stack/data/venv/lib/python3.10/site-packages/oslo_concurrency/processutils.py:440}}
Feb 25 22:07:47 devstack sudo[86347]: quobyte : PWD=/ ; USER=root ; COMMAND=/opt/stack/data/venv/bin/cinder-rootwrap /etc/cinder/rootwrap.conf truncate -s0 /opt/stack/data/cinder/mnt/322a036d2e7adb58754bf43372af2dca/volume-0bcc0372-d3b5-492d-aabf-ab30baaa9e85.info
Feb 25 22:07:47 devstack sudo[86347]: pam_unix(sudo:session): session opened for user root(uid=0) by (uid=1000)
Feb 25 22:07:48 devstack sudo[86347]: pam_unix(sudo:session): session closed for user root
Feb 25 22:07:48 devstack cinder-volume[83782]: DEBUG oslo_concurrency.processutils [None req-bf6d73e7-070c-4e09-b2e8-33e6670ee622 tempest-GroupSnapshotsTest-1889081823 None] CMD "sudo cinder-rootwrap /etc/cinder/rootwrap.conf truncate -s0 /opt/stack/data/cinder/mnt/322a036d2e7adb58754bf43372af2dca/volume-0bcc0372-d3b5-492d-aabf-ab30baaa9e85.info" returned: 0 in 0.449s {{(pid=83782) execute /opt/stack/data/venv/lib/python3.10/site-packages/oslo_concurrency/processutils.py:468}}
Feb 25 22:07:48 devstack cinder-volume[83782]: WARNING cinder.volume.drivers.remotefs [None req-bf6d73e7-070c-4e09-b2e8-33e6670ee622 tempest-GroupSnapshotsTest-1889081823 None] /opt/stack/data/cinder/mnt/322a036d2e7adb58754bf43372af2dca/volume-0bcc0372-d3b5-492d-aabf-ab30baaa9e85.info is being set with open permissions: ugo+rw: NotImplementedError
Feb 25 22:07:48 devstack cinder-volume[83782]: DEBUG oslo_concurrency.processutils [None req-bf6d73e7-070c-4e09-b2e8-33e6670ee622 tempest-GroupSnapshotsTest-1889081823 None] Running cmd (subprocess): sudo cinder-rootwrap /etc/cinder/rootwrap.conf chmod ugo+rw /opt/stack/data/cinder/mnt/322a036d2e7adb58754bf43372af2dca/volume-0bcc0372-d3b5-492d-aabf-ab30baaa9e85.info {{(pid=83782) execute /opt/stack/data/venv/lib/python3.10/site-packages/oslo_concurrency/processutils.py:440}}
Feb 25 22:07:48 devstack sudo[86350]: quobyte : PWD=/ ; USER=root ; COMMAND=/opt/stack/data/venv/bin/cinder-rootwrap /etc/cinder/rootwrap.conf chmod ugo+rw /opt/stack/data/cinder/mnt/322a036d2e7adb58754bf43372af2dca/volume-0bcc0372-d3b5-492d-aabf-ab30baaa9e85.info
Feb 25 22:07:48 devstack sudo[86350]: pam_unix(sudo:session): session opened for user root(uid=0) by (uid=1000)
Feb 25 22:07:48 devstack sudo[86350]: pam_unix(sudo:session): session closed for user root
Feb 25 22:07:48 devstack cinder-volume[83782]: DEBUG oslo_concurrency.processutils [None req-bf6d73e7-070c-4e09-b2e8-33e6670ee622 tempest-GroupSnapshotsTest-1889081823 None] CMD "sudo cinder-rootwrap /etc/cinder/rootwrap.conf chmod ugo+rw /opt/stack/data/cinder/mnt/322a036d2e7adb58754bf43372af2dca/volume-0bcc0372-d3b5-492d-aabf-ab30baaa9e85.info" returned: 0 in 0.396s {{(pid=83782) execute /opt/stack/data/venv/lib/python3.10/site-packages/oslo_concurrency/processutils.py:468}}
Feb 25 22:07:48 devstack cinder-volume[83782]: DEBUG oslo_concurrency.lockutils [None req-bf6d73e7-070c-4e09-b2e8-33e6670ee622 tempest-GroupSnapshotsTest-1889081823 None] Lock "quobyte" "released" by "cinder.volume.drivers.quobyte.QuobyteDriver.create_snapshot" :: held 2.855s {{(pid=83782) inner /opt/stack/data/venv/lib/python3.10/site-packages/oslo_concurrency/lockutils.py:538}}
Feb 25 22:07:48 devstack cinder-volume[83782]: DEBUG oslo_concurrency.lockutils [None req-bf6d73e7-070c-4e09-b2e8-33e6670ee622 tempest-GroupSnapshotsTest-1889081823 None] Acquiring lock "quobyte" by "cinder.volume.drivers.quobyte.QuobyteDriver.create_snapshot" {{(pid=83782) inner /opt/stack/data/venv/lib/python3.10/site-packages/oslo_concurrency/lockutils.py:506}}
Feb 25 22:07:48 devstack cinder-volume[83782]: DEBUG oslo_concurrency.lockutils [None req-bf6d73e7-070c-4e09-b2e8-33e6670ee622 tempest-GroupSnapshotsTest-1889081823 None] Lock "quobyte" acquired by "cinder.volume.drivers.quobyte.QuobyteDriver.create_snapshot" :: waited 0.001s {{(pid=83782) inner /opt/stack/data/venv/lib/python3.10/site-packages/oslo_concurrency/lockutils.py:519}}
Feb 25 22:07:48 devstack cinder-volume[83782]: DEBUG cinder.volume.drivers.remotefs [None req-bf6d73e7-070c-4e09-b2e8-33e6670ee622 tempest-GroupSnapshotsTest-1889081823 None] Creating offline snapshot a5e256ab-3ff0-48d1-be3e-2fb88f67321a of volume 65095d8d-1853-4ca7-8d89-0a0bc15173c1 {{(pid=83782) _create_snapshot /opt/stack/cinder/cinder/volume/drivers/remotefs.py:1815}}
Feb 25 22:07:48 devstack cinder-volume[83782]: DEBUG oslo.privsep.daemon [-] privsep: reply[4a973411-a180-480e-98ec-92ed5cb39b96]: (4, 'qcow2') {{(pid=84517) _call_back /opt/stack/data/venv/lib/python3.10/site-packages/oslo_privsep/daemon.py:573}}
Feb 25 22:07:48 devstack cinder-volume[83782]: DEBUG oslo_concurrency.processutils [None req-bf6d73e7-070c-4e09-b2e8-33e6670ee622 tempest-GroupSnapshotsTest-1889081823 None] Running cmd (subprocess): /opt/stack/data/venv/bin/python3.10 -m oslo_concurrency.prlimit --as=1073741824 --cpu=60 -- sudo cinder-rootwrap /etc/cinder/rootwrap.conf env LC_ALL=C qemu-img info -f qcow2 --output=json --force-share /opt/stack/data/cinder/mnt/322a036d2e7adb58754bf43372af2dca/volume-65095d8d-1853-4ca7-8d89-0a0bc15173c1 {{(pid=83782) execute /opt/stack/data/venv/lib/python3.10/site-packages/oslo_concurrency/processutils.py:440}}
Feb 25 22:07:48 devstack sudo[86353]: quobyte : PWD=/ ; USER=root ; COMMAND=/opt/stack/data/venv/bin/cinder-rootwrap /etc/cinder/rootwrap.conf env LC_ALL=C qemu-img info -f qcow2 --output=json --force-share /opt/stack/data/cinder/mnt/322a036d2e7adb58754bf43372af2dca/volume-65095d8d-1853-4ca7-8d89-0a0bc15173c1
Feb 25 22:07:48 devstack sudo[86353]: pam_unix(sudo:session): session opened for user root(uid=0) by (uid=1000)
Feb 25 22:07:48 devstack sudo[86353]: pam_unix(sudo:session): session closed for user root
Feb 25 22:07:48 devstack cinder-volume[83782]: DEBUG oslo_concurrency.processutils [None req-bf6d73e7-070c-4e09-b2e8-33e6670ee622 tempest-GroupSnapshotsTest-1889081823 None] CMD "/opt/stack/data/venv/bin/python3.10 -m oslo_concurrency.prlimit --as=1073741824 --cpu=60 -- sudo cinder-rootwrap /etc/cinder/rootwrap.conf env LC_ALL=C qemu-img info -f qcow2 --output=json --force-share /opt/stack/data/cinder/mnt/322a036d2e7adb58754bf43372af2dca/volume-65095d8d-1853-4ca7-8d89-0a0bc15173c1" returned: 0 in 0.462s {{(pid=83782) execute /opt/stack/data/venv/lib/python3.10/site-packages/oslo_concurrency/processutils.py:468}}
Feb 25 22:07:48 devstack cinder-volume[83782]: DEBUG oslo_concurrency.processutils [None req-bf6d73e7-070c-4e09-b2e8-33e6670ee622 tempest-GroupSnapshotsTest-1889081823 None] Running cmd (subprocess): sudo cinder-rootwrap /etc/cinder/rootwrap.conf qemu-img create -f qcow2 -o backing_file=/opt/stack/data/cinder/mnt/322a036d2e7adb58754bf43372af2dca/volume-65095d8d-1853-4ca7-8d89-0a0bc15173c1,backing_fmt=qcow2 /opt/stack/data/cinder/mnt/322a036d2e7adb58754bf43372af2dca/volume-65095d8d-1853-4ca7-8d89-0a0bc15173c1.a5e256ab-3ff0-48d1-be3e-2fb88f67321a 1G {{(pid=83782) execute /opt/stack/data/venv/lib/python3.10/site-packages/oslo_concurrency/processutils.py:440}}
Feb 25 22:07:49 devstack sudo[86358]: quobyte : PWD=/ ; USER=root ; COMMAND=/opt/stack/data/venv/bin/cinder-rootwrap /etc/cinder/rootwrap.conf qemu-img create -f qcow2 -o backing_file=/opt/stack/data/cinder/mnt/322a036d2e7adb58754bf43372af2dca/volume-65095d8d-1853-4ca7-8d89-0a0bc15173c1,backing_fmt=qcow2 /opt/stack/data/cinder/mnt/322a036d2e7adb58754bf43372af2dca/volume-65095d8d-1853-4ca7-8d89-0a0bc15173c1.a5e256ab-3ff0-48d1-be3e-2fb88f67321a 1G
Feb 25 22:07:49 devstack sudo[86358]: pam_unix(sudo:session): session opened for user root(uid=0) by (uid=1000)
Feb 25 22:07:49 devstack sudo[86358]: pam_unix(sudo:session): session closed for user root
Feb 25 22:07:49 devstack cinder-volume[83782]: DEBUG oslo_concurrency.processutils [None req-bf6d73e7-070c-4e09-b2e8-33e6670ee622 tempest-GroupSnapshotsTest-1889081823 None] CMD "sudo cinder-rootwrap /etc/cinder/rootwrap.conf qemu-img create -f qcow2 -o backing_file=/opt/stack/data/cinder/mnt/322a036d2e7adb58754bf43372af2dca/volume-65095d8d-1853-4ca7-8d89-0a0bc15173c1,backing_fmt=qcow2 /opt/stack/data/cinder/mnt/322a036d2e7adb58754bf43372af2dca/volume-65095d8d-1853-4ca7-8d89-0a0bc15173c1.a5e256ab-3ff0-48d1-be3e-2fb88f67321a 1G" returned: 0 in 0.473s {{(pid=83782) execute /opt/stack/data/venv/lib/python3.10/site-packages/oslo_concurrency/processutils.py:468}}
Feb 25 22:07:49 devstack cinder-volume[83782]: DEBUG oslo_concurrency.processutils [None req-bf6d73e7-070c-4e09-b2e8-33e6670ee622 tempest-GroupSnapshotsTest-1889081823 None] Running cmd (subprocess): sudo cinder-rootwrap /etc/cinder/rootwrap.conf qemu-img rebase -u -b volume-65095d8d-1853-4ca7-8d89-0a0bc15173c1 -F qcow2 /opt/stack/data/cinder/mnt/322a036d2e7adb58754bf43372af2dca/volume-65095d8d-1853-4ca7-8d89-0a0bc15173c1.a5e256ab-3ff0-48d1-be3e-2fb88f67321a {{(pid=83782) execute /opt/stack/data/venv/lib/python3.10/site-packages/oslo_concurrency/processutils.py:440}}
Feb 25 22:07:49 devstack sudo[86363]: quobyte : PWD=/ ; USER=root ; COMMAND=/opt/stack/data/venv/bin/cinder-rootwrap /etc/cinder/rootwrap.conf qemu-img rebase -u -b volume-65095d8d-1853-4ca7-8d89-0a0bc15173c1 -F qcow2 /opt/stack/data/cinder/mnt/322a036d2e7adb58754bf43372af2dca/volume-65095d8d-1853-4ca7-8d89-0a0bc15173c1.a5e256ab-3ff0-48d1-be3e-2fb88f67321a
Feb 25 22:07:49 devstack sudo[86363]: pam_unix(sudo:session): session opened for user root(uid=0) by (uid=1000)
Feb 25 22:07:49 devstack sudo[86363]: pam_unix(sudo:session): session closed for user root
Feb 25 22:07:49 devstack cinder-volume[83782]: DEBUG oslo_concurrency.processutils [None req-bf6d73e7-070c-4e09-b2e8-33e6670ee622 tempest-GroupSnapshotsTest-1889081823 None] CMD "sudo cinder-rootwrap /etc/cinder/rootwrap.conf qemu-img rebase -u -b volume-65095d8d-1853-4ca7-8d89-0a0bc15173c1 -F qcow2 /opt/stack/data/cinder/mnt/322a036d2e7adb58754bf43372af2dca/volume-65095d8d-1853-4ca7-8d89-0a0bc15173c1.a5e256ab-3ff0-48d1-be3e-2fb88f67321a" returned: 0 in 0.411s {{(pid=83782) execute /opt/stack/data/venv/lib/python3.10/site-packages/oslo_concurrency/processutils.py:468}}
Feb 25 22:07:49 devstack cinder-volume[83782]: WARNING cinder.volume.drivers.remotefs [None req-bf6d73e7-070c-4e09-b2e8-33e6670ee622 tempest-GroupSnapshotsTest-1889081823 None] /opt/stack/data/cinder/mnt/322a036d2e7adb58754bf43372af2dca/volume-65095d8d-1853-4ca7-8d89-0a0bc15173c1.a5e256ab-3ff0-48d1-be3e-2fb88f67321a is being set with open permissions: ugo+rw: NotImplementedError
Feb 25 22:07:49 devstack cinder-volume[83782]: DEBUG oslo_concurrency.processutils [None req-bf6d73e7-070c-4e09-b2e8-33e6670ee622 tempest-GroupSnapshotsTest-1889081823 None] Running cmd (subprocess): sudo cinder-rootwrap /etc/cinder/rootwrap.conf chmod ugo+rw /opt/stack/data/cinder/mnt/322a036d2e7adb58754bf43372af2dca/volume-65095d8d-1853-4ca7-8d89-0a0bc15173c1.a5e256ab-3ff0-48d1-be3e-2fb88f67321a {{(pid=83782) execute /opt/stack/data/venv/lib/python3.10/site-packages/oslo_concurrency/processutils.py:440}}
Feb 25 22:07:49 devstack sudo[86368]: quobyte : PWD=/ ; USER=root ; COMMAND=/opt/stack/data/venv/bin/cinder-rootwrap /etc/cinder/rootwrap.conf chmod ugo+rw /opt/stack/data/cinder/mnt/322a036d2e7adb58754bf43372af2dca/volume-65095d8d-1853-4ca7-8d89-0a0bc15173c1.a5e256ab-3ff0-48d1-be3e-2fb88f67321a
Feb 25 22:07:49 devstack sudo[86368]: pam_unix(sudo:session): session opened for user root(uid=0) by (uid=1000)
Feb 25 22:07:50 devstack sudo[86368]: pam_unix(sudo:session): session closed for user root
Feb 25 22:07:50 devstack cinder-volume[83782]: DEBUG oslo_concurrency.processutils [None req-bf6d73e7-070c-4e09-b2e8-33e6670ee622 tempest-GroupSnapshotsTest-1889081823 None] CMD "sudo cinder-rootwrap /etc/cinder/rootwrap.conf chmod ugo+rw /opt/stack/data/cinder/mnt/322a036d2e7adb58754bf43372af2dca/volume-65095d8d-1853-4ca7-8d89-0a0bc15173c1.a5e256ab-3ff0-48d1-be3e-2fb88f67321a" returned: 0 in 0.443s {{(pid=83782) execute /opt/stack/data/venv/lib/python3.10/site-packages/oslo_concurrency/processutils.py:468}}
Feb 25 22:07:50 devstack cinder-volume[83782]: DEBUG oslo_concurrency.processutils [None req-bf6d73e7-070c-4e09-b2e8-33e6670ee622 tempest-GroupSnapshotsTest-1889081823 None] Running cmd (subprocess): sudo cinder-rootwrap /etc/cinder/rootwrap.conf truncate -s0 /opt/stack/data/cinder/mnt/322a036d2e7adb58754bf43372af2dca/volume-65095d8d-1853-4ca7-8d89-0a0bc15173c1.info {{(pid=83782) execute /opt/stack/data/venv/lib/python3.10/site-packages/oslo_concurrency/processutils.py:440}}
Feb 25 22:07:50 devstack sudo[86371]: quobyte : PWD=/ ; USER=root ; COMMAND=/opt/stack/data/venv/bin/cinder-rootwrap /etc/cinder/rootwrap.conf truncate -s0 /opt/stack/data/cinder/mnt/322a036d2e7adb58754bf43372af2dca/volume-65095d8d-1853-4ca7-8d89-0a0bc15173c1.info
Feb 25 22:07:50 devstack sudo[86371]: pam_unix(sudo:session): session opened for user root(uid=0) by (uid=1000)
Feb 25 22:07:50 devstack sudo[86371]: pam_unix(sudo:session): session closed for user root
Feb 25 22:07:50 devstack cinder-volume[83782]: DEBUG oslo_concurrency.processutils [None req-bf6d73e7-070c-4e09-b2e8-33e6670ee622 tempest-GroupSnapshotsTest-1889081823 None] CMD "sudo cinder-rootwrap /etc/cinder/rootwrap.conf truncate -s0 /opt/stack/data/cinder/mnt/322a036d2e7adb58754bf43372af2dca/volume-65095d8d-1853-4ca7-8d89-0a0bc15173c1.info" returned: 0 in 0.393s {{(pid=83782) execute /opt/stack/data/venv/lib/python3.10/site-packages/oslo_concurrency/processutils.py:468}}
Feb 25 22:07:50 devstack cinder-volume[83782]: WARNING cinder.volume.drivers.remotefs [None req-bf6d73e7-070c-4e09-b2e8-33e6670ee622 tempest-GroupSnapshotsTest-1889081823 None] /opt/stack/data/cinder/mnt/322a036d2e7adb58754bf43372af2dca/volume-65095d8d-1853-4ca7-8d89-0a0bc15173c1.info is being set with open permissions: ugo+rw: NotImplementedError
Feb 25 22:07:50 devstack cinder-volume[83782]: DEBUG oslo_concurrency.processutils [None req-bf6d73e7-070c-4e09-b2e8-33e6670ee622 tempest-GroupSnapshotsTest-1889081823 None] Running cmd (subprocess): sudo cinder-rootwrap /etc/cinder/rootwrap.conf chmod ugo+rw /opt/stack/data/cinder/mnt/322a036d2e7adb58754bf43372af2dca/volume-65095d8d-1853-4ca7-8d89-0a0bc15173c1.info {{(pid=83782) execute /opt/stack/data/venv/lib/python3.10/site-packages/oslo_concurrency/processutils.py:440}}
Feb 25 22:07:50 devstack sudo[86409]: quobyte : PWD=/ ; USER=root ; COMMAND=/opt/stack/data/venv/bin/cinder-rootwrap /etc/cinder/rootwrap.conf chmod ugo+rw /opt/stack/data/cinder/mnt/322a036d2e7adb58754bf43372af2dca/volume-65095d8d-1853-4ca7-8d89-0a0bc15173c1.info
Feb 25 22:07:50 devstack sudo[86409]: pam_unix(sudo:session): session opened for user root(uid=0) by (uid=1000)
Feb 25 22:07:51 devstack sudo[86409]: pam_unix(sudo:session): session closed for user root
Feb 25 22:07:51 devstack cinder-volume[83782]: DEBUG oslo_concurrency.processutils [None req-bf6d73e7-070c-4e09-b2e8-33e6670ee622 tempest-GroupSnapshotsTest-1889081823 None] CMD "sudo cinder-rootwrap /etc/cinder/rootwrap.conf chmod ugo+rw /opt/stack/data/cinder/mnt/322a036d2e7adb58754bf43372af2dca/volume-65095d8d-1853-4ca7-8d89-0a0bc15173c1.info" returned: 0 in 0.418s {{(pid=83782) execute /opt/stack/data/venv/lib/python3.10/site-packages/oslo_concurrency/processutils.py:468}}
Feb 25 22:07:51 devstack cinder-volume[83782]: DEBUG oslo_concurrency.lockutils [None req-bf6d73e7-070c-4e09-b2e8-33e6670ee622 tempest-GroupSnapshotsTest-1889081823 None] Lock "quobyte" "released" by "cinder.volume.drivers.quobyte.QuobyteDriver.create_snapshot" :: held 2.658s {{(pid=83782) inner /opt/stack/data/venv/lib/python3.10/site-packages/oslo_concurrency/lockutils.py:538}}
Feb 25 22:07:51 devstack cinder-volume[83782]: DEBUG oslo_concurrency.lockutils [None req-e8b793de-2eb9-41ac-9e76-41c6d49c65a8 tempest-VolumesDeleteCascade-1969003426 None] Lock "quobyte" acquired by "cinder.volume.drivers.quobyte.QuobyteDriver.create_snapshot" :: waited 5.087s {{(pid=83782) inner /opt/stack/data/venv/lib/python3.10/site-packages/oslo_concurrency/lockutils.py:519}}
Feb 25 22:07:51 devstack cinder-volume[83782]: DEBUG cinder.volume.drivers.remotefs [None req-e8b793de-2eb9-41ac-9e76-41c6d49c65a8 tempest-VolumesDeleteCascade-1969003426 None] Creating offline snapshot 25b1a68b-061c-44a9-8338-bff662e46d54 of volume 20eb1a61-dedc-47d7-8f2b-272a694d752f {{(pid=83782) _create_snapshot /opt/stack/cinder/cinder/volume/drivers/remotefs.py:1815}}
Feb 25 22:07:51 devstack cinder-volume[83782]: DEBUG oslo.privsep.daemon [-] privsep: reply[e262e767-b3da-442a-877b-99070738ef15]: (4, 'qcow2') {{(pid=84517) _call_back /opt/stack/data/venv/lib/python3.10/site-packages/oslo_privsep/daemon.py:573}}
Feb 25 22:07:51 devstack cinder-volume[83782]: DEBUG oslo_concurrency.processutils [None req-e8b793de-2eb9-41ac-9e76-41c6d49c65a8 tempest-VolumesDeleteCascade-1969003426 None] Running cmd (subprocess): /opt/stack/data/venv/bin/python3.10 -m oslo_concurrency.prlimit --as=1073741824 --cpu=60 -- sudo cinder-rootwrap /etc/cinder/rootwrap.conf env LC_ALL=C qemu-img info -f qcow2 --output=json --force-share /opt/stack/data/cinder/mnt/322a036d2e7adb58754bf43372af2dca/volume-20eb1a61-dedc-47d7-8f2b-272a694d752f.35c93287-ec94-4849-a64e-8b595fdb1fde {{(pid=83782) execute /opt/stack/data/venv/lib/python3.10/site-packages/oslo_concurrency/processutils.py:440}}
Feb 25 22:07:51 devstack cinder-volume[83782]: INFO cinder.volume.manager [None req-bf6d73e7-070c-4e09-b2e8-33e6670ee622 tempest-GroupSnapshotsTest-1889081823 None] group_snapshot 8fb30ffd-e10a-4d25-b066-a413a23cbdce: created successfully
Feb 25 22:07:51 devstack sudo[86412]: quobyte : PWD=/ ; USER=root ; COMMAND=/opt/stack/data/venv/bin/cinder-rootwrap /etc/cinder/rootwrap.conf env LC_ALL=C qemu-img info -f qcow2 --output=json --force-share /opt/stack/data/cinder/mnt/322a036d2e7adb58754bf43372af2dca/volume-20eb1a61-dedc-47d7-8f2b-272a694d752f.35c93287-ec94-4849-a64e-8b595fdb1fde
Feb 25 22:07:51 devstack sudo[86412]: pam_unix(sudo:session): session opened for user root(uid=0) by (uid=1000)
Feb 25 22:07:51 devstack sudo[86412]: pam_unix(sudo:session): session closed for user root
Feb 25 22:07:51 devstack cinder-volume[83782]: DEBUG oslo_concurrency.processutils [None req-e8b793de-2eb9-41ac-9e76-41c6d49c65a8 tempest-VolumesDeleteCascade-1969003426 None] CMD "/opt/stack/data/venv/bin/python3.10 -m oslo_concurrency.prlimit --as=1073741824 --cpu=60 -- sudo cinder-rootwrap /etc/cinder/rootwrap.conf env LC_ALL=C qemu-img info -f qcow2 --output=json --force-share /opt/stack/data/cinder/mnt/322a036d2e7adb58754bf43372af2dca/volume-20eb1a61-dedc-47d7-8f2b-272a694d752f.35c93287-ec94-4849-a64e-8b595fdb1fde" returned: 0 in 0.471s {{(pid=83782) execute /opt/stack/data/venv/lib/python3.10/site-packages/oslo_concurrency/processutils.py:468}}
Feb 25 22:07:51 devstack cinder-volume[83782]: DEBUG cinder.volume.drivers.remotefs [None req-e8b793de-2eb9-41ac-9e76-41c6d49c65a8 tempest-VolumesDeleteCascade-1969003426 None] Fetching qemu-img info with special backing_file_template: (/opt/stack/data/cinder/mnt/[0-9a-f]+/)?(volume-20eb1a61-dedc-47d7-8f2b-272a694d752f(.(tmp-snap-)?[0-9a-f-]+)?|volume_from_snapshot_cache/(tmp-snap-)?[0-9a-f-]+(.(child-|parent-)[0-9a-f-]+)?)$ {{(pid=83782) _qemu_img_info_base /opt/stack/cinder/cinder/volume/drivers/remotefs.py:896}}
Feb 25 22:07:51 devstack cinder-volume[83782]: DEBUG oslo_concurrency.processutils [None req-e8b793de-2eb9-41ac-9e76-41c6d49c65a8 tempest-VolumesDeleteCascade-1969003426 None] Running cmd (subprocess): sudo cinder-rootwrap /etc/cinder/rootwrap.conf qemu-img create -f qcow2 -o backing_file=/opt/stack/data/cinder/mnt/322a036d2e7adb58754bf43372af2dca/volume-20eb1a61-dedc-47d7-8f2b-272a694d752f.35c93287-ec94-4849-a64e-8b595fdb1fde,backing_fmt=qcow2 /opt/stack/data/cinder/mnt/322a036d2e7adb58754bf43372af2dca/volume-20eb1a61-dedc-47d7-8f2b-272a694d752f.25b1a68b-061c-44a9-8338-bff662e46d54 1G {{(pid=83782) execute /opt/stack/data/venv/lib/python3.10/site-packages/oslo_concurrency/processutils.py:440}}
Feb 25 22:07:51 devstack sudo[86417]: quobyte : PWD=/ ; USER=root ; COMMAND=/opt/stack/data/venv/bin/cinder-rootwrap /etc/cinder/rootwrap.conf qemu-img create -f qcow2 -o backing_file=/opt/stack/data/cinder/mnt/322a036d2e7adb58754bf43372af2dca/volume-20eb1a61-dedc-47d7-8f2b-272a694d752f.35c93287-ec94-4849-a64e-8b595fdb1fde,backing_fmt=qcow2 /opt/stack/data/cinder/mnt/322a036d2e7adb58754bf43372af2dca/volume-20eb1a61-dedc-47d7-8f2b-272a694d752f.25b1a68b-061c-44a9-8338-bff662e46d54 1G
Feb 25 22:07:51 devstack sudo[86417]: pam_unix(sudo:session): session opened for user root(uid=0) by (uid=1000)
Feb 25 22:07:52 devstack sudo[86417]: pam_unix(sudo:session): session closed for user root
Feb 25 22:07:52 devstack cinder-volume[83782]: DEBUG oslo_concurrency.processutils [None req-e8b793de-2eb9-41ac-9e76-41c6d49c65a8 tempest-VolumesDeleteCascade-1969003426 None] CMD "sudo cinder-rootwrap /etc/cinder/rootwrap.conf qemu-img create -f qcow2 -o backing_file=/opt/stack/data/cinder/mnt/322a036d2e7adb58754bf43372af2dca/volume-20eb1a61-dedc-47d7-8f2b-272a694d752f.35c93287-ec94-4849-a64e-8b595fdb1fde,backing_fmt=qcow2 /opt/stack/data/cinder/mnt/322a036d2e7adb58754bf43372af2dca/volume-20eb1a61-dedc-47d7-8f2b-272a694d752f.25b1a68b-061c-44a9-8338-bff662e46d54 1G" returned: 0 in 0.526s {{(pid=83782) execute /opt/stack/data/venv/lib/python3.10/site-packages/oslo_concurrency/processutils.py:468}}
Feb 25 22:07:52 devstack cinder-volume[83782]: DEBUG oslo_concurrency.processutils [None req-e8b793de-2eb9-41ac-9e76-41c6d49c65a8 tempest-VolumesDeleteCascade-1969003426 None] Running cmd (subprocess): sudo cinder-rootwrap /etc/cinder/rootwrap.conf qemu-img rebase -u -b volume-20eb1a61-dedc-47d7-8f2b-272a694d752f.35c93287-ec94-4849-a64e-8b595fdb1fde -F qcow2 /opt/stack/data/cinder/mnt/322a036d2e7adb58754bf43372af2dca/volume-20eb1a61-dedc-47d7-8f2b-272a694d752f.25b1a68b-061c-44a9-8338-bff662e46d54 {{(pid=83782) execute /opt/stack/data/venv/lib/python3.10/site-packages/oslo_concurrency/processutils.py:440}}
Feb 25 22:07:52 devstack sudo[86422]: quobyte : PWD=/ ; USER=root ; COMMAND=/opt/stack/data/venv/bin/cinder-rootwrap /etc/cinder/rootwrap.conf qemu-img rebase -u -b volume-20eb1a61-dedc-47d7-8f2b-272a694d752f.35c93287-ec94-4849-a64e-8b595fdb1fde -F qcow2 /opt/stack/data/cinder/mnt/322a036d2e7adb58754bf43372af2dca/volume-20eb1a61-dedc-47d7-8f2b-272a694d752f.25b1a68b-061c-44a9-8338-bff662e46d54
Feb 25 22:07:52 devstack sudo[86422]: pam_unix(sudo:session): session opened for user root(uid=0) by (uid=1000)
Feb 25 22:07:52 devstack cinder-volume[83782]: INFO cinder.volume.manager [None req-b4f760f8-ee09-4f95-abe2-d71ec4a1e0c4 tempest-GroupSnapshotsTest-1889081823 None] group_snapshot 8fb30ffd-e10a-4d25-b066-a413a23cbdce: deleting
Feb 25 22:07:52 devstack cinder-volume[83782]: DEBUG cinder.volume.manager [None req-b4f760f8-ee09-4f95-abe2-d71ec4a1e0c4 tempest-GroupSnapshotsTest-1889081823 None] group_snapshot 8fb30ffd-e10a-4d25-b066-a413a23cbdce: deleting {{(pid=83782) delete_group_snapshot /opt/stack/cinder/cinder/volume/manager.py:4350}}
Feb 25 22:07:52 devstack cinder-volume[83782]: DEBUG cinder.coordination [None req-b4f760f8-ee09-4f95-abe2-d71ec4a1e0c4 tempest-GroupSnapshotsTest-1889081823 None] Acquiring lock "cinder-quobyte-0bcc0372-d3b5-492d-aabf-ab30baaa9e85" by "delete_snapshot" {{(pid=83782) __acquire /opt/stack/cinder/cinder/coordination.py:138}}
Feb 25 22:07:52 devstack cinder-volume[83782]: DEBUG cinder.coordination [None req-b4f760f8-ee09-4f95-abe2-d71ec4a1e0c4 tempest-GroupSnapshotsTest-1889081823 None] Lock "cinder-quobyte-0bcc0372-d3b5-492d-aabf-ab30baaa9e85" acquired by "delete_snapshot" :: waited 0.009s {{(pid=83782) __acquire /opt/stack/cinder/cinder/coordination.py:141}}
Feb 25 22:07:52 devstack cinder-volume[83782]: DEBUG cinder.coordination [None req-b4f760f8-ee09-4f95-abe2-d71ec4a1e0c4 tempest-GroupSnapshotsTest-1889081823 None] Acquiring lock "cinder-quobyte-771549eb-57bc-4693-a0b6-0b530599d4ea" by "_delete_snapshot" {{(pid=83782) __acquire /opt/stack/cinder/cinder/coordination.py:138}}
Feb 25 22:07:52 devstack cinder-volume[83782]: DEBUG cinder.coordination [None req-b4f760f8-ee09-4f95-abe2-d71ec4a1e0c4 tempest-GroupSnapshotsTest-1889081823 None] Lock "cinder-quobyte-771549eb-57bc-4693-a0b6-0b530599d4ea" acquired by "_delete_snapshot" :: waited 0.008s {{(pid=83782) __acquire /opt/stack/cinder/cinder/coordination.py:141}}
Feb 25 22:07:52 devstack cinder-volume[83782]: DEBUG cinder.volume.drivers.remotefs [None req-b4f760f8-ee09-4f95-abe2-d71ec4a1e0c4 tempest-GroupSnapshotsTest-1889081823 None] Deleting offline snapshot 771549eb-57bc-4693-a0b6-0b530599d4ea of volume 0bcc0372-d3b5-492d-aabf-ab30baaa9e85 {{(pid=83782) _delete_snapshot /opt/stack/cinder/cinder/volume/drivers/remotefs.py:1288}}
Feb 25 22:07:52 devstack cinder-volume[83782]: DEBUG cinder.volume.drivers.remotefs [None req-b4f760f8-ee09-4f95-abe2-d71ec4a1e0c4 tempest-GroupSnapshotsTest-1889081823 None] snapshot_file for this snap is: volume-0bcc0372-d3b5-492d-aabf-ab30baaa9e85.771549eb-57bc-4693-a0b6-0b530599d4ea {{(pid=83782) _delete_snapshot /opt/stack/cinder/cinder/volume/drivers/remotefs.py:1317}}
Feb 25 22:07:52 devstack cinder-volume[83782]: DEBUG oslo.privsep.daemon [-] privsep: reply[6e80fdb1-ff9d-4450-8cbc-d3454c111283]: (4, 'qcow2') {{(pid=84517) _call_back /opt/stack/data/venv/lib/python3.10/site-packages/oslo_privsep/daemon.py:573}}
Feb 25 22:07:52 devstack cinder-volume[83782]: DEBUG oslo_concurrency.processutils [None req-b4f760f8-ee09-4f95-abe2-d71ec4a1e0c4 tempest-GroupSnapshotsTest-1889081823 None] Running cmd (subprocess): /opt/stack/data/venv/bin/python3.10 -m oslo_concurrency.prlimit --as=1073741824 --cpu=60 -- sudo cinder-rootwrap /etc/cinder/rootwrap.conf env LC_ALL=C qemu-img info -f qcow2 --output=json --force-share /opt/stack/data/cinder/mnt/322a036d2e7adb58754bf43372af2dca/volume-0bcc0372-d3b5-492d-aabf-ab30baaa9e85.771549eb-57bc-4693-a0b6-0b530599d4ea {{(pid=83782) execute /opt/stack/data/venv/lib/python3.10/site-packages/oslo_concurrency/processutils.py:440}}
Feb 25 22:07:52 devstack sudo[86424]: quobyte : PWD=/ ; USER=root ; COMMAND=/opt/stack/data/venv/bin/cinder-rootwrap /etc/cinder/rootwrap.conf env LC_ALL=C qemu-img info -f qcow2 --output=json --force-share /opt/stack/data/cinder/mnt/322a036d2e7adb58754bf43372af2dca/volume-0bcc0372-d3b5-492d-aabf-ab30baaa9e85.771549eb-57bc-4693-a0b6-0b530599d4ea
Feb 25 22:07:52 devstack sudo[86424]: pam_unix(sudo:session): session opened for user root(uid=0) by (uid=1000)
Feb 25 22:07:52 devstack sudo[86422]: pam_unix(sudo:session): session closed for user root
Feb 25 22:07:52 devstack cinder-volume[83782]: DEBUG oslo_concurrency.processutils [None req-e8b793de-2eb9-41ac-9e76-41c6d49c65a8 tempest-VolumesDeleteCascade-1969003426 None] CMD "sudo cinder-rootwrap /etc/cinder/rootwrap.conf qemu-img rebase -u -b volume-20eb1a61-dedc-47d7-8f2b-272a694d752f.35c93287-ec94-4849-a64e-8b595fdb1fde -F qcow2 /opt/stack/data/cinder/mnt/322a036d2e7adb58754bf43372af2dca/volume-20eb1a61-dedc-47d7-8f2b-272a694d752f.25b1a68b-061c-44a9-8338-bff662e46d54" returned: 0 in 0.468s {{(pid=83782) execute /opt/stack/data/venv/lib/python3.10/site-packages/oslo_concurrency/processutils.py:468}}
Feb 25 22:07:52 devstack cinder-volume[83782]: WARNING cinder.volume.drivers.remotefs [None req-e8b793de-2eb9-41ac-9e76-41c6d49c65a8 tempest-VolumesDeleteCascade-1969003426 None] /opt/stack/data/cinder/mnt/322a036d2e7adb58754bf43372af2dca/volume-20eb1a61-dedc-47d7-8f2b-272a694d752f.25b1a68b-061c-44a9-8338-bff662e46d54 is being set with open permissions: ugo+rw
Feb 25 22:07:52 devstack cinder-volume[83782]: DEBUG oslo_concurrency.processutils [None req-e8b793de-2eb9-41ac-9e76-41c6d49c65a8 tempest-VolumesDeleteCascade-1969003426 None] Running cmd (subprocess): sudo cinder-rootwrap /etc/cinder/rootwrap.conf chmod ugo+rw /opt/stack/data/cinder/mnt/322a036d2e7adb58754bf43372af2dca/volume-20eb1a61-dedc-47d7-8f2b-272a694d752f.25b1a68b-061c-44a9-8338-bff662e46d54 {{(pid=83782) execute /opt/stack/data/venv/lib/python3.10/site-packages/oslo_concurrency/processutils.py:440}}
Feb 25 22:07:52 devstack sudo[86429]: quobyte : PWD=/ ; USER=root ; COMMAND=/opt/stack/data/venv/bin/cinder-rootwrap /etc/cinder/rootwrap.conf chmod ugo+rw /opt/stack/data/cinder/mnt/322a036d2e7adb58754bf43372af2dca/volume-20eb1a61-dedc-47d7-8f2b-272a694d752f.25b1a68b-061c-44a9-8338-bff662e46d54
Feb 25 22:07:52 devstack sudo[86429]: pam_unix(sudo:session): session opened for user root(uid=0) by (uid=1000)
Feb 25 22:07:52 devstack sudo[86424]: pam_unix(sudo:session): session closed for user root
Feb 25 22:07:52 devstack cinder-volume[83782]: DEBUG oslo_concurrency.processutils [None req-b4f760f8-ee09-4f95-abe2-d71ec4a1e0c4 tempest-GroupSnapshotsTest-1889081823 None] CMD "/opt/stack/data/venv/bin/python3.10 -m oslo_concurrency.prlimit --as=1073741824 --cpu=60 -- sudo cinder-rootwrap /etc/cinder/rootwrap.conf env LC_ALL=C qemu-img info -f qcow2 --output=json --force-share /opt/stack/data/cinder/mnt/322a036d2e7adb58754bf43372af2dca/volume-0bcc0372-d3b5-492d-aabf-ab30baaa9e85.771549eb-57bc-4693-a0b6-0b530599d4ea" returned: 0 in 0.495s {{(pid=83782) execute /opt/stack/data/venv/lib/python3.10/site-packages/oslo_concurrency/processutils.py:468}}
Feb 25 22:07:52 devstack cinder-volume[83782]: DEBUG cinder.volume.drivers.remotefs [None req-b4f760f8-ee09-4f95-abe2-d71ec4a1e0c4 tempest-GroupSnapshotsTest-1889081823 None] Fetching qemu-img info with special backing_file_template: (/opt/stack/data/cinder/mnt/[0-9a-f]+/)?(volume-0bcc0372-d3b5-492d-aabf-ab30baaa9e85(.(tmp-snap-)?[0-9a-f-]+)?|volume_from_snapshot_cache/(tmp-snap-)?[0-9a-f-]+(.(child-|parent-)[0-9a-f-]+)?)$ {{(pid=83782) _qemu_img_info_base /opt/stack/cinder/cinder/volume/drivers/remotefs.py:896}}
Feb 25 22:07:52 devstack cinder-volume[83782]: DEBUG oslo.privsep.daemon [-] privsep: reply[69aa9344-485a-4911-9204-94791c4e7068]: (4, 'qcow2') {{(pid=84517) _call_back /opt/stack/data/venv/lib/python3.10/site-packages/oslo_privsep/daemon.py:573}}
Feb 25 22:07:52 devstack cinder-volume[83782]: DEBUG oslo_concurrency.processutils [None req-b4f760f8-ee09-4f95-abe2-d71ec4a1e0c4 tempest-GroupSnapshotsTest-1889081823 None] Running cmd (subprocess): /opt/stack/data/venv/bin/python3.10 -m oslo_concurrency.prlimit --as=1073741824 --cpu=60 -- sudo cinder-rootwrap /etc/cinder/rootwrap.conf env LC_ALL=C qemu-img info -f qcow2 --output=json --force-share /opt/stack/data/cinder/mnt/322a036d2e7adb58754bf43372af2dca/volume-0bcc0372-d3b5-492d-aabf-ab30baaa9e85 {{(pid=83782) execute /opt/stack/data/venv/lib/python3.10/site-packages/oslo_concurrency/processutils.py:440}}
Feb 25 22:07:52 devstack sudo[86434]: quobyte : PWD=/ ; USER=root ; COMMAND=/opt/stack/data/venv/bin/cinder-rootwrap /etc/cinder/rootwrap.conf env LC_ALL=C qemu-img info -f qcow2 --output=json --force-share /opt/stack/data/cinder/mnt/322a036d2e7adb58754bf43372af2dca/volume-0bcc0372-d3b5-492d-aabf-ab30baaa9e85
Feb 25 22:07:52 devstack sudo[86434]: pam_unix(sudo:session): session opened for user root(uid=0) by (uid=1000)
Feb 25 22:07:53 devstack sudo[86429]: pam_unix(sudo:session): session closed for user root
Feb 25 22:07:53 devstack cinder-volume[83782]: DEBUG oslo_concurrency.processutils [None req-e8b793de-2eb9-41ac-9e76-41c6d49c65a8 tempest-VolumesDeleteCascade-1969003426 None] CMD "sudo cinder-rootwrap /etc/cinder/rootwrap.conf chmod ugo+rw /opt/stack/data/cinder/mnt/322a036d2e7adb58754bf43372af2dca/volume-20eb1a61-dedc-47d7-8f2b-272a694d752f.25b1a68b-061c-44a9-8338-bff662e46d54" returned: 0 in 0.457s {{(pid=83782) execute /opt/stack/data/venv/lib/python3.10/site-packages/oslo_concurrency/processutils.py:468}}
Feb 25 22:07:53 devstack cinder-volume[83782]: DEBUG oslo_concurrency.lockutils [None req-e8b793de-2eb9-41ac-9e76-41c6d49c65a8 tempest-VolumesDeleteCascade-1969003426 None] Lock "quobyte" "released" by "cinder.volume.drivers.quobyte.QuobyteDriver.create_snapshot" :: held 1.987s {{(pid=83782) inner /opt/stack/data/venv/lib/python3.10/site-packages/oslo_concurrency/lockutils.py:538}}
Feb 25 22:07:53 devstack cinder-volume[83782]: INFO cinder.volume.manager [None req-e8b793de-2eb9-41ac-9e76-41c6d49c65a8 tempest-VolumesDeleteCascade-1969003426 None] Create snapshot completed successfully
Feb 25 22:07:53 devstack cinder-volume[83782]: DEBUG cinder.coordination [None req-de979cf1-4686-4e3b-90e0-072f7bfca801 tempest-VolumesDeleteCascade-1969003426 None] Acquiring lock "cinder-20eb1a61-dedc-47d7-8f2b-272a694d752f-delete_volume" by "delete_volume" {{(pid=83782) __acquire /opt/stack/cinder/cinder/coordination.py:138}}
Feb 25 22:07:53 devstack cinder-volume[83782]: DEBUG cinder.coordination [None req-de979cf1-4686-4e3b-90e0-072f7bfca801 tempest-VolumesDeleteCascade-1969003426 None] Lock "cinder-20eb1a61-dedc-47d7-8f2b-272a694d752f-delete_volume" acquired by "delete_volume" :: waited 0.011s {{(pid=83782) __acquire /opt/stack/cinder/cinder/coordination.py:141}}
Feb 25 22:07:53 devstack cinder-volume[83782]: DEBUG cinder.volume.manager [None req-de979cf1-4686-4e3b-90e0-072f7bfca801 tempest-VolumesDeleteCascade-1969003426 None] Performing cascade delete. {{(pid=83782) delete_volume /opt/stack/cinder/cinder/volume/manager.py:995}}
