Feb 26 19:47:10 devstack cinder-volume[82705]: DEBUG oslo_concurrency.processutils [None req-744a687d-2e3f-4588-a9dd-7e0afe459958 tempest-VolumesDeleteCascade-423452821 None] CMD "/opt/stack/data/venv/bin/python3.10 -m oslo_concurrency.prlimit --as=1073741824 --cpu=60 -- sudo cinder-rootwrap /etc/cinder/rootwrap.conf env LC_ALL=C qemu-img info -f qcow2 --output=json --force-share /opt/stack/data/cinder/mnt/9d8383da4b468d71c2b1bc29d0ddd6d2/volume-e0f8d224-74d8-4b13-b78f-e6881916a643" returned: 0 in 0.559s {{(pid=82705) execute /opt/stack/data/venv/lib/python3.10/site-packages/oslo_concurrency/processutils.py:468}}
Feb 26 19:47:10 devstack cinder-volume[82705]: DEBUG oslo_concurrency.processutils [None req-744a687d-2e3f-4588-a9dd-7e0afe459958 tempest-VolumesDeleteCascade-423452821 None] Running cmd (subprocess): sudo cinder-rootwrap /etc/cinder/rootwrap.conf qemu-img create -f qcow2 -o backing_file=/opt/stack/data/cinder/mnt/9d8383da4b468d71c2b1bc29d0ddd6d2/volume-e0f8d224-74d8-4b13-b78f-e6881916a643,backing_fmt=qcow2 /opt/stack/data/cinder/mnt/9d8383da4b468d71c2b1bc29d0ddd6d2/volume-e0f8d224-74d8-4b13-b78f-e6881916a643.a23b3ef8-a692-489a-a67a-b5493b32764d 1G {{(pid=82705) execute /opt/stack/data/venv/lib/python3.10/site-packages/oslo_concurrency/processutils.py:440}}
Feb 26 19:47:10 devstack sudo[86367]: quobyte : PWD=/ ; USER=root ; COMMAND=/opt/stack/data/venv/bin/cinder-rootwrap /etc/cinder/rootwrap.conf qemu-img create -f qcow2 -o backing_file=/opt/stack/data/cinder/mnt/9d8383da4b468d71c2b1bc29d0ddd6d2/volume-e0f8d224-74d8-4b13-b78f-e6881916a643,backing_fmt=qcow2 /opt/stack/data/cinder/mnt/9d8383da4b468d71c2b1bc29d0ddd6d2/volume-e0f8d224-74d8-4b13-b78f-e6881916a643.a23b3ef8-a692-489a-a67a-b5493b32764d 1G
Feb 26 19:47:10 devstack sudo[86367]: pam_unix(sudo:session): session opened for user root(uid=0) by (uid=1000)
Feb 26 19:47:11 devstack sudo[86367]: pam_unix(sudo:session): session closed for user root
Feb 26 19:47:11 devstack cinder-volume[82705]: DEBUG oslo_concurrency.processutils [None req-744a687d-2e3f-4588-a9dd-7e0afe459958 tempest-VolumesDeleteCascade-423452821 None] CMD "sudo cinder-rootwrap /etc/cinder/rootwrap.conf qemu-img create -f qcow2 -o backing_file=/opt/stack/data/cinder/mnt/9d8383da4b468d71c2b1bc29d0ddd6d2/volume-e0f8d224-74d8-4b13-b78f-e6881916a643,backing_fmt=qcow2 /opt/stack/data/cinder/mnt/9d8383da4b468d71c2b1bc29d0ddd6d2/volume-e0f8d224-74d8-4b13-b78f-e6881916a643.a23b3ef8-a692-489a-a67a-b5493b32764d 1G" returned: 0 in 0.481s {{(pid=82705) execute /opt/stack/data/venv/lib/python3.10/site-packages/oslo_concurrency/processutils.py:468}}
Feb 26 19:47:11 devstack cinder-volume[82705]: DEBUG oslo_concurrency.processutils [None req-744a687d-2e3f-4588-a9dd-7e0afe459958 tempest-VolumesDeleteCascade-423452821 None] Running cmd (subprocess): sudo cinder-rootwrap /etc/cinder/rootwrap.conf qemu-img rebase -u -b volume-e0f8d224-74d8-4b13-b78f-e6881916a643 -F qcow2 /opt/stack/data/cinder/mnt/9d8383da4b468d71c2b1bc29d0ddd6d2/volume-e0f8d224-74d8-4b13-b78f-e6881916a643.a23b3ef8-a692-489a-a67a-b5493b32764d {{(pid=82705) execute /opt/stack/data/venv/lib/python3.10/site-packages/oslo_concurrency/processutils.py:440}}
Feb 26 19:47:11 devstack sudo[86372]: quobyte : PWD=/ ; USER=root ; COMMAND=/opt/stack/data/venv/bin/cinder-rootwrap /etc/cinder/rootwrap.conf qemu-img rebase -u -b volume-e0f8d224-74d8-4b13-b78f-e6881916a643 -F qcow2 /opt/stack/data/cinder/mnt/9d8383da4b468d71c2b1bc29d0ddd6d2/volume-e0f8d224-74d8-4b13-b78f-e6881916a643.a23b3ef8-a692-489a-a67a-b5493b32764d
Feb 26 19:47:11 devstack sudo[86372]: pam_unix(sudo:session): session opened for user root(uid=0) by (uid=1000)
Feb 26 19:47:11 devstack sudo[86372]: pam_unix(sudo:session): session closed for user root
Feb 26 19:47:11 devstack cinder-volume[82705]: DEBUG oslo_concurrency.processutils [None req-744a687d-2e3f-4588-a9dd-7e0afe459958 tempest-VolumesDeleteCascade-423452821 None] CMD "sudo cinder-rootwrap /etc/cinder/rootwrap.conf qemu-img rebase -u -b volume-e0f8d224-74d8-4b13-b78f-e6881916a643 -F qcow2 /opt/stack/data/cinder/mnt/9d8383da4b468d71c2b1bc29d0ddd6d2/volume-e0f8d224-74d8-4b13-b78f-e6881916a643.a23b3ef8-a692-489a-a67a-b5493b32764d" returned: 0 in 0.487s {{(pid=82705) execute /opt/stack/data/venv/lib/python3.10/site-packages/oslo_concurrency/processutils.py:468}}
Feb 26 19:47:11 devstack cinder-volume[82705]: WARNING cinder.volume.drivers.remotefs [None req-744a687d-2e3f-4588-a9dd-7e0afe459958 tempest-VolumesDeleteCascade-423452821 None] /opt/stack/data/cinder/mnt/9d8383da4b468d71c2b1bc29d0ddd6d2/volume-e0f8d224-74d8-4b13-b78f-e6881916a643.a23b3ef8-a692-489a-a67a-b5493b32764d is being set with open permissions: ugo+rw
Feb 26 19:47:11 devstack cinder-volume[82705]: DEBUG oslo_concurrency.processutils [None req-744a687d-2e3f-4588-a9dd-7e0afe459958 tempest-VolumesDeleteCascade-423452821 None] Running cmd (subprocess): sudo cinder-rootwrap /etc/cinder/rootwrap.conf chmod ugo+rw /opt/stack/data/cinder/mnt/9d8383da4b468d71c2b1bc29d0ddd6d2/volume-e0f8d224-74d8-4b13-b78f-e6881916a643.a23b3ef8-a692-489a-a67a-b5493b32764d {{(pid=82705) execute /opt/stack/data/venv/lib/python3.10/site-packages/oslo_concurrency/processutils.py:440}}
Feb 26 19:47:11 devstack sudo[86377]: quobyte : PWD=/ ; USER=root ; COMMAND=/opt/stack/data/venv/bin/cinder-rootwrap /etc/cinder/rootwrap.conf chmod ugo+rw /opt/stack/data/cinder/mnt/9d8383da4b468d71c2b1bc29d0ddd6d2/volume-e0f8d224-74d8-4b13-b78f-e6881916a643.a23b3ef8-a692-489a-a67a-b5493b32764d
Feb 26 19:47:11 devstack sudo[86377]: pam_unix(sudo:session): session opened for user root(uid=0) by (uid=1000)
Feb 26 19:47:12 devstack sudo[86377]: pam_unix(sudo:session): session closed for user root
Feb 26 19:47:12 devstack cinder-volume[82705]: DEBUG oslo_concurrency.processutils [None req-744a687d-2e3f-4588-a9dd-7e0afe459958 tempest-VolumesDeleteCascade-423452821 None] CMD "sudo cinder-rootwrap /etc/cinder/rootwrap.conf chmod ugo+rw /opt/stack/data/cinder/mnt/9d8383da4b468d71c2b1bc29d0ddd6d2/volume-e0f8d224-74d8-4b13-b78f-e6881916a643.a23b3ef8-a692-489a-a67a-b5493b32764d" returned: 0 in 0.451s {{(pid=82705) execute /opt/stack/data/venv/lib/python3.10/site-packages/oslo_concurrency/processutils.py:468}}
Feb 26 19:47:12 devstack cinder-volume[82705]: DEBUG oslo_concurrency.processutils [None req-744a687d-2e3f-4588-a9dd-7e0afe459958 tempest-VolumesDeleteCascade-423452821 None] Running cmd (subprocess): sudo cinder-rootwrap /etc/cinder/rootwrap.conf truncate -s0 /opt/stack/data/cinder/mnt/9d8383da4b468d71c2b1bc29d0ddd6d2/volume-e0f8d224-74d8-4b13-b78f-e6881916a643.info {{(pid=82705) execute /opt/stack/data/venv/lib/python3.10/site-packages/oslo_concurrency/processutils.py:440}}
Feb 26 19:47:12 devstack sudo[86380]: quobyte : PWD=/ ; USER=root ; COMMAND=/opt/stack/data/venv/bin/cinder-rootwrap /etc/cinder/rootwrap.conf truncate -s0 /opt/stack/data/cinder/mnt/9d8383da4b468d71c2b1bc29d0ddd6d2/volume-e0f8d224-74d8-4b13-b78f-e6881916a643.info
Feb 26 19:47:12 devstack sudo[86380]: pam_unix(sudo:session): session opened for user root(uid=0) by (uid=1000)
Feb 26 19:47:12 devstack sudo[86380]: pam_unix(sudo:session): session closed for user root
Feb 26 19:47:12 devstack cinder-volume[82705]: DEBUG oslo_concurrency.processutils [None req-744a687d-2e3f-4588-a9dd-7e0afe459958 tempest-VolumesDeleteCascade-423452821 None] CMD "sudo cinder-rootwrap /etc/cinder/rootwrap.conf truncate -s0 /opt/stack/data/cinder/mnt/9d8383da4b468d71c2b1bc29d0ddd6d2/volume-e0f8d224-74d8-4b13-b78f-e6881916a643.info" returned: 0 in 0.424s {{(pid=82705) execute /opt/stack/data/venv/lib/python3.10/site-packages/oslo_concurrency/processutils.py:468}}
Feb 26 19:47:12 devstack cinder-volume[82705]: WARNING cinder.volume.drivers.remotefs [None req-744a687d-2e3f-4588-a9dd-7e0afe459958 tempest-VolumesDeleteCascade-423452821 None] /opt/stack/data/cinder/mnt/9d8383da4b468d71c2b1bc29d0ddd6d2/volume-e0f8d224-74d8-4b13-b78f-e6881916a643.info is being set with open permissions: ugo+rw
Feb 26 19:47:12 devstack cinder-volume[82705]: DEBUG oslo_concurrency.processutils [None req-744a687d-2e3f-4588-a9dd-7e0afe459958 tempest-VolumesDeleteCascade-423452821 None] Running cmd (subprocess): sudo cinder-rootwrap /etc/cinder/rootwrap.conf chmod ugo+rw /opt/stack/data/cinder/mnt/9d8383da4b468d71c2b1bc29d0ddd6d2/volume-e0f8d224-74d8-4b13-b78f-e6881916a643.info {{(pid=82705) execute /opt/stack/data/venv/lib/python3.10/site-packages/oslo_concurrency/processutils.py:440}}
Feb 26 19:47:12 devstack sudo[86383]: quobyte : PWD=/ ; USER=root ; COMMAND=/opt/stack/data/venv/bin/cinder-rootwrap /etc/cinder/rootwrap.conf chmod ugo+rw /opt/stack/data/cinder/mnt/9d8383da4b468d71c2b1bc29d0ddd6d2/volume-e0f8d224-74d8-4b13-b78f-e6881916a643.info
Feb 26 19:47:12 devstack sudo[86383]: pam_unix(sudo:session): session opened for user root(uid=0) by (uid=1000)
Feb 26 19:47:13 devstack sudo[86383]: pam_unix(sudo:session): session closed for user root
Feb 26 19:47:13 devstack cinder-volume[82705]: DEBUG oslo_concurrency.processutils [None req-744a687d-2e3f-4588-a9dd-7e0afe459958 tempest-VolumesDeleteCascade-423452821 None] CMD "sudo cinder-rootwrap /etc/cinder/rootwrap.conf chmod ugo+rw /opt/stack/data/cinder/mnt/9d8383da4b468d71c2b1bc29d0ddd6d2/volume-e0f8d224-74d8-4b13-b78f-e6881916a643.info" returned: 0 in 0.444s {{(pid=82705) execute /opt/stack/data/venv/lib/python3.10/site-packages/oslo_concurrency/processutils.py:468}}
Feb 26 19:47:13 devstack cinder-volume[82705]: DEBUG oslo_concurrency.lockutils [None req-744a687d-2e3f-4588-a9dd-7e0afe459958 tempest-VolumesDeleteCascade-423452821 None] Lock "quobyte" "released" by "cinder.volume.drivers.quobyte.QuobyteDriver.create_snapshot" :: held 2.946s {{(pid=82705) inner /opt/stack/data/venv/lib/python3.10/site-packages/oslo_concurrency/lockutils.py:538}}
Feb 26 19:47:13 devstack cinder-volume[82705]: DEBUG oslo_concurrency.lockutils [req-3a2004fa-66ad-4d2e-af13-9f441a64e759 req-13b0bba8-41b2-425e-a182-b96267f53717 tempest-VolumesSnapshotsTestJSON-1450927682 None] Lock "quobyte" acquired by "cinder.volume.drivers.quobyte.QuobyteDriver.create_volume" :: waited 3.212s {{(pid=82705) inner /opt/stack/data/venv/lib/python3.10/site-packages/oslo_concurrency/lockutils.py:519}}
Feb 26 19:47:13 devstack cinder-volume[82705]: DEBUG cinder.volume.drivers.quobyte [req-3a2004fa-66ad-4d2e-af13-9f441a64e759 req-13b0bba8-41b2-425e-a182-b96267f53717 tempest-VolumesSnapshotsTestJSON-1450927682 None] ==> create_volume: call "{'self': , 'volume': Volume(_name_id=None,admin_metadata=,attach_status='detached',availability_zone='nova',bootable=False,cluster=,cluster_name=None,consistencygroup=,consistencygroup_id=None,created_at=2026-02-26T18:47:10Z,deleted=False,deleted_at=None,display_description=None,display_name='tempest-VolumesSnapshotsTestJSON-volume-668222583',ec2_id=None,encryption_key_id=None,glance_metadata=,group=,group_id=None,host='devstack@QuobyteHD#QuobyteHD',id=a26fb750-748b-4125-94db-b09649fb2ad2,launched_at=None,metadata={},migration_status=None,multiattach=False,previous_status=None,project_id='71f7ceaa9e1843239db03b65b94fa9ed',provider_auth=None,provider_geometry=None,provider_id=None,provider_location=None,replication_driver_data=None,replication_extended_status=None,replication_status=None,scheduled_at=2026-02-26T18:47:10Z,service_uuid=None,shared_targets=True,size=1,snapshot_id=None,snapshots=,source_volid=None,status='creating',terminated_at=None,updated_at=2026-02-26T18:47:10Z,use_quota=True,user_id='df9d275d102c48c08f22a8609c28b073',volume_attachment=VolumeAttachmentList,volume_type=VolumeType(756c5147-252c-4f6f-828e-9f09a64da7cd),volume_type_id=756c5147-252c-4f6f-828e-9f09a64da7cd)}" {{(pid=82705) trace_logging_wrapper /opt/stack/cinder/cinder/volume/volume_utils.py:1498}}
Feb 26 19:47:13 devstack cinder-volume[82705]: DEBUG cinder.volume.drivers.remotefs [req-3a2004fa-66ad-4d2e-af13-9f441a64e759 req-13b0bba8-41b2-425e-a182-b96267f53717 tempest-VolumesSnapshotsTestJSON-1450927682 None] Creating volume a26fb750-748b-4125-94db-b09649fb2ad2 {{(pid=82705) create_volume /opt/stack/cinder/cinder/volume/drivers/remotefs.py:292}}
Feb 26 19:47:13 devstack cinder-volume[82705]: DEBUG oslo_concurrency.lockutils [req-3a2004fa-66ad-4d2e-af13-9f441a64e759 req-13b0bba8-41b2-425e-a182-b96267f53717 tempest-VolumesSnapshotsTestJSON-1450927682 None] Acquiring lock "quobyte_ensure" by "cinder.volume.drivers.quobyte.QuobyteDriver._ensure_shares_mounted" {{(pid=82705) inner /opt/stack/data/venv/lib/python3.10/site-packages/oslo_concurrency/lockutils.py:506}}
Feb 26 19:47:13 devstack cinder-volume[82705]: DEBUG oslo_concurrency.lockutils [req-3a2004fa-66ad-4d2e-af13-9f441a64e759 req-13b0bba8-41b2-425e-a182-b96267f53717 tempest-VolumesSnapshotsTestJSON-1450927682 None] Lock "quobyte_ensure" acquired by "cinder.volume.drivers.quobyte.QuobyteDriver._ensure_shares_mounted" :: waited 0.000s {{(pid=82705) inner /opt/stack/data/venv/lib/python3.10/site-packages/oslo_concurrency/lockutils.py:519}}
Feb 26 19:47:13 devstack cinder-volume[82705]: DEBUG cinder.volume.drivers.quobyte [req-3a2004fa-66ad-4d2e-af13-9f441a64e759 req-13b0bba8-41b2-425e-a182-b96267f53717 tempest-VolumesSnapshotsTestJSON-1450927682 None] Quobyte Volume URL set to: {'osci02.corp.quobyte.com/cinder-vol-6c5cbe11-2885-433f-92ee-79423a286da7': None} {{(pid=82705) _load_shares_config /opt/stack/cinder/cinder/volume/drivers/quobyte.py:617}}
Feb 26 19:47:13 devstack cinder-volume[82705]: DEBUG cinder.volume.drivers.quobyte [req-3a2004fa-66ad-4d2e-af13-9f441a64e759 req-13b0bba8-41b2-425e-a182-b96267f53717 tempest-VolumesSnapshotsTestJSON-1450927682 None] Available shares ['osci02.corp.quobyte.com/cinder-vol-6c5cbe11-2885-433f-92ee-79423a286da7'] {{(pid=82705) _ensure_shares_mounted /opt/stack/cinder/cinder/volume/drivers/quobyte.py:647}}
Feb 26 19:47:13 devstack cinder-volume[82705]: DEBUG oslo_concurrency.lockutils [req-3a2004fa-66ad-4d2e-af13-9f441a64e759 req-13b0bba8-41b2-425e-a182-b96267f53717 tempest-VolumesSnapshotsTestJSON-1450927682 None] Lock "quobyte_ensure" "released" by "cinder.volume.drivers.quobyte.QuobyteDriver._ensure_shares_mounted" :: held 0.004s {{(pid=82705) inner /opt/stack/data/venv/lib/python3.10/site-packages/oslo_concurrency/lockutils.py:538}}
Feb 26 19:47:13 devstack cinder-volume[82705]: DEBUG cinder.volume.drivers.quobyte [req-3a2004fa-66ad-4d2e-af13-9f441a64e759 req-13b0bba8-41b2-425e-a182-b96267f53717 tempest-VolumesSnapshotsTestJSON-1450927682 None] Selected osci02.corp.quobyte.com/cinder-vol-6c5cbe11-2885-433f-92ee-79423a286da7 as target Quobyte volume. {{(pid=82705) _find_share /opt/stack/cinder/cinder/volume/drivers/quobyte.py:668}}
Feb 26 19:47:13 devstack cinder-volume[82705]: INFO cinder.volume.drivers.remotefs [req-3a2004fa-66ad-4d2e-af13-9f441a64e759 req-13b0bba8-41b2-425e-a182-b96267f53717 tempest-VolumesSnapshotsTestJSON-1450927682 None] casted to osci02.corp.quobyte.com/cinder-vol-6c5cbe11-2885-433f-92ee-79423a286da7
Feb 26 19:47:13 devstack cinder-volume[82705]: DEBUG oslo_concurrency.processutils [req-3a2004fa-66ad-4d2e-af13-9f441a64e759 req-13b0bba8-41b2-425e-a182-b96267f53717 tempest-VolumesSnapshotsTestJSON-1450927682 None] Running cmd (subprocess): sudo cinder-rootwrap /etc/cinder/rootwrap.conf qemu-img create -f qcow2 -o preallocation=metadata /opt/stack/data/cinder/mnt/9d8383da4b468d71c2b1bc29d0ddd6d2/volume-a26fb750-748b-4125-94db-b09649fb2ad2 1073741824 {{(pid=82705) execute /opt/stack/data/venv/lib/python3.10/site-packages/oslo_concurrency/processutils.py:440}}
Feb 26 19:47:13 devstack sudo[86386]: quobyte : PWD=/ ; USER=root ; COMMAND=/opt/stack/data/venv/bin/cinder-rootwrap /etc/cinder/rootwrap.conf qemu-img create -f qcow2 -o preallocation=metadata /opt/stack/data/cinder/mnt/9d8383da4b468d71c2b1bc29d0ddd6d2/volume-a26fb750-748b-4125-94db-b09649fb2ad2 1073741824
Feb 26 19:47:13 devstack sudo[86386]: pam_unix(sudo:session): session opened for user root(uid=0) by (uid=1000)
Feb 26 19:47:13 devstack cinder-volume[82705]: INFO cinder.volume.manager [None req-744a687d-2e3f-4588-a9dd-7e0afe459958 tempest-VolumesDeleteCascade-423452821 None] Create snapshot completed successfully
Feb 26 19:47:13 devstack sudo[86386]: pam_unix(sudo:session): session closed for user root
Feb 26 19:47:13 devstack cinder-volume[82705]: DEBUG oslo_concurrency.processutils [req-3a2004fa-66ad-4d2e-af13-9f441a64e759 req-13b0bba8-41b2-425e-a182-b96267f53717 tempest-VolumesSnapshotsTestJSON-1450927682 None] CMD "sudo cinder-rootwrap /etc/cinder/rootwrap.conf qemu-img create -f qcow2 -o preallocation=metadata /opt/stack/data/cinder/mnt/9d8383da4b468d71c2b1bc29d0ddd6d2/volume-a26fb750-748b-4125-94db-b09649fb2ad2 1073741824" returned: 0 in 0.538s {{(pid=82705) execute /opt/stack/data/venv/lib/python3.10/site-packages/oslo_concurrency/processutils.py:468}}
Feb 26 19:47:13 devstack cinder-volume[82705]: DEBUG oslo_concurrency.processutils [req-3a2004fa-66ad-4d2e-af13-9f441a64e759 req-13b0bba8-41b2-425e-a182-b96267f53717 tempest-VolumesSnapshotsTestJSON-1450927682 None] Running cmd (subprocess): sudo cinder-rootwrap /etc/cinder/rootwrap.conf chmod ugo+rw /opt/stack/data/cinder/mnt/9d8383da4b468d71c2b1bc29d0ddd6d2/volume-a26fb750-748b-4125-94db-b09649fb2ad2 {{(pid=82705) execute /opt/stack/data/venv/lib/python3.10/site-packages/oslo_concurrency/processutils.py:440}}
Feb 26 19:47:13 devstack sudo[86391]: quobyte : PWD=/ ; USER=root ; COMMAND=/opt/stack/data/venv/bin/cinder-rootwrap /etc/cinder/rootwrap.conf chmod ugo+rw /opt/stack/data/cinder/mnt/9d8383da4b468d71c2b1bc29d0ddd6d2/volume-a26fb750-748b-4125-94db-b09649fb2ad2
Feb 26 19:47:13 devstack sudo[86391]: pam_unix(sudo:session): session opened for user root(uid=0) by (uid=1000)
Feb 26 19:47:14 devstack sudo[86391]: pam_unix(sudo:session): session closed for user root
Feb 26 19:47:14 devstack cinder-volume[82705]: DEBUG oslo_concurrency.processutils [req-3a2004fa-66ad-4d2e-af13-9f441a64e759 req-13b0bba8-41b2-425e-a182-b96267f53717 tempest-VolumesSnapshotsTestJSON-1450927682 None] CMD "sudo cinder-rootwrap /etc/cinder/rootwrap.conf chmod ugo+rw /opt/stack/data/cinder/mnt/9d8383da4b468d71c2b1bc29d0ddd6d2/volume-a26fb750-748b-4125-94db-b09649fb2ad2" returned: 0 in 0.445s {{(pid=82705) execute /opt/stack/data/venv/lib/python3.10/site-packages/oslo_concurrency/processutils.py:468}}
Feb 26 19:47:14 devstack cinder-volume[82705]: DEBUG cinder.volume.drivers.quobyte [req-3a2004fa-66ad-4d2e-af13-9f441a64e759 req-13b0bba8-41b2-425e-a182-b96267f53717 tempest-VolumesSnapshotsTestJSON-1450927682 None] <== create_volume: return (1009ms) {'provider_location': 'osci02.corp.quobyte.com/cinder-vol-6c5cbe11-2885-433f-92ee-79423a286da7'} {{(pid=82705) trace_logging_wrapper /opt/stack/cinder/cinder/volume/volume_utils.py:1523}}
Feb 26 19:47:14 devstack cinder-volume[82705]: DEBUG oslo_concurrency.lockutils [req-3a2004fa-66ad-4d2e-af13-9f441a64e759 req-13b0bba8-41b2-425e-a182-b96267f53717 tempest-VolumesSnapshotsTestJSON-1450927682 None] Lock "quobyte" "released" by "cinder.volume.drivers.quobyte.QuobyteDriver.create_volume" :: held 1.012s {{(pid=82705) inner /opt/stack/data/venv/lib/python3.10/site-packages/oslo_concurrency/lockutils.py:538}}
Feb 26 19:47:14 devstack cinder-volume[82705]: DEBUG oslo_concurrency.lockutils [None req-9e2cb08a-6f67-48cc-bdea-cca0fd8aa410 tempest-VolumesListAdminTestJSON-30504968 None] Lock "quobyte" acquired by "cinder.volume.drivers.quobyte.QuobyteDriver.create_volume" :: waited 3.800s {{(pid=82705) inner /opt/stack/data/venv/lib/python3.10/site-packages/oslo_concurrency/lockutils.py:519}}
Feb 26 19:47:14 devstack cinder-volume[82705]: DEBUG cinder.volume.drivers.quobyte [None req-9e2cb08a-6f67-48cc-bdea-cca0fd8aa410 tempest-VolumesListAdminTestJSON-30504968 None] ==> create_volume: call "{'self': , 'volume': Volume(_name_id=None,admin_metadata=,attach_status='detached',availability_zone='nova',bootable=False,cluster=,cluster_name=None,consistencygroup=,consistencygroup_id=None,created_at=2026-02-26T18:47:10Z,deleted=False,deleted_at=None,display_description=None,display_name='tempest-VolumesListAdminTestJSON-Volume-237536210',ec2_id=None,encryption_key_id=None,glance_metadata=,group=,group_id=None,host='devstack@QuobyteHD#QuobyteHD',id=c6b9b8cc-21b8-4573-92bb-359dd9172268,launched_at=None,metadata={},migration_status=None,multiattach=False,previous_status=None,project_id='4f2af70cc0dc4b3295997c52d77d8fea',provider_auth=None,provider_geometry=None,provider_id=None,provider_location=None,replication_driver_data=None,replication_extended_status=None,replication_status=None,scheduled_at=2026-02-26T18:47:10Z,service_uuid=None,shared_targets=True,size=1,snapshot_id=None,snapshots=,source_volid=None,status='creating',terminated_at=None,updated_at=2026-02-26T18:47:10Z,use_quota=True,user_id='cd0934f9900c43868992d5b2625955ba',volume_attachment=VolumeAttachmentList,volume_type=VolumeType(756c5147-252c-4f6f-828e-9f09a64da7cd),volume_type_id=756c5147-252c-4f6f-828e-9f09a64da7cd)}" {{(pid=82705) trace_logging_wrapper /opt/stack/cinder/cinder/volume/volume_utils.py:1498}}
Feb 26 19:47:14 devstack cinder-volume[82705]: DEBUG cinder.volume.drivers.remotefs [None req-9e2cb08a-6f67-48cc-bdea-cca0fd8aa410 tempest-VolumesListAdminTestJSON-30504968 None] Creating volume c6b9b8cc-21b8-4573-92bb-359dd9172268 {{(pid=82705) create_volume /opt/stack/cinder/cinder/volume/drivers/remotefs.py:292}}
Feb 26 19:47:14 devstack cinder-volume[82705]: DEBUG oslo_concurrency.lockutils [None req-9e2cb08a-6f67-48cc-bdea-cca0fd8aa410 tempest-VolumesListAdminTestJSON-30504968 None] Acquiring lock "quobyte_ensure" by "cinder.volume.drivers.quobyte.QuobyteDriver._ensure_shares_mounted" {{(pid=82705) inner /opt/stack/data/venv/lib/python3.10/site-packages/oslo_concurrency/lockutils.py:506}}
Feb 26 19:47:14 devstack cinder-volume[82705]: DEBUG oslo_concurrency.lockutils [None req-9e2cb08a-6f67-48cc-bdea-cca0fd8aa410 tempest-VolumesListAdminTestJSON-30504968 None] Lock "quobyte_ensure" acquired by "cinder.volume.drivers.quobyte.QuobyteDriver._ensure_shares_mounted" :: waited 0.000s {{(pid=82705) inner /opt/stack/data/venv/lib/python3.10/site-packages/oslo_concurrency/lockutils.py:519}}
Feb 26 19:47:14 devstack cinder-volume[82705]: DEBUG cinder.volume.drivers.quobyte [None req-9e2cb08a-6f67-48cc-bdea-cca0fd8aa410 tempest-VolumesListAdminTestJSON-30504968 None] Quobyte Volume URL set to: {'osci02.corp.quobyte.com/cinder-vol-6c5cbe11-2885-433f-92ee-79423a286da7': None} {{(pid=82705) _load_shares_config /opt/stack/cinder/cinder/volume/drivers/quobyte.py:617}}
Feb 26 19:47:14 devstack cinder-volume[82705]: DEBUG cinder.volume.drivers.quobyte [None req-9e2cb08a-6f67-48cc-bdea-cca0fd8aa410 tempest-VolumesListAdminTestJSON-30504968 None] Available shares ['osci02.corp.quobyte.com/cinder-vol-6c5cbe11-2885-433f-92ee-79423a286da7'] {{(pid=82705) _ensure_shares_mounted /opt/stack/cinder/cinder/volume/drivers/quobyte.py:647}}
Feb 26 19:47:14 devstack cinder-volume[82705]: DEBUG oslo_concurrency.lockutils [None req-9e2cb08a-6f67-48cc-bdea-cca0fd8aa410 tempest-VolumesListAdminTestJSON-30504968 None] Lock "quobyte_ensure" "released" by "cinder.volume.drivers.quobyte.QuobyteDriver._ensure_shares_mounted" :: held 0.005s {{(pid=82705) inner /opt/stack/data/venv/lib/python3.10/site-packages/oslo_concurrency/lockutils.py:538}}
Feb 26 19:47:14 devstack cinder-volume[82705]: DEBUG cinder.volume.drivers.quobyte [None req-9e2cb08a-6f67-48cc-bdea-cca0fd8aa410 tempest-VolumesListAdminTestJSON-30504968 None] Selected osci02.corp.quobyte.com/cinder-vol-6c5cbe11-2885-433f-92ee-79423a286da7 as target Quobyte volume. {{(pid=82705) _find_share /opt/stack/cinder/cinder/volume/drivers/quobyte.py:668}}
Feb 26 19:47:14 devstack cinder-volume[82705]: INFO cinder.volume.drivers.remotefs [None req-9e2cb08a-6f67-48cc-bdea-cca0fd8aa410 tempest-VolumesListAdminTestJSON-30504968 None] casted to osci02.corp.quobyte.com/cinder-vol-6c5cbe11-2885-433f-92ee-79423a286da7
Feb 26 19:47:14 devstack cinder-volume[82705]: DEBUG oslo_concurrency.processutils [None req-9e2cb08a-6f67-48cc-bdea-cca0fd8aa410 tempest-VolumesListAdminTestJSON-30504968 None] Running cmd (subprocess): sudo cinder-rootwrap /etc/cinder/rootwrap.conf qemu-img create -f qcow2 -o preallocation=metadata /opt/stack/data/cinder/mnt/9d8383da4b468d71c2b1bc29d0ddd6d2/volume-c6b9b8cc-21b8-4573-92bb-359dd9172268 1073741824 {{(pid=82705) execute /opt/stack/data/venv/lib/python3.10/site-packages/oslo_concurrency/processutils.py:440}}
Feb 26 19:47:14 devstack cinder-volume[82705]: DEBUG cinder.volume.manager [req-3a2004fa-66ad-4d2e-af13-9f441a64e759 req-13b0bba8-41b2-425e-a182-b96267f53717 tempest-VolumesSnapshotsTestJSON-1450927682 None] Task 'cinder.volume.flows.manager.create_volume.CreateVolumeFromSpecTask;volume:create' (08641df5-8727-4224-b65d-f34af8e495bd) transitioned into state 'SUCCESS' from state 'RUNNING' with result '{'status': 'creating', 'volume_name': 'volume-a26fb750-748b-4125-94db-b09649fb2ad2', 'volume_size': 1}' {{(pid=82705) _task_receiver /opt/stack/data/venv/lib/python3.10/site-packages/taskflow/listeners/logging.py:182}}
Feb 26 19:47:14 devstack cinder-volume[82705]: DEBUG cinder.volume.manager [req-3a2004fa-66ad-4d2e-af13-9f441a64e759 req-13b0bba8-41b2-425e-a182-b96267f53717 tempest-VolumesSnapshotsTestJSON-1450927682 None] Task 'cinder.volume.flows.manager.create_volume.CreateVolumeOnFinishTask;volume:create, create.end' (11ea1bd6-3589-4bba-84b3-2e4270eb4709) transitioned into state 'RUNNING' from state 'PENDING' {{(pid=82705) _task_receiver /opt/stack/data/venv/lib/python3.10/site-packages/taskflow/listeners/logging.py:194}}
Feb 26 19:47:14 devstack sudo[86394]: quobyte : PWD=/ ; USER=root ; COMMAND=/opt/stack/data/venv/bin/cinder-rootwrap /etc/cinder/rootwrap.conf qemu-img create -f qcow2 -o preallocation=metadata /opt/stack/data/cinder/mnt/9d8383da4b468d71c2b1bc29d0ddd6d2/volume-c6b9b8cc-21b8-4573-92bb-359dd9172268 1073741824
Feb 26 19:47:14 devstack sudo[86394]: pam_unix(sudo:session): session opened for user root(uid=0) by (uid=1000)
Feb 26 19:47:14 devstack cinder-volume[82705]: INFO cinder.volume.flows.manager.create_volume [req-3a2004fa-66ad-4d2e-af13-9f441a64e759 req-13b0bba8-41b2-425e-a182-b96267f53717 tempest-VolumesSnapshotsTestJSON-1450927682 None] Volume volume-a26fb750-748b-4125-94db-b09649fb2ad2 (a26fb750-748b-4125-94db-b09649fb2ad2): created successfully
Feb 26 19:47:14 devstack cinder-volume[82705]: DEBUG cinder.volume.manager [req-3a2004fa-66ad-4d2e-af13-9f441a64e759 req-13b0bba8-41b2-425e-a182-b96267f53717 tempest-VolumesSnapshotsTestJSON-1450927682 None] Task 'cinder.volume.flows.manager.create_volume.CreateVolumeOnFinishTask;volume:create, create.end' (11ea1bd6-3589-4bba-84b3-2e4270eb4709) transitioned into state 'SUCCESS' from state 'RUNNING' with result 'None' {{(pid=82705) _task_receiver /opt/stack/data/venv/lib/python3.10/site-packages/taskflow/listeners/logging.py:182}}
Feb 26 19:47:14 devstack cinder-volume[82705]: DEBUG cinder.volume.manager [req-3a2004fa-66ad-4d2e-af13-9f441a64e759 req-13b0bba8-41b2-425e-a182-b96267f53717 tempest-VolumesSnapshotsTestJSON-1450927682 None] Flow 'volume_create_manager' (57c60e14-f88c-40cd-8c5e-18cb44c9342c) transitioned into state 'SUCCESS' from state 'RUNNING' {{(pid=82705) _flow_receiver /opt/stack/data/venv/lib/python3.10/site-packages/taskflow/listeners/logging.py:145}}
Feb 26 19:47:14 devstack cinder-volume[82705]: INFO cinder.volume.manager [req-3a2004fa-66ad-4d2e-af13-9f441a64e759 req-13b0bba8-41b2-425e-a182-b96267f53717 tempest-VolumesSnapshotsTestJSON-1450927682 None] Created volume successfully.
Feb 26 19:47:14 devstack cinder-volume[82705]: DEBUG oslo_concurrency.lockutils [None req-3e03e9e8-7559-467f-bdc3-22e7d6b71f91 tempest-VolumesDeleteCascade-423452821 None] Acquiring lock "quobyte" by "cinder.volume.drivers.quobyte.QuobyteDriver.create_snapshot" {{(pid=82705) inner /opt/stack/data/venv/lib/python3.10/site-packages/oslo_concurrency/lockutils.py:506}}
Feb 26 19:47:14 devstack sudo[86394]: pam_unix(sudo:session): session closed for user root
Feb 26 19:47:14 devstack cinder-volume[82705]: DEBUG oslo_concurrency.processutils [None req-9e2cb08a-6f67-48cc-bdea-cca0fd8aa410 tempest-VolumesListAdminTestJSON-30504968 None] CMD "sudo cinder-rootwrap /etc/cinder/rootwrap.conf qemu-img create -f qcow2 -o preallocation=metadata /opt/stack/data/cinder/mnt/9d8383da4b468d71c2b1bc29d0ddd6d2/volume-c6b9b8cc-21b8-4573-92bb-359dd9172268 1073741824" returned: 0 in 0.512s {{(pid=82705) execute /opt/stack/data/venv/lib/python3.10/site-packages/oslo_concurrency/processutils.py:468}}
Feb 26 19:47:14 devstack cinder-volume[82705]: DEBUG oslo_concurrency.processutils [None req-9e2cb08a-6f67-48cc-bdea-cca0fd8aa410 tempest-VolumesListAdminTestJSON-30504968 None] Running cmd (subprocess): sudo cinder-rootwrap /etc/cinder/rootwrap.conf chmod ugo+rw /opt/stack/data/cinder/mnt/9d8383da4b468d71c2b1bc29d0ddd6d2/volume-c6b9b8cc-21b8-4573-92bb-359dd9172268 {{(pid=82705) execute /opt/stack/data/venv/lib/python3.10/site-packages/oslo_concurrency/processutils.py:440}}
Feb 26 19:47:14 devstack sudo[86399]: quobyte : PWD=/ ; USER=root ; COMMAND=/opt/stack/data/venv/bin/cinder-rootwrap /etc/cinder/rootwrap.conf chmod ugo+rw /opt/stack/data/cinder/mnt/9d8383da4b468d71c2b1bc29d0ddd6d2/volume-c6b9b8cc-21b8-4573-92bb-359dd9172268
Feb 26 19:47:14 devstack sudo[86399]: pam_unix(sudo:session): session opened for user root(uid=0) by (uid=1000)
Feb 26 19:47:15 devstack sudo[86399]: pam_unix(sudo:session): session closed for user root
Feb 26 19:47:15 devstack cinder-volume[82705]: DEBUG oslo_concurrency.processutils [None req-9e2cb08a-6f67-48cc-bdea-cca0fd8aa410 tempest-VolumesListAdminTestJSON-30504968 None] CMD "sudo cinder-rootwrap /etc/cinder/rootwrap.conf chmod ugo+rw /opt/stack/data/cinder/mnt/9d8383da4b468d71c2b1bc29d0ddd6d2/volume-c6b9b8cc-21b8-4573-92bb-359dd9172268" returned: 0 in 0.394s {{(pid=82705) execute /opt/stack/data/venv/lib/python3.10/site-packages/oslo_concurrency/processutils.py:468}}
Feb 26 19:47:15 devstack cinder-volume[82705]: DEBUG cinder.volume.drivers.quobyte [None req-9e2cb08a-6f67-48cc-bdea-cca0fd8aa410 tempest-VolumesListAdminTestJSON-30504968 None] <== create_volume: return (930ms) {'provider_location': 'osci02.corp.quobyte.com/cinder-vol-6c5cbe11-2885-433f-92ee-79423a286da7'} {{(pid=82705) trace_logging_wrapper /opt/stack/cinder/cinder/volume/volume_utils.py:1523}}
Feb 26 19:47:15 devstack cinder-volume[82705]: DEBUG oslo_concurrency.lockutils [None req-9e2cb08a-6f67-48cc-bdea-cca0fd8aa410 tempest-VolumesListAdminTestJSON-30504968 None] Lock "quobyte" "released" by "cinder.volume.drivers.quobyte.QuobyteDriver.create_volume" :: held 0.933s {{(pid=82705) inner /opt/stack/data/venv/lib/python3.10/site-packages/oslo_concurrency/lockutils.py:538}}
Feb 26 19:47:15 devstack cinder-volume[82705]: DEBUG oslo_concurrency.lockutils [None req-c641c5a6-178b-4b04-a44c-546d5649fe73 tempest-GroupSnapshotsTest-2108178243 None] Lock "quobyte" acquired by "cinder.volume.drivers.quobyte.QuobyteDriver.create_volume" :: waited 4.375s {{(pid=82705) inner /opt/stack/data/venv/lib/python3.10/site-packages/oslo_concurrency/lockutils.py:519}}
Feb 26 19:47:15 devstack cinder-volume[82705]: DEBUG cinder.volume.drivers.quobyte [None req-c641c5a6-178b-4b04-a44c-546d5649fe73 tempest-GroupSnapshotsTest-2108178243 None] ==> create_volume: call "{'self': , 'volume': Volume(_name_id=None,admin_metadata=,attach_status='detached',availability_zone='nova',bootable=False,cluster=,cluster_name=None,consistencygroup=,consistencygroup_id=bf31ff11-fde8-4677-9eef-f5eb4ec26c7f,created_at=2026-02-26T18:47:11Z,deleted=False,deleted_at=None,display_description=None,display_name='tempest-volume-149244583',ec2_id=None,encryption_key_id=None,glance_metadata=,group=,group_id=bf31ff11-fde8-4677-9eef-f5eb4ec26c7f,host='devstack@QuobyteHD#QuobyteHD',id=1d7b0fd8-1f41-4dc1-a58a-ad04de533842,launched_at=None,metadata={},migration_status=None,multiattach=False,previous_status=None,project_id='5a5f7702c7d340f29b7241570c3aeecc',provider_auth=None,provider_geometry=None,provider_id=None,provider_location=None,replication_driver_data=None,replication_extended_status=None,replication_status=None,scheduled_at=2026-02-26T18:47:11Z,service_uuid=None,shared_targets=True,size=1,snapshot_id=None,snapshots=,source_volid=None,status='creating',terminated_at=None,updated_at=2026-02-26T18:47:11Z,use_quota=True,user_id='931fd3d02cb449acafd2486cc1e00d93',volume_attachment=VolumeAttachmentList,volume_type=VolumeType(f260f1a1-ba6f-48de-bc30-921be55f5ff8),volume_type_id=f260f1a1-ba6f-48de-bc30-921be55f5ff8)}" {{(pid=82705) trace_logging_wrapper /opt/stack/cinder/cinder/volume/volume_utils.py:1498}}
Feb 26 19:47:15 devstack cinder-volume[82705]: DEBUG cinder.volume.drivers.remotefs [None req-c641c5a6-178b-4b04-a44c-546d5649fe73 tempest-GroupSnapshotsTest-2108178243 None] Creating volume 1d7b0fd8-1f41-4dc1-a58a-ad04de533842 {{(pid=82705) create_volume /opt/stack/cinder/cinder/volume/drivers/remotefs.py:292}}
Feb 26 19:47:15 devstack cinder-volume[82705]: DEBUG oslo_concurrency.lockutils [None req-c641c5a6-178b-4b04-a44c-546d5649fe73 tempest-GroupSnapshotsTest-2108178243 None] Acquiring lock "quobyte_ensure" by "cinder.volume.drivers.quobyte.QuobyteDriver._ensure_shares_mounted" {{(pid=82705) inner /opt/stack/data/venv/lib/python3.10/site-packages/oslo_concurrency/lockutils.py:506}}
Feb 26 19:47:15 devstack cinder-volume[82705]: DEBUG oslo_concurrency.lockutils [None req-c641c5a6-178b-4b04-a44c-546d5649fe73 tempest-GroupSnapshotsTest-2108178243 None] Lock "quobyte_ensure" acquired by "cinder.volume.drivers.quobyte.QuobyteDriver._ensure_shares_mounted" :: waited 0.000s {{(pid=82705) inner /opt/stack/data/venv/lib/python3.10/site-packages/oslo_concurrency/lockutils.py:519}}
Feb 26 19:47:15 devstack cinder-volume[82705]: DEBUG cinder.volume.drivers.quobyte [None req-c641c5a6-178b-4b04-a44c-546d5649fe73 tempest-GroupSnapshotsTest-2108178243 None] Quobyte Volume URL set to: {'osci02.corp.quobyte.com/cinder-vol-6c5cbe11-2885-433f-92ee-79423a286da7': None} {{(pid=82705) _load_shares_config /opt/stack/cinder/cinder/volume/drivers/quobyte.py:617}}
Feb 26 19:47:15 devstack cinder-volume[82705]: DEBUG cinder.volume.drivers.quobyte [None req-c641c5a6-178b-4b04-a44c-546d5649fe73 tempest-GroupSnapshotsTest-2108178243 None] Available shares ['osci02.corp.quobyte.com/cinder-vol-6c5cbe11-2885-433f-92ee-79423a286da7'] {{(pid=82705) _ensure_shares_mounted /opt/stack/cinder/cinder/volume/drivers/quobyte.py:647}}
Feb 26 19:47:15 devstack cinder-volume[82705]: DEBUG oslo_concurrency.lockutils [None req-c641c5a6-178b-4b04-a44c-546d5649fe73 tempest-GroupSnapshotsTest-2108178243 None] Lock "quobyte_ensure" "released" by "cinder.volume.drivers.quobyte.QuobyteDriver._ensure_shares_mounted" :: held 0.004s {{(pid=82705) inner /opt/stack/data/venv/lib/python3.10/site-packages/oslo_concurrency/lockutils.py:538}}
Feb 26 19:47:15 devstack cinder-volume[82705]: DEBUG cinder.volume.drivers.quobyte [None req-c641c5a6-178b-4b04-a44c-546d5649fe73 tempest-GroupSnapshotsTest-2108178243 None] Selected osci02.corp.quobyte.com/cinder-vol-6c5cbe11-2885-433f-92ee-79423a286da7 as target Quobyte volume. {{(pid=82705) _find_share /opt/stack/cinder/cinder/volume/drivers/quobyte.py:668}}
Feb 26 19:47:15 devstack cinder-volume[82705]: INFO cinder.volume.drivers.remotefs [None req-c641c5a6-178b-4b04-a44c-546d5649fe73 tempest-GroupSnapshotsTest-2108178243 None] casted to osci02.corp.quobyte.com/cinder-vol-6c5cbe11-2885-433f-92ee-79423a286da7
Feb 26 19:47:15 devstack cinder-volume[82705]: DEBUG oslo_concurrency.processutils [None req-c641c5a6-178b-4b04-a44c-546d5649fe73 tempest-GroupSnapshotsTest-2108178243 None] Running cmd (subprocess): sudo cinder-rootwrap /etc/cinder/rootwrap.conf qemu-img create -f qcow2 -o preallocation=metadata /opt/stack/data/cinder/mnt/9d8383da4b468d71c2b1bc29d0ddd6d2/volume-1d7b0fd8-1f41-4dc1-a58a-ad04de533842 1073741824 {{(pid=82705) execute /opt/stack/data/venv/lib/python3.10/site-packages/oslo_concurrency/processutils.py:440}}
Feb 26 19:47:15 devstack cinder-volume[82705]: DEBUG cinder.volume.manager [None req-9e2cb08a-6f67-48cc-bdea-cca0fd8aa410 tempest-VolumesListAdminTestJSON-30504968 None] Task 'cinder.volume.flows.manager.create_volume.CreateVolumeFromSpecTask;volume:create' (dfec0ddf-2d64-473d-be02-13cdcc88a28e) transitioned into state 'SUCCESS' from state 'RUNNING' with result '{'status': 'creating', 'volume_name': 'volume-c6b9b8cc-21b8-4573-92bb-359dd9172268', 'volume_size': 1}' {{(pid=82705) _task_receiver /opt/stack/data/venv/lib/python3.10/site-packages/taskflow/listeners/logging.py:182}}
Feb 26 19:47:15 devstack cinder-volume[82705]: DEBUG cinder.volume.manager [None req-9e2cb08a-6f67-48cc-bdea-cca0fd8aa410 tempest-VolumesListAdminTestJSON-30504968 None] Task 'cinder.volume.flows.manager.create_volume.CreateVolumeOnFinishTask;volume:create, create.end' (874473de-4c56-4a31-a579-27dbcacda4bb) transitioned into state 'RUNNING' from state 'PENDING' {{(pid=82705) _task_receiver /opt/stack/data/venv/lib/python3.10/site-packages/taskflow/listeners/logging.py:194}}
Feb 26 19:47:15 devstack sudo[86402]: quobyte : PWD=/ ; USER=root ; COMMAND=/opt/stack/data/venv/bin/cinder-rootwrap /etc/cinder/rootwrap.conf qemu-img create -f qcow2 -o preallocation=metadata /opt/stack/data/cinder/mnt/9d8383da4b468d71c2b1bc29d0ddd6d2/volume-1d7b0fd8-1f41-4dc1-a58a-ad04de533842 1073741824
Feb 26 19:47:15 devstack sudo[86402]: pam_unix(sudo:session): session opened for user root(uid=0) by (uid=1000)
Feb 26 19:47:15 devstack cinder-volume[82705]: INFO cinder.volume.flows.manager.create_volume [None req-9e2cb08a-6f67-48cc-bdea-cca0fd8aa410 tempest-VolumesListAdminTestJSON-30504968 None] Volume volume-c6b9b8cc-21b8-4573-92bb-359dd9172268 (c6b9b8cc-21b8-4573-92bb-359dd9172268): created successfully
Feb 26 19:47:15 devstack cinder-volume[82705]: DEBUG cinder.volume.manager [None req-9e2cb08a-6f67-48cc-bdea-cca0fd8aa410 tempest-VolumesListAdminTestJSON-30504968 None] Task 'cinder.volume.flows.manager.create_volume.CreateVolumeOnFinishTask;volume:create, create.end' (874473de-4c56-4a31-a579-27dbcacda4bb) transitioned into state 'SUCCESS' from state 'RUNNING' with result 'None' {{(pid=82705) _task_receiver /opt/stack/data/venv/lib/python3.10/site-packages/taskflow/listeners/logging.py:182}}
Feb 26 19:47:15 devstack cinder-volume[82705]: DEBUG cinder.volume.manager [None req-9e2cb08a-6f67-48cc-bdea-cca0fd8aa410 tempest-VolumesListAdminTestJSON-30504968 None] Flow 'volume_create_manager' (6e537c4d-e54c-41f0-b2da-4f92be03611a) transitioned into state 'SUCCESS' from state 'RUNNING' {{(pid=82705) _flow_receiver /opt/stack/data/venv/lib/python3.10/site-packages/taskflow/listeners/logging.py:145}}
Feb 26 19:47:15 devstack cinder-volume[82705]: INFO cinder.volume.manager [None req-9e2cb08a-6f67-48cc-bdea-cca0fd8aa410 tempest-VolumesListAdminTestJSON-30504968 None] Created volume successfully.
Feb 26 19:47:15 devstack cinder-volume[82705]: DEBUG oslo_concurrency.lockutils [req-4e2f92d4-9d35-462c-b881-17088b9dedfd req-31f7316d-4ab3-4299-88d3-3207564c1bab tempest-VolumesSnapshotsTestJSON-1450927682 None] Acquiring lock "quobyte" by "cinder.volume.drivers.quobyte.QuobyteDriver.create_snapshot" {{(pid=82705) inner /opt/stack/data/venv/lib/python3.10/site-packages/oslo_concurrency/lockutils.py:506}}
Feb 26 19:47:15 devstack sudo[86402]: pam_unix(sudo:session): session closed for user root
Feb 26 19:47:15 devstack cinder-volume[82705]: DEBUG oslo_concurrency.processutils [None req-c641c5a6-178b-4b04-a44c-546d5649fe73 tempest-GroupSnapshotsTest-2108178243 None] CMD "sudo cinder-rootwrap /etc/cinder/rootwrap.conf qemu-img create -f qcow2 -o preallocation=metadata /opt/stack/data/cinder/mnt/9d8383da4b468d71c2b1bc29d0ddd6d2/volume-1d7b0fd8-1f41-4dc1-a58a-ad04de533842 1073741824" returned: 0 in 0.634s {{(pid=82705) execute /opt/stack/data/venv/lib/python3.10/site-packages/oslo_concurrency/processutils.py:468}}
Feb 26 19:47:15 devstack cinder-volume[82705]: DEBUG oslo_concurrency.processutils [None req-c641c5a6-178b-4b04-a44c-546d5649fe73 tempest-GroupSnapshotsTest-2108178243 None] Running cmd (subprocess): sudo cinder-rootwrap /etc/cinder/rootwrap.conf chmod ugo+rw /opt/stack/data/cinder/mnt/9d8383da4b468d71c2b1bc29d0ddd6d2/volume-1d7b0fd8-1f41-4dc1-a58a-ad04de533842 {{(pid=82705) execute /opt/stack/data/venv/lib/python3.10/site-packages/oslo_concurrency/processutils.py:440}}
Feb 26 19:47:15 devstack sudo[86407]: quobyte : PWD=/ ; USER=root ; COMMAND=/opt/stack/data/venv/bin/cinder-rootwrap /etc/cinder/rootwrap.conf chmod ugo+rw /opt/stack/data/cinder/mnt/9d8383da4b468d71c2b1bc29d0ddd6d2/volume-1d7b0fd8-1f41-4dc1-a58a-ad04de533842
Feb 26 19:47:15 devstack sudo[86407]: pam_unix(sudo:session): session opened for user root(uid=0) by (uid=1000)
Feb 26 19:47:16 devstack cinder-volume[82705]: DEBUG cinder.volume.flows.manager.create_volume [None req-fdfdd58d-deba-4dad-83f1-57a73dfdd059 tempest-VolumesListAdminTestJSON-30504968 None] Volume reschedule parameters: True retry: {'num_attempts': 1, 'backends': ['devstack@QuobyteHD#QuobyteHD'], 'hosts': ['devstack@QuobyteHD#QuobyteHD']} {{(pid=82705) get_flow /opt/stack/cinder/cinder/volume/flows/manager/create_volume.py:1388}}
Feb 26 19:47:16 devstack cinder-volume[82705]: DEBUG cinder.volume.manager [None req-fdfdd58d-deba-4dad-83f1-57a73dfdd059 tempest-VolumesListAdminTestJSON-30504968 None] Flow 'volume_create_manager' (15a19433-8fdf-48c1-9b83-e199f5c62220) transitioned into state 'RUNNING' from state 'PENDING' {{(pid=82705) _flow_receiver /opt/stack/data/venv/lib/python3.10/site-packages/taskflow/listeners/logging.py:145}}
Feb 26 19:47:16 devstack cinder-volume[82705]: DEBUG cinder.volume.manager [None req-fdfdd58d-deba-4dad-83f1-57a73dfdd059 tempest-VolumesListAdminTestJSON-30504968 None] Task 'cinder.volume.flows.manager.create_volume.ExtractVolumeRefTask;volume:create' (14c3fedc-cb12-44fd-b44e-8df03366fe77) transitioned into state 'RUNNING' from state 'PENDING' {{(pid=82705) _task_receiver /opt/stack/data/venv/lib/python3.10/site-packages/taskflow/listeners/logging.py:194}}
Feb 26 19:47:16 devstack cinder-volume[82705]: DEBUG cinder.volume.manager [None req-fdfdd58d-deba-4dad-83f1-57a73dfdd059 tempest-VolumesListAdminTestJSON-30504968 None] Task 'cinder.volume.flows.manager.create_volume.ExtractVolumeRefTask;volume:create' (14c3fedc-cb12-44fd-b44e-8df03366fe77) transitioned into state 'SUCCESS' from state 'RUNNING' with result 'Volume(_name_id=None,admin_metadata=,attach_status='detached',availability_zone='nova',bootable=False,cluster=,cluster_name=None,consistencygroup=,consistencygroup_id=None,created_at=2026-02-26T18:47:16Z,deleted=False,deleted_at=None,display_description=None,display_name='tempest-VolumesListAdminTestJSON-Volume-1056337627',ec2_id=None,encryption_key_id=None,glance_metadata=,group=,group_id=None,host='devstack@QuobyteHD#QuobyteHD',id=734bd00d-768d-4f2d-921a-829ff19e9b23,launched_at=None,metadata={},migration_status=None,multiattach=False,previous_status=None,project_id='4f2af70cc0dc4b3295997c52d77d8fea',provider_auth=None,provider_geometry=None,provider_id=None,provider_location=None,replication_driver_data=None,replication_extended_status=None,replication_status=None,scheduled_at=2026-02-26T18:47:16Z,service_uuid=None,shared_targets=True,size=1,snapshot_id=None,snapshots=,source_volid=None,status='creating',terminated_at=None,updated_at=2026-02-26T18:47:16Z,use_quota=True,user_id='cd0934f9900c43868992d5b2625955ba',volume_attachment=VolumeAttachmentList,volume_type=VolumeType(756c5147-252c-4f6f-828e-9f09a64da7cd),volume_type_id=756c5147-252c-4f6f-828e-9f09a64da7cd)' {{(pid=82705) _task_receiver /opt/stack/data/venv/lib/python3.10/site-packages/taskflow/listeners/logging.py:182}}
Feb 26 19:47:16 devstack cinder-volume[82705]: DEBUG cinder.volume.manager [None req-fdfdd58d-deba-4dad-83f1-57a73dfdd059 tempest-VolumesListAdminTestJSON-30504968 None] Task 'cinder.volume.flows.manager.create_volume.OnFailureRescheduleTask;volume:create' (42020ce0-267f-484b-a7e9-29044f2ca005) transitioned into state 'RUNNING' from state 'PENDING' {{(pid=82705) _task_receiver /opt/stack/data/venv/lib/python3.10/site-packages/taskflow/listeners/logging.py:194}}
Feb 26 19:47:16 devstack cinder-volume[82705]: DEBUG cinder.volume.manager [None req-fdfdd58d-deba-4dad-83f1-57a73dfdd059 tempest-VolumesListAdminTestJSON-30504968 None] Task 'cinder.volume.flows.manager.create_volume.OnFailureRescheduleTask;volume:create' (42020ce0-267f-484b-a7e9-29044f2ca005) transitioned into state 'SUCCESS' from state 'RUNNING' with result 'None' {{(pid=82705) _task_receiver /opt/stack/data/venv/lib/python3.10/site-packages/taskflow/listeners/logging.py:182}}
Feb 26 19:47:16 devstack cinder-volume[82705]: DEBUG cinder.volume.manager [None req-fdfdd58d-deba-4dad-83f1-57a73dfdd059 tempest-VolumesListAdminTestJSON-30504968 None] Task 'cinder.volume.flows.manager.create_volume.ExtractVolumeSpecTask;volume:create' (e0e8e8f6-734e-4f3d-8f33-da03300e25cf) transitioned into state 'RUNNING' from state 'PENDING' {{(pid=82705) _task_receiver /opt/stack/data/venv/lib/python3.10/site-packages/taskflow/listeners/logging.py:194}}
Feb 26 19:47:16 devstack cinder-volume[82705]: DEBUG cinder.volume.manager [None req-fdfdd58d-deba-4dad-83f1-57a73dfdd059 tempest-VolumesListAdminTestJSON-30504968 None] Task 'cinder.volume.flows.manager.create_volume.ExtractVolumeSpecTask;volume:create' (e0e8e8f6-734e-4f3d-8f33-da03300e25cf) transitioned into state 'SUCCESS' from state 'RUNNING' with result '{'status': 'creating', 'type': 'raw', 'volume_id': '734bd00d-768d-4f2d-921a-829ff19e9b23', 'volume_name': 'volume-734bd00d-768d-4f2d-921a-829ff19e9b23', 'volume_size': 1}' {{(pid=82705) _task_receiver /opt/stack/data/venv/lib/python3.10/site-packages/taskflow/listeners/logging.py:182}}
Feb 26 19:47:16 devstack cinder-volume[82705]: DEBUG cinder.volume.manager [None req-fdfdd58d-deba-4dad-83f1-57a73dfdd059 tempest-VolumesListAdminTestJSON-30504968 None] Task 'cinder.volume.flows.manager.create_volume.NotifyVolumeActionTask;volume:create, create.start' (50367e10-f9a3-4fa8-9ee4-a8c5d03e4acf) transitioned into state 'RUNNING' from state 'PENDING' {{(pid=82705) _task_receiver /opt/stack/data/venv/lib/python3.10/site-packages/taskflow/listeners/logging.py:194}}
Feb 26 19:47:16 devstack cinder-volume[82705]: DEBUG cinder.volume.manager [None req-fdfdd58d-deba-4dad-83f1-57a73dfdd059 tempest-VolumesListAdminTestJSON-30504968 None] Task 'cinder.volume.flows.manager.create_volume.NotifyVolumeActionTask;volume:create, create.start' (50367e10-f9a3-4fa8-9ee4-a8c5d03e4acf) transitioned into state 'SUCCESS' from state 'RUNNING' with result 'None' {{(pid=82705) _task_receiver /opt/stack/data/venv/lib/python3.10/site-packages/taskflow/listeners/logging.py:182}}
Feb 26 19:47:16 devstack cinder-volume[82705]: DEBUG cinder.volume.manager [None req-fdfdd58d-deba-4dad-83f1-57a73dfdd059 tempest-VolumesListAdminTestJSON-30504968 None] Task 'cinder.volume.flows.manager.create_volume.CreateVolumeFromSpecTask;volume:create' (c4fde3c3-21ea-483a-a64a-a2457f7d06b0) transitioned into state 'RUNNING' from state 'PENDING' {{(pid=82705) _task_receiver /opt/stack/data/venv/lib/python3.10/site-packages/taskflow/listeners/logging.py:194}}
Feb 26 19:47:16 devstack cinder-volume[82705]: INFO cinder.volume.flows.manager.create_volume [None req-fdfdd58d-deba-4dad-83f1-57a73dfdd059 tempest-VolumesListAdminTestJSON-30504968 None] Volume 734bd00d-768d-4f2d-921a-829ff19e9b23: being created as raw with specification: {'status': 'creating', 'volume_name': 'volume-734bd00d-768d-4f2d-921a-829ff19e9b23', 'volume_size': 1}
Feb 26 19:47:16 devstack cinder-volume[82705]: DEBUG oslo_concurrency.lockutils [None req-fdfdd58d-deba-4dad-83f1-57a73dfdd059 tempest-VolumesListAdminTestJSON-30504968 None] Acquiring lock "quobyte" by "cinder.volume.drivers.quobyte.QuobyteDriver.create_volume" {{(pid=82705) inner /opt/stack/data/venv/lib/python3.10/site-packages/oslo_concurrency/lockutils.py:506}}
Feb 26 19:47:16 devstack sudo[86407]: pam_unix(sudo:session): session closed for user root
Feb 26 19:47:16 devstack cinder-volume[82705]: DEBUG oslo_concurrency.processutils [None req-c641c5a6-178b-4b04-a44c-546d5649fe73 tempest-GroupSnapshotsTest-2108178243 None] CMD "sudo cinder-rootwrap /etc/cinder/rootwrap.conf chmod ugo+rw /opt/stack/data/cinder/mnt/9d8383da4b468d71c2b1bc29d0ddd6d2/volume-1d7b0fd8-1f41-4dc1-a58a-ad04de533842" returned: 0 in 0.462s {{(pid=82705) execute /opt/stack/data/venv/lib/python3.10/site-packages/oslo_concurrency/processutils.py:468}}
Feb 26 19:47:16 devstack cinder-volume[82705]: DEBUG cinder.volume.drivers.quobyte [None req-c641c5a6-178b-4b04-a44c-546d5649fe73 tempest-GroupSnapshotsTest-2108178243 None] <== create_volume: return (1121ms) {'provider_location': 'osci02.corp.quobyte.com/cinder-vol-6c5cbe11-2885-433f-92ee-79423a286da7'} {{(pid=82705) trace_logging_wrapper /opt/stack/cinder/cinder/volume/volume_utils.py:1523}}
Feb 26 19:47:16 devstack cinder-volume[82705]: DEBUG oslo_concurrency.lockutils [None req-c641c5a6-178b-4b04-a44c-546d5649fe73 tempest-GroupSnapshotsTest-2108178243 None] Lock "quobyte" "released" by "cinder.volume.drivers.quobyte.QuobyteDriver.create_volume" :: held 1.123s {{(pid=82705) inner /opt/stack/data/venv/lib/python3.10/site-packages/oslo_concurrency/lockutils.py:538}}
Feb 26 19:47:16 devstack cinder-volume[82705]: DEBUG oslo_concurrency.lockutils [None req-3e03e9e8-7559-467f-bdc3-22e7d6b71f91 tempest-VolumesDeleteCascade-423452821 None] Lock "quobyte" acquired by "cinder.volume.drivers.quobyte.QuobyteDriver.create_snapshot" :: waited 1.968s {{(pid=82705) inner /opt/stack/data/venv/lib/python3.10/site-packages/oslo_concurrency/lockutils.py:519}}
