Jul 23 22:13:56 devstack devstack@c-api.service[75919]: DEBUG cinder.api.v3.router [None req-fa4f4652-9768-49ef-8594-bcd179d15062 None None] Extended resource: capabilities {{(pid=75919) _setup_ext_routes /opt/stack/cinder/cinder/api/v3/router.py:122}}
Jul 23 22:13:56 devstack devstack@c-api.service[75917]: DEBUG cinder.api.v3.router [None req-8be10b1a-6ed9-4753-85bb-a190b634801d None None] Extended resource: os-volume-transfer {{(pid=75917) _setup_ext_routes /opt/stack/cinder/cinder/api/v3/router.py:122}}
Jul 23 22:13:56 devstack devstack@c-api.service[75919]: DEBUG cinder.api.v3.router [None req-fa4f4652-9768-49ef-8594-bcd179d15062 None None] Extended resource: backups {{(pid=75919) _setup_ext_routes /opt/stack/cinder/cinder/api/v3/router.py:122}}
Jul 23 22:13:56 devstack devstack@c-api.service[75917]: WARNING stevedore.named [None req-8be10b1a-6ed9-4753-85bb-a190b634801d None None] Could not load cinder.keymgr.conf_key_mgr.ConfKeyManager
Jul 23 22:13:56 devstack devstack@c-api.service[75917]: WARNING castellan.key_manager [None req-8be10b1a-6ed9-4753-85bb-a190b634801d None None] Deprecation Warning : cinder.keymgr.conf_key_mgr.ConfKeyManager is not a stevedore based driver, trying to load it as a class: stevedore.exception.NoMatches: No 'castellan.drivers' driver found, looking for 'cinder.keymgr.conf_key_mgr.ConfKeyManager'
Jul 23 22:13:56 devstack devstack@c-api.service[75919]: DEBUG cinder.api.v3.router [None req-fa4f4652-9768-49ef-8594-bcd179d15062 None None] Extended resource: os-snapshot-manage {{(pid=75919) _setup_ext_routes /opt/stack/cinder/cinder/api/v3/router.py:122}}
Jul 23 22:13:56 devstack devstack@c-api.service[75917]: DEBUG cinder.api.contrib.snapshot_actions [None req-8be10b1a-6ed9-4753-85bb-a190b634801d None None] SnapshotActionsController initialized {{(pid=75917) __init__ /opt/stack/cinder/cinder/api/contrib/snapshot_actions.py:33}}
Jul 23 22:13:56 devstack devstack@c-api.service[75917]: WARNING stevedore.named [None req-8be10b1a-6ed9-4753-85bb-a190b634801d None None] Could not load cinder.keymgr.conf_key_mgr.ConfKeyManager
Jul 23 22:13:56 devstack devstack@c-api.service[75917]: WARNING castellan.key_manager [None req-8be10b1a-6ed9-4753-85bb-a190b634801d None None] Deprecation Warning : cinder.keymgr.conf_key_mgr.ConfKeyManager is not a stevedore based driver, trying to load it as a class: stevedore.exception.NoMatches: No 'castellan.drivers' driver found, looking for 'cinder.keymgr.conf_key_mgr.ConfKeyManager'
Jul 23 22:13:56 devstack devstack@c-api.service[75919]: DEBUG cinder.api.v3.router [None req-fa4f4652-9768-49ef-8594-bcd179d15062 None None] Extended resource: os-quota-class-sets {{(pid=75919) _setup_ext_routes /opt/stack/cinder/cinder/api/v3/router.py:122}}
Jul 23 22:13:56 devstack devstack@c-api.service[75917]: WARNING stevedore.named [None req-8be10b1a-6ed9-4753-85bb-a190b634801d None None] Could not load cinder.keymgr.conf_key_mgr.ConfKeyManager
Jul 23 22:13:56 devstack devstack@c-api.service[75917]: WARNING castellan.key_manager [None req-8be10b1a-6ed9-4753-85bb-a190b634801d None None] Deprecation Warning : cinder.keymgr.conf_key_mgr.ConfKeyManager is not a stevedore based driver, trying to load it as a class: stevedore.exception.NoMatches: No 'castellan.drivers' driver found, looking for 'cinder.keymgr.conf_key_mgr.ConfKeyManager'
Jul 23 22:13:56 devstack devstack@c-api.service[75919]: DEBUG cinder.api.v3.router [None req-fa4f4652-9768-49ef-8594-bcd179d15062 None None] Extended resource: os-hosts {{(pid=75919) _setup_ext_routes /opt/stack/cinder/cinder/api/v3/router.py:122}}
Jul 23 22:13:56 devstack devstack@c-api.service[75917]: WARNING stevedore.named [None req-8be10b1a-6ed9-4753-85bb-a190b634801d None None] Could not load cinder.keymgr.conf_key_mgr.ConfKeyManager
Jul 23 22:13:56 devstack devstack@c-api.service[75917]: WARNING castellan.key_manager [None req-8be10b1a-6ed9-4753-85bb-a190b634801d None None] Deprecation Warning : cinder.keymgr.conf_key_mgr.ConfKeyManager is not a stevedore based driver, trying to load it as a class: stevedore.exception.NoMatches: No 'castellan.drivers' driver found, looking for 'cinder.keymgr.conf_key_mgr.ConfKeyManager'
Jul 23 22:13:56 devstack devstack@c-api.service[75919]: DEBUG cinder.api.v3.router [None req-fa4f4652-9768-49ef-8594-bcd179d15062 None None] Extended resource: encryption {{(pid=75919) _setup_ext_routes /opt/stack/cinder/cinder/api/v3/router.py:122}}
Jul 23 22:13:56 devstack devstack@c-api.service[75917]: WARNING stevedore.named [None req-8be10b1a-6ed9-4753-85bb-a190b634801d None None] Could not load cinder.keymgr.conf_key_mgr.ConfKeyManager
Jul 23 22:13:56 devstack devstack@c-api.service[75917]: WARNING castellan.key_manager [None req-8be10b1a-6ed9-4753-85bb-a190b634801d None None] Deprecation Warning : cinder.keymgr.conf_key_mgr.ConfKeyManager is not a stevedore based driver, trying to load it as a class: stevedore.exception.NoMatches: No 'castellan.drivers' driver found, looking for 'cinder.keymgr.conf_key_mgr.ConfKeyManager'
Jul 23 22:13:56 devstack devstack@c-api.service[75917]: WARNING stevedore.named [None req-8be10b1a-6ed9-4753-85bb-a190b634801d None None] Could not load cinder.keymgr.conf_key_mgr.ConfKeyManager
Jul 23 22:13:56 devstack devstack@c-api.service[75919]: DEBUG cinder.api.v3.router [None req-fa4f4652-9768-49ef-8594-bcd179d15062 None None] Extended resource: os-volume-transfer {{(pid=75919) _setup_ext_routes /opt/stack/cinder/cinder/api/v3/router.py:122}}
Jul 23 22:13:56 devstack devstack@c-api.service[75917]: WARNING castellan.key_manager [None req-8be10b1a-6ed9-4753-85bb-a190b634801d None None] Deprecation Warning : cinder.keymgr.conf_key_mgr.ConfKeyManager is not a stevedore based driver, trying to load it as a class: stevedore.exception.NoMatches: No 'castellan.drivers' driver found, looking for 'cinder.keymgr.conf_key_mgr.ConfKeyManager'
Jul 23 22:13:56 devstack devstack@c-api.service[75917]: WARNING stevedore.named [None req-8be10b1a-6ed9-4753-85bb-a190b634801d None None] Could not load cinder.keymgr.conf_key_mgr.ConfKeyManager
Jul 23 22:13:56 devstack devstack@c-api.service[75917]: WARNING castellan.key_manager [None req-8be10b1a-6ed9-4753-85bb-a190b634801d None None] Deprecation Warning : cinder.keymgr.conf_key_mgr.ConfKeyManager is not a stevedore based driver, trying to load it as a class: stevedore.exception.NoMatches: No 'castellan.drivers' driver found, looking for 'cinder.keymgr.conf_key_mgr.ConfKeyManager'
Jul 23 22:13:56 devstack devstack@c-api.service[75919]: WARNING stevedore.named [None req-fa4f4652-9768-49ef-8594-bcd179d15062 None None] Could not load cinder.keymgr.conf_key_mgr.ConfKeyManager
Jul 23 22:13:56 devstack devstack@c-api.service[75919]: WARNING castellan.key_manager [None req-fa4f4652-9768-49ef-8594-bcd179d15062 None None] Deprecation Warning : cinder.keymgr.conf_key_mgr.ConfKeyManager is not a stevedore based driver, trying to load it as a class: stevedore.exception.NoMatches: No 'castellan.drivers' driver found, looking for 'cinder.keymgr.conf_key_mgr.ConfKeyManager'
Jul 23 22:13:56 devstack devstack@c-api.service[75919]: DEBUG cinder.api.contrib.snapshot_actions [None req-fa4f4652-9768-49ef-8594-bcd179d15062 None None] SnapshotActionsController initialized {{(pid=75919) __init__ /opt/stack/cinder/cinder/api/contrib/snapshot_actions.py:33}}
Jul 23 22:13:56 devstack devstack@c-api.service[75919]: WARNING stevedore.named [None req-fa4f4652-9768-49ef-8594-bcd179d15062 None None] Could not load cinder.keymgr.conf_key_mgr.ConfKeyManager
Jul 23 22:13:56 devstack devstack@c-api.service[75919]: WARNING castellan.key_manager [None req-fa4f4652-9768-49ef-8594-bcd179d15062 None None] Deprecation Warning : cinder.keymgr.conf_key_mgr.ConfKeyManager is not a stevedore based driver, trying to load it as a class: stevedore.exception.NoMatches: No 'castellan.drivers' driver found, looking for 'cinder.keymgr.conf_key_mgr.ConfKeyManager'
Jul 23 22:13:56 devstack devstack@c-api.service[75919]: WARNING stevedore.named [None req-fa4f4652-9768-49ef-8594-bcd179d15062 None None] Could not load cinder.keymgr.conf_key_mgr.ConfKeyManager
Jul 23 22:13:56 devstack devstack@c-api.service[75917]: DEBUG cinder.api.v3.router [None req-8be10b1a-6ed9-4753-85bb-a190b634801d None None] Extension TypesManage extending resource: types {{(pid=75917) _setup_extensions /opt/stack/cinder/cinder/api/v3/router.py:155}}
Jul 23 22:13:56 devstack devstack@c-api.service[75919]: WARNING castellan.key_manager [None req-fa4f4652-9768-49ef-8594-bcd179d15062 None None] Deprecation Warning : cinder.keymgr.conf_key_mgr.ConfKeyManager is not a stevedore based driver, trying to load it as a class: stevedore.exception.NoMatches: No 'castellan.drivers' driver found, looking for 'cinder.keymgr.conf_key_mgr.ConfKeyManager'
Jul 23 22:13:56 devstack devstack@c-api.service[75917]: DEBUG cinder.api.v3.router [None req-8be10b1a-6ed9-4753-85bb-a190b634801d None None] Extension SnapshotUnmanage extending resource: snapshots {{(pid=75917) _setup_extensions /opt/stack/cinder/cinder/api/v3/router.py:155}}
Jul 23 22:13:56 devstack devstack@c-api.service[75917]: DEBUG cinder.api.v3.router [None req-8be10b1a-6ed9-4753-85bb-a190b634801d None None] Extension VolumeTypeAccess extending resource: types {{(pid=75917) _setup_extensions /opt/stack/cinder/cinder/api/v3/router.py:155}}
Jul 23 22:13:56 devstack devstack@c-api.service[75917]: DEBUG cinder.api.v3.router [None req-8be10b1a-6ed9-4753-85bb-a190b634801d None None] Extension VolumeHostAttribute extending resource: volumes {{(pid=75917) _setup_extensions /opt/stack/cinder/cinder/api/v3/router.py:155}}
Jul 23 22:13:56 devstack devstack@c-api.service[75917]: DEBUG cinder.api.v3.router [None req-8be10b1a-6ed9-4753-85bb-a190b634801d None None] Extension SnapshotActions extending resource: snapshots {{(pid=75917) _setup_extensions /opt/stack/cinder/cinder/api/v3/router.py:155}}
Jul 23 22:13:56 devstack devstack@c-api.service[75917]: DEBUG cinder.api.v3.router [None req-8be10b1a-6ed9-4753-85bb-a190b634801d None None] Extension VolumeTenantAttribute extending resource: volumes {{(pid=75917) _setup_extensions /opt/stack/cinder/cinder/api/v3/router.py:155}}
Jul 23 22:13:56 devstack devstack@c-api.service[75919]: WARNING stevedore.named [None req-fa4f4652-9768-49ef-8594-bcd179d15062 None None] Could not load cinder.keymgr.conf_key_mgr.ConfKeyManager
Jul 23 22:13:56 devstack devstack@c-api.service[75917]: DEBUG cinder.api.v3.router [None req-8be10b1a-6ed9-4753-85bb-a190b634801d None None] Extension VolumeMigStatusAttribute extending resource: volumes {{(pid=75917) _setup_extensions /opt/stack/cinder/cinder/api/v3/router.py:155}}
Jul 23 22:13:56 devstack devstack@c-api.service[75919]: WARNING castellan.key_manager [None req-fa4f4652-9768-49ef-8594-bcd179d15062 None None] Deprecation Warning : cinder.keymgr.conf_key_mgr.ConfKeyManager is not a stevedore based driver, trying to load it as a class: stevedore.exception.NoMatches: No 'castellan.drivers' driver found, looking for 'cinder.keymgr.conf_key_mgr.ConfKeyManager'
Jul 23 22:13:56 devstack devstack@c-api.service[75917]: DEBUG cinder.api.v3.router [None req-8be10b1a-6ed9-4753-85bb-a190b634801d None None] Extension VolumeImageMetadata extending resource: volumes {{(pid=75917) _setup_extensions /opt/stack/cinder/cinder/api/v3/router.py:155}}
Jul 23 22:13:56 devstack devstack@c-api.service[75917]: DEBUG cinder.api.v3.router [None req-8be10b1a-6ed9-4753-85bb-a190b634801d None None] Extension VolumeTypeEncryption extending resource: types {{(pid=75917) _setup_extensions /opt/stack/cinder/cinder/api/v3/router.py:155}}
Jul 23 22:13:56 devstack devstack@c-api.service[75917]: DEBUG cinder.api.v3.router [None req-8be10b1a-6ed9-4753-85bb-a190b634801d None None] Extension AdminActions extending resource: volumes {{(pid=75917) _setup_extensions /opt/stack/cinder/cinder/api/v3/router.py:155}}
Jul 23 22:13:56 devstack devstack@c-api.service[75917]: DEBUG cinder.api.v3.router [None req-8be10b1a-6ed9-4753-85bb-a190b634801d None None] Extension AdminActions extending resource: snapshots {{(pid=75917) _setup_extensions /opt/stack/cinder/cinder/api/v3/router.py:155}}
Jul 23 22:13:56 devstack devstack@c-api.service[75917]: DEBUG cinder.api.v3.router [None req-8be10b1a-6ed9-4753-85bb-a190b634801d None None] Extension AdminActions extending resource: backups {{(pid=75917) _setup_extensions /opt/stack/cinder/cinder/api/v3/router.py:155}}
Jul 23 22:13:56 devstack devstack@c-api.service[75919]: WARNING stevedore.named [None req-fa4f4652-9768-49ef-8594-bcd179d15062 None None] Could not load cinder.keymgr.conf_key_mgr.ConfKeyManager
Jul 23 22:13:56 devstack devstack@c-api.service[75917]: DEBUG cinder.api.v3.router [None req-8be10b1a-6ed9-4753-85bb-a190b634801d None None] Extension UsedLimits extending resource: limits {{(pid=75917) _setup_extensions /opt/stack/cinder/cinder/api/v3/router.py:155}}
Jul 23 22:13:56 devstack devstack@c-api.service[75919]: WARNING castellan.key_manager [None req-fa4f4652-9768-49ef-8594-bcd179d15062 None None] Deprecation Warning : cinder.keymgr.conf_key_mgr.ConfKeyManager is not a stevedore based driver, trying to load it as a class: stevedore.exception.NoMatches: No 'castellan.drivers' driver found, looking for 'cinder.keymgr.conf_key_mgr.ConfKeyManager'
Jul 23 22:13:56 devstack devstack@c-api.service[75917]: DEBUG cinder.api.v3.router [None req-8be10b1a-6ed9-4753-85bb-a190b634801d None None] Extension VolumeActions extending resource: volumes {{(pid=75917) _setup_extensions /opt/stack/cinder/cinder/api/v3/router.py:155}}
Jul 23 22:13:56 devstack devstack@c-api.service[75917]: DEBUG cinder.api.v3.router [None req-8be10b1a-6ed9-4753-85bb-a190b634801d None None] Extension ExtendedSnapshotAttributes extending resource: snapshots {{(pid=75917) _setup_extensions /opt/stack/cinder/cinder/api/v3/router.py:155}}
Jul 23 22:13:56 devstack devstack@c-api.service[75917]: DEBUG cinder.api.v3.router [None req-8be10b1a-6ed9-4753-85bb-a190b634801d None None] Extension VolumeUnmanage extending resource: volumes {{(pid=75917) _setup_extensions /opt/stack/cinder/cinder/api/v3/router.py:155}}
Jul 23 22:13:56 devstack devstack@c-api.service[75919]: WARNING stevedore.named [None req-fa4f4652-9768-49ef-8594-bcd179d15062 None None] Could not load cinder.keymgr.conf_key_mgr.ConfKeyManager
Jul 23 22:13:56 devstack devstack@c-api.service[75919]: WARNING castellan.key_manager [None req-fa4f4652-9768-49ef-8594-bcd179d15062 None None] Deprecation Warning : cinder.keymgr.conf_key_mgr.ConfKeyManager is not a stevedore based driver, trying to load it as a class: stevedore.exception.NoMatches: No 'castellan.drivers' driver found, looking for 'cinder.keymgr.conf_key_mgr.ConfKeyManager'
Jul 23 22:13:56 devstack devstack@c-api.service[75919]: WARNING stevedore.named [None req-fa4f4652-9768-49ef-8594-bcd179d15062 None None] Could not load cinder.keymgr.conf_key_mgr.ConfKeyManager
Jul 23 22:13:56 devstack devstack@c-api.service[75919]: WARNING castellan.key_manager [None req-fa4f4652-9768-49ef-8594-bcd179d15062 None None] Deprecation Warning : cinder.keymgr.conf_key_mgr.ConfKeyManager is not a stevedore based driver, trying to load it as a class: stevedore.exception.NoMatches: No 'castellan.drivers' driver found, looking for 'cinder.keymgr.conf_key_mgr.ConfKeyManager'
Jul 23 22:13:56 devstack devstack@c-api.service[75919]: DEBUG cinder.api.v3.router [None req-fa4f4652-9768-49ef-8594-bcd179d15062 None None] Extension TypesManage extending resource: types {{(pid=75919) _setup_extensions /opt/stack/cinder/cinder/api/v3/router.py:155}}
Jul 23 22:13:56 devstack devstack@c-api.service[75919]: DEBUG cinder.api.v3.router [None req-fa4f4652-9768-49ef-8594-bcd179d15062 None None] Extension SnapshotUnmanage extending resource: snapshots {{(pid=75919) _setup_extensions /opt/stack/cinder/cinder/api/v3/router.py:155}}
Jul 23 22:13:56 devstack devstack@c-api.service[75919]: DEBUG cinder.api.v3.router [None req-fa4f4652-9768-49ef-8594-bcd179d15062 None None] Extension VolumeTypeAccess extending resource: types {{(pid=75919) _setup_extensions /opt/stack/cinder/cinder/api/v3/router.py:155}}
Jul 23 22:13:56 devstack devstack@c-api.service[75919]: DEBUG cinder.api.v3.router [None req-fa4f4652-9768-49ef-8594-bcd179d15062 None None] Extension VolumeHostAttribute extending resource: volumes {{(pid=75919) _setup_extensions /opt/stack/cinder/cinder/api/v3/router.py:155}}
Jul 23 22:13:56 devstack devstack@c-api.service[75919]: DEBUG cinder.api.v3.router [None req-fa4f4652-9768-49ef-8594-bcd179d15062 None None] Extension SnapshotActions extending resource: snapshots {{(pid=75919) _setup_extensions /opt/stack/cinder/cinder/api/v3/router.py:155}}
Jul 23 22:13:56 devstack devstack@c-api.service[75919]: DEBUG cinder.api.v3.router [None req-fa4f4652-9768-49ef-8594-bcd179d15062 None None] Extension VolumeTenantAttribute extending resource: volumes {{(pid=75919) _setup_extensions /opt/stack/cinder/cinder/api/v3/router.py:155}}
Jul 23 22:13:56 devstack devstack@c-api.service[75919]: DEBUG cinder.api.v3.router [None req-fa4f4652-9768-49ef-8594-bcd179d15062 None None] Extension VolumeMigStatusAttribute extending resource: volumes {{(pid=75919) _setup_extensions /opt/stack/cinder/cinder/api/v3/router.py:155}}
Jul 23 22:13:56 devstack devstack@c-api.service[75919]: DEBUG cinder.api.v3.router [None req-fa4f4652-9768-49ef-8594-bcd179d15062 None None] Extension VolumeImageMetadata extending resource: volumes {{(pid=75919) _setup_extensions /opt/stack/cinder/cinder/api/v3/router.py:155}}
Jul 23 22:13:56 devstack devstack@c-api.service[75919]: DEBUG cinder.api.v3.router [None req-fa4f4652-9768-49ef-8594-bcd179d15062 None None] Extension VolumeTypeEncryption extending resource: types {{(pid=75919) _setup_extensions /opt/stack/cinder/cinder/api/v3/router.py:155}}
Jul 23 22:13:56 devstack devstack@c-api.service[75919]: DEBUG cinder.api.v3.router [None req-fa4f4652-9768-49ef-8594-bcd179d15062 None None] Extension AdminActions extending resource: volumes {{(pid=75919) _setup_extensions /opt/stack/cinder/cinder/api/v3/router.py:155}}
Jul 23 22:13:56 devstack devstack@c-api.service[75919]: DEBUG cinder.api.v3.router [None req-fa4f4652-9768-49ef-8594-bcd179d15062 None None] Extension AdminActions extending resource: snapshots {{(pid=75919) _setup_extensions /opt/stack/cinder/cinder/api/v3/router.py:155}}
Jul 23 22:13:56 devstack devstack@c-api.service[75919]: DEBUG cinder.api.v3.router [None req-fa4f4652-9768-49ef-8594-bcd179d15062 None None] Extension AdminActions extending resource: backups {{(pid=75919) _setup_extensions /opt/stack/cinder/cinder/api/v3/router.py:155}}
Jul 23 22:13:56 devstack devstack@c-api.service[75919]: DEBUG cinder.api.v3.router [None req-fa4f4652-9768-49ef-8594-bcd179d15062 None None] Extension UsedLimits extending resource: limits {{(pid=75919) _setup_extensions /opt/stack/cinder/cinder/api/v3/router.py:155}}
Jul 23 22:13:56 devstack devstack@c-api.service[75919]: DEBUG cinder.api.v3.router [None req-fa4f4652-9768-49ef-8594-bcd179d15062 None None] Extension VolumeActions extending resource: volumes {{(pid=75919) _setup_extensions /opt/stack/cinder/cinder/api/v3/router.py:155}}
Jul 23 22:13:56 devstack devstack@c-api.service[75919]: DEBUG cinder.api.v3.router [None req-fa4f4652-9768-49ef-8594-bcd179d15062 None None] Extension ExtendedSnapshotAttributes extending resource: snapshots {{(pid=75919) _setup_extensions /opt/stack/cinder/cinder/api/v3/router.py:155}}
Jul 23 22:13:56 devstack devstack@c-api.service[75919]: DEBUG cinder.api.v3.router [None req-fa4f4652-9768-49ef-8594-bcd179d15062 None None] Extension VolumeUnmanage extending resource: volumes {{(pid=75919) _setup_extensions /opt/stack/cinder/cinder/api/v3/router.py:155}}
Jul 23 22:13:56 devstack devstack@c-api.service[75917]: WSGI app 0 (mountpoint='') ready in 5 seconds on interpreter 0x701e172a4668 pid: 75917 (default app)
Jul 23 22:13:56 devstack devstack@c-api.service[75919]: WSGI app 0 (mountpoint='') ready in 5 seconds on interpreter 0x701e172a4668 pid: 75919 (default app)
Jul 23 22:13:56 devstack devstack@c-api.service[75917]: DEBUG cinder.api.middleware.request_id [None req-47cf3cfe-60d6-4255-9f00-7b0266f30e50 None None] RequestId filter calling following filter/app {{(pid=75917) _context_setter /opt/stack/cinder/cinder/api/middleware/request_id.py:62}}
Jul 23 22:13:56 devstack devstack@c-api.service[75917]: [pid: 75917|app: 0|req: 1/1] 192.168.122.106 () {50 vars in 785 bytes} [Thu Jul 23 22:13:56 2026] GET /volume/v3/ => generated 114 bytes in 28 msecs (HTTP/1.1 401) 5 headers in 233 bytes (1 switches on core 0)
Jul 23 22:14:04 devstack devstack@c-api.service[75919]: DEBUG cinder.api.middleware.request_id [None req-59ba9361-003c-49e4-b473-d48315de307d None None] RequestId filter calling following filter/app {{(pid=75919) _context_setter /opt/stack/cinder/cinder/api/middleware/request_id.py:62}}
Jul 23 22:14:05 devstack devstack@c-api.service[75919]: INFO cinder.api.openstack.wsgi [None req-59ba9361-003c-49e4-b473-d48315de307d admin admin] POST http://192.168.122.106/volume/v3/types
Jul 23 22:14:05 devstack devstack@c-api.service[75919]: DEBUG cinder.api.openstack.wsgi [None req-59ba9361-003c-49e4-b473-d48315de307d admin admin] Action: 'create', calling method: _create, body: {"volume_type": {"name": "lvmdriver-1", "description": null}} {{(pid=75919) _process_stack /opt/stack/cinder/cinder/api/openstack/wsgi.py:876}}
Jul 23 22:14:05 devstack devstack@c-api.service[75919]: /opt/stack/data/venv/lib/python3.12/site-packages/oslo_context/context.py:102: DeprecationWarning: Policy enforcement is depending on the value of is_admin. This key is deprecated. Please update your policy file to use the standard policy values.
Jul 23 22:14:05 devstack devstack@c-api.service[75919]: warnings.warn(
Jul 23 22:14:05 devstack devstack@c-api.service[75919]: DEBUG oslo_db.sqlalchemy.engines [None req-59ba9361-003c-49e4-b473-d48315de307d admin admin] MySQL server mode set to STRICT_TRANS_TABLES,STRICT_ALL_TABLES,NO_ZERO_IN_DATE,NO_ZERO_DATE,ERROR_FOR_DIVISION_BY_ZERO,TRADITIONAL,NO_ENGINE_SUBSTITUTION {{(pid=75919) _check_effective_sql_mode /opt/stack/data/venv/lib/python3.12/site-packages/oslo_db/sqlalchemy/engines.py:325}}
Jul 23 22:14:05 devstack devstack@c-api.service[75919]: INFO cinder.api.openstack.wsgi [None req-59ba9361-003c-49e4-b473-d48315de307d admin admin] http://192.168.122.106/volume/v3/types returned with HTTP 200
Jul 23 22:14:05 devstack devstack@c-api.service[75919]: [pid: 75919|app: 0|req: 1/2] 192.168.122.106 () {60 vars in 1191 bytes} [Thu Jul 23 22:14:04 2026] POST /volume/v3/types => generated 186 bytes in 1206 msecs (HTTP/1.1 200) 7 headers in 285 bytes (1 switches on core 0)
Jul 23 22:14:05 devstack devstack@c-api.service[75917]: DEBUG cinder.api.middleware.request_id [None req-1e8a321b-02d3-471f-a0ee-e4eceed37a4b None None] RequestId filter calling following filter/app {{(pid=75917) _context_setter /opt/stack/cinder/cinder/api/middleware/request_id.py:62}}
Jul 23 22:14:05 devstack devstack@c-api.service[75917]: DEBUG dbcounter [-] [75917] Writing DB stats cinder:SELECT=6 {{(pid=75917) stat_writer /opt/stack/data/venv/lib/python3.12/site-packages/dbcounter.py:115}}
Jul 23 22:14:05 devstack devstack@c-api.service[75917]: INFO cinder.api.openstack.wsgi [None req-1e8a321b-02d3-471f-a0ee-e4eceed37a4b admin admin] POST http://192.168.122.106/volume/v3/types/d68ac887-8364-423e-a95d-040ab628994a/extra_specs
Jul 23 22:14:05 devstack devstack@c-api.service[75917]: DEBUG cinder.api.openstack.wsgi [None req-1e8a321b-02d3-471f-a0ee-e4eceed37a4b admin admin] Action: 'create', calling method: create, body: {"extra_specs": {"volume_backend_name": "lvmdriver-1"}} {{(pid=75917) _process_stack /opt/stack/cinder/cinder/api/openstack/wsgi.py:876}}
Jul 23 22:14:05 devstack devstack@c-api.service[75917]: /opt/stack/data/venv/lib/python3.12/site-packages/oslo_context/context.py:102: DeprecationWarning: Policy enforcement is depending on the value of is_admin. This key is deprecated. Please update your policy file to use the standard policy values.
Jul 23 22:14:05 devstack devstack@c-api.service[75917]: warnings.warn(
Jul 23 22:14:05 devstack devstack@c-api.service[75917]: DEBUG oslo_db.sqlalchemy.engines [None req-1e8a321b-02d3-471f-a0ee-e4eceed37a4b admin admin] MySQL server mode set to STRICT_TRANS_TABLES,STRICT_ALL_TABLES,NO_ZERO_IN_DATE,NO_ZERO_DATE,ERROR_FOR_DIVISION_BY_ZERO,TRADITIONAL,NO_ENGINE_SUBSTITUTION {{(pid=75917) _check_effective_sql_mode /opt/stack/data/venv/lib/python3.12/site-packages/oslo_db/sqlalchemy/engines.py:325}}
Jul 23 22:14:06 devstack devstack@c-api.service[75917]: INFO cinder.api.openstack.wsgi [None req-1e8a321b-02d3-471f-a0ee-e4eceed37a4b admin admin] http://192.168.122.106/volume/v3/types/d68ac887-8364-423e-a95d-040ab628994a/extra_specs returned with HTTP 200
Jul 23 22:14:06 devstack devstack@c-api.service[75917]: [pid: 75917|app: 0|req: 2/3] 192.168.122.106 () {60 vars in 1338 bytes} [Thu Jul 23 22:14:05 2026] POST /volume/v3/types/d68ac887-8364-423e-a95d-040ab628994a/extra_specs => generated 55 bytes in 874 msecs (HTTP/1.1 200) 7 headers in 284 bytes (1 switches on core 0)
Jul 23 22:14:15 devstack devstack@c-api.service[75919]: DEBUG dbcounter [-] [75919] Writing DB stats cinder:SELECT=9,cinder:INSERT=1 {{(pid=75919) stat_writer /opt/stack/data/venv/lib/python3.12/site-packages/dbcounter.py:115}}
Jul 23 22:14:16 devstack devstack@c-api.service[75917]: DEBUG dbcounter [-] [75917] Writing DB stats cinder:SELECT=5,cinder:INSERT=1 {{(pid=75917) stat_writer /opt/stack/data/venv/lib/python3.12/site-packages/dbcounter.py:115}}
Jul 23 22:14:47 devstack devstack@c-api.service[75919]: DEBUG cinder.api.middleware.request_id [None req-b68c76f0-e910-4fd4-a793-f9efa5b2e4ef None None] RequestId filter calling following filter/app {{(pid=75919) _context_setter /opt/stack/cinder/cinder/api/middleware/request_id.py:62}}
Jul 23 22:14:47 devstack devstack@c-api.service[75919]: INFO cinder.api.openstack.wsgi [None req-b68c76f0-e910-4fd4-a793-f9efa5b2e4ef None None] GET http://192.168.122.106/volume//
Jul 23 22:14:47 devstack devstack@c-api.service[75919]: DEBUG cinder.api.openstack.wsgi [None req-b68c76f0-e910-4fd4-a793-f9efa5b2e4ef None None] Empty body provided in request {{(pid=75919) get_body /opt/stack/cinder/cinder/api/openstack/wsgi.py:725}}
Jul 23 22:14:47 devstack devstack@c-api.service[75919]: DEBUG cinder.api.openstack.wsgi [None req-b68c76f0-e910-4fd4-a793-f9efa5b2e4ef None None] Calling method 'all' {{(pid=75919) _process_stack /opt/stack/cinder/cinder/api/openstack/wsgi.py:878}}
Jul 23 22:14:47 devstack devstack@c-api.service[75919]: INFO cinder.api.openstack.wsgi [None req-b68c76f0-e910-4fd4-a793-f9efa5b2e4ef None None] http://192.168.122.106/volume// returned with HTTP 300
Jul 23 22:14:47 devstack devstack@c-api.service[75919]: [pid: 75919|app: 0|req: 2/4] 192.168.122.106 () {58 vars in 1314 bytes} [Thu Jul 23 22:14:47 2026] GET /volume/ => generated 390 bytes in 6 msecs (HTTP/1.1 300) 7 headers in 299 bytes (1 switches on core 0)
Jul 23 22:16:33 devstack devstack@c-api.service[75917]: DEBUG cinder.api.middleware.request_id [None req-987cab8d-4050-44e1-9ea3-e6cb582b4f1c None None] RequestId filter calling following filter/app {{(pid=75917) _context_setter /opt/stack/cinder/cinder/api/middleware/request_id.py:62}}
Jul 23 22:16:34 devstack devstack@c-api.service[75917]: INFO cinder.api.openstack.wsgi [None req-987cab8d-4050-44e1-9ea3-e6cb582b4f1c tempest-verify_tempest_config-711994526 tempest-verify_tempest_config-711994526-project-member] GET http://192.168.122.106/volume/v3/extensions
Jul 23 22:16:34 devstack devstack@c-api.service[75917]: DEBUG cinder.api.openstack.wsgi [None req-987cab8d-4050-44e1-9ea3-e6cb582b4f1c tempest-verify_tempest_config-711994526 tempest-verify_tempest_config-711994526-project-member] Empty body provided in request {{(pid=75917) get_body /opt/stack/cinder/cinder/api/openstack/wsgi.py:725}}
Jul 23 22:16:34 devstack devstack@c-api.service[75917]: DEBUG cinder.api.openstack.wsgi [None req-987cab8d-4050-44e1-9ea3-e6cb582b4f1c tempest-verify_tempest_config-711994526 tempest-verify_tempest_config-711994526-project-member] Calling method 'index' {{(pid=75917) _process_stack /opt/stack/cinder/cinder/api/openstack/wsgi.py:878}}
Jul 23 22:16:34 devstack devstack@c-api.service[75917]: INFO cinder.api.openstack.wsgi [None req-987cab8d-4050-44e1-9ea3-e6cb582b4f1c tempest-verify_tempest_config-711994526 tempest-verify_tempest_config-711994526-project-member] http://192.168.122.106/volume/v3/extensions returned with HTTP 200
Jul 23 22:16:34 devstack devstack@c-api.service[75917]: [pid: 75917|app: 0|req: 3/5] 192.168.122.106 () {58 vars in 1130 bytes} [Thu Jul 23 22:16:33 2026] GET /volume/v3/extensions => generated 5245 bytes in 215 msecs (HTTP/1.1 200) 7 headers in 286 bytes (1 switches on core 0)
Jul 23 22:16:41 devstack devstack@c-api.service[75919]: DEBUG cinder.api.middleware.request_id [None req-92d9913a-89ae-42dc-9ad1-aec4f160a163 None None] RequestId filter calling following filter/app {{(pid=75919) _context_setter /opt/stack/cinder/cinder/api/middleware/request_id.py:62}}
Jul 23 22:16:41 devstack devstack@c-api.service[75919]: INFO cinder.api.openstack.wsgi [None req-92d9913a-89ae-42dc-9ad1-aec4f160a163 demo admin] POST http://192.168.122.106/volume/v3/types
Jul 23 22:16:41 devstack devstack@c-api.service[75919]: DEBUG cinder.api.openstack.wsgi [None req-92d9913a-89ae-42dc-9ad1-aec4f160a163 demo admin] Action: 'create', calling method: _create, body: {"volume_type": {"name": "QuobyteHD", "description": null}} {{(pid=75919) _process_stack /opt/stack/cinder/cinder/api/openstack/wsgi.py:876}}
Jul 23 22:16:41 devstack devstack@c-api.service[75919]: INFO cinder.api.openstack.wsgi [None req-92d9913a-89ae-42dc-9ad1-aec4f160a163 demo admin] http://192.168.122.106/volume/v3/types returned with HTTP 200
Jul 23 22:16:41 devstack devstack@c-api.service[75919]: [pid: 75919|app: 0|req: 3/6] 192.168.122.106 () {60 vars in 1191 bytes} [Thu Jul 23 22:16:41 2026] POST /volume/v3/types => generated 184 bytes in 151 msecs (HTTP/1.1 200) 7 headers in 285 bytes (1 switches on core 0)
Jul 23 22:16:51 devstack devstack@c-api.service[75919]: DEBUG dbcounter [-] [75919] Writing DB stats cinder:SELECT=3,cinder:INSERT=1 {{(pid=75919) stat_writer /opt/stack/data/venv/lib/python3.12/site-packages/dbcounter.py:115}}
Jul 23 22:18:45 devstack devstack@c-api.service[75914]: Thu Jul 23 22:18:45 2026 - graceful shutdown triggered...
Jul 23 22:18:45 devstack devstack@c-api.service[75919]: Gracefully killing worker 2 (pid: 75919)...
Jul 23 22:18:45 devstack devstack@c-api.service[75917]: Gracefully killing worker 1 (pid: 75917)...
Jul 23 22:18:46 devstack devstack@c-api.service[75914]: worker 1 buried after 1 seconds
Jul 23 22:18:46 devstack devstack@c-api.service[75914]: worker 2 buried after 1 seconds
Jul 23 22:18:46 devstack devstack@c-api.service[75914]: goodbye to uWSGI.
Jul 23 22:18:46 devstack devstack@c-api.service[87675]: [uWSGI] getting INI configuration from /etc/cinder/cinder-api-uwsgi.ini
Jul 23 22:18:46 devstack devstack@c-api.service[87675]: *** Starting uWSGI 2.0.24-debian (64bit) on [Thu Jul 23 22:18:46 2026] ***
Jul 23 22:18:46 devstack devstack@c-api.service[87675]: compiled with version: 13.2.0 on 17 April 2024 16:23:48
Jul 23 22:18:46 devstack devstack@c-api.service[87675]: os: Linux-6.8.0-124-generic #124-Ubuntu SMP PREEMPT_DYNAMIC Tue May 26 13:00:45 UTC 2026
Jul 23 22:18:46 devstack devstack@c-api.service[87675]: nodename: devstack
Jul 23 22:18:46 devstack devstack@c-api.service[87675]: machine: x86_64
Jul 23 22:18:46 devstack devstack@c-api.service[87675]: clock source: unix
Jul 23 22:18:46 devstack devstack@c-api.service[87675]: pcre jit disabled
Jul 23 22:18:46 devstack devstack@c-api.service[87675]: detected number of CPU cores: 4
Jul 23 22:18:46 devstack devstack@c-api.service[87675]: current working directory: /
Jul 23 22:18:46 devstack devstack@c-api.service[87675]: detected binary path: /usr/bin/uwsgi-core
Jul 23 22:18:46 devstack devstack@c-api.service[87675]: your processes number limit is 47518
Jul 23 22:18:46 devstack devstack@c-api.service[87675]: your memory page size is 4096 bytes
Jul 23 22:18:46 devstack devstack@c-api.service[87675]: detected max file descriptor number: 2048
Jul 23 22:18:46 devstack devstack@c-api.service[87675]: lock engine: pthread robust mutexes
Jul 23 22:18:46 devstack devstack@c-api.service[87675]: thunder lock: enabled
Jul 23 22:18:46 devstack devstack@c-api.service[87675]: uwsgi socket 0 bound to UNIX address /var/run/uwsgi/cinder-api.socket fd 4
Jul 23 22:18:46 devstack devstack@c-api.service[87675]: Python version: 3.12.3 (main, Jun 19 2026, 12:46:00) [GCC 13.3.0]
Jul 23 22:18:46 devstack devstack@c-api.service[87675]: PEP 405 virtualenv detected: /opt/stack/data/venv
Jul 23 22:18:46 devstack devstack@c-api.service[87675]: Set PythonHome to /opt/stack/data/venv
Jul 23 22:18:47 devstack devstack@c-api.service[87675]: Python main interpreter initialized at 0x75e168ca4668
Jul 23 22:18:47 devstack devstack@c-api.service[87675]: python threads support enabled
Jul 23 22:18:47 devstack devstack@c-api.service[87675]: your server socket listen backlog is limited to 100 connections
Jul 23 22:18:47 devstack devstack@c-api.service[87675]: your mercy for graceful operations on workers is 80 seconds
Jul 23 22:18:47 devstack devstack@c-api.service[87675]: mapped 403077 bytes (393 KB) for 2 cores
Jul 23 22:18:47 devstack devstack@c-api.service[87675]: *** Operational MODE: preforking ***
Jul 23 22:18:47 devstack devstack@c-api.service[87675]: *** uWSGI is running in multiple interpreter mode ***
Jul 23 22:18:47 devstack devstack@c-api.service[87675]: spawned uWSGI master process (pid: 87675)
Jul 23 22:18:47 devstack devstack@c-api.service[87675]: spawned uWSGI worker 1 (pid: 87678, cores: 1)
Jul 23 22:18:47 devstack devstack@c-api.service[87675]: spawned uWSGI worker 2 (pid: 87679, cores: 1)
Jul 23 22:18:47 devstack devstack@c-api.service[87675]: running "unix_signal:15 gracefully_kill_them_all" (master-start)...
Jul 23 22:18:47 devstack devstack@c-api.service[87679]: /opt/stack/cinder/cinder/__init__.py:21: EventletDeprecationWarning:
Jul 23 22:18:47 devstack devstack@c-api.service[87679]: Eventlet is deprecated. It is currently being maintained in bugfix mode, and
Jul 23 22:18:47 devstack devstack@c-api.service[87679]: we strongly recommend against using it for new projects.
Jul 23 22:18:47 devstack devstack@c-api.service[87679]: If you are already using Eventlet, we recommend migrating to a different
Jul 23 22:18:47 devstack devstack@c-api.service[87679]: framework. For more detail see
Jul 23 22:18:47 devstack devstack@c-api.service[87679]: https://eventlet.readthedocs.io/en/latest/asyncio/migration.html
Jul 23 22:18:47 devstack devstack@c-api.service[87679]: import eventlet # noqa
Jul 23 22:18:47 devstack devstack@c-api.service[87678]: /opt/stack/cinder/cinder/__init__.py:21: EventletDeprecationWarning:
Jul 23 22:18:47 devstack devstack@c-api.service[87678]: Eventlet is deprecated. It is currently being maintained in bugfix mode, and
Jul 23 22:18:47 devstack devstack@c-api.service[87678]: we strongly recommend against using it for new projects.
Jul 23 22:18:47 devstack devstack@c-api.service[87678]: If you are already using Eventlet, we recommend migrating to a different
Jul 23 22:18:47 devstack devstack@c-api.service[87678]: framework. For more detail see
Jul 23 22:18:47 devstack devstack@c-api.service[87678]: https://eventlet.readthedocs.io/en/latest/asyncio/migration.html
Jul 23 22:18:47 devstack devstack@c-api.service[87678]: import eventlet # noqa
Jul 23 22:18:47 devstack devstack@c-api.service[87678]: /opt/stack/data/venv/lib/python3.12/site-packages/webob/compat.py:5: DeprecationWarning: 'cgi' is deprecated and slated for removal in Python 3.13
Jul 23 22:18:47 devstack devstack@c-api.service[87678]: from cgi import parse_header
Jul 23 22:18:47 devstack devstack@c-api.service[87679]: /opt/stack/data/venv/lib/python3.12/site-packages/webob/compat.py:5: DeprecationWarning: 'cgi' is deprecated and slated for removal in Python 3.13
Jul 23 22:18:47 devstack devstack@c-api.service[87679]: from cgi import parse_header
Jul 23 22:18:47 devstack devstack@c-api.service[87678]: /opt/stack/data/venv/lib/python3.12/site-packages/oslo_utils/eventletutils.py:34: DeprecationWarning: eventletutils module is deprecated and will be removed.
Jul 23 22:18:47 devstack devstack@c-api.service[87678]: warnings.warn(
Jul 23 22:18:47 devstack devstack@c-api.service[87679]: /opt/stack/data/venv/lib/python3.12/site-packages/oslo_utils/eventletutils.py:34: DeprecationWarning: eventletutils module is deprecated and will be removed.
Jul 23 22:18:47 devstack devstack@c-api.service[87679]: warnings.warn(
Jul 23 22:18:47 devstack devstack@c-api.service[87678]: /opt/stack/data/venv/lib/python3.12/site-packages/oslo_service/eventlet_backdoor.py:36: DeprecationWarning: The 'oslo_service.eventlet_backdoor' module usage is deprecated and will be removed in version '2026.2': The 'eventlet_backdoor' module is deprecated and will be removed in version 2026.2. This module is not being replaced. Please migrate away from using it and remove any dependencies on this module.
Jul 23 22:18:47 devstack devstack@c-api.service[87678]: removals.removed_module(
Jul 23 22:18:47 devstack devstack@c-api.service[87678]: /opt/stack/data/venv/lib/python3.12/site-packages/oslo_service/sslutils.py:24: DeprecationWarning: The 'oslo_service.sslutils' module usage is deprecated and will be removed in version '2026.2': The 'oslo_service.sslutils' module is deprecated and will be removed in version 2026.2.
Jul 23 22:18:47 devstack devstack@c-api.service[87678]: removals.removed_module(
Jul 23 22:18:47 devstack devstack@c-api.service[87679]: /opt/stack/data/venv/lib/python3.12/site-packages/oslo_service/eventlet_backdoor.py:36: DeprecationWarning: The 'oslo_service.eventlet_backdoor' module usage is deprecated and will be removed in version '2026.2': The 'eventlet_backdoor' module is deprecated and will be removed in version 2026.2. This module is not being replaced. Please migrate away from using it and remove any dependencies on this module.
Jul 23 22:18:47 devstack devstack@c-api.service[87679]: removals.removed_module(
Jul 23 22:18:47 devstack devstack@c-api.service[87679]: /opt/stack/data/venv/lib/python3.12/site-packages/oslo_service/sslutils.py:24: DeprecationWarning: The 'oslo_service.sslutils' module usage is deprecated and will be removed in version '2026.2': The 'oslo_service.sslutils' module is deprecated and will be removed in version 2026.2.
Jul 23 22:18:47 devstack devstack@c-api.service[87679]: removals.removed_module(
Jul 23 22:18:50 devstack devstack@c-api.service[87678]: /opt/stack/data/venv/lib/python3.12/site-packages/oslo_policy/policy.py:1630: DeprecationWarning: volume_extension:quotas:show deprecated without deprecated_reason or deprecated_since. This will be an error in a future release
Jul 23 22:18:50 devstack devstack@c-api.service[87678]: warnings.warn(
Jul 23 22:18:50 devstack devstack@c-api.service[87679]: /opt/stack/data/venv/lib/python3.12/site-packages/oslo_policy/policy.py:1630: DeprecationWarning: volume_extension:quotas:show deprecated without deprecated_reason or deprecated_since. This will be an error in a future release
Jul 23 22:18:50 devstack devstack@c-api.service[87679]: warnings.warn(
Jul 23 22:18:50 devstack devstack@c-api.service[87678]: /opt/stack/data/venv/lib/python3.12/site-packages/eventlet/__init__.py:83: DeprecationWarning: Using fork() is a bad idea, and there is no guarantee eventlet will work. See https://eventlet.readthedocs.io/en/latest/fork.html for more details.
Jul 23 22:18:50 devstack devstack@c-api.service[87678]: warnings.warn(
Jul 23 22:18:50 devstack devstack@c-api.service[87679]: /opt/stack/data/venv/lib/python3.12/site-packages/eventlet/__init__.py:83: DeprecationWarning: Using fork() is a bad idea, and there is no guarantee eventlet will work. See https://eventlet.readthedocs.io/en/latest/fork.html for more details.
Jul 23 22:18:50 devstack devstack@c-api.service[87679]: warnings.warn(
Jul 23 22:18:51 devstack devstack@c-api.service[87678]: WARNING oslo_config.cfg [-] Deprecated: Option "api_paste_config" from group "DEFAULT" is deprecated for removal (The 'api_paste_config' option is deprecated and will be removed in a future release.). Its value may be silently ignored in the future.
Jul 23 22:18:51 devstack devstack@c-api.service[87678]: DEBUG oslo.service.wsgi [-] Loading app osapi_volume from /etc/cinder/api-paste.ini {{(pid=87678) load_app /opt/stack/data/venv/lib/python3.12/site-packages/oslo_service/wsgi.py:380}}
Jul 23 22:18:51 devstack devstack@c-api.service[87679]: WARNING oslo_config.cfg [-] Deprecated: Option "api_paste_config" from group "DEFAULT" is deprecated for removal (The 'api_paste_config' option is deprecated and will be removed in a future release.). Its value may be silently ignored in the future.
Jul 23 22:18:51 devstack devstack@c-api.service[87679]: DEBUG oslo.service.wsgi [-] Loading app osapi_volume from /etc/cinder/api-paste.ini {{(pid=87679) load_app /opt/stack/data/venv/lib/python3.12/site-packages/oslo_service/wsgi.py:380}}
Jul 23 22:18:51 devstack devstack@c-api.service[87678]: /opt/stack/cinder/cinder/api/validation/validators.py:126: DeprecationWarning: FormatChecker.cls_checks is deprecated. Call FormatChecker.checks on a specific FormatChecker instance instead.
Jul 23 22:18:51 devstack devstack@c-api.service[87678]: @jsonschema.FormatChecker.cls_checks('date-time')
Jul 23 22:18:51 devstack devstack@c-api.service[87679]: /opt/stack/cinder/cinder/api/validation/validators.py:126: DeprecationWarning: FormatChecker.cls_checks is deprecated. Call FormatChecker.checks on a specific FormatChecker instance instead.
Jul 23 22:18:51 devstack devstack@c-api.service[87679]: @jsonschema.FormatChecker.cls_checks('date-time')
Jul 23 22:18:52 devstack devstack@c-api.service[87678]: DEBUG cinder.api.extensions [-] Initializing extension manager. {{(pid=87678) __init__ /opt/stack/cinder/cinder/api/extensions.py:120}}
Jul 23 22:18:52 devstack devstack@c-api.service[87678]: DEBUG cinder.api.extensions [-] Loading extension cinder.api.contrib.standard_extensions {{(pid=87678) load_extension /opt/stack/cinder/cinder/api/extensions.py:194}}
Jul 23 22:18:52 devstack devstack@c-api.service[87678]: DEBUG cinder.api.extensions [-] Calling extension factory cinder.api.contrib.standard_extensions {{(pid=87678) load_extension /opt/stack/cinder/cinder/api/extensions.py:200}}
Jul 23 22:18:52 devstack devstack@c-api.service[87678]: DEBUG cinder.api.extensions [-] Loading extension cinder.api.contrib.types_manage.Types_manage {{(pid=87678) load_extension /opt/stack/cinder/cinder/api/extensions.py:194}}
Jul 23 22:18:52 devstack devstack@c-api.service[87678]: DEBUG cinder.api.extensions [-] Calling extension factory cinder.api.contrib.types_manage.Types_manage {{(pid=87678) load_extension /opt/stack/cinder/cinder/api/extensions.py:200}}
Jul 23 22:18:52 devstack devstack@c-api.service[87678]: DEBUG cinder.api.extensions [-] Ext name: TypesManage {{(pid=87678) _check_extension /opt/stack/cinder/cinder/api/extensions.py:174}}
Jul 23 22:18:52 devstack devstack@c-api.service[87678]: DEBUG cinder.api.extensions [-] Ext alias: os-types-manage {{(pid=87678) _check_extension /opt/stack/cinder/cinder/api/extensions.py:175}}
Jul 23 22:18:52 devstack devstack@c-api.service[87678]: DEBUG cinder.api.extensions [-] Ext description: Types manage support. {{(pid=87678) _check_extension /opt/stack/cinder/cinder/api/extensions.py:176}}
Jul 23 22:18:52 devstack devstack@c-api.service[87678]: DEBUG cinder.api.extensions [-] Ext updated: 2011-08-24T00:00:00+00:00 {{(pid=87678) _check_extension /opt/stack/cinder/cinder/api/extensions.py:178}}
Jul 23 22:18:52 devstack devstack@c-api.service[87678]: DEBUG cinder.api.extensions [-] Loaded extension: os-types-manage {{(pid=87678) register /opt/stack/cinder/cinder/api/extensions.py:135}}
Jul 23 22:18:52 devstack devstack@c-api.service[87678]: DEBUG cinder.api.extensions [-] Loading extension cinder.api.contrib.scheduler_hints.Scheduler_hints {{(pid=87678) load_extension /opt/stack/cinder/cinder/api/extensions.py:194}}
Jul 23 22:18:52 devstack devstack@c-api.service[87678]: DEBUG cinder.api.extensions [-] Calling extension factory cinder.api.contrib.scheduler_hints.Scheduler_hints {{(pid=87678) load_extension /opt/stack/cinder/cinder/api/extensions.py:200}}
Jul 23 22:18:52 devstack devstack@c-api.service[87678]: DEBUG cinder.api.extensions [-] Ext name: SchedulerHints {{(pid=87678) _check_extension /opt/stack/cinder/cinder/api/extensions.py:174}}
Jul 23 22:18:52 devstack devstack@c-api.service[87678]: DEBUG cinder.api.extensions [-] Ext alias: OS-SCH-HNT {{(pid=87678) _check_extension /opt/stack/cinder/cinder/api/extensions.py:175}}
Jul 23 22:18:52 devstack devstack@c-api.service[87678]: DEBUG cinder.api.extensions [-] Ext description: Pass arbitrary key/value pairs to the scheduler. {{(pid=87678) _check_extension /opt/stack/cinder/cinder/api/extensions.py:176}}
Jul 23 22:18:52 devstack devstack@c-api.service[87678]: DEBUG cinder.api.extensions [-] Ext updated: 2013-04-18T00:00:00+00:00 {{(pid=87678) _check_extension /opt/stack/cinder/cinder/api/extensions.py:178}}
Jul 23 22:18:52 devstack devstack@c-api.service[87678]: DEBUG cinder.api.extensions [-] Loaded extension: OS-SCH-HNT {{(pid=87678) register /opt/stack/cinder/cinder/api/extensions.py:135}}
Jul 23 22:18:52 devstack devstack@c-api.service[87678]: DEBUG cinder.api.extensions [-] Loading extension cinder.api.contrib.qos_specs_manage.Qos_specs_manage {{(pid=87678) load_extension /opt/stack/cinder/cinder/api/extensions.py:194}}
Jul 23 22:18:52 devstack devstack@c-api.service[87678]: DEBUG cinder.api.extensions [-] Calling extension factory cinder.api.contrib.qos_specs_manage.Qos_specs_manage {{(pid=87678) load_extension /opt/stack/cinder/cinder/api/extensions.py:200}}
Jul 23 22:18:52 devstack devstack@c-api.service[87678]: DEBUG cinder.api.extensions [-] Ext name: Qos_specs_manage {{(pid=87678) _check_extension /opt/stack/cinder/cinder/api/extensions.py:174}}
Jul 23 22:18:52 devstack devstack@c-api.service[87678]: DEBUG cinder.api.extensions [-] Ext alias: qos-specs {{(pid=87678) _check_extension /opt/stack/cinder/cinder/api/extensions.py:175}}
Jul 23 22:18:52 devstack devstack@c-api.service[87678]: DEBUG cinder.api.extensions [-] Ext description: QoS specs support. {{(pid=87678) _check_extension /opt/stack/cinder/cinder/api/extensions.py:176}}
Jul 23 22:18:52 devstack devstack@c-api.service[87678]: DEBUG cinder.api.extensions [-] Ext updated: 2013-08-02T00:00:00+00:00 {{(pid=87678) _check_extension /opt/stack/cinder/cinder/api/extensions.py:178}}
Jul 23 22:18:52 devstack devstack@c-api.service[87678]: DEBUG cinder.api.extensions [-] Loaded extension: qos-specs {{(pid=87678) register /opt/stack/cinder/cinder/api/extensions.py:135}}
Jul 23 22:18:52 devstack devstack@c-api.service[87678]: DEBUG cinder.api.extensions [-] Loading extension cinder.api.contrib.cgsnapshots.Cgsnapshots {{(pid=87678) load_extension /opt/stack/cinder/cinder/api/extensions.py:194}}
Jul 23 22:18:52 devstack devstack@c-api.service[87678]: DEBUG cinder.api.extensions [-] Calling extension factory cinder.api.contrib.cgsnapshots.Cgsnapshots {{(pid=87678) load_extension /opt/stack/cinder/cinder/api/extensions.py:200}}
Jul 23 22:18:52 devstack devstack@c-api.service[87678]: DEBUG cinder.api.extensions [-] Ext name: Cgsnapshots {{(pid=87678) _check_extension /opt/stack/cinder/cinder/api/extensions.py:174}}
Jul 23 22:18:52 devstack devstack@c-api.service[87678]: DEBUG cinder.api.extensions [-] Ext alias: cgsnapshots {{(pid=87678) _check_extension /opt/stack/cinder/cinder/api/extensions.py:175}}
Jul 23 22:18:52 devstack devstack@c-api.service[87678]: DEBUG cinder.api.extensions [-] Ext description: cgsnapshots support. {{(pid=87678) _check_extension /opt/stack/cinder/cinder/api/extensions.py:176}}
Jul 23 22:18:52 devstack devstack@c-api.service[87678]: DEBUG cinder.api.extensions [-] Ext updated: 2014-08-18T00:00:00+00:00 {{(pid=87678) _check_extension /opt/stack/cinder/cinder/api/extensions.py:178}}
Jul 23 22:18:52 devstack devstack@c-api.service[87678]: DEBUG cinder.api.extensions [-] Loaded extension: cgsnapshots {{(pid=87678) register /opt/stack/cinder/cinder/api/extensions.py:135}}
Jul 23 22:18:52 devstack devstack@c-api.service[87678]: DEBUG cinder.api.extensions [-] Loading extension cinder.api.contrib.volume_manage.Volume_manage {{(pid=87678) load_extension /opt/stack/cinder/cinder/api/extensions.py:194}}
Jul 23 22:18:52 devstack devstack@c-api.service[87678]: DEBUG cinder.api.extensions [-] Calling extension factory cinder.api.contrib.volume_manage.Volume_manage {{(pid=87678) load_extension /opt/stack/cinder/cinder/api/extensions.py:200}}
Jul 23 22:18:52 devstack devstack@c-api.service[87678]: DEBUG cinder.api.extensions [-] Ext name: VolumeManage {{(pid=87678) _check_extension /opt/stack/cinder/cinder/api/extensions.py:174}}
Jul 23 22:18:52 devstack devstack@c-api.service[87678]: DEBUG cinder.api.extensions [-] Ext alias: os-volume-manage {{(pid=87678) _check_extension /opt/stack/cinder/cinder/api/extensions.py:175}}
Jul 23 22:18:52 devstack devstack@c-api.service[87678]: DEBUG cinder.api.extensions [-] Ext description: Allows existing backend storage to be 'managed' by Cinder. {{(pid=87678) _check_extension /opt/stack/cinder/cinder/api/extensions.py:176}}
Jul 23 22:18:52 devstack devstack@c-api.service[87678]: DEBUG cinder.api.extensions [-] Ext updated: 2014-02-10T00:00:00+00:00 {{(pid=87678) _check_extension /opt/stack/cinder/cinder/api/extensions.py:178}}
Jul 23 22:18:52 devstack devstack@c-api.service[87678]: DEBUG cinder.api.extensions [-] Loaded extension: os-volume-manage {{(pid=87678) register /opt/stack/cinder/cinder/api/extensions.py:135}}
