Feb 12 17:44:29 devstack devstack@c-api.service[78849]: INFO cinder.volume.api [None req-3d1affbe-7b23-4632-8b9d-767a0c0cc5f6 tempest-VolumesTestJSON-1650866517 tempest-VolumesTestJSON-1650866517-project-member] Volume info retrieved successfully.
Feb 12 17:44:29 devstack devstack@c-api.service[78850]: DEBUG cinder.api.middleware.request_id [req-8529ca97-9ffe-48b3-892b-977529bbfc3c req-d4fc492c-082f-46b4-9e54-106a0af20641 None None] RequestId filter calling following filter/app {{(pid=78850) _context_setter /opt/stack/cinder/cinder/api/middleware/request_id.py:62}}
Feb 12 17:44:29 devstack devstack@c-api.service[78850]: INFO cinder.api.openstack.wsgi [req-8529ca97-9ffe-48b3-892b-977529bbfc3c req-d4fc492c-082f-46b4-9e54-106a0af20641 tempest-VolumesAdminNegativeTest-339074557 tempest-VolumesAdminNegativeTest-339074557-project] GET http://192.168.122.107/volume/v3/volumes/d70d4f42-eed8-4dc6-a499-4ebb0b12ef99
Feb 12 17:44:29 devstack devstack@c-api.service[78850]: DEBUG cinder.api.openstack.wsgi [req-8529ca97-9ffe-48b3-892b-977529bbfc3c req-d4fc492c-082f-46b4-9e54-106a0af20641 tempest-VolumesAdminNegativeTest-339074557 tempest-VolumesAdminNegativeTest-339074557-project] Empty body provided in request {{(pid=78850) get_body /opt/stack/cinder/cinder/api/openstack/wsgi.py:725}}
Feb 12 17:44:29 devstack devstack@c-api.service[78850]: DEBUG cinder.api.openstack.wsgi [req-8529ca97-9ffe-48b3-892b-977529bbfc3c req-d4fc492c-082f-46b4-9e54-106a0af20641 tempest-VolumesAdminNegativeTest-339074557 tempest-VolumesAdminNegativeTest-339074557-project] Calling method 'show' {{(pid=78850) _process_stack /opt/stack/cinder/cinder/api/openstack/wsgi.py:878}}
Feb 12 17:44:29 devstack devstack@c-api.service[78849]: INFO cinder.volume.api [None req-3d1affbe-7b23-4632-8b9d-767a0c0cc5f6 tempest-VolumesTestJSON-1650866517 tempest-VolumesTestJSON-1650866517-project-member] Delete volume request issued successfully.
Feb 12 17:44:29 devstack devstack@c-api.service[78849]: INFO cinder.api.openstack.wsgi [None req-3d1affbe-7b23-4632-8b9d-767a0c0cc5f6 tempest-VolumesTestJSON-1650866517 tempest-VolumesTestJSON-1650866517-project-member] http://192.168.122.107/volume/v3/volumes/ccefac10-ea0b-4a79-ad03-18d271c4bd91 returned with HTTP 202
Feb 12 17:44:29 devstack devstack@c-api.service[78849]: [pid: 78849|app: 0|req: 85/184] 192.168.122.107 () {58 vars in 1248 bytes} [Thu Feb 12 17:44:29 2026] DELETE /volume/v3/volumes/ccefac10-ea0b-4a79-ad03-18d271c4bd91 => generated 0 bytes in 83 msecs (HTTP/1.1 202) 6 headers in 233 bytes (1 switches on core 0)
Feb 12 17:44:29 devstack devstack@c-api.service[78849]: DEBUG cinder.api.middleware.request_id [None req-0cb7e52e-849b-4613-8a9b-74e5d47d553b None None] RequestId filter calling following filter/app {{(pid=78849) _context_setter /opt/stack/cinder/cinder/api/middleware/request_id.py:62}}
Feb 12 17:44:29 devstack devstack@c-api.service[78849]: INFO cinder.api.openstack.wsgi [None req-0cb7e52e-849b-4613-8a9b-74e5d47d553b tempest-VolumesTestJSON-1650866517 tempest-VolumesTestJSON-1650866517-project-member] GET http://192.168.122.107/volume/v3/volumes/ccefac10-ea0b-4a79-ad03-18d271c4bd91
Feb 12 17:44:29 devstack devstack@c-api.service[78849]: DEBUG cinder.api.openstack.wsgi [None req-0cb7e52e-849b-4613-8a9b-74e5d47d553b tempest-VolumesTestJSON-1650866517 tempest-VolumesTestJSON-1650866517-project-member] Empty body provided in request {{(pid=78849) get_body /opt/stack/cinder/cinder/api/openstack/wsgi.py:725}}
Feb 12 17:44:29 devstack devstack@c-api.service[78849]: DEBUG cinder.api.openstack.wsgi [None req-0cb7e52e-849b-4613-8a9b-74e5d47d553b tempest-VolumesTestJSON-1650866517 tempest-VolumesTestJSON-1650866517-project-member] Calling method 'show' {{(pid=78849) _process_stack /opt/stack/cinder/cinder/api/openstack/wsgi.py:878}}
Feb 12 17:44:29 devstack devstack@c-api.service[78849]: /opt/stack/data/venv/lib/python3.10/site-packages/oslo_context/context.py:101: DeprecationWarning: Policy enforcement is depending on the value of is_admin. This key is deprecated. Please update your policy file to use the standard policy values.
Feb 12 17:44:29 devstack devstack@c-api.service[78849]: warnings.warn(
Feb 12 17:44:29 devstack devstack@c-api.service[78850]: INFO cinder.api.openstack.wsgi [req-8529ca97-9ffe-48b3-892b-977529bbfc3c req-d4fc492c-082f-46b4-9e54-106a0af20641 tempest-VolumesAdminNegativeTest-339074557 tempest-VolumesAdminNegativeTest-339074557-project] http://192.168.122.107/volume/v3/volumes/d70d4f42-eed8-4dc6-a499-4ebb0b12ef99 returned with HTTP 404
Feb 12 17:44:29 devstack devstack@c-api.service[78850]: [pid: 78850|app: 0|req: 100/185] 192.168.122.107 () {60 vars in 1498 bytes} [Thu Feb 12 17:44:29 2026] GET /volume/v3/volumes/d70d4f42-eed8-4dc6-a499-4ebb0b12ef99 => generated 109 bytes in 133 msecs (HTTP/1.1 404) 7 headers in 292 bytes (1 switches on core 0)
Feb 12 17:44:29 devstack devstack@c-api.service[78850]: DEBUG cinder.api.middleware.request_id [None req-bc1022bf-9e98-481c-8c4b-2914f025c6e9 None None] RequestId filter calling following filter/app {{(pid=78850) _context_setter /opt/stack/cinder/cinder/api/middleware/request_id.py:62}}
Feb 12 17:44:29 devstack devstack@c-api.service[78850]: INFO cinder.api.openstack.wsgi [None req-bc1022bf-9e98-481c-8c4b-2914f025c6e9 tempest-VolumesAdminNegativeTest-512989374 tempest-VolumesAdminNegativeTest-512989374-project-member] DELETE http://192.168.122.107/volume/v3/volumes/a4416e8f-a499-4a7f-8081-cd9d5a21428b
Feb 12 17:44:29 devstack devstack@c-api.service[78849]: INFO cinder.volume.api [None req-0cb7e52e-849b-4613-8a9b-74e5d47d553b tempest-VolumesTestJSON-1650866517 tempest-VolumesTestJSON-1650866517-project-member] Volume info retrieved successfully.
Feb 12 17:44:29 devstack devstack@c-api.service[78850]: DEBUG cinder.api.openstack.wsgi [None req-bc1022bf-9e98-481c-8c4b-2914f025c6e9 tempest-VolumesAdminNegativeTest-512989374 tempest-VolumesAdminNegativeTest-512989374-project-member] Empty body provided in request {{(pid=78850) get_body /opt/stack/cinder/cinder/api/openstack/wsgi.py:725}}
Feb 12 17:44:29 devstack devstack@c-api.service[78850]: DEBUG cinder.api.openstack.wsgi [None req-bc1022bf-9e98-481c-8c4b-2914f025c6e9 tempest-VolumesAdminNegativeTest-512989374 tempest-VolumesAdminNegativeTest-512989374-project-member] Calling method 'delete' {{(pid=78850) _process_stack /opt/stack/cinder/cinder/api/openstack/wsgi.py:878}}
Feb 12 17:44:29 devstack devstack@c-api.service[78850]: INFO cinder.api.v3.volumes [None req-bc1022bf-9e98-481c-8c4b-2914f025c6e9 tempest-VolumesAdminNegativeTest-512989374 tempest-VolumesAdminNegativeTest-512989374-project-member] Delete volume with id: a4416e8f-a499-4a7f-8081-cd9d5a21428b
Feb 12 17:44:29 devstack devstack@c-api.service[78850]: /opt/stack/data/venv/lib/python3.10/site-packages/oslo_context/context.py:101: DeprecationWarning: Policy enforcement is depending on the value of is_admin. This key is deprecated. Please update your policy file to use the standard policy values.
Feb 12 17:44:29 devstack devstack@c-api.service[78850]: warnings.warn(
Feb 12 17:44:29 devstack devstack@c-api.service[78850]: INFO cinder.volume.api [None req-bc1022bf-9e98-481c-8c4b-2914f025c6e9 tempest-VolumesAdminNegativeTest-512989374 tempest-VolumesAdminNegativeTest-512989374-project-member] Volume info retrieved successfully.
Feb 12 17:44:29 devstack devstack@c-api.service[78849]: INFO cinder.api.openstack.wsgi [None req-0cb7e52e-849b-4613-8a9b-74e5d47d553b tempest-VolumesTestJSON-1650866517 tempest-VolumesTestJSON-1650866517-project-member] http://192.168.122.107/volume/v3/volumes/ccefac10-ea0b-4a79-ad03-18d271c4bd91 returned with HTTP 200
Feb 12 17:44:29 devstack devstack@c-api.service[78849]: [pid: 78849|app: 0|req: 86/186] 192.168.122.107 () {58 vars in 1245 bytes} [Thu Feb 12 17:44:29 2026] GET /volume/v3/volumes/ccefac10-ea0b-4a79-ad03-18d271c4bd91 => generated 858 bytes in 164 msecs (HTTP/1.1 200) 7 headers in 285 bytes (1 switches on core 0)
Feb 12 17:44:29 devstack devstack@c-api.service[78850]: INFO cinder.volume.api [None req-bc1022bf-9e98-481c-8c4b-2914f025c6e9 tempest-VolumesAdminNegativeTest-512989374 tempest-VolumesAdminNegativeTest-512989374-project-member] Delete volume request issued successfully.
Feb 12 17:44:29 devstack devstack@c-api.service[78850]: INFO cinder.api.openstack.wsgi [None req-bc1022bf-9e98-481c-8c4b-2914f025c6e9 tempest-VolumesAdminNegativeTest-512989374 tempest-VolumesAdminNegativeTest-512989374-project-member] http://192.168.122.107/volume/v3/volumes/a4416e8f-a499-4a7f-8081-cd9d5a21428b returned with HTTP 202
Feb 12 17:44:29 devstack devstack@c-api.service[78850]: [pid: 78850|app: 0|req: 101/187] 192.168.122.107 () {58 vars in 1248 bytes} [Thu Feb 12 17:44:29 2026] DELETE /volume/v3/volumes/a4416e8f-a499-4a7f-8081-cd9d5a21428b => generated 0 bytes in 93 msecs (HTTP/1.1 202) 6 headers in 233 bytes (1 switches on core 0)
Feb 12 17:44:29 devstack devstack@c-api.service[78849]: DEBUG cinder.api.middleware.request_id [None req-fe0e343b-af41-44e6-9721-15ff98668227 None None] RequestId filter calling following filter/app {{(pid=78849) _context_setter /opt/stack/cinder/cinder/api/middleware/request_id.py:62}}
Feb 12 17:44:29 devstack devstack@c-api.service[78849]: INFO cinder.api.openstack.wsgi [None req-fe0e343b-af41-44e6-9721-15ff98668227 tempest-VolumesAdminNegativeTest-512989374 tempest-VolumesAdminNegativeTest-512989374-project-member] GET http://192.168.122.107/volume/v3/volumes/a4416e8f-a499-4a7f-8081-cd9d5a21428b
Feb 12 17:44:29 devstack devstack@c-api.service[78849]: DEBUG cinder.api.openstack.wsgi [None req-fe0e343b-af41-44e6-9721-15ff98668227 tempest-VolumesAdminNegativeTest-512989374 tempest-VolumesAdminNegativeTest-512989374-project-member] Empty body provided in request {{(pid=78849) get_body /opt/stack/cinder/cinder/api/openstack/wsgi.py:725}}
Feb 12 17:44:29 devstack devstack@c-api.service[78849]: DEBUG cinder.api.openstack.wsgi [None req-fe0e343b-af41-44e6-9721-15ff98668227 tempest-VolumesAdminNegativeTest-512989374 tempest-VolumesAdminNegativeTest-512989374-project-member] Calling method 'show' {{(pid=78849) _process_stack /opt/stack/cinder/cinder/api/openstack/wsgi.py:878}}
Feb 12 17:44:29 devstack devstack@c-api.service[78849]: /opt/stack/data/venv/lib/python3.10/site-packages/oslo_context/context.py:101: DeprecationWarning: Policy enforcement is depending on the value of is_admin. This key is deprecated. Please update your policy file to use the standard policy values.
Feb 12 17:44:29 devstack devstack@c-api.service[78849]: warnings.warn(
Feb 12 17:44:29 devstack devstack@c-api.service[78849]: INFO cinder.volume.api [None req-fe0e343b-af41-44e6-9721-15ff98668227 tempest-VolumesAdminNegativeTest-512989374 tempest-VolumesAdminNegativeTest-512989374-project-member] Volume info retrieved successfully.
Feb 12 17:44:29 devstack devstack@c-api.service[78849]: INFO cinder.api.openstack.wsgi [None req-fe0e343b-af41-44e6-9721-15ff98668227 tempest-VolumesAdminNegativeTest-512989374 tempest-VolumesAdminNegativeTest-512989374-project-member] http://192.168.122.107/volume/v3/volumes/a4416e8f-a499-4a7f-8081-cd9d5a21428b returned with HTTP 200
Feb 12 17:44:29 devstack devstack@c-api.service[78849]: [pid: 78849|app: 0|req: 87/188] 192.168.122.107 () {58 vars in 1245 bytes} [Thu Feb 12 17:44:29 2026] GET /volume/v3/volumes/a4416e8f-a499-4a7f-8081-cd9d5a21428b => generated 856 bytes in 95 msecs (HTTP/1.1 200) 7 headers in 285 bytes (1 switches on core 0)
Feb 12 17:44:30 devstack devstack@c-api.service[78850]: DEBUG cinder.api.middleware.request_id [None req-170b92e9-2109-4fb7-a609-8c93c91bc1e0 None None] RequestId filter calling following filter/app {{(pid=78850) _context_setter /opt/stack/cinder/cinder/api/middleware/request_id.py:62}}
Feb 12 17:44:30 devstack devstack@c-api.service[78850]: INFO cinder.api.openstack.wsgi [None req-170b92e9-2109-4fb7-a609-8c93c91bc1e0 tempest-VolumesTestJSON-1650866517 tempest-VolumesTestJSON-1650866517-project-member] GET http://192.168.122.107/volume/v3/volumes/ccefac10-ea0b-4a79-ad03-18d271c4bd91
Feb 12 17:44:30 devstack devstack@c-api.service[78850]: DEBUG cinder.api.openstack.wsgi [None req-170b92e9-2109-4fb7-a609-8c93c91bc1e0 tempest-VolumesTestJSON-1650866517 tempest-VolumesTestJSON-1650866517-project-member] Empty body provided in request {{(pid=78850) get_body /opt/stack/cinder/cinder/api/openstack/wsgi.py:725}}
Feb 12 17:44:30 devstack devstack@c-api.service[78850]: DEBUG cinder.api.openstack.wsgi [None req-170b92e9-2109-4fb7-a609-8c93c91bc1e0 tempest-VolumesTestJSON-1650866517 tempest-VolumesTestJSON-1650866517-project-member] Calling method 'show' {{(pid=78850) _process_stack /opt/stack/cinder/cinder/api/openstack/wsgi.py:878}}
Feb 12 17:44:30 devstack devstack@c-api.service[78850]: /opt/stack/data/venv/lib/python3.10/site-packages/oslo_context/context.py:101: DeprecationWarning: Policy enforcement is depending on the value of is_admin. This key is deprecated. Please update your policy file to use the standard policy values.
Feb 12 17:44:30 devstack devstack@c-api.service[78850]: warnings.warn(
Feb 12 17:44:30 devstack devstack@c-api.service[78850]: INFO cinder.volume.api [None req-170b92e9-2109-4fb7-a609-8c93c91bc1e0 tempest-VolumesTestJSON-1650866517 tempest-VolumesTestJSON-1650866517-project-member] Volume info retrieved successfully.
Feb 12 17:44:30 devstack devstack@c-api.service[78850]: INFO cinder.api.openstack.wsgi [None req-170b92e9-2109-4fb7-a609-8c93c91bc1e0 tempest-VolumesTestJSON-1650866517 tempest-VolumesTestJSON-1650866517-project-member] http://192.168.122.107/volume/v3/volumes/ccefac10-ea0b-4a79-ad03-18d271c4bd91 returned with HTTP 200
Feb 12 17:44:30 devstack devstack@c-api.service[78850]: [pid: 78850|app: 0|req: 102/189] 192.168.122.107 () {58 vars in 1245 bytes} [Thu Feb 12 17:44:30 2026] GET /volume/v3/volumes/ccefac10-ea0b-4a79-ad03-18d271c4bd91 => generated 858 bytes in 42 msecs (HTTP/1.1 200) 7 headers in 285 bytes (1 switches on core 0)
Feb 12 17:44:30 devstack devstack@c-api.service[78849]: DEBUG cinder.api.middleware.request_id [None req-10370599-af3b-49ab-8467-a7a2c095b71f None None] RequestId filter calling following filter/app {{(pid=78849) _context_setter /opt/stack/cinder/cinder/api/middleware/request_id.py:62}}
Feb 12 17:44:30 devstack devstack@c-api.service[78849]: INFO cinder.api.openstack.wsgi [None req-10370599-af3b-49ab-8467-a7a2c095b71f tempest-VolumesAdminNegativeTest-512989374 tempest-VolumesAdminNegativeTest-512989374-project-member] GET http://192.168.122.107/volume/v3/volumes/a4416e8f-a499-4a7f-8081-cd9d5a21428b
Feb 12 17:44:30 devstack devstack@c-api.service[78849]: DEBUG cinder.api.openstack.wsgi [None req-10370599-af3b-49ab-8467-a7a2c095b71f tempest-VolumesAdminNegativeTest-512989374 tempest-VolumesAdminNegativeTest-512989374-project-member] Empty body provided in request {{(pid=78849) get_body /opt/stack/cinder/cinder/api/openstack/wsgi.py:725}}
Feb 12 17:44:30 devstack devstack@c-api.service[78849]: DEBUG cinder.api.openstack.wsgi [None req-10370599-af3b-49ab-8467-a7a2c095b71f tempest-VolumesAdminNegativeTest-512989374 tempest-VolumesAdminNegativeTest-512989374-project-member] Calling method 'show' {{(pid=78849) _process_stack /opt/stack/cinder/cinder/api/openstack/wsgi.py:878}}
Feb 12 17:44:30 devstack devstack@c-api.service[78849]: /opt/stack/data/venv/lib/python3.10/site-packages/oslo_context/context.py:101: DeprecationWarning: Policy enforcement is depending on the value of is_admin. This key is deprecated. Please update your policy file to use the standard policy values.
Feb 12 17:44:30 devstack devstack@c-api.service[78849]: warnings.warn(
Feb 12 17:44:31 devstack devstack@c-api.service[78849]: INFO cinder.volume.api [None req-10370599-af3b-49ab-8467-a7a2c095b71f tempest-VolumesAdminNegativeTest-512989374 tempest-VolumesAdminNegativeTest-512989374-project-member] Volume info retrieved successfully.
Feb 12 17:44:31 devstack devstack@c-api.service[78849]: INFO cinder.api.openstack.wsgi [None req-10370599-af3b-49ab-8467-a7a2c095b71f tempest-VolumesAdminNegativeTest-512989374 tempest-VolumesAdminNegativeTest-512989374-project-member] http://192.168.122.107/volume/v3/volumes/a4416e8f-a499-4a7f-8081-cd9d5a21428b returned with HTTP 200
Feb 12 17:44:31 devstack devstack@c-api.service[78849]: [pid: 78849|app: 0|req: 88/190] 192.168.122.107 () {58 vars in 1245 bytes} [Thu Feb 12 17:44:30 2026] GET /volume/v3/volumes/a4416e8f-a499-4a7f-8081-cd9d5a21428b => generated 856 bytes in 95 msecs (HTTP/1.1 200) 7 headers in 285 bytes (1 switches on core 0)
Feb 12 17:44:31 devstack devstack@c-api.service[78850]: DEBUG cinder.api.middleware.request_id [None req-80765af9-dc45-4793-8ef4-d1ec95d2729f None None] RequestId filter calling following filter/app {{(pid=78850) _context_setter /opt/stack/cinder/cinder/api/middleware/request_id.py:62}}
Feb 12 17:44:31 devstack devstack@c-api.service[78850]: INFO cinder.api.openstack.wsgi [None req-80765af9-dc45-4793-8ef4-d1ec95d2729f tempest-VolumesTestJSON-1650866517 tempest-VolumesTestJSON-1650866517-project-member] GET http://192.168.122.107/volume/v3/volumes/ccefac10-ea0b-4a79-ad03-18d271c4bd91
Feb 12 17:44:31 devstack devstack@c-api.service[78850]: DEBUG cinder.api.openstack.wsgi [None req-80765af9-dc45-4793-8ef4-d1ec95d2729f tempest-VolumesTestJSON-1650866517 tempest-VolumesTestJSON-1650866517-project-member] Empty body provided in request {{(pid=78850) get_body /opt/stack/cinder/cinder/api/openstack/wsgi.py:725}}
Feb 12 17:44:31 devstack devstack@c-api.service[78850]: DEBUG cinder.api.openstack.wsgi [None req-80765af9-dc45-4793-8ef4-d1ec95d2729f tempest-VolumesTestJSON-1650866517 tempest-VolumesTestJSON-1650866517-project-member] Calling method 'show' {{(pid=78850) _process_stack /opt/stack/cinder/cinder/api/openstack/wsgi.py:878}}
Feb 12 17:44:31 devstack devstack@c-api.service[78850]: INFO cinder.api.openstack.wsgi [None req-80765af9-dc45-4793-8ef4-d1ec95d2729f tempest-VolumesTestJSON-1650866517 tempest-VolumesTestJSON-1650866517-project-member] http://192.168.122.107/volume/v3/volumes/ccefac10-ea0b-4a79-ad03-18d271c4bd91 returned with HTTP 404
Feb 12 17:44:31 devstack devstack@c-api.service[78849]: DEBUG cinder.api.middleware.request_id [None req-9aa8f4ce-562d-4402-864c-2a8959a0b56f None None] RequestId filter calling following filter/app {{(pid=78849) _context_setter /opt/stack/cinder/cinder/api/middleware/request_id.py:62}}
Feb 12 17:44:31 devstack devstack@c-api.service[78849]: INFO cinder.api.openstack.wsgi [None req-9aa8f4ce-562d-4402-864c-2a8959a0b56f tempest-VolumesTestJSON-1650866517 tempest-VolumesTestJSON-1650866517-project-member] DELETE http://192.168.122.107/volume/v3/volumes/37b55c3d-7825-4ebc-ab59-a9b14c620c82
Feb 12 17:44:31 devstack devstack@c-api.service[78849]: DEBUG cinder.api.openstack.wsgi [None req-9aa8f4ce-562d-4402-864c-2a8959a0b56f tempest-VolumesTestJSON-1650866517 tempest-VolumesTestJSON-1650866517-project-member] Empty body provided in request {{(pid=78849) get_body /opt/stack/cinder/cinder/api/openstack/wsgi.py:725}}
Feb 12 17:44:31 devstack devstack@c-api.service[78849]: DEBUG cinder.api.openstack.wsgi [None req-9aa8f4ce-562d-4402-864c-2a8959a0b56f tempest-VolumesTestJSON-1650866517 tempest-VolumesTestJSON-1650866517-project-member] Calling method 'delete' {{(pid=78849) _process_stack /opt/stack/cinder/cinder/api/openstack/wsgi.py:878}}
Feb 12 17:44:31 devstack devstack@c-api.service[78849]: INFO cinder.api.v3.volumes [None req-9aa8f4ce-562d-4402-864c-2a8959a0b56f tempest-VolumesTestJSON-1650866517 tempest-VolumesTestJSON-1650866517-project-member] Delete volume with id: 37b55c3d-7825-4ebc-ab59-a9b14c620c82
Feb 12 17:44:31 devstack devstack@c-api.service[78850]: [pid: 78850|app: 0|req: 103/191] 192.168.122.107 () {58 vars in 1245 bytes} [Thu Feb 12 17:44:31 2026] GET /volume/v3/volumes/ccefac10-ea0b-4a79-ad03-18d271c4bd91 => generated 109 bytes in 62 msecs (HTTP/1.1 404) 7 headers in 292 bytes (1 switches on core 0)
Feb 12 17:44:31 devstack devstack@c-api.service[78849]: /opt/stack/data/venv/lib/python3.10/site-packages/oslo_context/context.py:101: DeprecationWarning: Policy enforcement is depending on the value of is_admin. This key is deprecated. Please update your policy file to use the standard policy values.
Feb 12 17:44:31 devstack devstack@c-api.service[78849]: warnings.warn(
Feb 12 17:44:31 devstack devstack@c-api.service[78849]: INFO cinder.volume.api [None req-9aa8f4ce-562d-4402-864c-2a8959a0b56f tempest-VolumesTestJSON-1650866517 tempest-VolumesTestJSON-1650866517-project-member] Volume info retrieved successfully.
Feb 12 17:44:31 devstack devstack@c-api.service[78849]: INFO cinder.volume.api [None req-9aa8f4ce-562d-4402-864c-2a8959a0b56f tempest-VolumesTestJSON-1650866517 tempest-VolumesTestJSON-1650866517-project-member] Delete volume request issued successfully.
Feb 12 17:44:31 devstack devstack@c-api.service[78849]: INFO cinder.api.openstack.wsgi [None req-9aa8f4ce-562d-4402-864c-2a8959a0b56f tempest-VolumesTestJSON-1650866517 tempest-VolumesTestJSON-1650866517-project-member] http://192.168.122.107/volume/v3/volumes/37b55c3d-7825-4ebc-ab59-a9b14c620c82 returned with HTTP 202
Feb 12 17:44:31 devstack devstack@c-api.service[78849]: [pid: 78849|app: 0|req: 89/192] 192.168.122.107 () {58 vars in 1248 bytes} [Thu Feb 12 17:44:31 2026] DELETE /volume/v3/volumes/37b55c3d-7825-4ebc-ab59-a9b14c620c82 => generated 0 bytes in 58 msecs (HTTP/1.1 202) 6 headers in 233 bytes (1 switches on core 0)
Feb 12 17:44:31 devstack devstack@c-api.service[78850]: DEBUG cinder.api.middleware.request_id [None req-e0883299-1cf8-4be1-94a9-6f61c45bc2e9 None None] RequestId filter calling following filter/app {{(pid=78850) _context_setter /opt/stack/cinder/cinder/api/middleware/request_id.py:62}}
Feb 12 17:44:31 devstack devstack@c-api.service[78850]: INFO cinder.api.openstack.wsgi [None req-e0883299-1cf8-4be1-94a9-6f61c45bc2e9 tempest-VolumesTestJSON-1650866517 tempest-VolumesTestJSON-1650866517-project-member] GET http://192.168.122.107/volume/v3/volumes/37b55c3d-7825-4ebc-ab59-a9b14c620c82
Feb 12 17:44:31 devstack devstack@c-api.service[78850]: DEBUG cinder.api.openstack.wsgi [None req-e0883299-1cf8-4be1-94a9-6f61c45bc2e9 tempest-VolumesTestJSON-1650866517 tempest-VolumesTestJSON-1650866517-project-member] Empty body provided in request {{(pid=78850) get_body /opt/stack/cinder/cinder/api/openstack/wsgi.py:725}}
Feb 12 17:44:32 devstack devstack@c-api.service[78850]: DEBUG cinder.api.openstack.wsgi [None req-e0883299-1cf8-4be1-94a9-6f61c45bc2e9 tempest-VolumesTestJSON-1650866517 tempest-VolumesTestJSON-1650866517-project-member] Calling method 'show' {{(pid=78850) _process_stack /opt/stack/cinder/cinder/api/openstack/wsgi.py:878}}
Feb 12 17:44:32 devstack devstack@c-api.service[78850]: /opt/stack/data/venv/lib/python3.10/site-packages/oslo_context/context.py:101: DeprecationWarning: Policy enforcement is depending on the value of is_admin. This key is deprecated. Please update your policy file to use the standard policy values.
Feb 12 17:44:32 devstack devstack@c-api.service[78850]: warnings.warn(
Feb 12 17:44:32 devstack devstack@c-api.service[78849]: DEBUG cinder.api.middleware.request_id [None req-ed18798a-e9d8-4740-b5ec-b413b97bfe1f None None] RequestId filter calling following filter/app {{(pid=78849) _context_setter /opt/stack/cinder/cinder/api/middleware/request_id.py:62}}
Feb 12 17:44:32 devstack devstack@c-api.service[78849]: INFO cinder.api.openstack.wsgi [None req-ed18798a-e9d8-4740-b5ec-b413b97bfe1f tempest-VolumesAdminNegativeTest-512989374 tempest-VolumesAdminNegativeTest-512989374-project-member] GET http://192.168.122.107/volume/v3/volumes/a4416e8f-a499-4a7f-8081-cd9d5a21428b
Feb 12 17:44:32 devstack devstack@c-api.service[78849]: DEBUG cinder.api.openstack.wsgi [None req-ed18798a-e9d8-4740-b5ec-b413b97bfe1f tempest-VolumesAdminNegativeTest-512989374 tempest-VolumesAdminNegativeTest-512989374-project-member] Empty body provided in request {{(pid=78849) get_body /opt/stack/cinder/cinder/api/openstack/wsgi.py:725}}
Feb 12 17:44:32 devstack devstack@c-api.service[78849]: DEBUG cinder.api.openstack.wsgi [None req-ed18798a-e9d8-4740-b5ec-b413b97bfe1f tempest-VolumesAdminNegativeTest-512989374 tempest-VolumesAdminNegativeTest-512989374-project-member] Calling method 'show' {{(pid=78849) _process_stack /opt/stack/cinder/cinder/api/openstack/wsgi.py:878}}
Feb 12 17:44:32 devstack devstack@c-api.service[78850]: INFO cinder.volume.api [None req-e0883299-1cf8-4be1-94a9-6f61c45bc2e9 tempest-VolumesTestJSON-1650866517 tempest-VolumesTestJSON-1650866517-project-member] Volume info retrieved successfully.
Feb 12 17:44:32 devstack devstack@c-api.service[78849]: INFO cinder.api.openstack.wsgi [None req-ed18798a-e9d8-4740-b5ec-b413b97bfe1f tempest-VolumesAdminNegativeTest-512989374 tempest-VolumesAdminNegativeTest-512989374-project-member] http://192.168.122.107/volume/v3/volumes/a4416e8f-a499-4a7f-8081-cd9d5a21428b returned with HTTP 404
Feb 12 17:44:32 devstack devstack@c-api.service[78849]: [pid: 78849|app: 0|req: 90/193] 192.168.122.107 () {58 vars in 1245 bytes} [Thu Feb 12 17:44:32 2026] GET /volume/v3/volumes/a4416e8f-a499-4a7f-8081-cd9d5a21428b => generated 109 bytes in 26 msecs (HTTP/1.1 404) 7 headers in 292 bytes (1 switches on core 0)
Feb 12 17:44:32 devstack devstack@c-api.service[78850]: INFO cinder.api.openstack.wsgi [None req-e0883299-1cf8-4be1-94a9-6f61c45bc2e9 tempest-VolumesTestJSON-1650866517 tempest-VolumesTestJSON-1650866517-project-member] http://192.168.122.107/volume/v3/volumes/37b55c3d-7825-4ebc-ab59-a9b14c620c82 returned with HTTP 200
Feb 12 17:44:32 devstack devstack@c-api.service[78850]: [pid: 78850|app: 0|req: 104/194] 192.168.122.107 () {58 vars in 1245 bytes} [Thu Feb 12 17:44:31 2026] GET /volume/v3/volumes/37b55c3d-7825-4ebc-ab59-a9b14c620c82 => generated 861 bytes in 175 msecs (HTTP/1.1 200) 7 headers in 285 bytes (1 switches on core 0)
Feb 12 17:44:33 devstack devstack@c-api.service[78849]: DEBUG cinder.api.middleware.request_id [None req-84d48df4-4317-4255-80e5-6daffc1e5c44 None None] RequestId filter calling following filter/app {{(pid=78849) _context_setter /opt/stack/cinder/cinder/api/middleware/request_id.py:62}}
Feb 12 17:44:33 devstack devstack@c-api.service[78849]: INFO cinder.api.openstack.wsgi [None req-84d48df4-4317-4255-80e5-6daffc1e5c44 tempest-VolumesTestJSON-1650866517 tempest-VolumesTestJSON-1650866517-project-member] GET http://192.168.122.107/volume/v3/volumes/37b55c3d-7825-4ebc-ab59-a9b14c620c82
Feb 12 17:44:33 devstack devstack@c-api.service[78849]: DEBUG cinder.api.openstack.wsgi [None req-84d48df4-4317-4255-80e5-6daffc1e5c44 tempest-VolumesTestJSON-1650866517 tempest-VolumesTestJSON-1650866517-project-member] Empty body provided in request {{(pid=78849) get_body /opt/stack/cinder/cinder/api/openstack/wsgi.py:725}}
Feb 12 17:44:33 devstack devstack@c-api.service[78849]: DEBUG cinder.api.openstack.wsgi [None req-84d48df4-4317-4255-80e5-6daffc1e5c44 tempest-VolumesTestJSON-1650866517 tempest-VolumesTestJSON-1650866517-project-member] Calling method 'show' {{(pid=78849) _process_stack /opt/stack/cinder/cinder/api/openstack/wsgi.py:878}}
Feb 12 17:44:33 devstack devstack@c-api.service[78849]: /opt/stack/data/venv/lib/python3.10/site-packages/oslo_context/context.py:101: DeprecationWarning: Policy enforcement is depending on the value of is_admin. This key is deprecated. Please update your policy file to use the standard policy values.
Feb 12 17:44:33 devstack devstack@c-api.service[78849]: warnings.warn(
Feb 12 17:44:33 devstack devstack@c-api.service[78849]: INFO cinder.volume.api [None req-84d48df4-4317-4255-80e5-6daffc1e5c44 tempest-VolumesTestJSON-1650866517 tempest-VolumesTestJSON-1650866517-project-member] Volume info retrieved successfully.
Feb 12 17:44:33 devstack devstack@c-api.service[78849]: INFO cinder.api.openstack.wsgi [None req-84d48df4-4317-4255-80e5-6daffc1e5c44 tempest-VolumesTestJSON-1650866517 tempest-VolumesTestJSON-1650866517-project-member] http://192.168.122.107/volume/v3/volumes/37b55c3d-7825-4ebc-ab59-a9b14c620c82 returned with HTTP 200
Feb 12 17:44:33 devstack devstack@c-api.service[78849]: [pid: 78849|app: 0|req: 91/195] 192.168.122.107 () {58 vars in 1245 bytes} [Thu Feb 12 17:44:33 2026] GET /volume/v3/volumes/37b55c3d-7825-4ebc-ab59-a9b14c620c82 => generated 861 bytes in 61 msecs (HTTP/1.1 200) 7 headers in 285 bytes (1 switches on core 0)
Feb 12 17:44:33 devstack devstack@c-api.service[78850]: DEBUG cinder.api.middleware.request_id [req-eca4ae7c-86ec-47da-bbaa-64414eaf0b05 req-eb22faf4-ea0b-45f2-bd12-2ae48de88133 None None] RequestId filter calling following filter/app {{(pid=78850) _context_setter /opt/stack/cinder/cinder/api/middleware/request_id.py:62}}
Feb 12 17:44:33 devstack devstack@c-api.service[78850]: INFO cinder.api.openstack.wsgi [req-eca4ae7c-86ec-47da-bbaa-64414eaf0b05 req-eb22faf4-ea0b-45f2-bd12-2ae48de88133 tempest-VolumesGetTestJSON-786226000 tempest-VolumesGetTestJSON-786226000-project-member] POST http://192.168.122.107/volume/v3/volumes
Feb 12 17:44:33 devstack devstack@c-api.service[78850]: DEBUG cinder.api.openstack.wsgi [req-eca4ae7c-86ec-47da-bbaa-64414eaf0b05 req-eb22faf4-ea0b-45f2-bd12-2ae48de88133 tempest-VolumesGetTestJSON-786226000 tempest-VolumesGetTestJSON-786226000-project-member] Action: 'create', calling method: create, body: {"volume": {"size": 1, "consistencygroup_id": null, "snapshot_id": null, "name": "tempest-VolumesGetTestJSON-Volume-390206967", "description": null, "volume_type": null, "availability_zone": null, "metadata": {"Type": "work"}, "imageRef": null, "source_volid": null, "backup_id": null}} {{(pid=78850) _process_stack /opt/stack/cinder/cinder/api/openstack/wsgi.py:876}}
Feb 12 17:44:33 devstack devstack@c-api.service[78850]: DEBUG cinder.api.v3.volumes [req-eca4ae7c-86ec-47da-bbaa-64414eaf0b05 req-eb22faf4-ea0b-45f2-bd12-2ae48de88133 tempest-VolumesGetTestJSON-786226000 tempest-VolumesGetTestJSON-786226000-project-member] Create volume request body: {'volume': {'size': 1, 'consistencygroup_id': None, 'snapshot_id': None, 'name': 'tempest-VolumesGetTestJSON-Volume-390206967', 'description': None, 'volume_type': None, 'availability_zone': None, 'metadata': {'Type': 'work'}, 'imageRef': None, 'source_volid': None, 'backup_id': None}} {{(pid=78850) create /opt/stack/cinder/cinder/api/v3/volumes.py:368}}
Feb 12 17:44:33 devstack devstack@c-api.service[78850]: INFO cinder.api.v3.volumes [req-eca4ae7c-86ec-47da-bbaa-64414eaf0b05 req-eb22faf4-ea0b-45f2-bd12-2ae48de88133 tempest-VolumesGetTestJSON-786226000 tempest-VolumesGetTestJSON-786226000-project-member] Create volume of 1 GB
Feb 12 17:44:33 devstack devstack@c-api.service[78850]: INFO cinder.volume.api [req-eca4ae7c-86ec-47da-bbaa-64414eaf0b05 req-eb22faf4-ea0b-45f2-bd12-2ae48de88133 tempest-VolumesGetTestJSON-786226000 tempest-VolumesGetTestJSON-786226000-project-member] Availability Zones retrieved successfully.
Feb 12 17:44:33 devstack devstack@c-api.service[78850]: DEBUG cinder.volume.api [req-eca4ae7c-86ec-47da-bbaa-64414eaf0b05 req-eb22faf4-ea0b-45f2-bd12-2ae48de88133 tempest-VolumesGetTestJSON-786226000 tempest-VolumesGetTestJSON-786226000-project-member] Flow 'volume_create_api' (044cab84-2add-4b43-932f-923b8e3a0d3e) transitioned into state 'RUNNING' from state 'PENDING' {{(pid=78850) _flow_receiver /opt/stack/data/venv/lib/python3.10/site-packages/taskflow/listeners/logging.py:145}}
Feb 12 17:44:33 devstack devstack@c-api.service[78850]: DEBUG cinder.volume.api [req-eca4ae7c-86ec-47da-bbaa-64414eaf0b05 req-eb22faf4-ea0b-45f2-bd12-2ae48de88133 tempest-VolumesGetTestJSON-786226000 tempest-VolumesGetTestJSON-786226000-project-member] Task 'cinder.volume.flows.api.create_volume.ExtractVolumeRequestTask;volume:create' (80e08d97-5227-44fb-9a70-dbec43eb04f2) transitioned into state 'RUNNING' from state 'PENDING' {{(pid=78850) _task_receiver /opt/stack/data/venv/lib/python3.10/site-packages/taskflow/listeners/logging.py:194}}
Feb 12 17:44:33 devstack devstack@c-api.service[78850]: DEBUG cinder.volume.flows.api.create_volume [req-eca4ae7c-86ec-47da-bbaa-64414eaf0b05 req-eb22faf4-ea0b-45f2-bd12-2ae48de88133 tempest-VolumesGetTestJSON-786226000 tempest-VolumesGetTestJSON-786226000-project-member] Validating volume size '1' using validate_int {{(pid=78850) _extract_size /opt/stack/cinder/cinder/volume/flows/api/create_volume.py:226}}
Feb 12 17:44:33 devstack devstack@c-api.service[78850]: DEBUG cinder.volume.api [req-eca4ae7c-86ec-47da-bbaa-64414eaf0b05 req-eb22faf4-ea0b-45f2-bd12-2ae48de88133 tempest-VolumesGetTestJSON-786226000 tempest-VolumesGetTestJSON-786226000-project-member] Task 'cinder.volume.flows.api.create_volume.ExtractVolumeRequestTask;volume:create' (80e08d97-5227-44fb-9a70-dbec43eb04f2) transitioned into state 'SUCCESS' from state 'RUNNING' with result '{'size': 1, 'snapshot_id': None, 'source_volid': None, 'volume_type': VolumeType(created_at=2026-02-12T16:42:34Z,deleted=False,deleted_at=None,description=None,extra_specs={},id=60be1e99-1546-464d-9833-dae54aebd6fa,is_public=True,name='QuobyteHD',projects=[],qos_specs=,qos_specs_id=None,updated_at=None), 'volume_type_id': '60be1e99-1546-464d-9833-dae54aebd6fa', 'encryption_key_id': None, 'qos_specs': None, 'consistencygroup_id': None, 'cgsnapshot_id': None, 'group_id': None, 'replication_status': 'disabled', 'refresh_az': False, 'backup_id': None, 'multiattach': False, 'availability_zones': ['nova']}' {{(pid=78850) _task_receiver /opt/stack/data/venv/lib/python3.10/site-packages/taskflow/listeners/logging.py:182}}
Feb 12 17:44:33 devstack devstack@c-api.service[78850]: DEBUG cinder.volume.api [req-eca4ae7c-86ec-47da-bbaa-64414eaf0b05 req-eb22faf4-ea0b-45f2-bd12-2ae48de88133 tempest-VolumesGetTestJSON-786226000 tempest-VolumesGetTestJSON-786226000-project-member] Task 'cinder.volume.flows.api.create_volume.QuotaReserveTask;volume:create' (3e9f1d55-ffa4-4182-9bf0-0641a680b82f) transitioned into state 'RUNNING' from state 'PENDING' {{(pid=78850) _task_receiver /opt/stack/data/venv/lib/python3.10/site-packages/taskflow/listeners/logging.py:194}}
Feb 12 17:44:33 devstack devstack@c-api.service[78850]: DEBUG cinder.quota [req-eca4ae7c-86ec-47da-bbaa-64414eaf0b05 req-eb22faf4-ea0b-45f2-bd12-2ae48de88133 tempest-VolumesGetTestJSON-786226000 tempest-VolumesGetTestJSON-786226000-project-member] Created reservations ['4c7d9c18-02d1-40ae-8e47-ec0746b0f053', '4b0c1211-05c9-4fe1-9f29-081ed1d0e1e6', '563db03f-7d58-41ec-b3c4-9d391cf39fe8', '2ee715b9-a581-4440-843a-52a2b6badb83'] {{(pid=78850) reserve /opt/stack/cinder/cinder/quota.py:752}}
Feb 12 17:44:33 devstack devstack@c-api.service[78850]: DEBUG cinder.volume.api [req-eca4ae7c-86ec-47da-bbaa-64414eaf0b05 req-eb22faf4-ea0b-45f2-bd12-2ae48de88133 tempest-VolumesGetTestJSON-786226000 tempest-VolumesGetTestJSON-786226000-project-member] Task 'cinder.volume.flows.api.create_volume.QuotaReserveTask;volume:create' (3e9f1d55-ffa4-4182-9bf0-0641a680b82f) transitioned into state 'SUCCESS' from state 'RUNNING' with result '{'reservations': ['4c7d9c18-02d1-40ae-8e47-ec0746b0f053', '4b0c1211-05c9-4fe1-9f29-081ed1d0e1e6', '563db03f-7d58-41ec-b3c4-9d391cf39fe8', '2ee715b9-a581-4440-843a-52a2b6badb83']}' {{(pid=78850) _task_receiver /opt/stack/data/venv/lib/python3.10/site-packages/taskflow/listeners/logging.py:182}}
Feb 12 17:44:33 devstack devstack@c-api.service[78850]: DEBUG cinder.volume.api [req-eca4ae7c-86ec-47da-bbaa-64414eaf0b05 req-eb22faf4-ea0b-45f2-bd12-2ae48de88133 tempest-VolumesGetTestJSON-786226000 tempest-VolumesGetTestJSON-786226000-project-member] Task 'cinder.volume.flows.api.create_volume.EntryCreateTask;volume:create' (408a426d-cb06-47a0-bced-f113f7713006) transitioned into state 'RUNNING' from state 'PENDING' {{(pid=78850) _task_receiver /opt/stack/data/venv/lib/python3.10/site-packages/taskflow/listeners/logging.py:194}}
Feb 12 17:44:33 devstack devstack@c-api.service[78850]: DEBUG cinder.volume.api [req-eca4ae7c-86ec-47da-bbaa-64414eaf0b05 req-eb22faf4-ea0b-45f2-bd12-2ae48de88133 tempest-VolumesGetTestJSON-786226000 tempest-VolumesGetTestJSON-786226000-project-member] Task 'cinder.volume.flows.api.create_volume.EntryCreateTask;volume:create' (408a426d-cb06-47a0-bced-f113f7713006) transitioned into state 'SUCCESS' from state 'RUNNING' with result '{'volume_id': 'a6b2957a-0a95-4038-b2e7-08fbab8fcf60', 'volume_properties': VolumeProperties(attach_status='detached',availability_zone='nova',cgsnapshot_id=None,consistencygroup_id=None,display_description=None,display_name='tempest-VolumesGetTestJSON-Volume-390206967',encryption_key_id=None,group_id=None,group_type_id=,metadata={Type='work'},multiattach=False,project_id='fd2600aeaab94865bfaebbf09378120a',qos_specs=None,replication_status=,reservations=['4c7d9c18-02d1-40ae-8e47-ec0746b0f053','4b0c1211-05c9-4fe1-9f29-081ed1d0e1e6','563db03f-7d58-41ec-b3c4-9d391cf39fe8','2ee715b9-a581-4440-843a-52a2b6badb83'],size=1,snapshot_id=None,source_replicaid=,source_volid=None,status='creating',user_id='cb7f02964c694d9196ad937942078d7d',volume_type_id=60be1e99-1546-464d-9833-dae54aebd6fa), 'volume': Volume(_name_id=None,admin_metadata=,attach_status='detached',availability_zone='nova',bootable=False,cluster=,cluster_name=None,consistencygroup=,consistencygroup_id=None,created_at=2026-02-12T16:44:33Z,deleted=False,deleted_at=None,display_description=None,display_name='tempest-VolumesGetTestJSON-Volume-390206967',ec2_id=None,encryption_key_id=None,glance_metadata=,group=,group_id=None,host=None,id=a6b2957a-0a95-4038-b2e7-08fbab8fcf60,launched_at=None,metadata={Type='work'},migration_status=None,multiattach=False,previous_status=None,project_id='fd2600aeaab94865bfaebbf09378120a',provider_auth=None,provider_geometry=None,provider_id=None,provider_location=None,replication_driver_data=None,replication_extended_status=None,replication_status=None,scheduled_at=None,service_uuid=None,shared_targets=True,size=1,snapshot_id=None,snapshots=,source_volid=None,status='creating',terminated_at=None,updated_at=None,use_quota=True,user_id='cb7f02964c694d9196ad937942078d7d',volume_attachment=VolumeAttachmentList,volume_type=VolumeType(60be1e99-1546-464d-9833-dae54aebd6fa),volume_type_id=60be1e99-1546-464d-9833-dae54aebd6fa)}' {{(pid=78850) _task_receiver /opt/stack/data/venv/lib/python3.10/site-packages/taskflow/listeners/logging.py:182}}
Feb 12 17:44:33 devstack devstack@c-api.service[78850]: DEBUG cinder.volume.api [req-eca4ae7c-86ec-47da-bbaa-64414eaf0b05 req-eb22faf4-ea0b-45f2-bd12-2ae48de88133 tempest-VolumesGetTestJSON-786226000 tempest-VolumesGetTestJSON-786226000-project-member] Task 'cinder.volume.flows.api.create_volume.QuotaCommitTask;volume:create' (0e9ee7c6-b764-41bb-af73-6703b1d4484d) transitioned into state 'RUNNING' from state 'PENDING' {{(pid=78850) _task_receiver /opt/stack/data/venv/lib/python3.10/site-packages/taskflow/listeners/logging.py:194}}
Feb 12 17:44:33 devstack devstack@c-api.service[78850]: DEBUG cinder.volume.api [req-eca4ae7c-86ec-47da-bbaa-64414eaf0b05 req-eb22faf4-ea0b-45f2-bd12-2ae48de88133 tempest-VolumesGetTestJSON-786226000 tempest-VolumesGetTestJSON-786226000-project-member] Task 'cinder.volume.flows.api.create_volume.QuotaCommitTask;volume:create' (0e9ee7c6-b764-41bb-af73-6703b1d4484d) transitioned into state 'SUCCESS' from state 'RUNNING' with result '{'volume_properties': VolumeProperties(attach_status='detached',availability_zone='nova',cgsnapshot_id=None,consistencygroup_id=None,display_description=None,display_name='tempest-VolumesGetTestJSON-Volume-390206967',encryption_key_id=None,group_id=None,group_type_id=,metadata={Type='work'},multiattach=False,project_id='fd2600aeaab94865bfaebbf09378120a',qos_specs=None,replication_status=,reservations=['4c7d9c18-02d1-40ae-8e47-ec0746b0f053','4b0c1211-05c9-4fe1-9f29-081ed1d0e1e6','563db03f-7d58-41ec-b3c4-9d391cf39fe8','2ee715b9-a581-4440-843a-52a2b6badb83'],size=1,snapshot_id=None,source_replicaid=,source_volid=None,status='creating',user_id='cb7f02964c694d9196ad937942078d7d',volume_type_id=60be1e99-1546-464d-9833-dae54aebd6fa)}' {{(pid=78850) _task_receiver /opt/stack/data/venv/lib/python3.10/site-packages/taskflow/listeners/logging.py:182}}
Feb 12 17:44:33 devstack devstack@c-api.service[78850]: DEBUG cinder.volume.api [req-eca4ae7c-86ec-47da-bbaa-64414eaf0b05 req-eb22faf4-ea0b-45f2-bd12-2ae48de88133 tempest-VolumesGetTestJSON-786226000 tempest-VolumesGetTestJSON-786226000-project-member] Task 'cinder.volume.flows.api.create_volume.VolumeCastTask;volume:create' (98a07508-640b-40f8-867d-148f4a785da2) transitioned into state 'RUNNING' from state 'PENDING' {{(pid=78850) _task_receiver /opt/stack/data/venv/lib/python3.10/site-packages/taskflow/listeners/logging.py:194}}
Feb 12 17:44:33 devstack devstack@c-api.service[78850]: DEBUG cinder.volume.api [req-eca4ae7c-86ec-47da-bbaa-64414eaf0b05 req-eb22faf4-ea0b-45f2-bd12-2ae48de88133 tempest-VolumesGetTestJSON-786226000 tempest-VolumesGetTestJSON-786226000-project-member] Task 'cinder.volume.flows.api.create_volume.VolumeCastTask;volume:create' (98a07508-640b-40f8-867d-148f4a785da2) transitioned into state 'SUCCESS' from state 'RUNNING' with result 'None' {{(pid=78850) _task_receiver /opt/stack/data/venv/lib/python3.10/site-packages/taskflow/listeners/logging.py:182}}
Feb 12 17:44:33 devstack devstack@c-api.service[78850]: DEBUG cinder.volume.api [req-eca4ae7c-86ec-47da-bbaa-64414eaf0b05 req-eb22faf4-ea0b-45f2-bd12-2ae48de88133 tempest-VolumesGetTestJSON-786226000 tempest-VolumesGetTestJSON-786226000-project-member] Flow 'volume_create_api' (044cab84-2add-4b43-932f-923b8e3a0d3e) transitioned into state 'SUCCESS' from state 'RUNNING' {{(pid=78850) _flow_receiver /opt/stack/data/venv/lib/python3.10/site-packages/taskflow/listeners/logging.py:145}}
Feb 12 17:44:33 devstack devstack@c-api.service[78850]: INFO cinder.volume.api [req-eca4ae7c-86ec-47da-bbaa-64414eaf0b05 req-eb22faf4-ea0b-45f2-bd12-2ae48de88133 tempest-VolumesGetTestJSON-786226000 tempest-VolumesGetTestJSON-786226000-project-member] Create volume request issued successfully.
Feb 12 17:44:33 devstack devstack@c-api.service[78850]: INFO cinder.api.openstack.wsgi [req-eca4ae7c-86ec-47da-bbaa-64414eaf0b05 req-eb22faf4-ea0b-45f2-bd12-2ae48de88133 tempest-VolumesGetTestJSON-786226000 tempest-VolumesGetTestJSON-786226000-project-member] http://192.168.122.107/volume/v3/volumes returned with HTTP 202
Feb 12 17:44:33 devstack devstack@c-api.service[78850]: [pid: 78850|app: 0|req: 105/196] 192.168.122.107 () {64 vars in 1441 bytes} [Thu Feb 12 17:44:33 2026] POST /volume/v3/volumes => generated 771 bytes in 232 msecs (HTTP/1.1 202) 7 headers in 291 bytes (1 switches on core 0)
Feb 12 17:44:33 devstack devstack@c-api.service[78849]: DEBUG cinder.api.middleware.request_id [req-eca4ae7c-86ec-47da-bbaa-64414eaf0b05 req-f8967e7b-470c-4b38-a843-2c9dfeceb649 None None] RequestId filter calling following filter/app {{(pid=78849) _context_setter /opt/stack/cinder/cinder/api/middleware/request_id.py:62}}
Feb 12 17:44:33 devstack devstack@c-api.service[78849]: INFO cinder.api.openstack.wsgi [req-eca4ae7c-86ec-47da-bbaa-64414eaf0b05 req-f8967e7b-470c-4b38-a843-2c9dfeceb649 tempest-VolumesGetTestJSON-786226000 tempest-VolumesGetTestJSON-786226000-project-member] GET http://192.168.122.107/volume/v3/volumes/a6b2957a-0a95-4038-b2e7-08fbab8fcf60
Feb 12 17:44:33 devstack devstack@c-api.service[78849]: DEBUG cinder.api.openstack.wsgi [req-eca4ae7c-86ec-47da-bbaa-64414eaf0b05 req-f8967e7b-470c-4b38-a843-2c9dfeceb649 tempest-VolumesGetTestJSON-786226000 tempest-VolumesGetTestJSON-786226000-project-member] Empty body provided in request {{(pid=78849) get_body /opt/stack/cinder/cinder/api/openstack/wsgi.py:725}}
Feb 12 17:44:33 devstack devstack@c-api.service[78849]: DEBUG cinder.api.openstack.wsgi [req-eca4ae7c-86ec-47da-bbaa-64414eaf0b05 req-f8967e7b-470c-4b38-a843-2c9dfeceb649 tempest-VolumesGetTestJSON-786226000 tempest-VolumesGetTestJSON-786226000-project-member] Calling method 'show' {{(pid=78849) _process_stack /opt/stack/cinder/cinder/api/openstack/wsgi.py:878}}
Feb 12 17:44:33 devstack devstack@c-api.service[78849]: /opt/stack/data/venv/lib/python3.10/site-packages/oslo_context/context.py:101: DeprecationWarning: Policy enforcement is depending on the value of is_admin. This key is deprecated. Please update your policy file to use the standard policy values.
Feb 12 17:44:33 devstack devstack@c-api.service[78849]: warnings.warn(
Feb 12 17:44:34 devstack devstack@c-api.service[78849]: INFO cinder.volume.api [req-eca4ae7c-86ec-47da-bbaa-64414eaf0b05 req-f8967e7b-470c-4b38-a843-2c9dfeceb649 tempest-VolumesGetTestJSON-786226000 tempest-VolumesGetTestJSON-786226000-project-member] Volume info retrieved successfully.
Feb 12 17:44:34 devstack devstack@c-api.service[78849]: INFO cinder.api.openstack.wsgi [req-eca4ae7c-86ec-47da-bbaa-64414eaf0b05 req-f8967e7b-470c-4b38-a843-2c9dfeceb649 tempest-VolumesGetTestJSON-786226000 tempest-VolumesGetTestJSON-786226000-project-member] http://192.168.122.107/volume/v3/volumes/a6b2957a-0a95-4038-b2e7-08fbab8fcf60 returned with HTTP 200
Feb 12 17:44:34 devstack devstack@c-api.service[78849]: [pid: 78849|app: 0|req: 92/197] 192.168.122.107 () {60 vars in 1498 bytes} [Thu Feb 12 17:44:33 2026] GET /volume/v3/volumes/a6b2957a-0a95-4038-b2e7-08fbab8fcf60 => generated 839 bytes in 57 msecs (HTTP/1.1 200) 7 headers in 285 bytes (1 switches on core 0)
Feb 12 17:44:34 devstack devstack@c-api.service[78850]: DEBUG cinder.api.middleware.request_id [req-e4b2abb6-8705-4e04-a7e2-095e106e75ee req-2a628d07-c6b0-409c-8f19-c272603dd2ba None None] RequestId filter calling following filter/app {{(pid=78850) _context_setter /opt/stack/cinder/cinder/api/middleware/request_id.py:62}}
Feb 12 17:44:34 devstack devstack@c-api.service[78850]: INFO cinder.api.openstack.wsgi [req-e4b2abb6-8705-4e04-a7e2-095e106e75ee req-2a628d07-c6b0-409c-8f19-c272603dd2ba tempest-VolumesGetTestJSON-786226000 tempest-VolumesGetTestJSON-786226000-project-member] GET http://192.168.122.107/volume/v3/volumes/a6b2957a-0a95-4038-b2e7-08fbab8fcf60
Feb 12 17:44:34 devstack devstack@c-api.service[78850]: DEBUG cinder.api.openstack.wsgi [req-e4b2abb6-8705-4e04-a7e2-095e106e75ee req-2a628d07-c6b0-409c-8f19-c272603dd2ba tempest-VolumesGetTestJSON-786226000 tempest-VolumesGetTestJSON-786226000-project-member] Empty body provided in request {{(pid=78850) get_body /opt/stack/cinder/cinder/api/openstack/wsgi.py:725}}
Feb 12 17:44:34 devstack devstack@c-api.service[78850]: DEBUG cinder.api.openstack.wsgi [req-e4b2abb6-8705-4e04-a7e2-095e106e75ee req-2a628d07-c6b0-409c-8f19-c272603dd2ba tempest-VolumesGetTestJSON-786226000 tempest-VolumesGetTestJSON-786226000-project-member] Calling method 'show' {{(pid=78850) _process_stack /opt/stack/cinder/cinder/api/openstack/wsgi.py:878}}
Feb 12 17:44:34 devstack devstack@c-api.service[78850]: /opt/stack/data/venv/lib/python3.10/site-packages/oslo_context/context.py:101: DeprecationWarning: Policy enforcement is depending on the value of is_admin. This key is deprecated. Please update your policy file to use the standard policy values.
Feb 12 17:44:34 devstack devstack@c-api.service[78850]: warnings.warn(
Feb 12 17:44:34 devstack devstack@c-api.service[78850]: INFO cinder.volume.api [req-e4b2abb6-8705-4e04-a7e2-095e106e75ee req-2a628d07-c6b0-409c-8f19-c272603dd2ba tempest-VolumesGetTestJSON-786226000 tempest-VolumesGetTestJSON-786226000-project-member] Volume info retrieved successfully.
Feb 12 17:44:34 devstack devstack@c-api.service[78850]: INFO cinder.api.openstack.wsgi [req-e4b2abb6-8705-4e04-a7e2-095e106e75ee req-2a628d07-c6b0-409c-8f19-c272603dd2ba tempest-VolumesGetTestJSON-786226000 tempest-VolumesGetTestJSON-786226000-project-member] http://192.168.122.107/volume/v3/volumes/a6b2957a-0a95-4038-b2e7-08fbab8fcf60 returned with HTTP 200
Feb 12 17:44:34 devstack devstack@c-api.service[78850]: [pid: 78850|app: 0|req: 106/198] 192.168.122.107 () {60 vars in 1498 bytes} [Thu Feb 12 17:44:34 2026] GET /volume/v3/volumes/a6b2957a-0a95-4038-b2e7-08fbab8fcf60 => generated 839 bytes in 71 msecs (HTTP/1.1 200) 7 headers in 285 bytes (1 switches on core 0)
Feb 12 17:44:34 devstack devstack@c-api.service[78849]: DEBUG cinder.api.middleware.request_id [None req-af945b64-ecab-437c-aa06-176e4f896d24 None None] RequestId filter calling following filter/app {{(pid=78849) _context_setter /opt/stack/cinder/cinder/api/middleware/request_id.py:62}}
Feb 12 17:44:34 devstack devstack@c-api.service[78849]: INFO cinder.api.openstack.wsgi [None req-af945b64-ecab-437c-aa06-176e4f896d24 tempest-VolumesTestJSON-1650866517 tempest-VolumesTestJSON-1650866517-project-member] GET http://192.168.122.107/volume/v3/volumes/37b55c3d-7825-4ebc-ab59-a9b14c620c82
Feb 12 17:44:34 devstack devstack@c-api.service[78849]: DEBUG cinder.api.openstack.wsgi [None req-af945b64-ecab-437c-aa06-176e4f896d24 tempest-VolumesTestJSON-1650866517 tempest-VolumesTestJSON-1650866517-project-member] Empty body provided in request {{(pid=78849) get_body /opt/stack/cinder/cinder/api/openstack/wsgi.py:725}}
Feb 12 17:44:34 devstack devstack@c-api.service[78849]: DEBUG cinder.api.openstack.wsgi [None req-af945b64-ecab-437c-aa06-176e4f896d24 tempest-VolumesTestJSON-1650866517 tempest-VolumesTestJSON-1650866517-project-member] Calling method 'show' {{(pid=78849) _process_stack /opt/stack/cinder/cinder/api/openstack/wsgi.py:878}}
Feb 12 17:44:34 devstack devstack@c-api.service[78849]: INFO cinder.api.openstack.wsgi [None req-af945b64-ecab-437c-aa06-176e4f896d24 tempest-VolumesTestJSON-1650866517 tempest-VolumesTestJSON-1650866517-project-member] http://192.168.122.107/volume/v3/volumes/37b55c3d-7825-4ebc-ab59-a9b14c620c82 returned with HTTP 404
Feb 12 17:44:34 devstack devstack@c-api.service[78849]: [pid: 78849|app: 0|req: 93/199] 192.168.122.107 () {58 vars in 1245 bytes} [Thu Feb 12 17:44:34 2026] GET /volume/v3/volumes/37b55c3d-7825-4ebc-ab59-a9b14c620c82 => generated 109 bytes in 28 msecs (HTTP/1.1 404) 7 headers in 292 bytes (1 switches on core 0)
