Jul 31 10:55:01 devstack cinder-volume[88837]: DEBUG oslo_concurrency.processutils [None req-7bc64b54-430f-4f1e-a745-81921ab2dede tempest-GroupSnapshotsTest-1748992447 None] CMD "sudo cinder-rootwrap /etc/cinder/rootwrap.conf qemu-img rebase -u -b volume-fdcebac2-1a4a-4991-bf7c-26de462105c8 -F qcow2 /opt/stack/data/cinder/mnt/6d2c27abf6b33b806f2aca72984e3119/volume-fdcebac2-1a4a-4991-bf7c-26de462105c8.4e27c845-aee9-4b0f-acbf-d1b400f2878d" returned: 0 in 0.635s {{(pid=88837) execute /opt/stack/data/venv/lib/python3.12/site-packages/oslo_concurrency/processutils.py:468}}
Jul 31 10:55:01 devstack cinder-volume[88837]: WARNING cinder.volume.drivers.remotefs [None req-7bc64b54-430f-4f1e-a745-81921ab2dede tempest-GroupSnapshotsTest-1748992447 None] /opt/stack/data/cinder/mnt/6d2c27abf6b33b806f2aca72984e3119/volume-fdcebac2-1a4a-4991-bf7c-26de462105c8.4e27c845-aee9-4b0f-acbf-d1b400f2878d is being set with open permissions: ugo+rw: NotImplementedError
Jul 31 10:55:01 devstack cinder-volume[88837]: DEBUG oslo_concurrency.processutils [None req-7bc64b54-430f-4f1e-a745-81921ab2dede tempest-GroupSnapshotsTest-1748992447 None] Running cmd (subprocess): sudo cinder-rootwrap /etc/cinder/rootwrap.conf chmod ugo+rw /opt/stack/data/cinder/mnt/6d2c27abf6b33b806f2aca72984e3119/volume-fdcebac2-1a4a-4991-bf7c-26de462105c8.4e27c845-aee9-4b0f-acbf-d1b400f2878d {{(pid=88837) execute /opt/stack/data/venv/lib/python3.12/site-packages/oslo_concurrency/processutils.py:440}}
Jul 31 10:55:01 devstack sudo[93545]: quobyte : PWD=/ ; USER=root ; COMMAND=/opt/stack/data/venv/bin/cinder-rootwrap /etc/cinder/rootwrap.conf chmod ugo+rw /opt/stack/data/cinder/mnt/6d2c27abf6b33b806f2aca72984e3119/volume-fdcebac2-1a4a-4991-bf7c-26de462105c8.4e27c845-aee9-4b0f-acbf-d1b400f2878d
Jul 31 10:55:01 devstack sudo[93545]: pam_unix(sudo:session): session opened for user root(uid=0) by (uid=1000)
Jul 31 10:55:02 devstack sudo[93545]: pam_unix(sudo:session): session closed for user root
Jul 31 10:55:02 devstack cinder-volume[88837]: DEBUG oslo_concurrency.processutils [None req-7bc64b54-430f-4f1e-a745-81921ab2dede tempest-GroupSnapshotsTest-1748992447 None] CMD "sudo cinder-rootwrap /etc/cinder/rootwrap.conf chmod ugo+rw /opt/stack/data/cinder/mnt/6d2c27abf6b33b806f2aca72984e3119/volume-fdcebac2-1a4a-4991-bf7c-26de462105c8.4e27c845-aee9-4b0f-acbf-d1b400f2878d" returned: 0 in 0.439s {{(pid=88837) execute /opt/stack/data/venv/lib/python3.12/site-packages/oslo_concurrency/processutils.py:468}}
Jul 31 10:55:02 devstack cinder-volume[88837]: DEBUG oslo_concurrency.processutils [None req-7bc64b54-430f-4f1e-a745-81921ab2dede tempest-GroupSnapshotsTest-1748992447 None] Running cmd (subprocess): sudo cinder-rootwrap /etc/cinder/rootwrap.conf truncate -s0 /opt/stack/data/cinder/mnt/6d2c27abf6b33b806f2aca72984e3119/volume-fdcebac2-1a4a-4991-bf7c-26de462105c8.info {{(pid=88837) execute /opt/stack/data/venv/lib/python3.12/site-packages/oslo_concurrency/processutils.py:440}}
Jul 31 10:55:02 devstack sudo[93560]: quobyte : PWD=/ ; USER=root ; COMMAND=/opt/stack/data/venv/bin/cinder-rootwrap /etc/cinder/rootwrap.conf truncate -s0 /opt/stack/data/cinder/mnt/6d2c27abf6b33b806f2aca72984e3119/volume-fdcebac2-1a4a-4991-bf7c-26de462105c8.info
Jul 31 10:55:02 devstack sudo[93560]: pam_unix(sudo:session): session opened for user root(uid=0) by (uid=1000)
Jul 31 10:55:02 devstack sudo[93560]: pam_unix(sudo:session): session closed for user root
Jul 31 10:55:02 devstack cinder-volume[88837]: DEBUG oslo_concurrency.processutils [None req-7bc64b54-430f-4f1e-a745-81921ab2dede tempest-GroupSnapshotsTest-1748992447 None] CMD "sudo cinder-rootwrap /etc/cinder/rootwrap.conf truncate -s0 /opt/stack/data/cinder/mnt/6d2c27abf6b33b806f2aca72984e3119/volume-fdcebac2-1a4a-4991-bf7c-26de462105c8.info" returned: 0 in 0.463s {{(pid=88837) execute /opt/stack/data/venv/lib/python3.12/site-packages/oslo_concurrency/processutils.py:468}}
Jul 31 10:55:02 devstack cinder-volume[88837]: WARNING cinder.volume.drivers.remotefs [None req-7bc64b54-430f-4f1e-a745-81921ab2dede tempest-GroupSnapshotsTest-1748992447 None] /opt/stack/data/cinder/mnt/6d2c27abf6b33b806f2aca72984e3119/volume-fdcebac2-1a4a-4991-bf7c-26de462105c8.info is being set with open permissions: ugo+rw: NotImplementedError
Jul 31 10:55:02 devstack cinder-volume[88837]: DEBUG oslo_concurrency.processutils [None req-7bc64b54-430f-4f1e-a745-81921ab2dede tempest-GroupSnapshotsTest-1748992447 None] Running cmd (subprocess): sudo cinder-rootwrap /etc/cinder/rootwrap.conf chmod ugo+rw /opt/stack/data/cinder/mnt/6d2c27abf6b33b806f2aca72984e3119/volume-fdcebac2-1a4a-4991-bf7c-26de462105c8.info {{(pid=88837) execute /opt/stack/data/venv/lib/python3.12/site-packages/oslo_concurrency/processutils.py:440}}
Jul 31 10:55:02 devstack sudo[93584]: quobyte : PWD=/ ; USER=root ; COMMAND=/opt/stack/data/venv/bin/cinder-rootwrap /etc/cinder/rootwrap.conf chmod ugo+rw /opt/stack/data/cinder/mnt/6d2c27abf6b33b806f2aca72984e3119/volume-fdcebac2-1a4a-4991-bf7c-26de462105c8.info
Jul 31 10:55:02 devstack sudo[93584]: pam_unix(sudo:session): session opened for user root(uid=0) by (uid=1000)
Jul 31 10:55:03 devstack sudo[93584]: pam_unix(sudo:session): session closed for user root
Jul 31 10:55:03 devstack cinder-volume[88837]: DEBUG oslo_concurrency.processutils [None req-7bc64b54-430f-4f1e-a745-81921ab2dede tempest-GroupSnapshotsTest-1748992447 None] CMD "sudo cinder-rootwrap /etc/cinder/rootwrap.conf chmod ugo+rw /opt/stack/data/cinder/mnt/6d2c27abf6b33b806f2aca72984e3119/volume-fdcebac2-1a4a-4991-bf7c-26de462105c8.info" returned: 0 in 0.750s {{(pid=88837) execute /opt/stack/data/venv/lib/python3.12/site-packages/oslo_concurrency/processutils.py:468}}
Jul 31 10:55:03 devstack cinder-volume[88837]: DEBUG oslo_concurrency.lockutils [None req-7bc64b54-430f-4f1e-a745-81921ab2dede tempest-GroupSnapshotsTest-1748992447 None] Lock "quobyte" "released" by "cinder.volume.drivers.quobyte.QuobyteDriver.create_snapshot" :: held 3.964s {{(pid=88837) inner /opt/stack/data/venv/lib/python3.12/site-packages/oslo_concurrency/lockutils.py:544}}
Jul 31 10:55:03 devstack cinder-volume[88837]: DEBUG oslo_concurrency.lockutils [None req-7bc64b54-430f-4f1e-a745-81921ab2dede tempest-GroupSnapshotsTest-1748992447 None] Acquiring lock "quobyte" by "cinder.volume.drivers.quobyte.QuobyteDriver.create_snapshot" {{(pid=88837) inner /opt/stack/data/venv/lib/python3.12/site-packages/oslo_concurrency/lockutils.py:512}}
Jul 31 10:55:03 devstack cinder-volume[88837]: DEBUG oslo_concurrency.lockutils [None req-7bc64b54-430f-4f1e-a745-81921ab2dede tempest-GroupSnapshotsTest-1748992447 None] Lock "quobyte" acquired by "cinder.volume.drivers.quobyte.QuobyteDriver.create_snapshot" :: waited 0.000s {{(pid=88837) inner /opt/stack/data/venv/lib/python3.12/site-packages/oslo_concurrency/lockutils.py:525}}
Jul 31 10:55:03 devstack cinder-volume[88837]: DEBUG cinder.volume.drivers.remotefs [None req-7bc64b54-430f-4f1e-a745-81921ab2dede tempest-GroupSnapshotsTest-1748992447 None] Creating offline snapshot baf7ddbf-8129-49c0-a46f-94b010c8a672 of volume 544c5967-5c5e-4b52-9f4d-988e1453d6f3 {{(pid=88837) _create_snapshot /opt/stack/cinder/cinder/volume/drivers/remotefs.py:1816}}
Jul 31 10:55:03 devstack cinder-volume[88837]: DEBUG oslo.privsep.daemon [-] privsep: reply[d9adfc8e-8f4d-4ca4-8164-12ef8e00a146]: (4, 'qcow2') {{(pid=90321) _call_back /opt/stack/data/venv/lib/python3.12/site-packages/oslo_privsep/daemon.py:580}}
Jul 31 10:55:03 devstack cinder-volume[88837]: DEBUG oslo_concurrency.processutils [None req-7bc64b54-430f-4f1e-a745-81921ab2dede tempest-GroupSnapshotsTest-1748992447 None] Running cmd (subprocess): /opt/stack/data/venv/bin/python3.12 -m oslo_concurrency.prlimit --as=1073741824 --cpu=60 -- sudo cinder-rootwrap /etc/cinder/rootwrap.conf env LC_ALL=C qemu-img info -f qcow2 --output=json --force-share /opt/stack/data/cinder/mnt/6d2c27abf6b33b806f2aca72984e3119/volume-544c5967-5c5e-4b52-9f4d-988e1453d6f3 {{(pid=88837) execute /opt/stack/data/venv/lib/python3.12/site-packages/oslo_concurrency/processutils.py:440}}
Jul 31 10:55:03 devstack sudo[93613]: quobyte : PWD=/ ; USER=root ; COMMAND=/opt/stack/data/venv/bin/cinder-rootwrap /etc/cinder/rootwrap.conf env LC_ALL=C qemu-img info -f qcow2 --output=json --force-share /opt/stack/data/cinder/mnt/6d2c27abf6b33b806f2aca72984e3119/volume-544c5967-5c5e-4b52-9f4d-988e1453d6f3
Jul 31 10:55:03 devstack sudo[93613]: pam_unix(sudo:session): session opened for user root(uid=0) by (uid=1000)
Jul 31 10:55:04 devstack cinder-volume[88837]: INFO cinder.volume.manager [req-950f895b-1759-416d-9ea0-6771abe88a61 req-7d4070a9-0c5c-4ed4-8393-a72930ec84ab tempest-ServerActionsTestOtherA-1867674029 None] Terminate volume connection completed successfully.
Jul 31 10:55:04 devstack cinder-volume[88837]: DEBUG cinder.volume.manager [req-950f895b-1759-416d-9ea0-6771abe88a61 req-7d4070a9-0c5c-4ed4-8393-a72930ec84ab tempest-ServerActionsTestOtherA-1867674029 None] Deleting attachment 2b860a82-4711-48fb-9840-3d713e52c2a1. {{(pid=88837) attachment_delete /opt/stack/cinder/cinder/volume/manager.py:5055}}
Jul 31 10:55:04 devstack sudo[93613]: pam_unix(sudo:session): session closed for user root
Jul 31 10:55:04 devstack cinder-volume[88837]: DEBUG oslo_concurrency.processutils [None req-7bc64b54-430f-4f1e-a745-81921ab2dede tempest-GroupSnapshotsTest-1748992447 None] CMD "/opt/stack/data/venv/bin/python3.12 -m oslo_concurrency.prlimit --as=1073741824 --cpu=60 -- sudo cinder-rootwrap /etc/cinder/rootwrap.conf env LC_ALL=C qemu-img info -f qcow2 --output=json --force-share /opt/stack/data/cinder/mnt/6d2c27abf6b33b806f2aca72984e3119/volume-544c5967-5c5e-4b52-9f4d-988e1453d6f3" returned: 0 in 0.949s {{(pid=88837) execute /opt/stack/data/venv/lib/python3.12/site-packages/oslo_concurrency/processutils.py:468}}
Jul 31 10:55:04 devstack cinder-volume[88837]: DEBUG oslo_concurrency.processutils [None req-7bc64b54-430f-4f1e-a745-81921ab2dede tempest-GroupSnapshotsTest-1748992447 None] Running cmd (subprocess): sudo cinder-rootwrap /etc/cinder/rootwrap.conf qemu-img create -f qcow2 -o backing_file=/opt/stack/data/cinder/mnt/6d2c27abf6b33b806f2aca72984e3119/volume-544c5967-5c5e-4b52-9f4d-988e1453d6f3,backing_fmt=qcow2 /opt/stack/data/cinder/mnt/6d2c27abf6b33b806f2aca72984e3119/volume-544c5967-5c5e-4b52-9f4d-988e1453d6f3.baf7ddbf-8129-49c0-a46f-94b010c8a672 1G {{(pid=88837) execute /opt/stack/data/venv/lib/python3.12/site-packages/oslo_concurrency/processutils.py:440}}
Jul 31 10:55:04 devstack sudo[93634]: quobyte : PWD=/ ; USER=root ; COMMAND=/opt/stack/data/venv/bin/cinder-rootwrap /etc/cinder/rootwrap.conf qemu-img create -f qcow2 -o backing_file=/opt/stack/data/cinder/mnt/6d2c27abf6b33b806f2aca72984e3119/volume-544c5967-5c5e-4b52-9f4d-988e1453d6f3,backing_fmt=qcow2 /opt/stack/data/cinder/mnt/6d2c27abf6b33b806f2aca72984e3119/volume-544c5967-5c5e-4b52-9f4d-988e1453d6f3.baf7ddbf-8129-49c0-a46f-94b010c8a672 1G
Jul 31 10:55:04 devstack sudo[93634]: pam_unix(sudo:session): session opened for user root(uid=0) by (uid=1000)
Jul 31 10:55:05 devstack sudo[93634]: pam_unix(sudo:session): session closed for user root
Jul 31 10:55:05 devstack cinder-volume[88837]: DEBUG oslo_concurrency.processutils [None req-7bc64b54-430f-4f1e-a745-81921ab2dede tempest-GroupSnapshotsTest-1748992447 None] CMD "sudo cinder-rootwrap /etc/cinder/rootwrap.conf qemu-img create -f qcow2 -o backing_file=/opt/stack/data/cinder/mnt/6d2c27abf6b33b806f2aca72984e3119/volume-544c5967-5c5e-4b52-9f4d-988e1453d6f3,backing_fmt=qcow2 /opt/stack/data/cinder/mnt/6d2c27abf6b33b806f2aca72984e3119/volume-544c5967-5c5e-4b52-9f4d-988e1453d6f3.baf7ddbf-8129-49c0-a46f-94b010c8a672 1G" returned: 0 in 1.277s {{(pid=88837) execute /opt/stack/data/venv/lib/python3.12/site-packages/oslo_concurrency/processutils.py:468}}
Jul 31 10:55:05 devstack cinder-volume[88837]: DEBUG oslo_concurrency.processutils [None req-7bc64b54-430f-4f1e-a745-81921ab2dede tempest-GroupSnapshotsTest-1748992447 None] Running cmd (subprocess): sudo cinder-rootwrap /etc/cinder/rootwrap.conf qemu-img rebase -u -b volume-544c5967-5c5e-4b52-9f4d-988e1453d6f3 -F qcow2 /opt/stack/data/cinder/mnt/6d2c27abf6b33b806f2aca72984e3119/volume-544c5967-5c5e-4b52-9f4d-988e1453d6f3.baf7ddbf-8129-49c0-a46f-94b010c8a672 {{(pid=88837) execute /opt/stack/data/venv/lib/python3.12/site-packages/oslo_concurrency/processutils.py:440}}
Jul 31 10:55:05 devstack sudo[93659]: quobyte : PWD=/ ; USER=root ; COMMAND=/opt/stack/data/venv/bin/cinder-rootwrap /etc/cinder/rootwrap.conf qemu-img rebase -u -b volume-544c5967-5c5e-4b52-9f4d-988e1453d6f3 -F qcow2 /opt/stack/data/cinder/mnt/6d2c27abf6b33b806f2aca72984e3119/volume-544c5967-5c5e-4b52-9f4d-988e1453d6f3.baf7ddbf-8129-49c0-a46f-94b010c8a672
Jul 31 10:55:05 devstack sudo[93659]: pam_unix(sudo:session): session opened for user root(uid=0) by (uid=1000)
Jul 31 10:55:06 devstack sudo[93659]: pam_unix(sudo:session): session closed for user root
Jul 31 10:55:06 devstack cinder-volume[88837]: DEBUG oslo_concurrency.processutils [None req-7bc64b54-430f-4f1e-a745-81921ab2dede tempest-GroupSnapshotsTest-1748992447 None] CMD "sudo cinder-rootwrap /etc/cinder/rootwrap.conf qemu-img rebase -u -b volume-544c5967-5c5e-4b52-9f4d-988e1453d6f3 -F qcow2 /opt/stack/data/cinder/mnt/6d2c27abf6b33b806f2aca72984e3119/volume-544c5967-5c5e-4b52-9f4d-988e1453d6f3.baf7ddbf-8129-49c0-a46f-94b010c8a672" returned: 0 in 1.030s {{(pid=88837) execute /opt/stack/data/venv/lib/python3.12/site-packages/oslo_concurrency/processutils.py:468}}
Jul 31 10:55:06 devstack cinder-volume[88837]: WARNING cinder.volume.drivers.remotefs [None req-7bc64b54-430f-4f1e-a745-81921ab2dede tempest-GroupSnapshotsTest-1748992447 None] /opt/stack/data/cinder/mnt/6d2c27abf6b33b806f2aca72984e3119/volume-544c5967-5c5e-4b52-9f4d-988e1453d6f3.baf7ddbf-8129-49c0-a46f-94b010c8a672 is being set with open permissions: ugo+rw: NotImplementedError
Jul 31 10:55:06 devstack cinder-volume[88837]: DEBUG oslo_concurrency.processutils [None req-7bc64b54-430f-4f1e-a745-81921ab2dede tempest-GroupSnapshotsTest-1748992447 None] Running cmd (subprocess): sudo cinder-rootwrap /etc/cinder/rootwrap.conf chmod ugo+rw /opt/stack/data/cinder/mnt/6d2c27abf6b33b806f2aca72984e3119/volume-544c5967-5c5e-4b52-9f4d-988e1453d6f3.baf7ddbf-8129-49c0-a46f-94b010c8a672 {{(pid=88837) execute /opt/stack/data/venv/lib/python3.12/site-packages/oslo_concurrency/processutils.py:440}}
Jul 31 10:55:07 devstack sudo[93673]: quobyte : PWD=/ ; USER=root ; COMMAND=/opt/stack/data/venv/bin/cinder-rootwrap /etc/cinder/rootwrap.conf chmod ugo+rw /opt/stack/data/cinder/mnt/6d2c27abf6b33b806f2aca72984e3119/volume-544c5967-5c5e-4b52-9f4d-988e1453d6f3.baf7ddbf-8129-49c0-a46f-94b010c8a672
Jul 31 10:55:07 devstack sudo[93673]: pam_unix(sudo:session): session opened for user root(uid=0) by (uid=1000)
Jul 31 10:55:07 devstack sudo[93673]: pam_unix(sudo:session): session closed for user root
Jul 31 10:55:07 devstack cinder-volume[88837]: DEBUG oslo_concurrency.processutils [None req-7bc64b54-430f-4f1e-a745-81921ab2dede tempest-GroupSnapshotsTest-1748992447 None] CMD "sudo cinder-rootwrap /etc/cinder/rootwrap.conf chmod ugo+rw /opt/stack/data/cinder/mnt/6d2c27abf6b33b806f2aca72984e3119/volume-544c5967-5c5e-4b52-9f4d-988e1453d6f3.baf7ddbf-8129-49c0-a46f-94b010c8a672" returned: 0 in 0.600s {{(pid=88837) execute /opt/stack/data/venv/lib/python3.12/site-packages/oslo_concurrency/processutils.py:468}}
Jul 31 10:55:07 devstack cinder-volume[88837]: DEBUG oslo_concurrency.processutils [None req-7bc64b54-430f-4f1e-a745-81921ab2dede tempest-GroupSnapshotsTest-1748992447 None] Running cmd (subprocess): sudo cinder-rootwrap /etc/cinder/rootwrap.conf truncate -s0 /opt/stack/data/cinder/mnt/6d2c27abf6b33b806f2aca72984e3119/volume-544c5967-5c5e-4b52-9f4d-988e1453d6f3.info {{(pid=88837) execute /opt/stack/data/venv/lib/python3.12/site-packages/oslo_concurrency/processutils.py:440}}
Jul 31 10:55:07 devstack sudo[93683]: quobyte : PWD=/ ; USER=root ; COMMAND=/opt/stack/data/venv/bin/cinder-rootwrap /etc/cinder/rootwrap.conf truncate -s0 /opt/stack/data/cinder/mnt/6d2c27abf6b33b806f2aca72984e3119/volume-544c5967-5c5e-4b52-9f4d-988e1453d6f3.info
Jul 31 10:55:07 devstack sudo[93683]: pam_unix(sudo:session): session opened for user root(uid=0) by (uid=1000)
Jul 31 10:55:08 devstack sudo[93683]: pam_unix(sudo:session): session closed for user root
Jul 31 10:55:08 devstack cinder-volume[88837]: DEBUG oslo_concurrency.processutils [None req-7bc64b54-430f-4f1e-a745-81921ab2dede tempest-GroupSnapshotsTest-1748992447 None] CMD "sudo cinder-rootwrap /etc/cinder/rootwrap.conf truncate -s0 /opt/stack/data/cinder/mnt/6d2c27abf6b33b806f2aca72984e3119/volume-544c5967-5c5e-4b52-9f4d-988e1453d6f3.info" returned: 0 in 0.899s {{(pid=88837) execute /opt/stack/data/venv/lib/python3.12/site-packages/oslo_concurrency/processutils.py:468}}
Jul 31 10:55:08 devstack cinder-volume[88837]: WARNING cinder.volume.drivers.remotefs [None req-7bc64b54-430f-4f1e-a745-81921ab2dede tempest-GroupSnapshotsTest-1748992447 None] /opt/stack/data/cinder/mnt/6d2c27abf6b33b806f2aca72984e3119/volume-544c5967-5c5e-4b52-9f4d-988e1453d6f3.info is being set with open permissions: ugo+rw: NotImplementedError
Jul 31 10:55:08 devstack cinder-volume[88837]: DEBUG oslo_concurrency.processutils [None req-7bc64b54-430f-4f1e-a745-81921ab2dede tempest-GroupSnapshotsTest-1748992447 None] Running cmd (subprocess): sudo cinder-rootwrap /etc/cinder/rootwrap.conf chmod ugo+rw /opt/stack/data/cinder/mnt/6d2c27abf6b33b806f2aca72984e3119/volume-544c5967-5c5e-4b52-9f4d-988e1453d6f3.info {{(pid=88837) execute /opt/stack/data/venv/lib/python3.12/site-packages/oslo_concurrency/processutils.py:440}}
Jul 31 10:55:08 devstack sudo[93702]: quobyte : PWD=/ ; USER=root ; COMMAND=/opt/stack/data/venv/bin/cinder-rootwrap /etc/cinder/rootwrap.conf chmod ugo+rw /opt/stack/data/cinder/mnt/6d2c27abf6b33b806f2aca72984e3119/volume-544c5967-5c5e-4b52-9f4d-988e1453d6f3.info
Jul 31 10:55:08 devstack sudo[93702]: pam_unix(sudo:session): session opened for user root(uid=0) by (uid=1000)
Jul 31 10:55:09 devstack sudo[93702]: pam_unix(sudo:session): session closed for user root
Jul 31 10:55:09 devstack cinder-volume[88837]: DEBUG oslo_concurrency.processutils [None req-7bc64b54-430f-4f1e-a745-81921ab2dede tempest-GroupSnapshotsTest-1748992447 None] CMD "sudo cinder-rootwrap /etc/cinder/rootwrap.conf chmod ugo+rw /opt/stack/data/cinder/mnt/6d2c27abf6b33b806f2aca72984e3119/volume-544c5967-5c5e-4b52-9f4d-988e1453d6f3.info" returned: 0 in 0.660s {{(pid=88837) execute /opt/stack/data/venv/lib/python3.12/site-packages/oslo_concurrency/processutils.py:468}}
Jul 31 10:55:09 devstack cinder-volume[88837]: DEBUG oslo_concurrency.lockutils [None req-7bc64b54-430f-4f1e-a745-81921ab2dede tempest-GroupSnapshotsTest-1748992447 None] Lock "quobyte" "released" by "cinder.volume.drivers.quobyte.QuobyteDriver.create_snapshot" :: held 5.588s {{(pid=88837) inner /opt/stack/data/venv/lib/python3.12/site-packages/oslo_concurrency/lockutils.py:544}}
Jul 31 10:55:09 devstack cinder-volume[88837]: INFO cinder.volume.manager [None req-7bc64b54-430f-4f1e-a745-81921ab2dede tempest-GroupSnapshotsTest-1748992447 None] group_snapshot 8407742d-52fb-4326-b456-adbb344706bd: created successfully
Jul 31 10:55:10 devstack cinder-volume[88837]: INFO cinder.volume.manager [None req-18bac30e-96b1-478f-91e3-74f27a550c37 tempest-GroupSnapshotsTest-1748992447 None] group_snapshot 8407742d-52fb-4326-b456-adbb344706bd: deleting
Jul 31 10:55:10 devstack cinder-volume[88837]: DEBUG cinder.volume.manager [None req-18bac30e-96b1-478f-91e3-74f27a550c37 tempest-GroupSnapshotsTest-1748992447 None] group_snapshot 8407742d-52fb-4326-b456-adbb344706bd: deleting {{(pid=88837) delete_group_snapshot /opt/stack/cinder/cinder/volume/manager.py:4350}}
Jul 31 10:55:10 devstack cinder-volume[88837]: DEBUG cinder.coordination [None req-18bac30e-96b1-478f-91e3-74f27a550c37 tempest-GroupSnapshotsTest-1748992447 None] Acquiring lock "cinder-quobyte-fdcebac2-1a4a-4991-bf7c-26de462105c8" by "delete_snapshot" {{(pid=88837) __acquire /opt/stack/cinder/cinder/coordination.py:138}}
Jul 31 10:55:10 devstack cinder-volume[88837]: DEBUG cinder.coordination [None req-18bac30e-96b1-478f-91e3-74f27a550c37 tempest-GroupSnapshotsTest-1748992447 None] Lock "cinder-quobyte-fdcebac2-1a4a-4991-bf7c-26de462105c8" acquired by "delete_snapshot" :: waited 0.031s {{(pid=88837) __acquire /opt/stack/cinder/cinder/coordination.py:141}}
Jul 31 10:55:10 devstack cinder-volume[88837]: DEBUG cinder.coordination [None req-18bac30e-96b1-478f-91e3-74f27a550c37 tempest-GroupSnapshotsTest-1748992447 None] Acquiring lock "cinder-quobyte-4e27c845-aee9-4b0f-acbf-d1b400f2878d" by "_delete_snapshot" {{(pid=88837) __acquire /opt/stack/cinder/cinder/coordination.py:138}}
Jul 31 10:55:10 devstack cinder-volume[88837]: DEBUG cinder.coordination [None req-18bac30e-96b1-478f-91e3-74f27a550c37 tempest-GroupSnapshotsTest-1748992447 None] Lock "cinder-quobyte-4e27c845-aee9-4b0f-acbf-d1b400f2878d" acquired by "_delete_snapshot" :: waited 0.033s {{(pid=88837) __acquire /opt/stack/cinder/cinder/coordination.py:141}}
Jul 31 10:55:10 devstack cinder-volume[88837]: DEBUG cinder.volume.drivers.remotefs [None req-18bac30e-96b1-478f-91e3-74f27a550c37 tempest-GroupSnapshotsTest-1748992447 None] Deleting offline snapshot 4e27c845-aee9-4b0f-acbf-d1b400f2878d of volume fdcebac2-1a4a-4991-bf7c-26de462105c8 {{(pid=88837) _delete_snapshot /opt/stack/cinder/cinder/volume/drivers/remotefs.py:1288}}
Jul 31 10:55:10 devstack cinder-volume[88837]: DEBUG cinder.volume.drivers.remotefs [None req-18bac30e-96b1-478f-91e3-74f27a550c37 tempest-GroupSnapshotsTest-1748992447 None] snapshot_file for this snap is: volume-fdcebac2-1a4a-4991-bf7c-26de462105c8.4e27c845-aee9-4b0f-acbf-d1b400f2878d {{(pid=88837) _delete_snapshot /opt/stack/cinder/cinder/volume/drivers/remotefs.py:1317}}
Jul 31 10:55:10 devstack cinder-volume[88837]: DEBUG oslo.privsep.daemon [-] privsep: reply[8b2a413b-10ee-4a39-9321-e5449f939c0f]: (4, 'qcow2') {{(pid=90321) _call_back /opt/stack/data/venv/lib/python3.12/site-packages/oslo_privsep/daemon.py:580}}
Jul 31 10:55:10 devstack cinder-volume[88837]: DEBUG oslo_concurrency.processutils [None req-18bac30e-96b1-478f-91e3-74f27a550c37 tempest-GroupSnapshotsTest-1748992447 None] Running cmd (subprocess): /opt/stack/data/venv/bin/python3.12 -m oslo_concurrency.prlimit --as=1073741824 --cpu=60 -- sudo cinder-rootwrap /etc/cinder/rootwrap.conf env LC_ALL=C qemu-img info -f qcow2 --output=json --force-share /opt/stack/data/cinder/mnt/6d2c27abf6b33b806f2aca72984e3119/volume-fdcebac2-1a4a-4991-bf7c-26de462105c8.4e27c845-aee9-4b0f-acbf-d1b400f2878d {{(pid=88837) execute /opt/stack/data/venv/lib/python3.12/site-packages/oslo_concurrency/processutils.py:440}}
Jul 31 10:55:10 devstack sudo[93727]: quobyte : PWD=/ ; USER=root ; COMMAND=/opt/stack/data/venv/bin/cinder-rootwrap /etc/cinder/rootwrap.conf env LC_ALL=C qemu-img info -f qcow2 --output=json --force-share /opt/stack/data/cinder/mnt/6d2c27abf6b33b806f2aca72984e3119/volume-fdcebac2-1a4a-4991-bf7c-26de462105c8.4e27c845-aee9-4b0f-acbf-d1b400f2878d
Jul 31 10:55:10 devstack sudo[93727]: pam_unix(sudo:session): session opened for user root(uid=0) by (uid=1000)
Jul 31 10:55:11 devstack sudo[93727]: pam_unix(sudo:session): session closed for user root
Jul 31 10:55:11 devstack cinder-volume[88837]: DEBUG oslo_concurrency.processutils [None req-18bac30e-96b1-478f-91e3-74f27a550c37 tempest-GroupSnapshotsTest-1748992447 None] CMD "/opt/stack/data/venv/bin/python3.12 -m oslo_concurrency.prlimit --as=1073741824 --cpu=60 -- sudo cinder-rootwrap /etc/cinder/rootwrap.conf env LC_ALL=C qemu-img info -f qcow2 --output=json --force-share /opt/stack/data/cinder/mnt/6d2c27abf6b33b806f2aca72984e3119/volume-fdcebac2-1a4a-4991-bf7c-26de462105c8.4e27c845-aee9-4b0f-acbf-d1b400f2878d" returned: 0 in 0.786s {{(pid=88837) execute /opt/stack/data/venv/lib/python3.12/site-packages/oslo_concurrency/processutils.py:468}}
Jul 31 10:55:11 devstack cinder-volume[88837]: DEBUG cinder.volume.drivers.remotefs [None req-18bac30e-96b1-478f-91e3-74f27a550c37 tempest-GroupSnapshotsTest-1748992447 None] Fetching qemu-img info with special backing_file_template: (/opt/stack/data/cinder/mnt/[0-9a-f]+/)?(volume-fdcebac2-1a4a-4991-bf7c-26de462105c8(.(tmp-snap-)?[0-9a-f-]+)?|volume_from_snapshot_cache/(tmp-snap-)?[0-9a-f-]+(.(child-|parent-)[0-9a-f-]+)?)$ {{(pid=88837) _qemu_img_info_base /opt/stack/cinder/cinder/volume/drivers/remotefs.py:896}}
Jul 31 10:55:11 devstack cinder-volume[88837]: DEBUG oslo.privsep.daemon [-] privsep: reply[3e7aa56c-dd2f-4541-9ae8-fbd97eb1152c]: (4, 'qcow2') {{(pid=90321) _call_back /opt/stack/data/venv/lib/python3.12/site-packages/oslo_privsep/daemon.py:580}}
Jul 31 10:55:11 devstack cinder-volume[88837]: DEBUG oslo_concurrency.processutils [None req-18bac30e-96b1-478f-91e3-74f27a550c37 tempest-GroupSnapshotsTest-1748992447 None] Running cmd (subprocess): /opt/stack/data/venv/bin/python3.12 -m oslo_concurrency.prlimit --as=1073741824 --cpu=60 -- sudo cinder-rootwrap /etc/cinder/rootwrap.conf env LC_ALL=C qemu-img info -f qcow2 --output=json --force-share /opt/stack/data/cinder/mnt/6d2c27abf6b33b806f2aca72984e3119/volume-fdcebac2-1a4a-4991-bf7c-26de462105c8 {{(pid=88837) execute /opt/stack/data/venv/lib/python3.12/site-packages/oslo_concurrency/processutils.py:440}}
Jul 31 10:55:11 devstack sudo[93739]: quobyte : PWD=/ ; USER=root ; COMMAND=/opt/stack/data/venv/bin/cinder-rootwrap /etc/cinder/rootwrap.conf env LC_ALL=C qemu-img info -f qcow2 --output=json --force-share /opt/stack/data/cinder/mnt/6d2c27abf6b33b806f2aca72984e3119/volume-fdcebac2-1a4a-4991-bf7c-26de462105c8
Jul 31 10:55:11 devstack sudo[93739]: pam_unix(sudo:session): session opened for user root(uid=0) by (uid=1000)
Jul 31 10:55:12 devstack sudo[93739]: pam_unix(sudo:session): session closed for user root
Jul 31 10:55:12 devstack cinder-volume[88837]: DEBUG oslo_concurrency.processutils [None req-18bac30e-96b1-478f-91e3-74f27a550c37 tempest-GroupSnapshotsTest-1748992447 None] CMD "/opt/stack/data/venv/bin/python3.12 -m oslo_concurrency.prlimit --as=1073741824 --cpu=60 -- sudo cinder-rootwrap /etc/cinder/rootwrap.conf env LC_ALL=C qemu-img info -f qcow2 --output=json --force-share /opt/stack/data/cinder/mnt/6d2c27abf6b33b806f2aca72984e3119/volume-fdcebac2-1a4a-4991-bf7c-26de462105c8" returned: 0 in 0.820s {{(pid=88837) execute /opt/stack/data/venv/lib/python3.12/site-packages/oslo_concurrency/processutils.py:468}}
Jul 31 10:55:12 devstack cinder-volume[88837]: DEBUG oslo_concurrency.processutils [None req-18bac30e-96b1-478f-91e3-74f27a550c37 tempest-GroupSnapshotsTest-1748992447 None] Running cmd (subprocess): sudo cinder-rootwrap /etc/cinder/rootwrap.conf qemu-img commit -d /opt/stack/data/cinder/mnt/6d2c27abf6b33b806f2aca72984e3119/volume-fdcebac2-1a4a-4991-bf7c-26de462105c8.4e27c845-aee9-4b0f-acbf-d1b400f2878d {{(pid=88837) execute /opt/stack/data/venv/lib/python3.12/site-packages/oslo_concurrency/processutils.py:440}}
Jul 31 10:55:12 devstack sudo[93746]: quobyte : PWD=/ ; USER=root ; COMMAND=/opt/stack/data/venv/bin/cinder-rootwrap /etc/cinder/rootwrap.conf qemu-img commit -d /opt/stack/data/cinder/mnt/6d2c27abf6b33b806f2aca72984e3119/volume-fdcebac2-1a4a-4991-bf7c-26de462105c8.4e27c845-aee9-4b0f-acbf-d1b400f2878d
Jul 31 10:55:12 devstack sudo[93746]: pam_unix(sudo:session): session opened for user root(uid=0) by (uid=1000)
Jul 31 10:55:12 devstack sudo[93746]: pam_unix(sudo:session): session closed for user root
Jul 31 10:55:12 devstack cinder-volume[88837]: DEBUG oslo_concurrency.processutils [None req-18bac30e-96b1-478f-91e3-74f27a550c37 tempest-GroupSnapshotsTest-1748992447 None] CMD "sudo cinder-rootwrap /etc/cinder/rootwrap.conf qemu-img commit -d /opt/stack/data/cinder/mnt/6d2c27abf6b33b806f2aca72984e3119/volume-fdcebac2-1a4a-4991-bf7c-26de462105c8.4e27c845-aee9-4b0f-acbf-d1b400f2878d" returned: 0 in 0.925s {{(pid=88837) execute /opt/stack/data/venv/lib/python3.12/site-packages/oslo_concurrency/processutils.py:468}}
Jul 31 10:55:12 devstack cinder-volume[88837]: DEBUG oslo_concurrency.processutils [None req-18bac30e-96b1-478f-91e3-74f27a550c37 tempest-GroupSnapshotsTest-1748992447 None] Running cmd (subprocess): sudo cinder-rootwrap /etc/cinder/rootwrap.conf rm -f /opt/stack/data/cinder/mnt/6d2c27abf6b33b806f2aca72984e3119/volume-fdcebac2-1a4a-4991-bf7c-26de462105c8.4e27c845-aee9-4b0f-acbf-d1b400f2878d {{(pid=88837) execute /opt/stack/data/venv/lib/python3.12/site-packages/oslo_concurrency/processutils.py:440}}
Jul 31 10:55:13 devstack sudo[93752]: quobyte : PWD=/ ; USER=root ; COMMAND=/opt/stack/data/venv/bin/cinder-rootwrap /etc/cinder/rootwrap.conf rm -f /opt/stack/data/cinder/mnt/6d2c27abf6b33b806f2aca72984e3119/volume-fdcebac2-1a4a-4991-bf7c-26de462105c8.4e27c845-aee9-4b0f-acbf-d1b400f2878d
Jul 31 10:55:13 devstack sudo[93752]: pam_unix(sudo:session): session opened for user root(uid=0) by (uid=1000)
Jul 31 10:55:13 devstack sudo[93752]: pam_unix(sudo:session): session closed for user root
Jul 31 10:55:13 devstack cinder-volume[88837]: DEBUG oslo_concurrency.processutils [None req-18bac30e-96b1-478f-91e3-74f27a550c37 tempest-GroupSnapshotsTest-1748992447 None] CMD "sudo cinder-rootwrap /etc/cinder/rootwrap.conf rm -f /opt/stack/data/cinder/mnt/6d2c27abf6b33b806f2aca72984e3119/volume-fdcebac2-1a4a-4991-bf7c-26de462105c8.4e27c845-aee9-4b0f-acbf-d1b400f2878d" returned: 0 in 0.664s {{(pid=88837) execute /opt/stack/data/venv/lib/python3.12/site-packages/oslo_concurrency/processutils.py:468}}
Jul 31 10:55:13 devstack cinder-volume[88837]: DEBUG cinder.coordination [None req-18bac30e-96b1-478f-91e3-74f27a550c37 tempest-GroupSnapshotsTest-1748992447 None] Lock "cinder-quobyte-4e27c845-aee9-4b0f-acbf-d1b400f2878d" released by "_delete_snapshot" :: held 3.450s {{(pid=88837) __release /opt/stack/cinder/cinder/coordination.py:152}}
Jul 31 10:55:13 devstack cinder-volume[88837]: DEBUG cinder.coordination [None req-18bac30e-96b1-478f-91e3-74f27a550c37 tempest-GroupSnapshotsTest-1748992447 None] Lock "cinder-quobyte-fdcebac2-1a4a-4991-bf7c-26de462105c8" released by "delete_snapshot" :: held 3.507s {{(pid=88837) __release /opt/stack/cinder/cinder/coordination.py:152}}
Jul 31 10:55:13 devstack cinder-volume[88837]: DEBUG cinder.coordination [None req-18bac30e-96b1-478f-91e3-74f27a550c37 tempest-GroupSnapshotsTest-1748992447 None] Acquiring lock "cinder-quobyte-544c5967-5c5e-4b52-9f4d-988e1453d6f3" by "delete_snapshot" {{(pid=88837) __acquire /opt/stack/cinder/cinder/coordination.py:138}}
Jul 31 10:55:13 devstack cinder-volume[88837]: DEBUG cinder.coordination [None req-18bac30e-96b1-478f-91e3-74f27a550c37 tempest-GroupSnapshotsTest-1748992447 None] Lock "cinder-quobyte-544c5967-5c5e-4b52-9f4d-988e1453d6f3" acquired by "delete_snapshot" :: waited 0.030s {{(pid=88837) __acquire /opt/stack/cinder/cinder/coordination.py:141}}
Jul 31 10:55:13 devstack cinder-volume[88837]: DEBUG cinder.coordination [None req-18bac30e-96b1-478f-91e3-74f27a550c37 tempest-GroupSnapshotsTest-1748992447 None] Acquiring lock "cinder-quobyte-baf7ddbf-8129-49c0-a46f-94b010c8a672" by "_delete_snapshot" {{(pid=88837) __acquire /opt/stack/cinder/cinder/coordination.py:138}}
Jul 31 10:55:13 devstack cinder-volume[88837]: DEBUG cinder.coordination [None req-18bac30e-96b1-478f-91e3-74f27a550c37 tempest-GroupSnapshotsTest-1748992447 None] Lock "cinder-quobyte-baf7ddbf-8129-49c0-a46f-94b010c8a672" acquired by "_delete_snapshot" :: waited 0.032s {{(pid=88837) __acquire /opt/stack/cinder/cinder/coordination.py:141}}
Jul 31 10:55:13 devstack cinder-volume[88837]: DEBUG cinder.volume.drivers.remotefs [None req-18bac30e-96b1-478f-91e3-74f27a550c37 tempest-GroupSnapshotsTest-1748992447 None] Deleting offline snapshot baf7ddbf-8129-49c0-a46f-94b010c8a672 of volume 544c5967-5c5e-4b52-9f4d-988e1453d6f3 {{(pid=88837) _delete_snapshot /opt/stack/cinder/cinder/volume/drivers/remotefs.py:1288}}
Jul 31 10:55:13 devstack cinder-volume[88837]: DEBUG cinder.volume.drivers.remotefs [None req-18bac30e-96b1-478f-91e3-74f27a550c37 tempest-GroupSnapshotsTest-1748992447 None] snapshot_file for this snap is: volume-544c5967-5c5e-4b52-9f4d-988e1453d6f3.baf7ddbf-8129-49c0-a46f-94b010c8a672 {{(pid=88837) _delete_snapshot /opt/stack/cinder/cinder/volume/drivers/remotefs.py:1317}}
Jul 31 10:55:13 devstack cinder-volume[88837]: DEBUG oslo.privsep.daemon [-] privsep: reply[71763f21-e09f-4279-874a-aa397f9518e1]: (4, 'qcow2') {{(pid=90321) _call_back /opt/stack/data/venv/lib/python3.12/site-packages/oslo_privsep/daemon.py:580}}
Jul 31 10:55:13 devstack cinder-volume[88837]: DEBUG oslo_concurrency.processutils [None req-18bac30e-96b1-478f-91e3-74f27a550c37 tempest-GroupSnapshotsTest-1748992447 None] Running cmd (subprocess): /opt/stack/data/venv/bin/python3.12 -m oslo_concurrency.prlimit --as=1073741824 --cpu=60 -- sudo cinder-rootwrap /etc/cinder/rootwrap.conf env LC_ALL=C qemu-img info -f qcow2 --output=json --force-share /opt/stack/data/cinder/mnt/6d2c27abf6b33b806f2aca72984e3119/volume-544c5967-5c5e-4b52-9f4d-988e1453d6f3.baf7ddbf-8129-49c0-a46f-94b010c8a672 {{(pid=88837) execute /opt/stack/data/venv/lib/python3.12/site-packages/oslo_concurrency/processutils.py:440}}
Jul 31 10:55:14 devstack sudo[93757]: quobyte : PWD=/ ; USER=root ; COMMAND=/opt/stack/data/venv/bin/cinder-rootwrap /etc/cinder/rootwrap.conf env LC_ALL=C qemu-img info -f qcow2 --output=json --force-share /opt/stack/data/cinder/mnt/6d2c27abf6b33b806f2aca72984e3119/volume-544c5967-5c5e-4b52-9f4d-988e1453d6f3.baf7ddbf-8129-49c0-a46f-94b010c8a672
Jul 31 10:55:14 devstack sudo[93757]: pam_unix(sudo:session): session opened for user root(uid=0) by (uid=1000)
Jul 31 10:55:15 devstack sudo[93757]: pam_unix(sudo:session): session closed for user root
Jul 31 10:55:15 devstack cinder-volume[88837]: DEBUG oslo_concurrency.processutils [None req-18bac30e-96b1-478f-91e3-74f27a550c37 tempest-GroupSnapshotsTest-1748992447 None] CMD "/opt/stack/data/venv/bin/python3.12 -m oslo_concurrency.prlimit --as=1073741824 --cpu=60 -- sudo cinder-rootwrap /etc/cinder/rootwrap.conf env LC_ALL=C qemu-img info -f qcow2 --output=json --force-share /opt/stack/data/cinder/mnt/6d2c27abf6b33b806f2aca72984e3119/volume-544c5967-5c5e-4b52-9f4d-988e1453d6f3.baf7ddbf-8129-49c0-a46f-94b010c8a672" returned: 0 in 1.102s {{(pid=88837) execute /opt/stack/data/venv/lib/python3.12/site-packages/oslo_concurrency/processutils.py:468}}
Jul 31 10:55:15 devstack cinder-volume[88837]: DEBUG cinder.volume.drivers.remotefs [None req-18bac30e-96b1-478f-91e3-74f27a550c37 tempest-GroupSnapshotsTest-1748992447 None] Fetching qemu-img info with special backing_file_template: (/opt/stack/data/cinder/mnt/[0-9a-f]+/)?(volume-544c5967-5c5e-4b52-9f4d-988e1453d6f3(.(tmp-snap-)?[0-9a-f-]+)?|volume_from_snapshot_cache/(tmp-snap-)?[0-9a-f-]+(.(child-|parent-)[0-9a-f-]+)?)$ {{(pid=88837) _qemu_img_info_base /opt/stack/cinder/cinder/volume/drivers/remotefs.py:896}}
Jul 31 10:55:15 devstack cinder-volume[88837]: DEBUG oslo.privsep.daemon [-] privsep: reply[2daed96b-2d7a-4335-a823-4babb68e61fc]: (4, 'qcow2') {{(pid=90321) _call_back /opt/stack/data/venv/lib/python3.12/site-packages/oslo_privsep/daemon.py:580}}
Jul 31 10:55:15 devstack cinder-volume[88837]: DEBUG oslo_concurrency.processutils [None req-18bac30e-96b1-478f-91e3-74f27a550c37 tempest-GroupSnapshotsTest-1748992447 None] Running cmd (subprocess): /opt/stack/data/venv/bin/python3.12 -m oslo_concurrency.prlimit --as=1073741824 --cpu=60 -- sudo cinder-rootwrap /etc/cinder/rootwrap.conf env LC_ALL=C qemu-img info -f qcow2 --output=json --force-share /opt/stack/data/cinder/mnt/6d2c27abf6b33b806f2aca72984e3119/volume-544c5967-5c5e-4b52-9f4d-988e1453d6f3 {{(pid=88837) execute /opt/stack/data/venv/lib/python3.12/site-packages/oslo_concurrency/processutils.py:440}}
Jul 31 10:55:15 devstack sudo[93885]: quobyte : PWD=/ ; USER=root ; COMMAND=/opt/stack/data/venv/bin/cinder-rootwrap /etc/cinder/rootwrap.conf env LC_ALL=C qemu-img info -f qcow2 --output=json --force-share /opt/stack/data/cinder/mnt/6d2c27abf6b33b806f2aca72984e3119/volume-544c5967-5c5e-4b52-9f4d-988e1453d6f3
Jul 31 10:55:15 devstack sudo[93885]: pam_unix(sudo:session): session opened for user root(uid=0) by (uid=1000)
Jul 31 10:55:15 devstack sudo[93885]: pam_unix(sudo:session): session closed for user root
Jul 31 10:55:15 devstack cinder-volume[88837]: DEBUG oslo_concurrency.processutils [None req-18bac30e-96b1-478f-91e3-74f27a550c37 tempest-GroupSnapshotsTest-1748992447 None] CMD "/opt/stack/data/venv/bin/python3.12 -m oslo_concurrency.prlimit --as=1073741824 --cpu=60 -- sudo cinder-rootwrap /etc/cinder/rootwrap.conf env LC_ALL=C qemu-img info -f qcow2 --output=json --force-share /opt/stack/data/cinder/mnt/6d2c27abf6b33b806f2aca72984e3119/volume-544c5967-5c5e-4b52-9f4d-988e1453d6f3" returned: 0 in 0.800s {{(pid=88837) execute /opt/stack/data/venv/lib/python3.12/site-packages/oslo_concurrency/processutils.py:468}}
Jul 31 10:55:15 devstack cinder-volume[88837]: DEBUG oslo_concurrency.processutils [None req-18bac30e-96b1-478f-91e3-74f27a550c37 tempest-GroupSnapshotsTest-1748992447 None] Running cmd (subprocess): sudo cinder-rootwrap /etc/cinder/rootwrap.conf qemu-img commit -d /opt/stack/data/cinder/mnt/6d2c27abf6b33b806f2aca72984e3119/volume-544c5967-5c5e-4b52-9f4d-988e1453d6f3.baf7ddbf-8129-49c0-a46f-94b010c8a672 {{(pid=88837) execute /opt/stack/data/venv/lib/python3.12/site-packages/oslo_concurrency/processutils.py:440}}
Jul 31 10:55:16 devstack sudo[93912]: quobyte : PWD=/ ; USER=root ; COMMAND=/opt/stack/data/venv/bin/cinder-rootwrap /etc/cinder/rootwrap.conf qemu-img commit -d /opt/stack/data/cinder/mnt/6d2c27abf6b33b806f2aca72984e3119/volume-544c5967-5c5e-4b52-9f4d-988e1453d6f3.baf7ddbf-8129-49c0-a46f-94b010c8a672
Jul 31 10:55:16 devstack sudo[93912]: pam_unix(sudo:session): session opened for user root(uid=0) by (uid=1000)
Jul 31 10:55:16 devstack sudo[93912]: pam_unix(sudo:session): session closed for user root
Jul 31 10:55:16 devstack cinder-volume[88837]: DEBUG oslo_concurrency.processutils [None req-18bac30e-96b1-478f-91e3-74f27a550c37 tempest-GroupSnapshotsTest-1748992447 None] CMD "sudo cinder-rootwrap /etc/cinder/rootwrap.conf qemu-img commit -d /opt/stack/data/cinder/mnt/6d2c27abf6b33b806f2aca72984e3119/volume-544c5967-5c5e-4b52-9f4d-988e1453d6f3.baf7ddbf-8129-49c0-a46f-94b010c8a672" returned: 0 in 0.993s {{(pid=88837) execute /opt/stack/data/venv/lib/python3.12/site-packages/oslo_concurrency/processutils.py:468}}
Jul 31 10:55:16 devstack cinder-volume[88837]: DEBUG oslo_concurrency.processutils [None req-18bac30e-96b1-478f-91e3-74f27a550c37 tempest-GroupSnapshotsTest-1748992447 None] Running cmd (subprocess): sudo cinder-rootwrap /etc/cinder/rootwrap.conf rm -f /opt/stack/data/cinder/mnt/6d2c27abf6b33b806f2aca72984e3119/volume-544c5967-5c5e-4b52-9f4d-988e1453d6f3.baf7ddbf-8129-49c0-a46f-94b010c8a672 {{(pid=88837) execute /opt/stack/data/venv/lib/python3.12/site-packages/oslo_concurrency/processutils.py:440}}
Jul 31 10:55:16 devstack sudo[93941]: quobyte : PWD=/ ; USER=root ; COMMAND=/opt/stack/data/venv/bin/cinder-rootwrap /etc/cinder/rootwrap.conf rm -f /opt/stack/data/cinder/mnt/6d2c27abf6b33b806f2aca72984e3119/volume-544c5967-5c5e-4b52-9f4d-988e1453d6f3.baf7ddbf-8129-49c0-a46f-94b010c8a672
Jul 31 10:55:16 devstack sudo[93941]: pam_unix(sudo:session): session opened for user root(uid=0) by (uid=1000)
Jul 31 10:55:17 devstack sudo[93941]: pam_unix(sudo:session): session closed for user root
Jul 31 10:55:17 devstack cinder-volume[88837]: DEBUG oslo_concurrency.processutils [None req-18bac30e-96b1-478f-91e3-74f27a550c37 tempest-GroupSnapshotsTest-1748992447 None] CMD "sudo cinder-rootwrap /etc/cinder/rootwrap.conf rm -f /opt/stack/data/cinder/mnt/6d2c27abf6b33b806f2aca72984e3119/volume-544c5967-5c5e-4b52-9f4d-988e1453d6f3.baf7ddbf-8129-49c0-a46f-94b010c8a672" returned: 0 in 0.425s {{(pid=88837) execute /opt/stack/data/venv/lib/python3.12/site-packages/oslo_concurrency/processutils.py:468}}
Jul 31 10:55:17 devstack cinder-volume[88837]: DEBUG cinder.coordination [None req-18bac30e-96b1-478f-91e3-74f27a550c37 tempest-GroupSnapshotsTest-1748992447 None] Lock "cinder-quobyte-baf7ddbf-8129-49c0-a46f-94b010c8a672" released by "_delete_snapshot" :: held 3.583s {{(pid=88837) __release /opt/stack/cinder/cinder/coordination.py:152}}
Jul 31 10:55:17 devstack cinder-volume[88837]: DEBUG cinder.coordination [None req-bd5a043c-3541-418e-b90b-f3b1a2fcf86d tempest-ServerActionsTestOtherA-1867674029 None] Acquiring lock "cinder-ef386c09-45f4-471e-8b6b-fb1abb0b676f-delete_volume" by "delete_volume" {{(pid=88837) __acquire /opt/stack/cinder/cinder/coordination.py:138}}
Jul 31 10:55:17 devstack cinder-volume[88837]: DEBUG cinder.coordination [None req-18bac30e-96b1-478f-91e3-74f27a550c37 tempest-GroupSnapshotsTest-1748992447 None] Lock "cinder-quobyte-544c5967-5c5e-4b52-9f4d-988e1453d6f3" released by "delete_snapshot" :: held 3.641s {{(pid=88837) __release /opt/stack/cinder/cinder/coordination.py:152}}
Jul 31 10:55:17 devstack cinder-volume[88837]: DEBUG cinder.coordination [None req-bd5a043c-3541-418e-b90b-f3b1a2fcf86d tempest-ServerActionsTestOtherA-1867674029 None] Lock "cinder-ef386c09-45f4-471e-8b6b-fb1abb0b676f-delete_volume" acquired by "delete_volume" :: waited 0.049s {{(pid=88837) __acquire /opt/stack/cinder/cinder/coordination.py:141}}
Jul 31 10:55:17 devstack cinder-volume[88837]: DEBUG cinder.coordination [None req-bd5a043c-3541-418e-b90b-f3b1a2fcf86d tempest-ServerActionsTestOtherA-1867674029 None] Acquiring lock "cinder-quobyte-ef386c09-45f4-471e-8b6b-fb1abb0b676f" by "delete_volume" {{(pid=88837) __acquire /opt/stack/cinder/cinder/coordination.py:138}}
Jul 31 10:55:17 devstack cinder-volume[88837]: DEBUG cinder.coordination [None req-bd5a043c-3541-418e-b90b-f3b1a2fcf86d tempest-ServerActionsTestOtherA-1867674029 None] Lock "cinder-quobyte-ef386c09-45f4-471e-8b6b-fb1abb0b676f" acquired by "delete_volume" :: waited 0.024s {{(pid=88837) __acquire /opt/stack/cinder/cinder/coordination.py:141}}
Jul 31 10:55:17 devstack cinder-volume[88837]: WARNING cinder.quota [None req-18bac30e-96b1-478f-91e3-74f27a550c37 tempest-GroupSnapshotsTest-1748992447 None] Deprecated: Default quota for resource: gigabytes_tempest-GroupSnapshotsTest-volume-type-1286387005 is set by the default quota flag: quota_gigabytes_tempest-GroupSnapshotsTest-volume-type-1286387005, it is now deprecated. Please use the default quota class for default quota.
Jul 31 10:55:17 devstack cinder-volume[88837]: WARNING cinder.quota [None req-18bac30e-96b1-478f-91e3-74f27a550c37 tempest-GroupSnapshotsTest-1748992447 None] Deprecated: Default quota for resource: snapshots_tempest-GroupSnapshotsTest-volume-type-1286387005 is set by the default quota flag: quota_snapshots_tempest-GroupSnapshotsTest-volume-type-1286387005, it is now deprecated. Please use the default quota class for default quota.
Jul 31 10:55:17 devstack cinder-volume[88837]: DEBUG oslo.privsep.daemon [-] privsep: reply[cc7d706d-f69b-41cb-9b72-01331f06a23d]: (4, 'qcow2') {{(pid=90321) _call_back /opt/stack/data/venv/lib/python3.12/site-packages/oslo_privsep/daemon.py:580}}
Jul 31 10:55:17 devstack cinder-volume[88837]: DEBUG oslo_concurrency.processutils [None req-bd5a043c-3541-418e-b90b-f3b1a2fcf86d tempest-ServerActionsTestOtherA-1867674029 None] Running cmd (subprocess): /opt/stack/data/venv/bin/python3.12 -m oslo_concurrency.prlimit --as=1073741824 --cpu=60 -- sudo cinder-rootwrap /etc/cinder/rootwrap.conf env LC_ALL=C qemu-img info -f qcow2 --output=json --force-share /opt/stack/data/cinder/mnt/6d2c27abf6b33b806f2aca72984e3119/volume-ef386c09-45f4-471e-8b6b-fb1abb0b676f {{(pid=88837) execute /opt/stack/data/venv/lib/python3.12/site-packages/oslo_concurrency/processutils.py:440}}
Jul 31 10:55:17 devstack cinder-volume[88837]: DEBUG cinder.quota [None req-18bac30e-96b1-478f-91e3-74f27a550c37 tempest-GroupSnapshotsTest-1748992447 None] Created reservations ['45fdf836-a65e-4fbc-a7f6-a981b99b91ff', '52ac81ad-da3e-4002-8235-ffeabe5d202e', '0b02c5be-99c8-4384-bcc3-a537de5d9f7f', '715240c9-0bb2-4417-abc9-8a1626925246'] {{(pid=88837) reserve /opt/stack/cinder/cinder/quota.py:752}}
Jul 31 10:55:17 devstack sudo[93958]: quobyte : PWD=/ ; USER=root ; COMMAND=/opt/stack/data/venv/bin/cinder-rootwrap /etc/cinder/rootwrap.conf env LC_ALL=C qemu-img info -f qcow2 --output=json --force-share /opt/stack/data/cinder/mnt/6d2c27abf6b33b806f2aca72984e3119/volume-ef386c09-45f4-471e-8b6b-fb1abb0b676f
Jul 31 10:55:17 devstack sudo[93958]: pam_unix(sudo:session): session opened for user root(uid=0) by (uid=1000)
Jul 31 10:55:17 devstack cinder-volume[88837]: DEBUG cinder.quota [None req-18bac30e-96b1-478f-91e3-74f27a550c37 tempest-GroupSnapshotsTest-1748992447 None] Created reservations ['1d39fc5d-86d3-4e86-b1ca-ab620bbcda41', '5efb9bde-65e1-45b2-87fe-67f2e0121376', 'df58c7c3-5154-493a-bfc7-602addf37bf4', '5a80dd8a-17ab-4a09-99e0-648fe5e090f7'] {{(pid=88837) reserve /opt/stack/cinder/cinder/quota.py:752}}
Jul 31 10:55:18 devstack cinder-volume[88837]: INFO cinder.volume.manager [None req-18bac30e-96b1-478f-91e3-74f27a550c37 tempest-GroupSnapshotsTest-1748992447 None] group_snapshot 8407742d-52fb-4326-b456-adbb344706bd: deleted successfully
Jul 31 10:55:18 devstack sudo[93958]: pam_unix(sudo:session): session closed for user root
Jul 31 10:55:18 devstack cinder-volume[88837]: DEBUG oslo_concurrency.processutils [None req-bd5a043c-3541-418e-b90b-f3b1a2fcf86d tempest-ServerActionsTestOtherA-1867674029 None] CMD "/opt/stack/data/venv/bin/python3.12 -m oslo_concurrency.prlimit --as=1073741824 --cpu=60 -- sudo cinder-rootwrap /etc/cinder/rootwrap.conf env LC_ALL=C qemu-img info -f qcow2 --output=json --force-share /opt/stack/data/cinder/mnt/6d2c27abf6b33b806f2aca72984e3119/volume-ef386c09-45f4-471e-8b6b-fb1abb0b676f" returned: 0 in 0.688s {{(pid=88837) execute /opt/stack/data/venv/lib/python3.12/site-packages/oslo_concurrency/processutils.py:468}}
Jul 31 10:55:18 devstack cinder-volume[88837]: DEBUG oslo_concurrency.processutils [None req-bd5a043c-3541-418e-b90b-f3b1a2fcf86d tempest-ServerActionsTestOtherA-1867674029 None] Running cmd (subprocess): sudo cinder-rootwrap /etc/cinder/rootwrap.conf rm -f /opt/stack/data/cinder/mnt/6d2c27abf6b33b806f2aca72984e3119/volume-ef386c09-45f4-471e-8b6b-fb1abb0b676f {{(pid=88837) execute /opt/stack/data/venv/lib/python3.12/site-packages/oslo_concurrency/processutils.py:440}}
Jul 31 10:55:18 devstack sudo[93988]: quobyte : PWD=/ ; USER=root ; COMMAND=/opt/stack/data/venv/bin/cinder-rootwrap /etc/cinder/rootwrap.conf rm -f /opt/stack/data/cinder/mnt/6d2c27abf6b33b806f2aca72984e3119/volume-ef386c09-45f4-471e-8b6b-fb1abb0b676f
Jul 31 10:55:18 devstack sudo[93988]: pam_unix(sudo:session): session opened for user root(uid=0) by (uid=1000)
Jul 31 10:55:18 devstack sudo[93988]: pam_unix(sudo:session): session closed for user root
Jul 31 10:55:18 devstack cinder-volume[88837]: DEBUG oslo_concurrency.processutils [None req-bd5a043c-3541-418e-b90b-f3b1a2fcf86d tempest-ServerActionsTestOtherA-1867674029 None] CMD "sudo cinder-rootwrap /etc/cinder/rootwrap.conf rm -f /opt/stack/data/cinder/mnt/6d2c27abf6b33b806f2aca72984e3119/volume-ef386c09-45f4-471e-8b6b-fb1abb0b676f" returned: 0 in 0.459s {{(pid=88837) execute /opt/stack/data/venv/lib/python3.12/site-packages/oslo_concurrency/processutils.py:468}}
Jul 31 10:55:18 devstack cinder-volume[88837]: DEBUG cinder.coordination [None req-bd5a043c-3541-418e-b90b-f3b1a2fcf86d tempest-ServerActionsTestOtherA-1867674029 None] Lock "cinder-quobyte-ef386c09-45f4-471e-8b6b-fb1abb0b676f" released by "delete_volume" :: held 1.211s {{(pid=88837) __release /opt/stack/cinder/cinder/coordination.py:152}}
Jul 31 10:55:18 devstack cinder-volume[88837]: DEBUG cinder.quota [None req-bd5a043c-3541-418e-b90b-f3b1a2fcf86d tempest-ServerActionsTestOtherA-1867674029 None] Created reservations ['c6f46cb6-64ff-4806-857e-fe99ea7b1c25', '05ed0a31-6174-4a24-b5ca-b8bcde0091d6', '9736fcf9-4f1c-4359-83f6-473bb8d47cca', 'e508cec5-9558-4b05-9775-8753123e6559'] {{(pid=88837) reserve /opt/stack/cinder/cinder/quota.py:752}}
Jul 31 10:55:19 devstack cinder-volume[88837]: DEBUG oslo_concurrency.lockutils [None req-bd5a043c-3541-418e-b90b-f3b1a2fcf86d tempest-ServerActionsTestOtherA-1867674029 None] Acquiring lock "quobyte_ensure" by "cinder.volume.drivers.quobyte.QuobyteDriver._ensure_shares_mounted" {{(pid=88837) inner /opt/stack/data/venv/lib/python3.12/site-packages/oslo_concurrency/lockutils.py:512}}
Jul 31 10:55:19 devstack cinder-volume[88837]: DEBUG oslo_concurrency.lockutils [None req-bd5a043c-3541-418e-b90b-f3b1a2fcf86d tempest-ServerActionsTestOtherA-1867674029 None] Lock "quobyte_ensure" acquired by "cinder.volume.drivers.quobyte.QuobyteDriver._ensure_shares_mounted" :: waited 0.001s {{(pid=88837) inner /opt/stack/data/venv/lib/python3.12/site-packages/oslo_concurrency/lockutils.py:525}}
Jul 31 10:55:19 devstack cinder-volume[88837]: DEBUG cinder.volume.drivers.quobyte [None req-bd5a043c-3541-418e-b90b-f3b1a2fcf86d tempest-ServerActionsTestOtherA-1867674029 None] Quobyte Volume URL set to: {'osci02.corp.quobyte.com/cinder-vol-aa5565ef-c5d5-4a9e-8448-c4b4a407e8b3': None} {{(pid=88837) _load_shares_config /opt/stack/cinder/cinder/volume/drivers/quobyte.py:617}}
Jul 31 10:55:19 devstack cinder-volume[88837]: DEBUG cinder.volume.drivers.quobyte [None req-bd5a043c-3541-418e-b90b-f3b1a2fcf86d tempest-ServerActionsTestOtherA-1867674029 None] Available shares ['osci02.corp.quobyte.com/cinder-vol-aa5565ef-c5d5-4a9e-8448-c4b4a407e8b3'] {{(pid=88837) _ensure_shares_mounted /opt/stack/cinder/cinder/volume/drivers/quobyte.py:647}}
