Jul 31 10:57:26 devstack cinder-volume[88837]: INFO cinder.volume.manager [None req-45cd2469-961c-49e0-b86f-d74b6fd2e9ca tempest-VolumesImageMetadata-1684212467 None] Created volume successfully.
Jul 31 10:57:27 devstack cinder-volume[88837]: DEBUG cinder.volume.flows.manager.create_volume [None req-b5963793-f513-42de-80a5-4a90f052d191 tempest-SnapshotsActionsTest-1279264020 None] Volume reschedule parameters: True retry: {'num_attempts': 1, 'backends': ['devstack@QuobyteHD#QuobyteHD'], 'hosts': ['devstack@QuobyteHD#QuobyteHD']} {{(pid=88837) get_flow /opt/stack/cinder/cinder/volume/flows/manager/create_volume.py:1397}}
Jul 31 10:57:27 devstack cinder-volume[88837]: DEBUG cinder.volume.manager [None req-b5963793-f513-42de-80a5-4a90f052d191 tempest-SnapshotsActionsTest-1279264020 None] Flow 'volume_create_manager' (e04accd0-152d-4a04-9392-393ef5adfbb6) transitioned into state 'RUNNING' from state 'PENDING' {{(pid=88837) _flow_receiver /opt/stack/data/venv/lib/python3.12/site-packages/taskflow/listeners/logging.py:160}}
Jul 31 10:57:27 devstack cinder-volume[88837]: DEBUG cinder.volume.manager [None req-b5963793-f513-42de-80a5-4a90f052d191 tempest-SnapshotsActionsTest-1279264020 None] Task 'cinder.volume.flows.manager.create_volume.ExtractVolumeRefTask;volume:create' (5da3be91-a9c1-48b7-92ed-3128bebe4ac7) transitioned into state 'RUNNING' from state 'PENDING' {{(pid=88837) _task_receiver /opt/stack/data/venv/lib/python3.12/site-packages/taskflow/listeners/logging.py:242}}
Jul 31 10:57:27 devstack cinder-volume[88837]: DEBUG cinder.volume.manager [None req-b5963793-f513-42de-80a5-4a90f052d191 tempest-SnapshotsActionsTest-1279264020 None] Task 'cinder.volume.flows.manager.create_volume.ExtractVolumeRefTask;volume:create' (5da3be91-a9c1-48b7-92ed-3128bebe4ac7) transitioned into state 'SUCCESS' from state 'RUNNING' with result 'Volume(_name_id=None,admin_metadata=,attach_status='detached',availability_zone='nova',bootable=False,cluster=,cluster_name=None,consistencygroup=,consistencygroup_id=None,created_at=2026-07-31T08:57:27Z,deleted=False,deleted_at=None,display_description=None,display_name='tempest-SnapshotsActionsTest-Volume-1642894241',ec2_id=None,encryption_key_id=None,glance_metadata=,group=,group_id=None,host='devstack@QuobyteHD#QuobyteHD',id=40af6cad-2fb6-4813-bfa4-40f033f1b118,launched_at=None,metadata={},migration_status=None,multiattach=False,previous_status=None,project_id='bdc1a47e19f74f1bb6658955f5cb90f7',provider_auth=None,provider_geometry=None,provider_id=None,provider_location=None,replication_driver_data=None,replication_extended_status=None,replication_status=None,scheduled_at=2026-07-31T08:57:27Z,service_uuid=None,shared_targets=True,size=1,snapshot_id=None,snapshots=,source_volid=None,status='creating',terminated_at=None,updated_at=2026-07-31T08:57:27Z,use_quota=True,user_id='0f1f724f9fa54158bf3560b3df62815d',volume_attachment=VolumeAttachmentList,volume_type=VolumeType(bf13f09f-f623-4568-8ea9-bc338287c104),volume_type_id=bf13f09f-f623-4568-8ea9-bc338287c104)' {{(pid=88837) _task_receiver /opt/stack/data/venv/lib/python3.12/site-packages/taskflow/listeners/logging.py:218}}
Jul 31 10:57:27 devstack cinder-volume[88837]: DEBUG cinder.volume.manager [None req-b5963793-f513-42de-80a5-4a90f052d191 tempest-SnapshotsActionsTest-1279264020 None] Task 'cinder.volume.flows.manager.create_volume.OnFailureRescheduleTask;volume:create' (06f8ec1e-fd80-4360-b09d-a164af1a92f4) transitioned into state 'RUNNING' from state 'PENDING' {{(pid=88837) _task_receiver /opt/stack/data/venv/lib/python3.12/site-packages/taskflow/listeners/logging.py:242}}
Jul 31 10:57:27 devstack cinder-volume[88837]: DEBUG cinder.volume.manager [None req-b5963793-f513-42de-80a5-4a90f052d191 tempest-SnapshotsActionsTest-1279264020 None] Task 'cinder.volume.flows.manager.create_volume.OnFailureRescheduleTask;volume:create' (06f8ec1e-fd80-4360-b09d-a164af1a92f4) transitioned into state 'SUCCESS' from state 'RUNNING' with result 'None' {{(pid=88837) _task_receiver /opt/stack/data/venv/lib/python3.12/site-packages/taskflow/listeners/logging.py:218}}
Jul 31 10:57:27 devstack cinder-volume[88837]: DEBUG cinder.volume.manager [None req-b5963793-f513-42de-80a5-4a90f052d191 tempest-SnapshotsActionsTest-1279264020 None] Task 'cinder.volume.flows.manager.create_volume.ExtractVolumeSpecTask;volume:create' (0de81c8b-c44b-4af9-98df-385ddda5238b) transitioned into state 'RUNNING' from state 'PENDING' {{(pid=88837) _task_receiver /opt/stack/data/venv/lib/python3.12/site-packages/taskflow/listeners/logging.py:242}}
Jul 31 10:57:27 devstack cinder-volume[88837]: DEBUG cinder.volume.manager [None req-b5963793-f513-42de-80a5-4a90f052d191 tempest-SnapshotsActionsTest-1279264020 None] Task 'cinder.volume.flows.manager.create_volume.ExtractVolumeSpecTask;volume:create' (0de81c8b-c44b-4af9-98df-385ddda5238b) transitioned into state 'SUCCESS' from state 'RUNNING' with result '{'status': 'creating', 'type': 'raw', 'volume_id': '40af6cad-2fb6-4813-bfa4-40f033f1b118', 'volume_name': 'volume-40af6cad-2fb6-4813-bfa4-40f033f1b118', 'volume_size': 1}' {{(pid=88837) _task_receiver /opt/stack/data/venv/lib/python3.12/site-packages/taskflow/listeners/logging.py:218}}
Jul 31 10:57:27 devstack cinder-volume[88837]: DEBUG cinder.volume.manager [None req-b5963793-f513-42de-80a5-4a90f052d191 tempest-SnapshotsActionsTest-1279264020 None] Task 'cinder.volume.flows.manager.create_volume.NotifyVolumeActionTask;volume:create, create.start' (97b87343-e8c5-4eff-80b4-dadf0d667572) transitioned into state 'RUNNING' from state 'PENDING' {{(pid=88837) _task_receiver /opt/stack/data/venv/lib/python3.12/site-packages/taskflow/listeners/logging.py:242}}
Jul 31 10:57:27 devstack cinder-volume[88837]: DEBUG cinder.volume.manager [None req-b5963793-f513-42de-80a5-4a90f052d191 tempest-SnapshotsActionsTest-1279264020 None] Task 'cinder.volume.flows.manager.create_volume.NotifyVolumeActionTask;volume:create, create.start' (97b87343-e8c5-4eff-80b4-dadf0d667572) transitioned into state 'SUCCESS' from state 'RUNNING' with result 'None' {{(pid=88837) _task_receiver /opt/stack/data/venv/lib/python3.12/site-packages/taskflow/listeners/logging.py:218}}
Jul 31 10:57:27 devstack cinder-volume[88837]: DEBUG cinder.volume.manager [None req-b5963793-f513-42de-80a5-4a90f052d191 tempest-SnapshotsActionsTest-1279264020 None] Task 'cinder.volume.flows.manager.create_volume.CreateVolumeFromSpecTask;volume:create' (25837f38-adcb-46e6-8e2e-550e9da59420) transitioned into state 'RUNNING' from state 'PENDING' {{(pid=88837) _task_receiver /opt/stack/data/venv/lib/python3.12/site-packages/taskflow/listeners/logging.py:242}}
Jul 31 10:57:27 devstack cinder-volume[88837]: INFO cinder.volume.flows.manager.create_volume [None req-b5963793-f513-42de-80a5-4a90f052d191 tempest-SnapshotsActionsTest-1279264020 None] Volume 40af6cad-2fb6-4813-bfa4-40f033f1b118: being created as raw with specification: {'status': 'creating', 'volume_name': 'volume-40af6cad-2fb6-4813-bfa4-40f033f1b118', 'volume_size': 1}
Jul 31 10:57:27 devstack cinder-volume[88837]: DEBUG oslo_concurrency.lockutils [None req-b5963793-f513-42de-80a5-4a90f052d191 tempest-SnapshotsActionsTest-1279264020 None] Acquiring lock "quobyte" by "cinder.volume.drivers.quobyte.QuobyteDriver.create_volume" {{(pid=88837) inner /opt/stack/data/venv/lib/python3.12/site-packages/oslo_concurrency/lockutils.py:512}}
Jul 31 10:57:27 devstack cinder-volume[88837]: DEBUG oslo_concurrency.lockutils [None req-b5963793-f513-42de-80a5-4a90f052d191 tempest-SnapshotsActionsTest-1279264020 None] Lock "quobyte" acquired by "cinder.volume.drivers.quobyte.QuobyteDriver.create_volume" :: waited 0.006s {{(pid=88837) inner /opt/stack/data/venv/lib/python3.12/site-packages/oslo_concurrency/lockutils.py:525}}
Jul 31 10:57:27 devstack cinder-volume[88837]: DEBUG cinder.volume.drivers.quobyte [None req-b5963793-f513-42de-80a5-4a90f052d191 tempest-SnapshotsActionsTest-1279264020 None] ==> create_volume: call "{'self': , 'volume': Volume(_name_id=None,admin_metadata=,attach_status='detached',availability_zone='nova',bootable=False,cluster=,cluster_name=None,consistencygroup=,consistencygroup_id=None,created_at=2026-07-31T08:57:27Z,deleted=False,deleted_at=None,display_description=None,display_name='tempest-SnapshotsActionsTest-Volume-1642894241',ec2_id=None,encryption_key_id=None,glance_metadata=,group=,group_id=None,host='devstack@QuobyteHD#QuobyteHD',id=40af6cad-2fb6-4813-bfa4-40f033f1b118,launched_at=None,metadata={},migration_status=None,multiattach=False,previous_status=None,project_id='bdc1a47e19f74f1bb6658955f5cb90f7',provider_auth=None,provider_geometry=None,provider_id=None,provider_location=None,replication_driver_data=None,replication_extended_status=None,replication_status=None,scheduled_at=2026-07-31T08:57:27Z,service_uuid=None,shared_targets=True,size=1,snapshot_id=None,snapshots=,source_volid=None,status='creating',terminated_at=None,updated_at=2026-07-31T08:57:27Z,use_quota=True,user_id='0f1f724f9fa54158bf3560b3df62815d',volume_attachment=VolumeAttachmentList,volume_type=VolumeType(bf13f09f-f623-4568-8ea9-bc338287c104),volume_type_id=bf13f09f-f623-4568-8ea9-bc338287c104)}" {{(pid=88837) trace_logging_wrapper /opt/stack/cinder/cinder/volume/volume_utils.py:1497}}
Jul 31 10:57:27 devstack cinder-volume[88837]: DEBUG cinder.volume.drivers.remotefs [None req-b5963793-f513-42de-80a5-4a90f052d191 tempest-SnapshotsActionsTest-1279264020 None] Creating volume 40af6cad-2fb6-4813-bfa4-40f033f1b118 {{(pid=88837) create_volume /opt/stack/cinder/cinder/volume/drivers/remotefs.py:292}}
Jul 31 10:57:27 devstack cinder-volume[88837]: DEBUG oslo_concurrency.lockutils [None req-b5963793-f513-42de-80a5-4a90f052d191 tempest-SnapshotsActionsTest-1279264020 None] Acquiring lock "quobyte_ensure" by "cinder.volume.drivers.quobyte.QuobyteDriver._ensure_shares_mounted" {{(pid=88837) inner /opt/stack/data/venv/lib/python3.12/site-packages/oslo_concurrency/lockutils.py:512}}
Jul 31 10:57:27 devstack cinder-volume[88837]: DEBUG oslo_concurrency.lockutils [None req-b5963793-f513-42de-80a5-4a90f052d191 tempest-SnapshotsActionsTest-1279264020 None] Lock "quobyte_ensure" acquired by "cinder.volume.drivers.quobyte.QuobyteDriver._ensure_shares_mounted" :: waited 0.001s {{(pid=88837) inner /opt/stack/data/venv/lib/python3.12/site-packages/oslo_concurrency/lockutils.py:525}}
Jul 31 10:57:27 devstack cinder-volume[88837]: DEBUG cinder.volume.drivers.quobyte [None req-b5963793-f513-42de-80a5-4a90f052d191 tempest-SnapshotsActionsTest-1279264020 None] Quobyte Volume URL set to: {'osci02.corp.quobyte.com/cinder-vol-aa5565ef-c5d5-4a9e-8448-c4b4a407e8b3': None} {{(pid=88837) _load_shares_config /opt/stack/cinder/cinder/volume/drivers/quobyte.py:617}}
Jul 31 10:57:27 devstack cinder-volume[88837]: DEBUG cinder.volume.drivers.quobyte [None req-b5963793-f513-42de-80a5-4a90f052d191 tempest-SnapshotsActionsTest-1279264020 None] Available shares ['osci02.corp.quobyte.com/cinder-vol-aa5565ef-c5d5-4a9e-8448-c4b4a407e8b3'] {{(pid=88837) _ensure_shares_mounted /opt/stack/cinder/cinder/volume/drivers/quobyte.py:647}}
Jul 31 10:57:27 devstack cinder-volume[88837]: DEBUG oslo_concurrency.lockutils [None req-b5963793-f513-42de-80a5-4a90f052d191 tempest-SnapshotsActionsTest-1279264020 None] Lock "quobyte_ensure" "released" by "cinder.volume.drivers.quobyte.QuobyteDriver._ensure_shares_mounted" :: held 0.012s {{(pid=88837) inner /opt/stack/data/venv/lib/python3.12/site-packages/oslo_concurrency/lockutils.py:544}}
Jul 31 10:57:27 devstack cinder-volume[88837]: DEBUG cinder.volume.drivers.quobyte [None req-b5963793-f513-42de-80a5-4a90f052d191 tempest-SnapshotsActionsTest-1279264020 None] Selected osci02.corp.quobyte.com/cinder-vol-aa5565ef-c5d5-4a9e-8448-c4b4a407e8b3 as target Quobyte volume. {{(pid=88837) _find_share /opt/stack/cinder/cinder/volume/drivers/quobyte.py:668}}
Jul 31 10:57:27 devstack cinder-volume[88837]: INFO cinder.volume.drivers.remotefs [None req-b5963793-f513-42de-80a5-4a90f052d191 tempest-SnapshotsActionsTest-1279264020 None] casted to osci02.corp.quobyte.com/cinder-vol-aa5565ef-c5d5-4a9e-8448-c4b4a407e8b3
Jul 31 10:57:27 devstack cinder-volume[88837]: DEBUG oslo_concurrency.processutils [None req-b5963793-f513-42de-80a5-4a90f052d191 tempest-SnapshotsActionsTest-1279264020 None] Running cmd (subprocess): sudo cinder-rootwrap /etc/cinder/rootwrap.conf qemu-img create -f qcow2 -o preallocation=metadata /opt/stack/data/cinder/mnt/6d2c27abf6b33b806f2aca72984e3119/volume-40af6cad-2fb6-4813-bfa4-40f033f1b118 1073741824 {{(pid=88837) execute /opt/stack/data/venv/lib/python3.12/site-packages/oslo_concurrency/processutils.py:440}}
Jul 31 10:57:27 devstack sudo[96420]: quobyte : PWD=/ ; USER=root ; COMMAND=/opt/stack/data/venv/bin/cinder-rootwrap /etc/cinder/rootwrap.conf qemu-img create -f qcow2 -o preallocation=metadata /opt/stack/data/cinder/mnt/6d2c27abf6b33b806f2aca72984e3119/volume-40af6cad-2fb6-4813-bfa4-40f033f1b118 1073741824
Jul 31 10:57:27 devstack sudo[96420]: pam_unix(sudo:session): session opened for user root(uid=0) by (uid=1000)
Jul 31 10:57:27 devstack cinder-volume[88837]: DEBUG cinder.coordination [None req-d788bdcd-3282-4c3c-a709-0dda320b64eb tempest-VolumesImageMetadata-1684212467 None] Acquiring lock "cinder-149d0921-cb19-4531-bc44-770c0687f940-delete_volume" by "delete_volume" {{(pid=88837) __acquire /opt/stack/cinder/cinder/coordination.py:138}}
Jul 31 10:57:27 devstack cinder-volume[88837]: DEBUG cinder.coordination [None req-d788bdcd-3282-4c3c-a709-0dda320b64eb tempest-VolumesImageMetadata-1684212467 None] Lock "cinder-149d0921-cb19-4531-bc44-770c0687f940-delete_volume" acquired by "delete_volume" :: waited 0.030s {{(pid=88837) __acquire /opt/stack/cinder/cinder/coordination.py:141}}
Jul 31 10:57:27 devstack cinder-volume[88837]: DEBUG cinder.coordination [None req-d788bdcd-3282-4c3c-a709-0dda320b64eb tempest-VolumesImageMetadata-1684212467 None] Acquiring lock "cinder-quobyte-149d0921-cb19-4531-bc44-770c0687f940" by "delete_volume" {{(pid=88837) __acquire /opt/stack/cinder/cinder/coordination.py:138}}
Jul 31 10:57:27 devstack cinder-volume[88837]: DEBUG cinder.coordination [None req-d788bdcd-3282-4c3c-a709-0dda320b64eb tempest-VolumesImageMetadata-1684212467 None] Lock "cinder-quobyte-149d0921-cb19-4531-bc44-770c0687f940" acquired by "delete_volume" :: waited 0.019s {{(pid=88837) __acquire /opt/stack/cinder/cinder/coordination.py:141}}
Jul 31 10:57:27 devstack cinder-volume[88837]: DEBUG oslo.privsep.daemon [-] privsep: reply[efef5f1e-c565-48b3-aa5d-20c5dce4e76b]: (4, 'raw') {{(pid=90321) _call_back /opt/stack/data/venv/lib/python3.12/site-packages/oslo_privsep/daemon.py:580}}
Jul 31 10:57:27 devstack cinder-volume[88837]: DEBUG oslo_concurrency.processutils [None req-d788bdcd-3282-4c3c-a709-0dda320b64eb tempest-VolumesImageMetadata-1684212467 None] Running cmd (subprocess): /opt/stack/data/venv/bin/python3.12 -m oslo_concurrency.prlimit --as=1073741824 --cpu=60 -- sudo cinder-rootwrap /etc/cinder/rootwrap.conf env LC_ALL=C qemu-img info -f raw --output=json --force-share /opt/stack/data/cinder/mnt/6d2c27abf6b33b806f2aca72984e3119/volume-149d0921-cb19-4531-bc44-770c0687f940 {{(pid=88837) execute /opt/stack/data/venv/lib/python3.12/site-packages/oslo_concurrency/processutils.py:440}}
Jul 31 10:57:27 devstack sudo[96425]: quobyte : PWD=/ ; USER=root ; COMMAND=/opt/stack/data/venv/bin/cinder-rootwrap /etc/cinder/rootwrap.conf env LC_ALL=C qemu-img info -f raw --output=json --force-share /opt/stack/data/cinder/mnt/6d2c27abf6b33b806f2aca72984e3119/volume-149d0921-cb19-4531-bc44-770c0687f940
Jul 31 10:57:27 devstack sudo[96425]: pam_unix(sudo:session): session opened for user root(uid=0) by (uid=1000)
Jul 31 10:57:27 devstack sudo[96420]: pam_unix(sudo:session): session closed for user root
Jul 31 10:57:27 devstack cinder-volume[88837]: DEBUG oslo_concurrency.processutils [None req-b5963793-f513-42de-80a5-4a90f052d191 tempest-SnapshotsActionsTest-1279264020 None] CMD "sudo cinder-rootwrap /etc/cinder/rootwrap.conf qemu-img create -f qcow2 -o preallocation=metadata /opt/stack/data/cinder/mnt/6d2c27abf6b33b806f2aca72984e3119/volume-40af6cad-2fb6-4813-bfa4-40f033f1b118 1073741824" returned: 0 in 0.681s {{(pid=88837) execute /opt/stack/data/venv/lib/python3.12/site-packages/oslo_concurrency/processutils.py:468}}
Jul 31 10:57:28 devstack cinder-volume[88837]: DEBUG oslo_concurrency.processutils [None req-b5963793-f513-42de-80a5-4a90f052d191 tempest-SnapshotsActionsTest-1279264020 None] Running cmd (subprocess): sudo cinder-rootwrap /etc/cinder/rootwrap.conf chmod ugo+rw /opt/stack/data/cinder/mnt/6d2c27abf6b33b806f2aca72984e3119/volume-40af6cad-2fb6-4813-bfa4-40f033f1b118 {{(pid=88837) execute /opt/stack/data/venv/lib/python3.12/site-packages/oslo_concurrency/processutils.py:440}}
Jul 31 10:57:28 devstack sudo[96428]: quobyte : PWD=/ ; USER=root ; COMMAND=/opt/stack/data/venv/bin/cinder-rootwrap /etc/cinder/rootwrap.conf chmod ugo+rw /opt/stack/data/cinder/mnt/6d2c27abf6b33b806f2aca72984e3119/volume-40af6cad-2fb6-4813-bfa4-40f033f1b118
Jul 31 10:57:28 devstack sudo[96428]: pam_unix(sudo:session): session opened for user root(uid=0) by (uid=1000)
Jul 31 10:57:28 devstack sudo[96425]: pam_unix(sudo:session): session closed for user root
Jul 31 10:57:28 devstack cinder-volume[88837]: DEBUG oslo_concurrency.processutils [None req-d788bdcd-3282-4c3c-a709-0dda320b64eb tempest-VolumesImageMetadata-1684212467 None] CMD "/opt/stack/data/venv/bin/python3.12 -m oslo_concurrency.prlimit --as=1073741824 --cpu=60 -- sudo cinder-rootwrap /etc/cinder/rootwrap.conf env LC_ALL=C qemu-img info -f raw --output=json --force-share /opt/stack/data/cinder/mnt/6d2c27abf6b33b806f2aca72984e3119/volume-149d0921-cb19-4531-bc44-770c0687f940" returned: 0 in 0.450s {{(pid=88837) execute /opt/stack/data/venv/lib/python3.12/site-packages/oslo_concurrency/processutils.py:468}}
Jul 31 10:57:28 devstack cinder-volume[88837]: DEBUG oslo_concurrency.processutils [None req-d788bdcd-3282-4c3c-a709-0dda320b64eb tempest-VolumesImageMetadata-1684212467 None] Running cmd (subprocess): /opt/stack/data/venv/bin/python3.12 -m oslo_concurrency.prlimit --as=1073741824 --cpu=60 -- sudo cinder-rootwrap /etc/cinder/rootwrap.conf env LC_ALL=C qemu-img info -f luks --output=json --force-share /opt/stack/data/cinder/mnt/6d2c27abf6b33b806f2aca72984e3119/volume-149d0921-cb19-4531-bc44-770c0687f940 {{(pid=88837) execute /opt/stack/data/venv/lib/python3.12/site-packages/oslo_concurrency/processutils.py:440}}
Jul 31 10:57:28 devstack sudo[96428]: pam_unix(sudo:session): session closed for user root
Jul 31 10:57:28 devstack cinder-volume[88837]: DEBUG oslo_concurrency.processutils [None req-b5963793-f513-42de-80a5-4a90f052d191 tempest-SnapshotsActionsTest-1279264020 None] CMD "sudo cinder-rootwrap /etc/cinder/rootwrap.conf chmod ugo+rw /opt/stack/data/cinder/mnt/6d2c27abf6b33b806f2aca72984e3119/volume-40af6cad-2fb6-4813-bfa4-40f033f1b118" returned: 0 in 0.296s {{(pid=88837) execute /opt/stack/data/venv/lib/python3.12/site-packages/oslo_concurrency/processutils.py:468}}
Jul 31 10:57:28 devstack cinder-volume[88837]: DEBUG cinder.volume.drivers.quobyte [None req-b5963793-f513-42de-80a5-4a90f052d191 tempest-SnapshotsActionsTest-1279264020 None] <== create_volume: return (1062ms) {'provider_location': 'osci02.corp.quobyte.com/cinder-vol-aa5565ef-c5d5-4a9e-8448-c4b4a407e8b3'} {{(pid=88837) trace_logging_wrapper /opt/stack/cinder/cinder/volume/volume_utils.py:1522}}
Jul 31 10:57:28 devstack cinder-volume[88837]: DEBUG oslo_concurrency.lockutils [None req-b5963793-f513-42de-80a5-4a90f052d191 tempest-SnapshotsActionsTest-1279264020 None] Lock "quobyte" "released" by "cinder.volume.drivers.quobyte.QuobyteDriver.create_volume" :: held 1.067s {{(pid=88837) inner /opt/stack/data/venv/lib/python3.12/site-packages/oslo_concurrency/lockutils.py:544}}
Jul 31 10:57:28 devstack sudo[96432]: quobyte : PWD=/ ; USER=root ; COMMAND=/opt/stack/data/venv/bin/cinder-rootwrap /etc/cinder/rootwrap.conf env LC_ALL=C qemu-img info -f luks --output=json --force-share /opt/stack/data/cinder/mnt/6d2c27abf6b33b806f2aca72984e3119/volume-149d0921-cb19-4531-bc44-770c0687f940
Jul 31 10:57:28 devstack sudo[96432]: pam_unix(sudo:session): session opened for user root(uid=0) by (uid=1000)
Jul 31 10:57:28 devstack cinder-volume[88837]: DEBUG cinder.volume.manager [None req-b5963793-f513-42de-80a5-4a90f052d191 tempest-SnapshotsActionsTest-1279264020 None] Task 'cinder.volume.flows.manager.create_volume.CreateVolumeFromSpecTask;volume:create' (25837f38-adcb-46e6-8e2e-550e9da59420) transitioned into state 'SUCCESS' from state 'RUNNING' with result '{'status': 'creating', 'volume_name': 'volume-40af6cad-2fb6-4813-bfa4-40f033f1b118', 'volume_size': 1}' {{(pid=88837) _task_receiver /opt/stack/data/venv/lib/python3.12/site-packages/taskflow/listeners/logging.py:218}}
Jul 31 10:57:28 devstack cinder-volume[88837]: DEBUG cinder.volume.manager [None req-b5963793-f513-42de-80a5-4a90f052d191 tempest-SnapshotsActionsTest-1279264020 None] Task 'cinder.volume.flows.manager.create_volume.CreateVolumeOnFinishTask;volume:create, create.end' (98315b25-ba2b-414b-a9ab-4c6fd35c94e2) transitioned into state 'RUNNING' from state 'PENDING' {{(pid=88837) _task_receiver /opt/stack/data/venv/lib/python3.12/site-packages/taskflow/listeners/logging.py:242}}
Jul 31 10:57:28 devstack cinder-volume[88837]: INFO cinder.volume.flows.manager.create_volume [None req-b5963793-f513-42de-80a5-4a90f052d191 tempest-SnapshotsActionsTest-1279264020 None] Volume volume-40af6cad-2fb6-4813-bfa4-40f033f1b118 (40af6cad-2fb6-4813-bfa4-40f033f1b118): created successfully
Jul 31 10:57:28 devstack cinder-volume[88837]: DEBUG cinder.volume.manager [None req-b5963793-f513-42de-80a5-4a90f052d191 tempest-SnapshotsActionsTest-1279264020 None] Task 'cinder.volume.flows.manager.create_volume.CreateVolumeOnFinishTask;volume:create, create.end' (98315b25-ba2b-414b-a9ab-4c6fd35c94e2) transitioned into state 'SUCCESS' from state 'RUNNING' with result 'None' {{(pid=88837) _task_receiver /opt/stack/data/venv/lib/python3.12/site-packages/taskflow/listeners/logging.py:218}}
Jul 31 10:57:28 devstack cinder-volume[88837]: DEBUG cinder.volume.manager [None req-b5963793-f513-42de-80a5-4a90f052d191 tempest-SnapshotsActionsTest-1279264020 None] Flow 'volume_create_manager' (e04accd0-152d-4a04-9392-393ef5adfbb6) transitioned into state 'SUCCESS' from state 'RUNNING' {{(pid=88837) _flow_receiver /opt/stack/data/venv/lib/python3.12/site-packages/taskflow/listeners/logging.py:160}}
Jul 31 10:57:28 devstack cinder-volume[88837]: INFO cinder.volume.manager [None req-b5963793-f513-42de-80a5-4a90f052d191 tempest-SnapshotsActionsTest-1279264020 None] Created volume successfully.
Jul 31 10:57:28 devstack sudo[96432]: pam_unix(sudo:session): session closed for user root
Jul 31 10:57:28 devstack cinder-volume[88837]: DEBUG oslo_concurrency.processutils [None req-d788bdcd-3282-4c3c-a709-0dda320b64eb tempest-VolumesImageMetadata-1684212467 None] CMD "/opt/stack/data/venv/bin/python3.12 -m oslo_concurrency.prlimit --as=1073741824 --cpu=60 -- sudo cinder-rootwrap /etc/cinder/rootwrap.conf env LC_ALL=C qemu-img info -f luks --output=json --force-share /opt/stack/data/cinder/mnt/6d2c27abf6b33b806f2aca72984e3119/volume-149d0921-cb19-4531-bc44-770c0687f940" returned: 1 in 0.447s {{(pid=88837) execute /opt/stack/data/venv/lib/python3.12/site-packages/oslo_concurrency/processutils.py:468}}
Jul 31 10:57:28 devstack cinder-volume[88837]: DEBUG oslo_concurrency.processutils [None req-d788bdcd-3282-4c3c-a709-0dda320b64eb tempest-VolumesImageMetadata-1684212467 None] '/opt/stack/data/venv/bin/python3.12 -m oslo_concurrency.prlimit --as=1073741824 --cpu=60 -- sudo cinder-rootwrap /etc/cinder/rootwrap.conf env LC_ALL=C qemu-img info -f luks --output=json --force-share /opt/stack/data/cinder/mnt/6d2c27abf6b33b806f2aca72984e3119/volume-149d0921-cb19-4531-bc44-770c0687f940' failed. Not Retrying. {{(pid=88837) execute /opt/stack/data/venv/lib/python3.12/site-packages/oslo_concurrency/processutils.py:543}}
Jul 31 10:57:28 devstack cinder-volume[88837]: DEBUG oslo_concurrency.processutils [None req-d788bdcd-3282-4c3c-a709-0dda320b64eb tempest-VolumesImageMetadata-1684212467 None] Running cmd (subprocess): sudo cinder-rootwrap /etc/cinder/rootwrap.conf rm -f /opt/stack/data/cinder/mnt/6d2c27abf6b33b806f2aca72984e3119/volume-149d0921-cb19-4531-bc44-770c0687f940 {{(pid=88837) execute /opt/stack/data/venv/lib/python3.12/site-packages/oslo_concurrency/processutils.py:440}}
Jul 31 10:57:28 devstack sudo[96438]: quobyte : PWD=/ ; USER=root ; COMMAND=/opt/stack/data/venv/bin/cinder-rootwrap /etc/cinder/rootwrap.conf rm -f /opt/stack/data/cinder/mnt/6d2c27abf6b33b806f2aca72984e3119/volume-149d0921-cb19-4531-bc44-770c0687f940
Jul 31 10:57:28 devstack sudo[96438]: pam_unix(sudo:session): session opened for user root(uid=0) by (uid=1000)
Jul 31 10:57:29 devstack sudo[96438]: pam_unix(sudo:session): session closed for user root
Jul 31 10:57:29 devstack cinder-volume[88837]: DEBUG oslo_concurrency.processutils [None req-d788bdcd-3282-4c3c-a709-0dda320b64eb tempest-VolumesImageMetadata-1684212467 None] CMD "sudo cinder-rootwrap /etc/cinder/rootwrap.conf rm -f /opt/stack/data/cinder/mnt/6d2c27abf6b33b806f2aca72984e3119/volume-149d0921-cb19-4531-bc44-770c0687f940" returned: 0 in 0.417s {{(pid=88837) execute /opt/stack/data/venv/lib/python3.12/site-packages/oslo_concurrency/processutils.py:468}}
Jul 31 10:57:29 devstack cinder-volume[88837]: DEBUG cinder.coordination [None req-d788bdcd-3282-4c3c-a709-0dda320b64eb tempest-VolumesImageMetadata-1684212467 None] Lock "cinder-quobyte-149d0921-cb19-4531-bc44-770c0687f940" released by "delete_volume" :: held 1.429s {{(pid=88837) __release /opt/stack/cinder/cinder/coordination.py:152}}
Jul 31 10:57:29 devstack cinder-volume[88837]: DEBUG cinder.quota [None req-d788bdcd-3282-4c3c-a709-0dda320b64eb tempest-VolumesImageMetadata-1684212467 None] Created reservations ['af3e0086-a253-4b2f-81fb-fbba17e4bca0', '82746486-07f3-4f26-a413-6673196d95ef', '5f697fcc-5d72-4853-bd21-7cca4b3ef185', '99828459-0164-4463-ac67-0f08ea5d8872'] {{(pid=88837) reserve /opt/stack/cinder/cinder/quota.py:752}}
Jul 31 10:57:29 devstack cinder-volume[88837]: DEBUG oslo_concurrency.lockutils [None req-d788bdcd-3282-4c3c-a709-0dda320b64eb tempest-VolumesImageMetadata-1684212467 None] Acquiring lock "quobyte_ensure" by "cinder.volume.drivers.quobyte.QuobyteDriver._ensure_shares_mounted" {{(pid=88837) inner /opt/stack/data/venv/lib/python3.12/site-packages/oslo_concurrency/lockutils.py:512}}
Jul 31 10:57:29 devstack cinder-volume[88837]: DEBUG oslo_concurrency.lockutils [None req-d788bdcd-3282-4c3c-a709-0dda320b64eb tempest-VolumesImageMetadata-1684212467 None] Lock "quobyte_ensure" acquired by "cinder.volume.drivers.quobyte.QuobyteDriver._ensure_shares_mounted" :: waited 0.001s {{(pid=88837) inner /opt/stack/data/venv/lib/python3.12/site-packages/oslo_concurrency/lockutils.py:525}}
Jul 31 10:57:29 devstack cinder-volume[88837]: DEBUG cinder.volume.drivers.quobyte [None req-d788bdcd-3282-4c3c-a709-0dda320b64eb tempest-VolumesImageMetadata-1684212467 None] Quobyte Volume URL set to: {'osci02.corp.quobyte.com/cinder-vol-aa5565ef-c5d5-4a9e-8448-c4b4a407e8b3': None} {{(pid=88837) _load_shares_config /opt/stack/cinder/cinder/volume/drivers/quobyte.py:617}}
Jul 31 10:57:29 devstack cinder-volume[88837]: DEBUG cinder.volume.drivers.quobyte [None req-d788bdcd-3282-4c3c-a709-0dda320b64eb tempest-VolumesImageMetadata-1684212467 None] Available shares ['osci02.corp.quobyte.com/cinder-vol-aa5565ef-c5d5-4a9e-8448-c4b4a407e8b3'] {{(pid=88837) _ensure_shares_mounted /opt/stack/cinder/cinder/volume/drivers/quobyte.py:647}}
Jul 31 10:57:29 devstack cinder-volume[88837]: DEBUG oslo_concurrency.lockutils [None req-d788bdcd-3282-4c3c-a709-0dda320b64eb tempest-VolumesImageMetadata-1684212467 None] Lock "quobyte_ensure" "released" by "cinder.volume.drivers.quobyte.QuobyteDriver._ensure_shares_mounted" :: held 0.011s {{(pid=88837) inner /opt/stack/data/venv/lib/python3.12/site-packages/oslo_concurrency/lockutils.py:544}}
Jul 31 10:57:29 devstack cinder-volume[88837]: DEBUG oslo_concurrency.processutils [None req-d788bdcd-3282-4c3c-a709-0dda320b64eb tempest-VolumesImageMetadata-1684212467 None] Running cmd (subprocess): sudo cinder-rootwrap /etc/cinder/rootwrap.conf df --portability --block-size 1 /opt/stack/data/cinder/mnt/6d2c27abf6b33b806f2aca72984e3119 {{(pid=88837) execute /opt/stack/data/venv/lib/python3.12/site-packages/oslo_concurrency/processutils.py:440}}
Jul 31 10:57:29 devstack sudo[96441]: quobyte : PWD=/ ; USER=root ; COMMAND=/opt/stack/data/venv/bin/cinder-rootwrap /etc/cinder/rootwrap.conf df --portability --block-size 1 /opt/stack/data/cinder/mnt/6d2c27abf6b33b806f2aca72984e3119
Jul 31 10:57:29 devstack sudo[96441]: pam_unix(sudo:session): session opened for user root(uid=0) by (uid=1000)
Jul 31 10:57:29 devstack cinder-volume[88837]: DEBUG oslo_concurrency.lockutils [None req-5fe42ee1-61a6-4c33-83b3-93ee329aee59 tempest-SnapshotsActionsTest-1279264020 None] Acquiring lock "quobyte" by "cinder.volume.drivers.quobyte.QuobyteDriver.create_snapshot" {{(pid=88837) inner /opt/stack/data/venv/lib/python3.12/site-packages/oslo_concurrency/lockutils.py:512}}
Jul 31 10:57:29 devstack cinder-volume[88837]: DEBUG oslo_concurrency.lockutils [None req-5fe42ee1-61a6-4c33-83b3-93ee329aee59 tempest-SnapshotsActionsTest-1279264020 None] Lock "quobyte" acquired by "cinder.volume.drivers.quobyte.QuobyteDriver.create_snapshot" :: waited 0.001s {{(pid=88837) inner /opt/stack/data/venv/lib/python3.12/site-packages/oslo_concurrency/lockutils.py:525}}
Jul 31 10:57:29 devstack cinder-volume[88837]: DEBUG cinder.volume.drivers.remotefs [None req-5fe42ee1-61a6-4c33-83b3-93ee329aee59 tempest-SnapshotsActionsTest-1279264020 None] Creating offline snapshot 17b1aad6-a3c7-4755-ac5a-aeb9613c555c of volume 40af6cad-2fb6-4813-bfa4-40f033f1b118 {{(pid=88837) _create_snapshot /opt/stack/cinder/cinder/volume/drivers/remotefs.py:1816}}
Jul 31 10:57:29 devstack cinder-volume[88837]: DEBUG oslo.privsep.daemon [-] privsep: reply[c2148b57-5d53-4950-98bd-e599347fb78f]: (4, 'qcow2') {{(pid=90321) _call_back /opt/stack/data/venv/lib/python3.12/site-packages/oslo_privsep/daemon.py:580}}
Jul 31 10:57:29 devstack cinder-volume[88837]: DEBUG oslo_concurrency.processutils [None req-5fe42ee1-61a6-4c33-83b3-93ee329aee59 tempest-SnapshotsActionsTest-1279264020 None] Running cmd (subprocess): /opt/stack/data/venv/bin/python3.12 -m oslo_concurrency.prlimit --as=1073741824 --cpu=60 -- sudo cinder-rootwrap /etc/cinder/rootwrap.conf env LC_ALL=C qemu-img info -f qcow2 --output=json --force-share /opt/stack/data/cinder/mnt/6d2c27abf6b33b806f2aca72984e3119/volume-40af6cad-2fb6-4813-bfa4-40f033f1b118 {{(pid=88837) execute /opt/stack/data/venv/lib/python3.12/site-packages/oslo_concurrency/processutils.py:440}}
Jul 31 10:57:29 devstack sudo[96441]: pam_unix(sudo:session): session closed for user root
Jul 31 10:57:29 devstack cinder-volume[88837]: DEBUG oslo_concurrency.processutils [None req-d788bdcd-3282-4c3c-a709-0dda320b64eb tempest-VolumesImageMetadata-1684212467 None] CMD "sudo cinder-rootwrap /etc/cinder/rootwrap.conf df --portability --block-size 1 /opt/stack/data/cinder/mnt/6d2c27abf6b33b806f2aca72984e3119" returned: 0 in 0.349s {{(pid=88837) execute /opt/stack/data/venv/lib/python3.12/site-packages/oslo_concurrency/processutils.py:468}}
Jul 31 10:57:29 devstack cinder-volume[88837]: DEBUG cinder.manager [None req-d788bdcd-3282-4c3c-a709-0dda320b64eb tempest-VolumesImageMetadata-1684212467 None] Notifying Schedulers of capabilities ... {{(pid=88837) _publish_service_capabilities /opt/stack/cinder/cinder/manager.py:219}}
Jul 31 10:57:29 devstack sudo[96443]: quobyte : PWD=/ ; USER=root ; COMMAND=/opt/stack/data/venv/bin/cinder-rootwrap /etc/cinder/rootwrap.conf env LC_ALL=C qemu-img info -f qcow2 --output=json --force-share /opt/stack/data/cinder/mnt/6d2c27abf6b33b806f2aca72984e3119/volume-40af6cad-2fb6-4813-bfa4-40f033f1b118
Jul 31 10:57:29 devstack sudo[96443]: pam_unix(sudo:session): session opened for user root(uid=0) by (uid=1000)
Jul 31 10:57:29 devstack cinder-volume[88837]: INFO cinder.volume.manager [None req-d788bdcd-3282-4c3c-a709-0dda320b64eb tempest-VolumesImageMetadata-1684212467 None] Deleted volume successfully.
Jul 31 10:57:29 devstack cinder-volume[88837]: DEBUG cinder.coordination [None req-d788bdcd-3282-4c3c-a709-0dda320b64eb tempest-VolumesImageMetadata-1684212467 None] Lock "cinder-149d0921-cb19-4531-bc44-770c0687f940-delete_volume" released by "delete_volume" :: held 2.250s {{(pid=88837) __release /opt/stack/cinder/cinder/coordination.py:152}}
Jul 31 10:57:30 devstack sudo[96443]: pam_unix(sudo:session): session closed for user root
Jul 31 10:57:30 devstack cinder-volume[88837]: DEBUG oslo_concurrency.processutils [None req-5fe42ee1-61a6-4c33-83b3-93ee329aee59 tempest-SnapshotsActionsTest-1279264020 None] CMD "/opt/stack/data/venv/bin/python3.12 -m oslo_concurrency.prlimit --as=1073741824 --cpu=60 -- sudo cinder-rootwrap /etc/cinder/rootwrap.conf env LC_ALL=C qemu-img info -f qcow2 --output=json --force-share /opt/stack/data/cinder/mnt/6d2c27abf6b33b806f2aca72984e3119/volume-40af6cad-2fb6-4813-bfa4-40f033f1b118" returned: 0 in 0.547s {{(pid=88837) execute /opt/stack/data/venv/lib/python3.12/site-packages/oslo_concurrency/processutils.py:468}}
Jul 31 10:57:30 devstack cinder-volume[88837]: DEBUG oslo_concurrency.processutils [None req-5fe42ee1-61a6-4c33-83b3-93ee329aee59 tempest-SnapshotsActionsTest-1279264020 None] Running cmd (subprocess): sudo cinder-rootwrap /etc/cinder/rootwrap.conf qemu-img create -f qcow2 -o backing_file=/opt/stack/data/cinder/mnt/6d2c27abf6b33b806f2aca72984e3119/volume-40af6cad-2fb6-4813-bfa4-40f033f1b118,backing_fmt=qcow2 /opt/stack/data/cinder/mnt/6d2c27abf6b33b806f2aca72984e3119/volume-40af6cad-2fb6-4813-bfa4-40f033f1b118.17b1aad6-a3c7-4755-ac5a-aeb9613c555c 1G {{(pid=88837) execute /opt/stack/data/venv/lib/python3.12/site-packages/oslo_concurrency/processutils.py:440}}
Jul 31 10:57:30 devstack sudo[96449]: quobyte : PWD=/ ; USER=root ; COMMAND=/opt/stack/data/venv/bin/cinder-rootwrap /etc/cinder/rootwrap.conf qemu-img create -f qcow2 -o backing_file=/opt/stack/data/cinder/mnt/6d2c27abf6b33b806f2aca72984e3119/volume-40af6cad-2fb6-4813-bfa4-40f033f1b118,backing_fmt=qcow2 /opt/stack/data/cinder/mnt/6d2c27abf6b33b806f2aca72984e3119/volume-40af6cad-2fb6-4813-bfa4-40f033f1b118.17b1aad6-a3c7-4755-ac5a-aeb9613c555c 1G
Jul 31 10:57:30 devstack sudo[96449]: pam_unix(sudo:session): session opened for user root(uid=0) by (uid=1000)
Jul 31 10:57:30 devstack sudo[96449]: pam_unix(sudo:session): session closed for user root
Jul 31 10:57:30 devstack cinder-volume[88837]: DEBUG oslo_concurrency.processutils [None req-5fe42ee1-61a6-4c33-83b3-93ee329aee59 tempest-SnapshotsActionsTest-1279264020 None] CMD "sudo cinder-rootwrap /etc/cinder/rootwrap.conf qemu-img create -f qcow2 -o backing_file=/opt/stack/data/cinder/mnt/6d2c27abf6b33b806f2aca72984e3119/volume-40af6cad-2fb6-4813-bfa4-40f033f1b118,backing_fmt=qcow2 /opt/stack/data/cinder/mnt/6d2c27abf6b33b806f2aca72984e3119/volume-40af6cad-2fb6-4813-bfa4-40f033f1b118.17b1aad6-a3c7-4755-ac5a-aeb9613c555c 1G" returned: 0 in 0.538s {{(pid=88837) execute /opt/stack/data/venv/lib/python3.12/site-packages/oslo_concurrency/processutils.py:468}}
Jul 31 10:57:30 devstack cinder-volume[88837]: DEBUG oslo_concurrency.processutils [None req-5fe42ee1-61a6-4c33-83b3-93ee329aee59 tempest-SnapshotsActionsTest-1279264020 None] Running cmd (subprocess): sudo cinder-rootwrap /etc/cinder/rootwrap.conf qemu-img rebase -u -b volume-40af6cad-2fb6-4813-bfa4-40f033f1b118 -F qcow2 /opt/stack/data/cinder/mnt/6d2c27abf6b33b806f2aca72984e3119/volume-40af6cad-2fb6-4813-bfa4-40f033f1b118.17b1aad6-a3c7-4755-ac5a-aeb9613c555c {{(pid=88837) execute /opt/stack/data/venv/lib/python3.12/site-packages/oslo_concurrency/processutils.py:440}}
Jul 31 10:57:30 devstack sudo[96457]: quobyte : PWD=/ ; USER=root ; COMMAND=/opt/stack/data/venv/bin/cinder-rootwrap /etc/cinder/rootwrap.conf qemu-img rebase -u -b volume-40af6cad-2fb6-4813-bfa4-40f033f1b118 -F qcow2 /opt/stack/data/cinder/mnt/6d2c27abf6b33b806f2aca72984e3119/volume-40af6cad-2fb6-4813-bfa4-40f033f1b118.17b1aad6-a3c7-4755-ac5a-aeb9613c555c
Jul 31 10:57:30 devstack sudo[96457]: pam_unix(sudo:session): session opened for user root(uid=0) by (uid=1000)
Jul 31 10:57:31 devstack sudo[96457]: pam_unix(sudo:session): session closed for user root
Jul 31 10:57:31 devstack cinder-volume[88837]: DEBUG oslo_concurrency.processutils [None req-5fe42ee1-61a6-4c33-83b3-93ee329aee59 tempest-SnapshotsActionsTest-1279264020 None] CMD "sudo cinder-rootwrap /etc/cinder/rootwrap.conf qemu-img rebase -u -b volume-40af6cad-2fb6-4813-bfa4-40f033f1b118 -F qcow2 /opt/stack/data/cinder/mnt/6d2c27abf6b33b806f2aca72984e3119/volume-40af6cad-2fb6-4813-bfa4-40f033f1b118.17b1aad6-a3c7-4755-ac5a-aeb9613c555c" returned: 0 in 0.416s {{(pid=88837) execute /opt/stack/data/venv/lib/python3.12/site-packages/oslo_concurrency/processutils.py:468}}
Jul 31 10:57:31 devstack cinder-volume[88837]: WARNING cinder.volume.drivers.remotefs [None req-5fe42ee1-61a6-4c33-83b3-93ee329aee59 tempest-SnapshotsActionsTest-1279264020 None] /opt/stack/data/cinder/mnt/6d2c27abf6b33b806f2aca72984e3119/volume-40af6cad-2fb6-4813-bfa4-40f033f1b118.17b1aad6-a3c7-4755-ac5a-aeb9613c555c is being set with open permissions: ugo+rw
Jul 31 10:57:31 devstack cinder-volume[88837]: DEBUG oslo_concurrency.processutils [None req-5fe42ee1-61a6-4c33-83b3-93ee329aee59 tempest-SnapshotsActionsTest-1279264020 None] Running cmd (subprocess): sudo cinder-rootwrap /etc/cinder/rootwrap.conf chmod ugo+rw /opt/stack/data/cinder/mnt/6d2c27abf6b33b806f2aca72984e3119/volume-40af6cad-2fb6-4813-bfa4-40f033f1b118.17b1aad6-a3c7-4755-ac5a-aeb9613c555c {{(pid=88837) execute /opt/stack/data/venv/lib/python3.12/site-packages/oslo_concurrency/processutils.py:440}}
Jul 31 10:57:31 devstack sudo[96462]: quobyte : PWD=/ ; USER=root ; COMMAND=/opt/stack/data/venv/bin/cinder-rootwrap /etc/cinder/rootwrap.conf chmod ugo+rw /opt/stack/data/cinder/mnt/6d2c27abf6b33b806f2aca72984e3119/volume-40af6cad-2fb6-4813-bfa4-40f033f1b118.17b1aad6-a3c7-4755-ac5a-aeb9613c555c
Jul 31 10:57:31 devstack sudo[96462]: pam_unix(sudo:session): session opened for user root(uid=0) by (uid=1000)
Jul 31 10:57:31 devstack sudo[96462]: pam_unix(sudo:session): session closed for user root
Jul 31 10:57:31 devstack cinder-volume[88837]: DEBUG oslo_concurrency.processutils [None req-5fe42ee1-61a6-4c33-83b3-93ee329aee59 tempest-SnapshotsActionsTest-1279264020 None] CMD "sudo cinder-rootwrap /etc/cinder/rootwrap.conf chmod ugo+rw /opt/stack/data/cinder/mnt/6d2c27abf6b33b806f2aca72984e3119/volume-40af6cad-2fb6-4813-bfa4-40f033f1b118.17b1aad6-a3c7-4755-ac5a-aeb9613c555c" returned: 0 in 0.342s {{(pid=88837) execute /opt/stack/data/venv/lib/python3.12/site-packages/oslo_concurrency/processutils.py:468}}
Jul 31 10:57:31 devstack cinder-volume[88837]: DEBUG oslo_concurrency.processutils [None req-5fe42ee1-61a6-4c33-83b3-93ee329aee59 tempest-SnapshotsActionsTest-1279264020 None] Running cmd (subprocess): sudo cinder-rootwrap /etc/cinder/rootwrap.conf truncate -s0 /opt/stack/data/cinder/mnt/6d2c27abf6b33b806f2aca72984e3119/volume-40af6cad-2fb6-4813-bfa4-40f033f1b118.info {{(pid=88837) execute /opt/stack/data/venv/lib/python3.12/site-packages/oslo_concurrency/processutils.py:440}}
Jul 31 10:57:31 devstack sudo[96465]: quobyte : PWD=/ ; USER=root ; COMMAND=/opt/stack/data/venv/bin/cinder-rootwrap /etc/cinder/rootwrap.conf truncate -s0 /opt/stack/data/cinder/mnt/6d2c27abf6b33b806f2aca72984e3119/volume-40af6cad-2fb6-4813-bfa4-40f033f1b118.info
Jul 31 10:57:31 devstack sudo[96465]: pam_unix(sudo:session): session opened for user root(uid=0) by (uid=1000)
Jul 31 10:57:31 devstack sudo[96465]: pam_unix(sudo:session): session closed for user root
Jul 31 10:57:31 devstack cinder-volume[88837]: DEBUG oslo_concurrency.processutils [None req-5fe42ee1-61a6-4c33-83b3-93ee329aee59 tempest-SnapshotsActionsTest-1279264020 None] CMD "sudo cinder-rootwrap /etc/cinder/rootwrap.conf truncate -s0 /opt/stack/data/cinder/mnt/6d2c27abf6b33b806f2aca72984e3119/volume-40af6cad-2fb6-4813-bfa4-40f033f1b118.info" returned: 0 in 0.334s {{(pid=88837) execute /opt/stack/data/venv/lib/python3.12/site-packages/oslo_concurrency/processutils.py:468}}
Jul 31 10:57:31 devstack cinder-volume[88837]: WARNING cinder.volume.drivers.remotefs [None req-5fe42ee1-61a6-4c33-83b3-93ee329aee59 tempest-SnapshotsActionsTest-1279264020 None] /opt/stack/data/cinder/mnt/6d2c27abf6b33b806f2aca72984e3119/volume-40af6cad-2fb6-4813-bfa4-40f033f1b118.info is being set with open permissions: ugo+rw
Jul 31 10:57:31 devstack cinder-volume[88837]: DEBUG oslo_concurrency.processutils [None req-5fe42ee1-61a6-4c33-83b3-93ee329aee59 tempest-SnapshotsActionsTest-1279264020 None] Running cmd (subprocess): sudo cinder-rootwrap /etc/cinder/rootwrap.conf chmod ugo+rw /opt/stack/data/cinder/mnt/6d2c27abf6b33b806f2aca72984e3119/volume-40af6cad-2fb6-4813-bfa4-40f033f1b118.info {{(pid=88837) execute /opt/stack/data/venv/lib/python3.12/site-packages/oslo_concurrency/processutils.py:440}}
Jul 31 10:57:31 devstack sudo[96468]: quobyte : PWD=/ ; USER=root ; COMMAND=/opt/stack/data/venv/bin/cinder-rootwrap /etc/cinder/rootwrap.conf chmod ugo+rw /opt/stack/data/cinder/mnt/6d2c27abf6b33b806f2aca72984e3119/volume-40af6cad-2fb6-4813-bfa4-40f033f1b118.info
Jul 31 10:57:31 devstack sudo[96468]: pam_unix(sudo:session): session opened for user root(uid=0) by (uid=1000)
Jul 31 10:57:32 devstack sudo[96468]: pam_unix(sudo:session): session closed for user root
Jul 31 10:57:32 devstack cinder-volume[88837]: DEBUG oslo_concurrency.processutils [None req-5fe42ee1-61a6-4c33-83b3-93ee329aee59 tempest-SnapshotsActionsTest-1279264020 None] CMD "sudo cinder-rootwrap /etc/cinder/rootwrap.conf chmod ugo+rw /opt/stack/data/cinder/mnt/6d2c27abf6b33b806f2aca72984e3119/volume-40af6cad-2fb6-4813-bfa4-40f033f1b118.info" returned: 0 in 0.338s {{(pid=88837) execute /opt/stack/data/venv/lib/python3.12/site-packages/oslo_concurrency/processutils.py:468}}
Jul 31 10:57:32 devstack cinder-volume[88837]: DEBUG oslo_concurrency.lockutils [None req-5fe42ee1-61a6-4c33-83b3-93ee329aee59 tempest-SnapshotsActionsTest-1279264020 None] Lock "quobyte" "released" by "cinder.volume.drivers.quobyte.QuobyteDriver.create_snapshot" :: held 2.649s {{(pid=88837) inner /opt/stack/data/venv/lib/python3.12/site-packages/oslo_concurrency/lockutils.py:544}}
Jul 31 10:57:32 devstack cinder-volume[88837]: INFO cinder.volume.manager [None req-5fe42ee1-61a6-4c33-83b3-93ee329aee59 tempest-SnapshotsActionsTest-1279264020 None] Create snapshot completed successfully
Jul 31 10:57:33 devstack cinder-volume[88837]: DEBUG oslo_concurrency.lockutils [None req-5ed31a93-000c-4fbf-a89b-a6b084c5530a tempest-SnapshotsActionsTest-1279264020 None] Acquiring lock "quobyte" by "cinder.volume.drivers.quobyte.QuobyteDriver.create_snapshot" {{(pid=88837) inner /opt/stack/data/venv/lib/python3.12/site-packages/oslo_concurrency/lockutils.py:512}}
Jul 31 10:57:33 devstack cinder-volume[88837]: DEBUG oslo_concurrency.lockutils [None req-5ed31a93-000c-4fbf-a89b-a6b084c5530a tempest-SnapshotsActionsTest-1279264020 None] Lock "quobyte" acquired by "cinder.volume.drivers.quobyte.QuobyteDriver.create_snapshot" :: waited 0.001s {{(pid=88837) inner /opt/stack/data/venv/lib/python3.12/site-packages/oslo_concurrency/lockutils.py:525}}
Jul 31 10:57:33 devstack cinder-volume[88837]: DEBUG cinder.volume.drivers.remotefs [None req-5ed31a93-000c-4fbf-a89b-a6b084c5530a tempest-SnapshotsActionsTest-1279264020 None] Creating offline snapshot 251c1560-f268-4152-bf63-cb3058565a20 of volume 40af6cad-2fb6-4813-bfa4-40f033f1b118 {{(pid=88837) _create_snapshot /opt/stack/cinder/cinder/volume/drivers/remotefs.py:1816}}
Jul 31 10:57:33 devstack cinder-volume[88837]: DEBUG oslo.privsep.daemon [-] privsep: reply[49965893-b901-4a38-91c1-ee41bbfcb580]: (4, 'qcow2') {{(pid=90321) _call_back /opt/stack/data/venv/lib/python3.12/site-packages/oslo_privsep/daemon.py:580}}
Jul 31 10:57:33 devstack cinder-volume[88837]: DEBUG oslo_concurrency.processutils [None req-5ed31a93-000c-4fbf-a89b-a6b084c5530a tempest-SnapshotsActionsTest-1279264020 None] Running cmd (subprocess): /opt/stack/data/venv/bin/python3.12 -m oslo_concurrency.prlimit --as=1073741824 --cpu=60 -- sudo cinder-rootwrap /etc/cinder/rootwrap.conf env LC_ALL=C qemu-img info -f qcow2 --output=json --force-share /opt/stack/data/cinder/mnt/6d2c27abf6b33b806f2aca72984e3119/volume-40af6cad-2fb6-4813-bfa4-40f033f1b118.17b1aad6-a3c7-4755-ac5a-aeb9613c555c {{(pid=88837) execute /opt/stack/data/venv/lib/python3.12/site-packages/oslo_concurrency/processutils.py:440}}
Jul 31 10:57:34 devstack sudo[96471]: quobyte : PWD=/ ; USER=root ; COMMAND=/opt/stack/data/venv/bin/cinder-rootwrap /etc/cinder/rootwrap.conf env LC_ALL=C qemu-img info -f qcow2 --output=json --force-share /opt/stack/data/cinder/mnt/6d2c27abf6b33b806f2aca72984e3119/volume-40af6cad-2fb6-4813-bfa4-40f033f1b118.17b1aad6-a3c7-4755-ac5a-aeb9613c555c
Jul 31 10:57:34 devstack sudo[96471]: pam_unix(sudo:session): session opened for user root(uid=0) by (uid=1000)
Jul 31 10:57:34 devstack sudo[96471]: pam_unix(sudo:session): session closed for user root
Jul 31 10:57:34 devstack cinder-volume[88837]: DEBUG oslo_concurrency.processutils [None req-5ed31a93-000c-4fbf-a89b-a6b084c5530a tempest-SnapshotsActionsTest-1279264020 None] CMD "/opt/stack/data/venv/bin/python3.12 -m oslo_concurrency.prlimit --as=1073741824 --cpu=60 -- sudo cinder-rootwrap /etc/cinder/rootwrap.conf env LC_ALL=C qemu-img info -f qcow2 --output=json --force-share /opt/stack/data/cinder/mnt/6d2c27abf6b33b806f2aca72984e3119/volume-40af6cad-2fb6-4813-bfa4-40f033f1b118.17b1aad6-a3c7-4755-ac5a-aeb9613c555c" returned: 0 in 0.579s {{(pid=88837) execute /opt/stack/data/venv/lib/python3.12/site-packages/oslo_concurrency/processutils.py:468}}
Jul 31 10:57:34 devstack cinder-volume[88837]: DEBUG cinder.volume.drivers.remotefs [None req-5ed31a93-000c-4fbf-a89b-a6b084c5530a tempest-SnapshotsActionsTest-1279264020 None] Fetching qemu-img info with special backing_file_template: (/opt/stack/data/cinder/mnt/[0-9a-f]+/)?(volume-40af6cad-2fb6-4813-bfa4-40f033f1b118(.(tmp-snap-)?[0-9a-f-]+)?|volume_from_snapshot_cache/(tmp-snap-)?[0-9a-f-]+(.(child-|parent-)[0-9a-f-]+)?)$ {{(pid=88837) _qemu_img_info_base /opt/stack/cinder/cinder/volume/drivers/remotefs.py:896}}
Jul 31 10:57:34 devstack cinder-volume[88837]: DEBUG oslo_concurrency.processutils [None req-5ed31a93-000c-4fbf-a89b-a6b084c5530a tempest-SnapshotsActionsTest-1279264020 None] Running cmd (subprocess): sudo cinder-rootwrap /etc/cinder/rootwrap.conf qemu-img create -f qcow2 -o backing_file=/opt/stack/data/cinder/mnt/6d2c27abf6b33b806f2aca72984e3119/volume-40af6cad-2fb6-4813-bfa4-40f033f1b118.17b1aad6-a3c7-4755-ac5a-aeb9613c555c,backing_fmt=qcow2 /opt/stack/data/cinder/mnt/6d2c27abf6b33b806f2aca72984e3119/volume-40af6cad-2fb6-4813-bfa4-40f033f1b118.251c1560-f268-4152-bf63-cb3058565a20 1G {{(pid=88837) execute /opt/stack/data/venv/lib/python3.12/site-packages/oslo_concurrency/processutils.py:440}}
Jul 31 10:57:34 devstack sudo[96476]: quobyte : PWD=/ ; USER=root ; COMMAND=/opt/stack/data/venv/bin/cinder-rootwrap /etc/cinder/rootwrap.conf qemu-img create -f qcow2 -o backing_file=/opt/stack/data/cinder/mnt/6d2c27abf6b33b806f2aca72984e3119/volume-40af6cad-2fb6-4813-bfa4-40f033f1b118.17b1aad6-a3c7-4755-ac5a-aeb9613c555c,backing_fmt=qcow2 /opt/stack/data/cinder/mnt/6d2c27abf6b33b806f2aca72984e3119/volume-40af6cad-2fb6-4813-bfa4-40f033f1b118.251c1560-f268-4152-bf63-cb3058565a20 1G
Jul 31 10:57:34 devstack sudo[96476]: pam_unix(sudo:session): session opened for user root(uid=0) by (uid=1000)
Jul 31 10:57:35 devstack sudo[96476]: pam_unix(sudo:session): session closed for user root
Jul 31 10:57:35 devstack cinder-volume[88837]: DEBUG oslo_concurrency.processutils [None req-5ed31a93-000c-4fbf-a89b-a6b084c5530a tempest-SnapshotsActionsTest-1279264020 None] CMD "sudo cinder-rootwrap /etc/cinder/rootwrap.conf qemu-img create -f qcow2 -o backing_file=/opt/stack/data/cinder/mnt/6d2c27abf6b33b806f2aca72984e3119/volume-40af6cad-2fb6-4813-bfa4-40f033f1b118.17b1aad6-a3c7-4755-ac5a-aeb9613c555c,backing_fmt=qcow2 /opt/stack/data/cinder/mnt/6d2c27abf6b33b806f2aca72984e3119/volume-40af6cad-2fb6-4813-bfa4-40f033f1b118.251c1560-f268-4152-bf63-cb3058565a20 1G" returned: 0 in 0.714s {{(pid=88837) execute /opt/stack/data/venv/lib/python3.12/site-packages/oslo_concurrency/processutils.py:468}}
Jul 31 10:57:35 devstack cinder-volume[88837]: DEBUG oslo_concurrency.processutils [None req-5ed31a93-000c-4fbf-a89b-a6b084c5530a tempest-SnapshotsActionsTest-1279264020 None] Running cmd (subprocess): sudo cinder-rootwrap /etc/cinder/rootwrap.conf qemu-img rebase -u -b volume-40af6cad-2fb6-4813-bfa4-40f033f1b118.17b1aad6-a3c7-4755-ac5a-aeb9613c555c -F qcow2 /opt/stack/data/cinder/mnt/6d2c27abf6b33b806f2aca72984e3119/volume-40af6cad-2fb6-4813-bfa4-40f033f1b118.251c1560-f268-4152-bf63-cb3058565a20 {{(pid=88837) execute /opt/stack/data/venv/lib/python3.12/site-packages/oslo_concurrency/processutils.py:440}}
Jul 31 10:57:35 devstack sudo[96482]: quobyte : PWD=/ ; USER=root ; COMMAND=/opt/stack/data/venv/bin/cinder-rootwrap /etc/cinder/rootwrap.conf qemu-img rebase -u -b volume-40af6cad-2fb6-4813-bfa4-40f033f1b118.17b1aad6-a3c7-4755-ac5a-aeb9613c555c -F qcow2 /opt/stack/data/cinder/mnt/6d2c27abf6b33b806f2aca72984e3119/volume-40af6cad-2fb6-4813-bfa4-40f033f1b118.251c1560-f268-4152-bf63-cb3058565a20
Jul 31 10:57:35 devstack sudo[96482]: pam_unix(sudo:session): session opened for user root(uid=0) by (uid=1000)
Jul 31 10:57:35 devstack sudo[96482]: pam_unix(sudo:session): session closed for user root
