Jul 31 10:53:58 devstack cinder-volume[88837]: DEBUG cinder.volume.manager [None req-f206d9bc-6b65-4d3f-a742-7fb80da97f65 tempest-AttachVolumeNegativeTest-406109207 None] Flow 'volume_create_manager' (9574fae0-2ba8-4411-a426-db4e2386df11) transitioned into state 'SUCCESS' from state 'RUNNING' {{(pid=88837) _flow_receiver /opt/stack/data/venv/lib/python3.12/site-packages/taskflow/listeners/logging.py:160}}
Jul 31 10:53:58 devstack cinder-volume[88837]: INFO cinder.volume.manager [None req-f206d9bc-6b65-4d3f-a742-7fb80da97f65 tempest-AttachVolumeNegativeTest-406109207 None] Created volume successfully.
Jul 31 10:53:58 devstack cinder-volume[88837]: DEBUG oslo_concurrency.lockutils [req-73b3af92-215f-49b8-894f-6334db790529 req-e0e0e941-c50d-46dc-a7ec-d6169878b45d tempest-VolumesSnapshotsTestJSON-975186103 None] Acquiring lock "quobyte" by "cinder.volume.drivers.quobyte.QuobyteDriver.create_snapshot" {{(pid=88837) inner /opt/stack/data/venv/lib/python3.12/site-packages/oslo_concurrency/lockutils.py:512}}
Jul 31 10:53:58 devstack cinder-volume[88837]: DEBUG oslo_concurrency.lockutils [req-73b3af92-215f-49b8-894f-6334db790529 req-e0e0e941-c50d-46dc-a7ec-d6169878b45d tempest-VolumesSnapshotsTestJSON-975186103 None] Lock "quobyte" acquired by "cinder.volume.drivers.quobyte.QuobyteDriver.create_snapshot" :: waited 0.003s {{(pid=88837) inner /opt/stack/data/venv/lib/python3.12/site-packages/oslo_concurrency/lockutils.py:525}}
Jul 31 10:53:58 devstack cinder-volume[88837]: DEBUG cinder.volume.drivers.remotefs [req-73b3af92-215f-49b8-894f-6334db790529 req-e0e0e941-c50d-46dc-a7ec-d6169878b45d tempest-VolumesSnapshotsTestJSON-975186103 None] Creating offline snapshot a6cb5be4-97c4-4b60-bcd4-7225eec18dd5 of volume 73cf133a-4587-4224-9285-999e2ce33170 {{(pid=88837) _create_snapshot /opt/stack/cinder/cinder/volume/drivers/remotefs.py:1816}}
Jul 31 10:53:58 devstack cinder-volume[88837]: DEBUG oslo.privsep.daemon [-] privsep: reply[f2b073a9-782a-4f7f-a3f1-26d94450df35]: (4, 'qcow2') {{(pid=90321) _call_back /opt/stack/data/venv/lib/python3.12/site-packages/oslo_privsep/daemon.py:580}}
Jul 31 10:53:58 devstack cinder-volume[88837]: DEBUG oslo_concurrency.processutils [req-73b3af92-215f-49b8-894f-6334db790529 req-e0e0e941-c50d-46dc-a7ec-d6169878b45d tempest-VolumesSnapshotsTestJSON-975186103 None] Running cmd (subprocess): /opt/stack/data/venv/bin/python3.12 -m oslo_concurrency.prlimit --as=1073741824 --cpu=60 -- sudo cinder-rootwrap /etc/cinder/rootwrap.conf env LC_ALL=C qemu-img info -f qcow2 --output=json --force-share /opt/stack/data/cinder/mnt/6d2c27abf6b33b806f2aca72984e3119/volume-73cf133a-4587-4224-9285-999e2ce33170 {{(pid=88837) execute /opt/stack/data/venv/lib/python3.12/site-packages/oslo_concurrency/processutils.py:440}}
Jul 31 10:53:59 devstack sudo[91873]: quobyte : PWD=/ ; USER=root ; COMMAND=/opt/stack/data/venv/bin/cinder-rootwrap /etc/cinder/rootwrap.conf env LC_ALL=C qemu-img info -f qcow2 --output=json --force-share /opt/stack/data/cinder/mnt/6d2c27abf6b33b806f2aca72984e3119/volume-73cf133a-4587-4224-9285-999e2ce33170
Jul 31 10:53:59 devstack sudo[91873]: pam_unix(sudo:session): session opened for user root(uid=0) by (uid=1000)
Jul 31 10:53:59 devstack sudo[91873]: pam_unix(sudo:session): session closed for user root
Jul 31 10:53:59 devstack cinder-volume[88837]: DEBUG oslo_concurrency.processutils [req-73b3af92-215f-49b8-894f-6334db790529 req-e0e0e941-c50d-46dc-a7ec-d6169878b45d tempest-VolumesSnapshotsTestJSON-975186103 None] CMD "/opt/stack/data/venv/bin/python3.12 -m oslo_concurrency.prlimit --as=1073741824 --cpu=60 -- sudo cinder-rootwrap /etc/cinder/rootwrap.conf env LC_ALL=C qemu-img info -f qcow2 --output=json --force-share /opt/stack/data/cinder/mnt/6d2c27abf6b33b806f2aca72984e3119/volume-73cf133a-4587-4224-9285-999e2ce33170" returned: 0 in 0.544s {{(pid=88837) execute /opt/stack/data/venv/lib/python3.12/site-packages/oslo_concurrency/processutils.py:468}}
Jul 31 10:53:59 devstack cinder-volume[88837]: DEBUG oslo_concurrency.processutils [req-73b3af92-215f-49b8-894f-6334db790529 req-e0e0e941-c50d-46dc-a7ec-d6169878b45d tempest-VolumesSnapshotsTestJSON-975186103 None] Running cmd (subprocess): sudo cinder-rootwrap /etc/cinder/rootwrap.conf qemu-img create -f qcow2 -o backing_file=/opt/stack/data/cinder/mnt/6d2c27abf6b33b806f2aca72984e3119/volume-73cf133a-4587-4224-9285-999e2ce33170,backing_fmt=qcow2 /opt/stack/data/cinder/mnt/6d2c27abf6b33b806f2aca72984e3119/volume-73cf133a-4587-4224-9285-999e2ce33170.a6cb5be4-97c4-4b60-bcd4-7225eec18dd5 1G {{(pid=88837) execute /opt/stack/data/venv/lib/python3.12/site-packages/oslo_concurrency/processutils.py:440}}
Jul 31 10:53:59 devstack sudo[91891]: quobyte : PWD=/ ; USER=root ; COMMAND=/opt/stack/data/venv/bin/cinder-rootwrap /etc/cinder/rootwrap.conf qemu-img create -f qcow2 -o backing_file=/opt/stack/data/cinder/mnt/6d2c27abf6b33b806f2aca72984e3119/volume-73cf133a-4587-4224-9285-999e2ce33170,backing_fmt=qcow2 /opt/stack/data/cinder/mnt/6d2c27abf6b33b806f2aca72984e3119/volume-73cf133a-4587-4224-9285-999e2ce33170.a6cb5be4-97c4-4b60-bcd4-7225eec18dd5 1G
Jul 31 10:53:59 devstack sudo[91891]: pam_unix(sudo:session): session opened for user root(uid=0) by (uid=1000)
Jul 31 10:54:00 devstack sudo[91891]: pam_unix(sudo:session): session closed for user root
Jul 31 10:54:00 devstack cinder-volume[88837]: DEBUG oslo_concurrency.processutils [req-73b3af92-215f-49b8-894f-6334db790529 req-e0e0e941-c50d-46dc-a7ec-d6169878b45d tempest-VolumesSnapshotsTestJSON-975186103 None] CMD "sudo cinder-rootwrap /etc/cinder/rootwrap.conf qemu-img create -f qcow2 -o backing_file=/opt/stack/data/cinder/mnt/6d2c27abf6b33b806f2aca72984e3119/volume-73cf133a-4587-4224-9285-999e2ce33170,backing_fmt=qcow2 /opt/stack/data/cinder/mnt/6d2c27abf6b33b806f2aca72984e3119/volume-73cf133a-4587-4224-9285-999e2ce33170.a6cb5be4-97c4-4b60-bcd4-7225eec18dd5 1G" returned: 0 in 0.656s {{(pid=88837) execute /opt/stack/data/venv/lib/python3.12/site-packages/oslo_concurrency/processutils.py:468}}
Jul 31 10:54:00 devstack cinder-volume[88837]: DEBUG oslo_concurrency.processutils [req-73b3af92-215f-49b8-894f-6334db790529 req-e0e0e941-c50d-46dc-a7ec-d6169878b45d tempest-VolumesSnapshotsTestJSON-975186103 None] Running cmd (subprocess): sudo cinder-rootwrap /etc/cinder/rootwrap.conf qemu-img rebase -u -b volume-73cf133a-4587-4224-9285-999e2ce33170 -F qcow2 /opt/stack/data/cinder/mnt/6d2c27abf6b33b806f2aca72984e3119/volume-73cf133a-4587-4224-9285-999e2ce33170.a6cb5be4-97c4-4b60-bcd4-7225eec18dd5 {{(pid=88837) execute /opt/stack/data/venv/lib/python3.12/site-packages/oslo_concurrency/processutils.py:440}}
Jul 31 10:54:00 devstack sudo[91910]: quobyte : PWD=/ ; USER=root ; COMMAND=/opt/stack/data/venv/bin/cinder-rootwrap /etc/cinder/rootwrap.conf qemu-img rebase -u -b volume-73cf133a-4587-4224-9285-999e2ce33170 -F qcow2 /opt/stack/data/cinder/mnt/6d2c27abf6b33b806f2aca72984e3119/volume-73cf133a-4587-4224-9285-999e2ce33170.a6cb5be4-97c4-4b60-bcd4-7225eec18dd5
Jul 31 10:54:00 devstack sudo[91910]: pam_unix(sudo:session): session opened for user root(uid=0) by (uid=1000)
Jul 31 10:54:00 devstack cinder-volume[88837]: DEBUG oslo_concurrency.lockutils [req-87b920d1-ca6a-4b3c-b5a1-91742a4ec11a req-0f7924ca-0f74-41b1-8d9d-b2f77f8e8787 tempest-TaggedAttachmentsTest-673862961 None] Acquiring lock "quobyte" by "cinder.volume.drivers.quobyte.QuobyteDriver.initialize_connection" {{(pid=88837) inner /opt/stack/data/venv/lib/python3.12/site-packages/oslo_concurrency/lockutils.py:512}}
Jul 31 10:54:00 devstack sudo[91910]: pam_unix(sudo:session): session closed for user root
Jul 31 10:54:00 devstack cinder-volume[88837]: DEBUG oslo_concurrency.processutils [req-73b3af92-215f-49b8-894f-6334db790529 req-e0e0e941-c50d-46dc-a7ec-d6169878b45d tempest-VolumesSnapshotsTestJSON-975186103 None] CMD "sudo cinder-rootwrap /etc/cinder/rootwrap.conf qemu-img rebase -u -b volume-73cf133a-4587-4224-9285-999e2ce33170 -F qcow2 /opt/stack/data/cinder/mnt/6d2c27abf6b33b806f2aca72984e3119/volume-73cf133a-4587-4224-9285-999e2ce33170.a6cb5be4-97c4-4b60-bcd4-7225eec18dd5" returned: 0 in 0.345s {{(pid=88837) execute /opt/stack/data/venv/lib/python3.12/site-packages/oslo_concurrency/processutils.py:468}}
Jul 31 10:54:00 devstack cinder-volume[88837]: WARNING cinder.volume.drivers.remotefs [req-73b3af92-215f-49b8-894f-6334db790529 req-e0e0e941-c50d-46dc-a7ec-d6169878b45d tempest-VolumesSnapshotsTestJSON-975186103 None] /opt/stack/data/cinder/mnt/6d2c27abf6b33b806f2aca72984e3119/volume-73cf133a-4587-4224-9285-999e2ce33170.a6cb5be4-97c4-4b60-bcd4-7225eec18dd5 is being set with open permissions: ugo+rw
Jul 31 10:54:00 devstack cinder-volume[88837]: DEBUG oslo_concurrency.processutils [req-73b3af92-215f-49b8-894f-6334db790529 req-e0e0e941-c50d-46dc-a7ec-d6169878b45d tempest-VolumesSnapshotsTestJSON-975186103 None] Running cmd (subprocess): sudo cinder-rootwrap /etc/cinder/rootwrap.conf chmod ugo+rw /opt/stack/data/cinder/mnt/6d2c27abf6b33b806f2aca72984e3119/volume-73cf133a-4587-4224-9285-999e2ce33170.a6cb5be4-97c4-4b60-bcd4-7225eec18dd5 {{(pid=88837) execute /opt/stack/data/venv/lib/python3.12/site-packages/oslo_concurrency/processutils.py:440}}
Jul 31 10:54:00 devstack sudo[91924]: quobyte : PWD=/ ; USER=root ; COMMAND=/opt/stack/data/venv/bin/cinder-rootwrap /etc/cinder/rootwrap.conf chmod ugo+rw /opt/stack/data/cinder/mnt/6d2c27abf6b33b806f2aca72984e3119/volume-73cf133a-4587-4224-9285-999e2ce33170.a6cb5be4-97c4-4b60-bcd4-7225eec18dd5
Jul 31 10:54:00 devstack sudo[91924]: pam_unix(sudo:session): session opened for user root(uid=0) by (uid=1000)
Jul 31 10:54:00 devstack sudo[91924]: pam_unix(sudo:session): session closed for user root
Jul 31 10:54:00 devstack cinder-volume[88837]: DEBUG oslo_concurrency.processutils [req-73b3af92-215f-49b8-894f-6334db790529 req-e0e0e941-c50d-46dc-a7ec-d6169878b45d tempest-VolumesSnapshotsTestJSON-975186103 None] CMD "sudo cinder-rootwrap /etc/cinder/rootwrap.conf chmod ugo+rw /opt/stack/data/cinder/mnt/6d2c27abf6b33b806f2aca72984e3119/volume-73cf133a-4587-4224-9285-999e2ce33170.a6cb5be4-97c4-4b60-bcd4-7225eec18dd5" returned: 0 in 0.267s {{(pid=88837) execute /opt/stack/data/venv/lib/python3.12/site-packages/oslo_concurrency/processutils.py:468}}
Jul 31 10:54:00 devstack cinder-volume[88837]: DEBUG oslo_concurrency.processutils [req-73b3af92-215f-49b8-894f-6334db790529 req-e0e0e941-c50d-46dc-a7ec-d6169878b45d tempest-VolumesSnapshotsTestJSON-975186103 None] Running cmd (subprocess): sudo cinder-rootwrap /etc/cinder/rootwrap.conf truncate -s0 /opt/stack/data/cinder/mnt/6d2c27abf6b33b806f2aca72984e3119/volume-73cf133a-4587-4224-9285-999e2ce33170.info {{(pid=88837) execute /opt/stack/data/venv/lib/python3.12/site-packages/oslo_concurrency/processutils.py:440}}
Jul 31 10:54:00 devstack sudo[91928]: quobyte : PWD=/ ; USER=root ; COMMAND=/opt/stack/data/venv/bin/cinder-rootwrap /etc/cinder/rootwrap.conf truncate -s0 /opt/stack/data/cinder/mnt/6d2c27abf6b33b806f2aca72984e3119/volume-73cf133a-4587-4224-9285-999e2ce33170.info
Jul 31 10:54:00 devstack sudo[91928]: pam_unix(sudo:session): session opened for user root(uid=0) by (uid=1000)
Jul 31 10:54:01 devstack cinder-volume[88837]: DEBUG oslo_concurrency.lockutils [req-1fe215b1-5c3d-4994-b9d3-a4f5a368ad33 req-d6c89a3d-4ff6-4646-8ec7-10c48393091d tempest-AttachVolumeNegativeTest-406109207 None] Acquiring lock "quobyte" by "cinder.volume.drivers.quobyte.QuobyteDriver.initialize_connection" {{(pid=88837) inner /opt/stack/data/venv/lib/python3.12/site-packages/oslo_concurrency/lockutils.py:512}}
Jul 31 10:54:01 devstack sudo[91928]: pam_unix(sudo:session): session closed for user root
Jul 31 10:54:01 devstack cinder-volume[88837]: DEBUG oslo_concurrency.processutils [req-73b3af92-215f-49b8-894f-6334db790529 req-e0e0e941-c50d-46dc-a7ec-d6169878b45d tempest-VolumesSnapshotsTestJSON-975186103 None] CMD "sudo cinder-rootwrap /etc/cinder/rootwrap.conf truncate -s0 /opt/stack/data/cinder/mnt/6d2c27abf6b33b806f2aca72984e3119/volume-73cf133a-4587-4224-9285-999e2ce33170.info" returned: 0 in 0.302s {{(pid=88837) execute /opt/stack/data/venv/lib/python3.12/site-packages/oslo_concurrency/processutils.py:468}}
Jul 31 10:54:01 devstack cinder-volume[88837]: WARNING cinder.volume.drivers.remotefs [req-73b3af92-215f-49b8-894f-6334db790529 req-e0e0e941-c50d-46dc-a7ec-d6169878b45d tempest-VolumesSnapshotsTestJSON-975186103 None] /opt/stack/data/cinder/mnt/6d2c27abf6b33b806f2aca72984e3119/volume-73cf133a-4587-4224-9285-999e2ce33170.info is being set with open permissions: ugo+rw
Jul 31 10:54:01 devstack cinder-volume[88837]: DEBUG oslo_concurrency.processutils [req-73b3af92-215f-49b8-894f-6334db790529 req-e0e0e941-c50d-46dc-a7ec-d6169878b45d tempest-VolumesSnapshotsTestJSON-975186103 None] Running cmd (subprocess): sudo cinder-rootwrap /etc/cinder/rootwrap.conf chmod ugo+rw /opt/stack/data/cinder/mnt/6d2c27abf6b33b806f2aca72984e3119/volume-73cf133a-4587-4224-9285-999e2ce33170.info {{(pid=88837) execute /opt/stack/data/venv/lib/python3.12/site-packages/oslo_concurrency/processutils.py:440}}
Jul 31 10:54:01 devstack sudo[91939]: quobyte : PWD=/ ; USER=root ; COMMAND=/opt/stack/data/venv/bin/cinder-rootwrap /etc/cinder/rootwrap.conf chmod ugo+rw /opt/stack/data/cinder/mnt/6d2c27abf6b33b806f2aca72984e3119/volume-73cf133a-4587-4224-9285-999e2ce33170.info
Jul 31 10:54:01 devstack sudo[91939]: pam_unix(sudo:session): session opened for user root(uid=0) by (uid=1000)
Jul 31 10:54:01 devstack sudo[91939]: pam_unix(sudo:session): session closed for user root
Jul 31 10:54:01 devstack cinder-volume[88837]: DEBUG oslo_concurrency.processutils [req-73b3af92-215f-49b8-894f-6334db790529 req-e0e0e941-c50d-46dc-a7ec-d6169878b45d tempest-VolumesSnapshotsTestJSON-975186103 None] CMD "sudo cinder-rootwrap /etc/cinder/rootwrap.conf chmod ugo+rw /opt/stack/data/cinder/mnt/6d2c27abf6b33b806f2aca72984e3119/volume-73cf133a-4587-4224-9285-999e2ce33170.info" returned: 0 in 0.280s {{(pid=88837) execute /opt/stack/data/venv/lib/python3.12/site-packages/oslo_concurrency/processutils.py:468}}
Jul 31 10:54:01 devstack cinder-volume[88837]: DEBUG oslo_concurrency.lockutils [req-73b3af92-215f-49b8-894f-6334db790529 req-e0e0e941-c50d-46dc-a7ec-d6169878b45d tempest-VolumesSnapshotsTestJSON-975186103 None] Lock "quobyte" "released" by "cinder.volume.drivers.quobyte.QuobyteDriver.create_snapshot" :: held 2.569s {{(pid=88837) inner /opt/stack/data/venv/lib/python3.12/site-packages/oslo_concurrency/lockutils.py:544}}
Jul 31 10:54:01 devstack cinder-volume[88837]: DEBUG oslo_concurrency.lockutils [req-87b920d1-ca6a-4b3c-b5a1-91742a4ec11a req-0f7924ca-0f74-41b1-8d9d-b2f77f8e8787 tempest-TaggedAttachmentsTest-673862961 None] Lock "quobyte" acquired by "cinder.volume.drivers.quobyte.QuobyteDriver.initialize_connection" :: waited 0.973s {{(pid=88837) inner /opt/stack/data/venv/lib/python3.12/site-packages/oslo_concurrency/lockutils.py:525}}
Jul 31 10:54:01 devstack cinder-volume[88837]: DEBUG oslo.privsep.daemon [-] privsep: reply[2faf6417-2525-4dbd-a844-184d03db1d10]: (4, 'qcow2') {{(pid=90321) _call_back /opt/stack/data/venv/lib/python3.12/site-packages/oslo_privsep/daemon.py:580}}
Jul 31 10:54:01 devstack cinder-volume[88837]: DEBUG oslo_concurrency.processutils [req-87b920d1-ca6a-4b3c-b5a1-91742a4ec11a req-0f7924ca-0f74-41b1-8d9d-b2f77f8e8787 tempest-TaggedAttachmentsTest-673862961 None] Running cmd (subprocess): /opt/stack/data/venv/bin/python3.12 -m oslo_concurrency.prlimit --as=1073741824 --cpu=60 -- sudo cinder-rootwrap /etc/cinder/rootwrap.conf env LC_ALL=C qemu-img info -f qcow2 --output=json --force-share /opt/stack/data/cinder/mnt/6d2c27abf6b33b806f2aca72984e3119/volume-4b48bd85-827c-4a92-8cd7-5e491bb50413 {{(pid=88837) execute /opt/stack/data/venv/lib/python3.12/site-packages/oslo_concurrency/processutils.py:440}}
Jul 31 10:54:01 devstack cinder-volume[88837]: INFO cinder.volume.manager [req-73b3af92-215f-49b8-894f-6334db790529 req-e0e0e941-c50d-46dc-a7ec-d6169878b45d tempest-VolumesSnapshotsTestJSON-975186103 None] Create snapshot completed successfully
Jul 31 10:54:01 devstack sudo[91944]: quobyte : PWD=/ ; USER=root ; COMMAND=/opt/stack/data/venv/bin/cinder-rootwrap /etc/cinder/rootwrap.conf env LC_ALL=C qemu-img info -f qcow2 --output=json --force-share /opt/stack/data/cinder/mnt/6d2c27abf6b33b806f2aca72984e3119/volume-4b48bd85-827c-4a92-8cd7-5e491bb50413
Jul 31 10:54:01 devstack sudo[91944]: pam_unix(sudo:session): session opened for user root(uid=0) by (uid=1000)
Jul 31 10:54:01 devstack sudo[91944]: pam_unix(sudo:session): session closed for user root
Jul 31 10:54:01 devstack cinder-volume[88837]: DEBUG oslo_concurrency.processutils [req-87b920d1-ca6a-4b3c-b5a1-91742a4ec11a req-0f7924ca-0f74-41b1-8d9d-b2f77f8e8787 tempest-TaggedAttachmentsTest-673862961 None] CMD "/opt/stack/data/venv/bin/python3.12 -m oslo_concurrency.prlimit --as=1073741824 --cpu=60 -- sudo cinder-rootwrap /etc/cinder/rootwrap.conf env LC_ALL=C qemu-img info -f qcow2 --output=json --force-share /opt/stack/data/cinder/mnt/6d2c27abf6b33b806f2aca72984e3119/volume-4b48bd85-827c-4a92-8cd7-5e491bb50413" returned: 0 in 0.406s {{(pid=88837) execute /opt/stack/data/venv/lib/python3.12/site-packages/oslo_concurrency/processutils.py:468}}
Jul 31 10:54:01 devstack cinder-volume[88837]: DEBUG oslo_concurrency.lockutils [req-87b920d1-ca6a-4b3c-b5a1-91742a4ec11a req-0f7924ca-0f74-41b1-8d9d-b2f77f8e8787 tempest-TaggedAttachmentsTest-673862961 None] Lock "quobyte" "released" by "cinder.volume.drivers.quobyte.QuobyteDriver.initialize_connection" :: held 0.438s {{(pid=88837) inner /opt/stack/data/venv/lib/python3.12/site-packages/oslo_concurrency/lockutils.py:544}}
Jul 31 10:54:01 devstack cinder-volume[88837]: DEBUG oslo_concurrency.lockutils [req-1fe215b1-5c3d-4994-b9d3-a4f5a368ad33 req-d6c89a3d-4ff6-4646-8ec7-10c48393091d tempest-AttachVolumeNegativeTest-406109207 None] Lock "quobyte" acquired by "cinder.volume.drivers.quobyte.QuobyteDriver.initialize_connection" :: waited 0.790s {{(pid=88837) inner /opt/stack/data/venv/lib/python3.12/site-packages/oslo_concurrency/lockutils.py:525}}
Jul 31 10:54:01 devstack cinder-volume[88837]: DEBUG oslo.privsep.daemon [-] privsep: reply[67d10986-820a-456e-b731-b9903a1c1ce5]: (4, 'qcow2') {{(pid=90321) _call_back /opt/stack/data/venv/lib/python3.12/site-packages/oslo_privsep/daemon.py:580}}
Jul 31 10:54:01 devstack cinder-volume[88837]: DEBUG oslo_concurrency.processutils [req-1fe215b1-5c3d-4994-b9d3-a4f5a368ad33 req-d6c89a3d-4ff6-4646-8ec7-10c48393091d tempest-AttachVolumeNegativeTest-406109207 None] Running cmd (subprocess): /opt/stack/data/venv/bin/python3.12 -m oslo_concurrency.prlimit --as=1073741824 --cpu=60 -- sudo cinder-rootwrap /etc/cinder/rootwrap.conf env LC_ALL=C qemu-img info -f qcow2 --output=json --force-share /opt/stack/data/cinder/mnt/6d2c27abf6b33b806f2aca72984e3119/volume-ade155e6-d44c-44cc-a956-e79160cab21f {{(pid=88837) execute /opt/stack/data/venv/lib/python3.12/site-packages/oslo_concurrency/processutils.py:440}}
Jul 31 10:54:01 devstack cinder-volume[88837]: DEBUG cinder.volume.manager [req-87b920d1-ca6a-4b3c-b5a1-91742a4ec11a req-0f7924ca-0f74-41b1-8d9d-b2f77f8e8787 tempest-TaggedAttachmentsTest-673862961 None] Connection info returned from driver {'export': 'osci02.corp.quobyte.com/cinder-vol-aa5565ef-c5d5-4a9e-8448-c4b4a407e8b3', 'name': 'volume-4b48bd85-827c-4a92-8cd7-5e491bb50413', 'options': None, 'format': 'qcow2', 'qos_specs': None, 'access_mode': 'rw', 'encrypted': False, 'cacheable': False, 'driver_volume_type': 'quobyte', 'mount_point_base': '/opt/stack/data/cinder/mnt', 'attachment_id': '45d8fa93-ec80-4a2a-aed9-a874004440af', 'enforce_multipath': True} {{(pid=88837) _connection_create /opt/stack/cinder/cinder/volume/manager.py:4924}}
Jul 31 10:54:02 devstack cinder-volume[88837]: INFO cinder.volume.manager [req-87b920d1-ca6a-4b3c-b5a1-91742a4ec11a req-0f7924ca-0f74-41b1-8d9d-b2f77f8e8787 tempest-TaggedAttachmentsTest-673862961 None] attachment_update completed successfully.
Jul 31 10:54:02 devstack sudo[91959]: quobyte : PWD=/ ; USER=root ; COMMAND=/opt/stack/data/venv/bin/cinder-rootwrap /etc/cinder/rootwrap.conf env LC_ALL=C qemu-img info -f qcow2 --output=json --force-share /opt/stack/data/cinder/mnt/6d2c27abf6b33b806f2aca72984e3119/volume-ade155e6-d44c-44cc-a956-e79160cab21f
Jul 31 10:54:02 devstack sudo[91959]: pam_unix(sudo:session): session opened for user root(uid=0) by (uid=1000)
Jul 31 10:54:02 devstack cinder-volume[88837]: DEBUG cinder.coordination [req-45b707ee-ade6-4009-a536-204e3131f2b4 req-55747354-5d8a-487c-9c4b-162419f5da31 tempest-VolumesSnapshotsTestJSON-975186103 None] Acquiring lock "cinder-a6cb5be4-97c4-4b60-bcd4-7225eec18dd5-delete_snapshot" by "delete_snapshot" {{(pid=88837) __acquire /opt/stack/cinder/cinder/coordination.py:138}}
Jul 31 10:54:02 devstack cinder-volume[88837]: DEBUG cinder.coordination [req-45b707ee-ade6-4009-a536-204e3131f2b4 req-55747354-5d8a-487c-9c4b-162419f5da31 tempest-VolumesSnapshotsTestJSON-975186103 None] Lock "cinder-a6cb5be4-97c4-4b60-bcd4-7225eec18dd5-delete_snapshot" acquired by "delete_snapshot" :: waited 0.023s {{(pid=88837) __acquire /opt/stack/cinder/cinder/coordination.py:141}}
Jul 31 10:54:02 devstack cinder-volume[88837]: DEBUG cinder.coordination [req-45b707ee-ade6-4009-a536-204e3131f2b4 req-55747354-5d8a-487c-9c4b-162419f5da31 tempest-VolumesSnapshotsTestJSON-975186103 None] Acquiring lock "cinder-quobyte-73cf133a-4587-4224-9285-999e2ce33170" by "delete_snapshot" {{(pid=88837) __acquire /opt/stack/cinder/cinder/coordination.py:138}}
Jul 31 10:54:02 devstack cinder-volume[88837]: DEBUG cinder.coordination [req-45b707ee-ade6-4009-a536-204e3131f2b4 req-55747354-5d8a-487c-9c4b-162419f5da31 tempest-VolumesSnapshotsTestJSON-975186103 None] Lock "cinder-quobyte-73cf133a-4587-4224-9285-999e2ce33170" acquired by "delete_snapshot" :: waited 0.017s {{(pid=88837) __acquire /opt/stack/cinder/cinder/coordination.py:141}}
Jul 31 10:54:02 devstack cinder-volume[88837]: DEBUG cinder.coordination [req-45b707ee-ade6-4009-a536-204e3131f2b4 req-55747354-5d8a-487c-9c4b-162419f5da31 tempest-VolumesSnapshotsTestJSON-975186103 None] Acquiring lock "cinder-quobyte-a6cb5be4-97c4-4b60-bcd4-7225eec18dd5" by "_delete_snapshot" {{(pid=88837) __acquire /opt/stack/cinder/cinder/coordination.py:138}}
Jul 31 10:54:02 devstack cinder-volume[88837]: DEBUG cinder.coordination [req-45b707ee-ade6-4009-a536-204e3131f2b4 req-55747354-5d8a-487c-9c4b-162419f5da31 tempest-VolumesSnapshotsTestJSON-975186103 None] Lock "cinder-quobyte-a6cb5be4-97c4-4b60-bcd4-7225eec18dd5" acquired by "_delete_snapshot" :: waited 0.025s {{(pid=88837) __acquire /opt/stack/cinder/cinder/coordination.py:141}}
Jul 31 10:54:02 devstack sudo[91959]: pam_unix(sudo:session): session closed for user root
Jul 31 10:54:02 devstack cinder-volume[88837]: DEBUG cinder.volume.drivers.remotefs [req-45b707ee-ade6-4009-a536-204e3131f2b4 req-55747354-5d8a-487c-9c4b-162419f5da31 tempest-VolumesSnapshotsTestJSON-975186103 None] Deleting offline snapshot a6cb5be4-97c4-4b60-bcd4-7225eec18dd5 of volume 73cf133a-4587-4224-9285-999e2ce33170 {{(pid=88837) _delete_snapshot /opt/stack/cinder/cinder/volume/drivers/remotefs.py:1288}}
Jul 31 10:54:02 devstack cinder-volume[88837]: DEBUG cinder.volume.drivers.remotefs [req-45b707ee-ade6-4009-a536-204e3131f2b4 req-55747354-5d8a-487c-9c4b-162419f5da31 tempest-VolumesSnapshotsTestJSON-975186103 None] snapshot_file for this snap is: volume-73cf133a-4587-4224-9285-999e2ce33170.a6cb5be4-97c4-4b60-bcd4-7225eec18dd5 {{(pid=88837) _delete_snapshot /opt/stack/cinder/cinder/volume/drivers/remotefs.py:1317}}
Jul 31 10:54:02 devstack cinder-volume[88837]: DEBUG oslo_concurrency.processutils [req-1fe215b1-5c3d-4994-b9d3-a4f5a368ad33 req-d6c89a3d-4ff6-4646-8ec7-10c48393091d tempest-AttachVolumeNegativeTest-406109207 None] CMD "/opt/stack/data/venv/bin/python3.12 -m oslo_concurrency.prlimit --as=1073741824 --cpu=60 -- sudo cinder-rootwrap /etc/cinder/rootwrap.conf env LC_ALL=C qemu-img info -f qcow2 --output=json --force-share /opt/stack/data/cinder/mnt/6d2c27abf6b33b806f2aca72984e3119/volume-ade155e6-d44c-44cc-a956-e79160cab21f" returned: 0 in 0.549s {{(pid=88837) execute /opt/stack/data/venv/lib/python3.12/site-packages/oslo_concurrency/processutils.py:468}}
Jul 31 10:54:02 devstack cinder-volume[88837]: DEBUG oslo_concurrency.lockutils [req-1fe215b1-5c3d-4994-b9d3-a4f5a368ad33 req-d6c89a3d-4ff6-4646-8ec7-10c48393091d tempest-AttachVolumeNegativeTest-406109207 None] Lock "quobyte" "released" by "cinder.volume.drivers.quobyte.QuobyteDriver.initialize_connection" :: held 0.574s {{(pid=88837) inner /opt/stack/data/venv/lib/python3.12/site-packages/oslo_concurrency/lockutils.py:544}}
Jul 31 10:54:02 devstack cinder-volume[88837]: DEBUG oslo.privsep.daemon [-] privsep: reply[fe2396b9-e70e-4824-a99d-298ccaeb0836]: (4, 'qcow2') {{(pid=90321) _call_back /opt/stack/data/venv/lib/python3.12/site-packages/oslo_privsep/daemon.py:580}}
Jul 31 10:54:02 devstack cinder-volume[88837]: DEBUG oslo_concurrency.processutils [req-45b707ee-ade6-4009-a536-204e3131f2b4 req-55747354-5d8a-487c-9c4b-162419f5da31 tempest-VolumesSnapshotsTestJSON-975186103 None] Running cmd (subprocess): /opt/stack/data/venv/bin/python3.12 -m oslo_concurrency.prlimit --as=1073741824 --cpu=60 -- sudo cinder-rootwrap /etc/cinder/rootwrap.conf env LC_ALL=C qemu-img info -f qcow2 --output=json --force-share /opt/stack/data/cinder/mnt/6d2c27abf6b33b806f2aca72984e3119/volume-73cf133a-4587-4224-9285-999e2ce33170.a6cb5be4-97c4-4b60-bcd4-7225eec18dd5 {{(pid=88837) execute /opt/stack/data/venv/lib/python3.12/site-packages/oslo_concurrency/processutils.py:440}}
Jul 31 10:54:02 devstack cinder-volume[88837]: DEBUG cinder.volume.manager [req-1fe215b1-5c3d-4994-b9d3-a4f5a368ad33 req-d6c89a3d-4ff6-4646-8ec7-10c48393091d tempest-AttachVolumeNegativeTest-406109207 None] Connection info returned from driver {'export': 'osci02.corp.quobyte.com/cinder-vol-aa5565ef-c5d5-4a9e-8448-c4b4a407e8b3', 'name': 'volume-ade155e6-d44c-44cc-a956-e79160cab21f', 'options': None, 'format': 'qcow2', 'qos_specs': None, 'access_mode': 'rw', 'encrypted': False, 'cacheable': False, 'driver_volume_type': 'quobyte', 'mount_point_base': '/opt/stack/data/cinder/mnt', 'attachment_id': '16a0c6f0-e73f-4d66-9046-71965343859d', 'enforce_multipath': True} {{(pid=88837) _connection_create /opt/stack/cinder/cinder/volume/manager.py:4924}}
Jul 31 10:54:02 devstack cinder-volume[88837]: INFO cinder.volume.manager [req-1fe215b1-5c3d-4994-b9d3-a4f5a368ad33 req-d6c89a3d-4ff6-4646-8ec7-10c48393091d tempest-AttachVolumeNegativeTest-406109207 None] attachment_update completed successfully.
Jul 31 10:54:02 devstack sudo[92123]: quobyte : PWD=/ ; USER=root ; COMMAND=/opt/stack/data/venv/bin/cinder-rootwrap /etc/cinder/rootwrap.conf env LC_ALL=C qemu-img info -f qcow2 --output=json --force-share /opt/stack/data/cinder/mnt/6d2c27abf6b33b806f2aca72984e3119/volume-73cf133a-4587-4224-9285-999e2ce33170.a6cb5be4-97c4-4b60-bcd4-7225eec18dd5
Jul 31 10:54:02 devstack sudo[92123]: pam_unix(sudo:session): session opened for user root(uid=0) by (uid=1000)
Jul 31 10:54:02 devstack sudo[92123]: pam_unix(sudo:session): session closed for user root
Jul 31 10:54:02 devstack cinder-volume[88837]: DEBUG oslo_concurrency.processutils [req-45b707ee-ade6-4009-a536-204e3131f2b4 req-55747354-5d8a-487c-9c4b-162419f5da31 tempest-VolumesSnapshotsTestJSON-975186103 None] CMD "/opt/stack/data/venv/bin/python3.12 -m oslo_concurrency.prlimit --as=1073741824 --cpu=60 -- sudo cinder-rootwrap /etc/cinder/rootwrap.conf env LC_ALL=C qemu-img info -f qcow2 --output=json --force-share /opt/stack/data/cinder/mnt/6d2c27abf6b33b806f2aca72984e3119/volume-73cf133a-4587-4224-9285-999e2ce33170.a6cb5be4-97c4-4b60-bcd4-7225eec18dd5" returned: 0 in 0.495s {{(pid=88837) execute /opt/stack/data/venv/lib/python3.12/site-packages/oslo_concurrency/processutils.py:468}}
Jul 31 10:54:02 devstack cinder-volume[88837]: DEBUG cinder.volume.drivers.remotefs [req-45b707ee-ade6-4009-a536-204e3131f2b4 req-55747354-5d8a-487c-9c4b-162419f5da31 tempest-VolumesSnapshotsTestJSON-975186103 None] Fetching qemu-img info with special backing_file_template: (/opt/stack/data/cinder/mnt/[0-9a-f]+/)?(volume-73cf133a-4587-4224-9285-999e2ce33170(.(tmp-snap-)?[0-9a-f-]+)?|volume_from_snapshot_cache/(tmp-snap-)?[0-9a-f-]+(.(child-|parent-)[0-9a-f-]+)?)$ {{(pid=88837) _qemu_img_info_base /opt/stack/cinder/cinder/volume/drivers/remotefs.py:896}}
Jul 31 10:54:03 devstack cinder-volume[88837]: DEBUG oslo.privsep.daemon [-] privsep: reply[692105f5-b2f8-439d-bd80-2a8a570e42f3]: (4, 'qcow2') {{(pid=90321) _call_back /opt/stack/data/venv/lib/python3.12/site-packages/oslo_privsep/daemon.py:580}}
Jul 31 10:54:03 devstack cinder-volume[88837]: DEBUG oslo_concurrency.processutils [req-45b707ee-ade6-4009-a536-204e3131f2b4 req-55747354-5d8a-487c-9c4b-162419f5da31 tempest-VolumesSnapshotsTestJSON-975186103 None] Running cmd (subprocess): /opt/stack/data/venv/bin/python3.12 -m oslo_concurrency.prlimit --as=1073741824 --cpu=60 -- sudo cinder-rootwrap /etc/cinder/rootwrap.conf env LC_ALL=C qemu-img info -f qcow2 --output=json --force-share /opt/stack/data/cinder/mnt/6d2c27abf6b33b806f2aca72984e3119/volume-73cf133a-4587-4224-9285-999e2ce33170 {{(pid=88837) execute /opt/stack/data/venv/lib/python3.12/site-packages/oslo_concurrency/processutils.py:440}}
Jul 31 10:54:03 devstack sudo[92379]: quobyte : PWD=/ ; USER=root ; COMMAND=/opt/stack/data/venv/bin/cinder-rootwrap /etc/cinder/rootwrap.conf env LC_ALL=C qemu-img info -f qcow2 --output=json --force-share /opt/stack/data/cinder/mnt/6d2c27abf6b33b806f2aca72984e3119/volume-73cf133a-4587-4224-9285-999e2ce33170
Jul 31 10:54:03 devstack sudo[92379]: pam_unix(sudo:session): session opened for user root(uid=0) by (uid=1000)
Jul 31 10:54:03 devstack sudo[92379]: pam_unix(sudo:session): session closed for user root
Jul 31 10:54:03 devstack cinder-volume[88837]: DEBUG oslo_concurrency.processutils [req-45b707ee-ade6-4009-a536-204e3131f2b4 req-55747354-5d8a-487c-9c4b-162419f5da31 tempest-VolumesSnapshotsTestJSON-975186103 None] CMD "/opt/stack/data/venv/bin/python3.12 -m oslo_concurrency.prlimit --as=1073741824 --cpu=60 -- sudo cinder-rootwrap /etc/cinder/rootwrap.conf env LC_ALL=C qemu-img info -f qcow2 --output=json --force-share /opt/stack/data/cinder/mnt/6d2c27abf6b33b806f2aca72984e3119/volume-73cf133a-4587-4224-9285-999e2ce33170" returned: 0 in 0.545s {{(pid=88837) execute /opt/stack/data/venv/lib/python3.12/site-packages/oslo_concurrency/processutils.py:468}}
Jul 31 10:54:03 devstack cinder-volume[88837]: DEBUG oslo_concurrency.processutils [req-45b707ee-ade6-4009-a536-204e3131f2b4 req-55747354-5d8a-487c-9c4b-162419f5da31 tempest-VolumesSnapshotsTestJSON-975186103 None] Running cmd (subprocess): sudo cinder-rootwrap /etc/cinder/rootwrap.conf qemu-img commit -d /opt/stack/data/cinder/mnt/6d2c27abf6b33b806f2aca72984e3119/volume-73cf133a-4587-4224-9285-999e2ce33170.a6cb5be4-97c4-4b60-bcd4-7225eec18dd5 {{(pid=88837) execute /opt/stack/data/venv/lib/python3.12/site-packages/oslo_concurrency/processutils.py:440}}
Jul 31 10:54:03 devstack sudo[92386]: quobyte : PWD=/ ; USER=root ; COMMAND=/opt/stack/data/venv/bin/cinder-rootwrap /etc/cinder/rootwrap.conf qemu-img commit -d /opt/stack/data/cinder/mnt/6d2c27abf6b33b806f2aca72984e3119/volume-73cf133a-4587-4224-9285-999e2ce33170.a6cb5be4-97c4-4b60-bcd4-7225eec18dd5
Jul 31 10:54:03 devstack sudo[92386]: pam_unix(sudo:session): session opened for user root(uid=0) by (uid=1000)
Jul 31 10:54:03 devstack sudo[92386]: pam_unix(sudo:session): session closed for user root
Jul 31 10:54:04 devstack cinder-volume[88837]: DEBUG oslo_concurrency.processutils [req-45b707ee-ade6-4009-a536-204e3131f2b4 req-55747354-5d8a-487c-9c4b-162419f5da31 tempest-VolumesSnapshotsTestJSON-975186103 None] CMD "sudo cinder-rootwrap /etc/cinder/rootwrap.conf qemu-img commit -d /opt/stack/data/cinder/mnt/6d2c27abf6b33b806f2aca72984e3119/volume-73cf133a-4587-4224-9285-999e2ce33170.a6cb5be4-97c4-4b60-bcd4-7225eec18dd5" returned: 0 in 0.428s {{(pid=88837) execute /opt/stack/data/venv/lib/python3.12/site-packages/oslo_concurrency/processutils.py:468}}
Jul 31 10:54:04 devstack cinder-volume[88837]: DEBUG oslo_concurrency.processutils [req-45b707ee-ade6-4009-a536-204e3131f2b4 req-55747354-5d8a-487c-9c4b-162419f5da31 tempest-VolumesSnapshotsTestJSON-975186103 None] Running cmd (subprocess): sudo cinder-rootwrap /etc/cinder/rootwrap.conf rm -f /opt/stack/data/cinder/mnt/6d2c27abf6b33b806f2aca72984e3119/volume-73cf133a-4587-4224-9285-999e2ce33170.a6cb5be4-97c4-4b60-bcd4-7225eec18dd5 {{(pid=88837) execute /opt/stack/data/venv/lib/python3.12/site-packages/oslo_concurrency/processutils.py:440}}
Jul 31 10:54:04 devstack sudo[92391]: quobyte : PWD=/ ; USER=root ; COMMAND=/opt/stack/data/venv/bin/cinder-rootwrap /etc/cinder/rootwrap.conf rm -f /opt/stack/data/cinder/mnt/6d2c27abf6b33b806f2aca72984e3119/volume-73cf133a-4587-4224-9285-999e2ce33170.a6cb5be4-97c4-4b60-bcd4-7225eec18dd5
Jul 31 10:54:04 devstack sudo[92391]: pam_unix(sudo:session): session opened for user root(uid=0) by (uid=1000)
Jul 31 10:54:04 devstack sudo[92391]: pam_unix(sudo:session): session closed for user root
Jul 31 10:54:04 devstack cinder-volume[88837]: DEBUG oslo_concurrency.processutils [req-45b707ee-ade6-4009-a536-204e3131f2b4 req-55747354-5d8a-487c-9c4b-162419f5da31 tempest-VolumesSnapshotsTestJSON-975186103 None] CMD "sudo cinder-rootwrap /etc/cinder/rootwrap.conf rm -f /opt/stack/data/cinder/mnt/6d2c27abf6b33b806f2aca72984e3119/volume-73cf133a-4587-4224-9285-999e2ce33170.a6cb5be4-97c4-4b60-bcd4-7225eec18dd5" returned: 0 in 0.236s {{(pid=88837) execute /opt/stack/data/venv/lib/python3.12/site-packages/oslo_concurrency/processutils.py:468}}
Jul 31 10:54:04 devstack cinder-volume[88837]: DEBUG cinder.coordination [req-45b707ee-ade6-4009-a536-204e3131f2b4 req-55747354-5d8a-487c-9c4b-162419f5da31 tempest-VolumesSnapshotsTestJSON-975186103 None] Lock "cinder-quobyte-a6cb5be4-97c4-4b60-bcd4-7225eec18dd5" released by "_delete_snapshot" :: held 1.840s {{(pid=88837) __release /opt/stack/cinder/cinder/coordination.py:152}}
Jul 31 10:54:04 devstack cinder-volume[88837]: DEBUG cinder.coordination [req-45b707ee-ade6-4009-a536-204e3131f2b4 req-55747354-5d8a-487c-9c4b-162419f5da31 tempest-VolumesSnapshotsTestJSON-975186103 None] Lock "cinder-quobyte-73cf133a-4587-4224-9285-999e2ce33170" released by "delete_snapshot" :: held 1.877s {{(pid=88837) __release /opt/stack/cinder/cinder/coordination.py:152}}
Jul 31 10:54:04 devstack cinder-volume[88837]: WARNING cinder.quota [req-45b707ee-ade6-4009-a536-204e3131f2b4 req-55747354-5d8a-487c-9c4b-162419f5da31 tempest-VolumesSnapshotsTestJSON-975186103 None] Deprecated: Default quota for resource: snapshots_QuobyteHD is set by the default quota flag: quota_snapshots_QuobyteHD, it is now deprecated. Please use the default quota class for default quota.
Jul 31 10:54:04 devstack cinder-volume[88837]: DEBUG cinder.quota [req-45b707ee-ade6-4009-a536-204e3131f2b4 req-55747354-5d8a-487c-9c4b-162419f5da31 tempest-VolumesSnapshotsTestJSON-975186103 None] Created reservations ['c6a54a66-e354-4059-ad78-0c813efc5767', '2c5b0817-a12b-4378-8796-611b6295f006', 'f906d012-f312-4fa3-a06e-79f372a8ae76', '65db4b29-c93b-4b97-8d52-44a9cac27b59'] {{(pid=88837) reserve /opt/stack/cinder/cinder/quota.py:752}}
Jul 31 10:54:04 devstack cinder-volume[88837]: INFO cinder.volume.manager [req-45b707ee-ade6-4009-a536-204e3131f2b4 req-55747354-5d8a-487c-9c4b-162419f5da31 tempest-VolumesSnapshotsTestJSON-975186103 None] Delete snapshot completed successfully.
Jul 31 10:54:04 devstack cinder-volume[88837]: DEBUG cinder.coordination [req-45b707ee-ade6-4009-a536-204e3131f2b4 req-55747354-5d8a-487c-9c4b-162419f5da31 tempest-VolumesSnapshotsTestJSON-975186103 None] Lock "cinder-a6cb5be4-97c4-4b60-bcd4-7225eec18dd5-delete_snapshot" released by "delete_snapshot" :: held 2.010s {{(pid=88837) __release /opt/stack/cinder/cinder/coordination.py:152}}
Jul 31 10:54:04 devstack cinder-volume[88837]: DEBUG cinder.coordination [req-1c9f06bd-a2cf-4a3c-bec8-41addf678f2a req-5bb1f729-30d9-40c8-bd88-031fd2ede472 tempest-VolumesSnapshotsTestJSON-975186103 None] Acquiring lock "cinder-73cf133a-4587-4224-9285-999e2ce33170-delete_volume" by "delete_volume" {{(pid=88837) __acquire /opt/stack/cinder/cinder/coordination.py:138}}
Jul 31 10:54:04 devstack cinder-volume[88837]: DEBUG cinder.coordination [req-1c9f06bd-a2cf-4a3c-bec8-41addf678f2a req-5bb1f729-30d9-40c8-bd88-031fd2ede472 tempest-VolumesSnapshotsTestJSON-975186103 None] Lock "cinder-73cf133a-4587-4224-9285-999e2ce33170-delete_volume" acquired by "delete_volume" :: waited 0.024s {{(pid=88837) __acquire /opt/stack/cinder/cinder/coordination.py:141}}
Jul 31 10:54:04 devstack cinder-volume[88837]: DEBUG cinder.coordination [req-1c9f06bd-a2cf-4a3c-bec8-41addf678f2a req-5bb1f729-30d9-40c8-bd88-031fd2ede472 tempest-VolumesSnapshotsTestJSON-975186103 None] Acquiring lock "cinder-quobyte-73cf133a-4587-4224-9285-999e2ce33170" by "delete_volume" {{(pid=88837) __acquire /opt/stack/cinder/cinder/coordination.py:138}}
Jul 31 10:54:04 devstack cinder-volume[88837]: DEBUG cinder.coordination [req-1c9f06bd-a2cf-4a3c-bec8-41addf678f2a req-5bb1f729-30d9-40c8-bd88-031fd2ede472 tempest-VolumesSnapshotsTestJSON-975186103 None] Lock "cinder-quobyte-73cf133a-4587-4224-9285-999e2ce33170" acquired by "delete_volume" :: waited 0.028s {{(pid=88837) __acquire /opt/stack/cinder/cinder/coordination.py:141}}
Jul 31 10:54:04 devstack cinder-volume[88837]: DEBUG oslo.privsep.daemon [-] privsep: reply[6bccc8e0-e12c-4b2d-9c91-4188bd03981f]: (4, 'qcow2') {{(pid=90321) _call_back /opt/stack/data/venv/lib/python3.12/site-packages/oslo_privsep/daemon.py:580}}
Jul 31 10:54:04 devstack cinder-volume[88837]: DEBUG oslo_concurrency.processutils [req-1c9f06bd-a2cf-4a3c-bec8-41addf678f2a req-5bb1f729-30d9-40c8-bd88-031fd2ede472 tempest-VolumesSnapshotsTestJSON-975186103 None] Running cmd (subprocess): /opt/stack/data/venv/bin/python3.12 -m oslo_concurrency.prlimit --as=1073741824 --cpu=60 -- sudo cinder-rootwrap /etc/cinder/rootwrap.conf env LC_ALL=C qemu-img info -f qcow2 --output=json --force-share /opt/stack/data/cinder/mnt/6d2c27abf6b33b806f2aca72984e3119/volume-73cf133a-4587-4224-9285-999e2ce33170 {{(pid=88837) execute /opt/stack/data/venv/lib/python3.12/site-packages/oslo_concurrency/processutils.py:440}}
Jul 31 10:54:05 devstack sudo[92398]: quobyte : PWD=/ ; USER=root ; COMMAND=/opt/stack/data/venv/bin/cinder-rootwrap /etc/cinder/rootwrap.conf env LC_ALL=C qemu-img info -f qcow2 --output=json --force-share /opt/stack/data/cinder/mnt/6d2c27abf6b33b806f2aca72984e3119/volume-73cf133a-4587-4224-9285-999e2ce33170
Jul 31 10:54:05 devstack sudo[92398]: pam_unix(sudo:session): session opened for user root(uid=0) by (uid=1000)
Jul 31 10:54:05 devstack sudo[92398]: pam_unix(sudo:session): session closed for user root
Jul 31 10:54:05 devstack cinder-volume[88837]: DEBUG oslo_concurrency.processutils [req-1c9f06bd-a2cf-4a3c-bec8-41addf678f2a req-5bb1f729-30d9-40c8-bd88-031fd2ede472 tempest-VolumesSnapshotsTestJSON-975186103 None] CMD "/opt/stack/data/venv/bin/python3.12 -m oslo_concurrency.prlimit --as=1073741824 --cpu=60 -- sudo cinder-rootwrap /etc/cinder/rootwrap.conf env LC_ALL=C qemu-img info -f qcow2 --output=json --force-share /opt/stack/data/cinder/mnt/6d2c27abf6b33b806f2aca72984e3119/volume-73cf133a-4587-4224-9285-999e2ce33170" returned: 0 in 0.479s {{(pid=88837) execute /opt/stack/data/venv/lib/python3.12/site-packages/oslo_concurrency/processutils.py:468}}
Jul 31 10:54:05 devstack cinder-volume[88837]: DEBUG oslo_concurrency.processutils [req-1c9f06bd-a2cf-4a3c-bec8-41addf678f2a req-5bb1f729-30d9-40c8-bd88-031fd2ede472 tempest-VolumesSnapshotsTestJSON-975186103 None] Running cmd (subprocess): sudo cinder-rootwrap /etc/cinder/rootwrap.conf rm -f /opt/stack/data/cinder/mnt/6d2c27abf6b33b806f2aca72984e3119/volume-73cf133a-4587-4224-9285-999e2ce33170 {{(pid=88837) execute /opt/stack/data/venv/lib/python3.12/site-packages/oslo_concurrency/processutils.py:440}}
Jul 31 10:54:05 devstack sudo[92404]: quobyte : PWD=/ ; USER=root ; COMMAND=/opt/stack/data/venv/bin/cinder-rootwrap /etc/cinder/rootwrap.conf rm -f /opt/stack/data/cinder/mnt/6d2c27abf6b33b806f2aca72984e3119/volume-73cf133a-4587-4224-9285-999e2ce33170
Jul 31 10:54:05 devstack sudo[92404]: pam_unix(sudo:session): session opened for user root(uid=0) by (uid=1000)
Jul 31 10:54:05 devstack sudo[92404]: pam_unix(sudo:session): session closed for user root
Jul 31 10:54:05 devstack cinder-volume[88837]: DEBUG oslo_concurrency.processutils [req-1c9f06bd-a2cf-4a3c-bec8-41addf678f2a req-5bb1f729-30d9-40c8-bd88-031fd2ede472 tempest-VolumesSnapshotsTestJSON-975186103 None] CMD "sudo cinder-rootwrap /etc/cinder/rootwrap.conf rm -f /opt/stack/data/cinder/mnt/6d2c27abf6b33b806f2aca72984e3119/volume-73cf133a-4587-4224-9285-999e2ce33170" returned: 0 in 0.344s {{(pid=88837) execute /opt/stack/data/venv/lib/python3.12/site-packages/oslo_concurrency/processutils.py:468}}
Jul 31 10:54:05 devstack cinder-volume[88837]: DEBUG cinder.coordination [req-1c9f06bd-a2cf-4a3c-bec8-41addf678f2a req-5bb1f729-30d9-40c8-bd88-031fd2ede472 tempest-VolumesSnapshotsTestJSON-975186103 None] Lock "cinder-quobyte-73cf133a-4587-4224-9285-999e2ce33170" released by "delete_volume" :: held 0.926s {{(pid=88837) __release /opt/stack/cinder/cinder/coordination.py:152}}
Jul 31 10:54:05 devstack cinder-volume[88837]: DEBUG cinder.quota [req-1c9f06bd-a2cf-4a3c-bec8-41addf678f2a req-5bb1f729-30d9-40c8-bd88-031fd2ede472 tempest-VolumesSnapshotsTestJSON-975186103 None] Created reservations ['094c76d7-8267-4755-b81a-22ff06d1f8c7', '98bdc6c2-cb14-4cf1-9a45-6bce9db96190', '0c62920b-07af-4d3d-a49a-9328fa572959', '6efa4194-aea2-4af9-bbb5-500db56d901a'] {{(pid=88837) reserve /opt/stack/cinder/cinder/quota.py:752}}
Jul 31 10:54:05 devstack cinder-volume[88837]: DEBUG oslo_concurrency.lockutils [req-1c9f06bd-a2cf-4a3c-bec8-41addf678f2a req-5bb1f729-30d9-40c8-bd88-031fd2ede472 tempest-VolumesSnapshotsTestJSON-975186103 None] Acquiring lock "quobyte_ensure" by "cinder.volume.drivers.quobyte.QuobyteDriver._ensure_shares_mounted" {{(pid=88837) inner /opt/stack/data/venv/lib/python3.12/site-packages/oslo_concurrency/lockutils.py:512}}
Jul 31 10:54:05 devstack cinder-volume[88837]: DEBUG oslo_concurrency.lockutils [req-1c9f06bd-a2cf-4a3c-bec8-41addf678f2a req-5bb1f729-30d9-40c8-bd88-031fd2ede472 tempest-VolumesSnapshotsTestJSON-975186103 None] Lock "quobyte_ensure" acquired by "cinder.volume.drivers.quobyte.QuobyteDriver._ensure_shares_mounted" :: waited 0.001s {{(pid=88837) inner /opt/stack/data/venv/lib/python3.12/site-packages/oslo_concurrency/lockutils.py:525}}
Jul 31 10:54:05 devstack cinder-volume[88837]: DEBUG cinder.volume.drivers.quobyte [req-1c9f06bd-a2cf-4a3c-bec8-41addf678f2a req-5bb1f729-30d9-40c8-bd88-031fd2ede472 tempest-VolumesSnapshotsTestJSON-975186103 None] Quobyte Volume URL set to: {'osci02.corp.quobyte.com/cinder-vol-aa5565ef-c5d5-4a9e-8448-c4b4a407e8b3': None} {{(pid=88837) _load_shares_config /opt/stack/cinder/cinder/volume/drivers/quobyte.py:617}}
Jul 31 10:54:06 devstack cinder-volume[88837]: DEBUG cinder.volume.drivers.quobyte [req-1c9f06bd-a2cf-4a3c-bec8-41addf678f2a req-5bb1f729-30d9-40c8-bd88-031fd2ede472 tempest-VolumesSnapshotsTestJSON-975186103 None] Available shares ['osci02.corp.quobyte.com/cinder-vol-aa5565ef-c5d5-4a9e-8448-c4b4a407e8b3'] {{(pid=88837) _ensure_shares_mounted /opt/stack/cinder/cinder/volume/drivers/quobyte.py:647}}
Jul 31 10:54:06 devstack cinder-volume[88837]: DEBUG oslo_concurrency.lockutils [req-1c9f06bd-a2cf-4a3c-bec8-41addf678f2a req-5bb1f729-30d9-40c8-bd88-031fd2ede472 tempest-VolumesSnapshotsTestJSON-975186103 None] Lock "quobyte_ensure" "released" by "cinder.volume.drivers.quobyte.QuobyteDriver._ensure_shares_mounted" :: held 0.009s {{(pid=88837) inner /opt/stack/data/venv/lib/python3.12/site-packages/oslo_concurrency/lockutils.py:544}}
Jul 31 10:54:06 devstack cinder-volume[88837]: DEBUG oslo_concurrency.processutils [req-1c9f06bd-a2cf-4a3c-bec8-41addf678f2a req-5bb1f729-30d9-40c8-bd88-031fd2ede472 tempest-VolumesSnapshotsTestJSON-975186103 None] Running cmd (subprocess): sudo cinder-rootwrap /etc/cinder/rootwrap.conf df --portability --block-size 1 /opt/stack/data/cinder/mnt/6d2c27abf6b33b806f2aca72984e3119 {{(pid=88837) execute /opt/stack/data/venv/lib/python3.12/site-packages/oslo_concurrency/processutils.py:440}}
Jul 31 10:54:06 devstack sudo[92412]: quobyte : PWD=/ ; USER=root ; COMMAND=/opt/stack/data/venv/bin/cinder-rootwrap /etc/cinder/rootwrap.conf df --portability --block-size 1 /opt/stack/data/cinder/mnt/6d2c27abf6b33b806f2aca72984e3119
Jul 31 10:54:06 devstack sudo[92412]: pam_unix(sudo:session): session opened for user root(uid=0) by (uid=1000)
Jul 31 10:54:06 devstack cinder-volume[88837]: INFO cinder.volume.manager [req-58702961-2063-4865-a64a-0ecb69708449 req-1c6c58dc-d23f-469f-ab7a-65024929d38c tempest-TaggedAttachmentsTest-673862961 None] Terminate volume connection completed successfully.
Jul 31 10:54:06 devstack cinder-volume[88837]: DEBUG cinder.volume.manager [req-58702961-2063-4865-a64a-0ecb69708449 req-1c6c58dc-d23f-469f-ab7a-65024929d38c tempest-TaggedAttachmentsTest-673862961 None] Deleting attachment 45d8fa93-ec80-4a2a-aed9-a874004440af. {{(pid=88837) attachment_delete /opt/stack/cinder/cinder/volume/manager.py:5055}}
Jul 31 10:54:06 devstack sudo[92412]: pam_unix(sudo:session): session closed for user root
Jul 31 10:54:06 devstack cinder-volume[88837]: DEBUG oslo_concurrency.processutils [req-1c9f06bd-a2cf-4a3c-bec8-41addf678f2a req-5bb1f729-30d9-40c8-bd88-031fd2ede472 tempest-VolumesSnapshotsTestJSON-975186103 None] CMD "sudo cinder-rootwrap /etc/cinder/rootwrap.conf df --portability --block-size 1 /opt/stack/data/cinder/mnt/6d2c27abf6b33b806f2aca72984e3119" returned: 0 in 0.329s {{(pid=88837) execute /opt/stack/data/venv/lib/python3.12/site-packages/oslo_concurrency/processutils.py:468}}
Jul 31 10:54:06 devstack cinder-volume[88837]: DEBUG cinder.manager [req-1c9f06bd-a2cf-4a3c-bec8-41addf678f2a req-5bb1f729-30d9-40c8-bd88-031fd2ede472 tempest-VolumesSnapshotsTestJSON-975186103 None] Notifying Schedulers of capabilities ... {{(pid=88837) _publish_service_capabilities /opt/stack/cinder/cinder/manager.py:219}}
Jul 31 10:54:06 devstack cinder-volume[88837]: INFO cinder.volume.manager [req-1c9f06bd-a2cf-4a3c-bec8-41addf678f2a req-5bb1f729-30d9-40c8-bd88-031fd2ede472 tempest-VolumesSnapshotsTestJSON-975186103 None] Deleted volume successfully.
Jul 31 10:54:06 devstack cinder-volume[88837]: DEBUG cinder.coordination [req-1c9f06bd-a2cf-4a3c-bec8-41addf678f2a req-5bb1f729-30d9-40c8-bd88-031fd2ede472 tempest-VolumesSnapshotsTestJSON-975186103 None] Lock "cinder-73cf133a-4587-4224-9285-999e2ce33170-delete_volume" released by "delete_volume" :: held 1.665s {{(pid=88837) __release /opt/stack/cinder/cinder/coordination.py:152}}
Jul 31 10:54:07 devstack cinder-volume[88837]: DEBUG oslo_concurrency.lockutils [req-ef3ec9bc-b4ff-4060-9d63-b3e37a5abf2f req-8901536f-947f-4eb2-81d8-760588445b55 tempest-ServerActionsTestOtherA-1867674029 None] Acquiring lock "quobyte" by "cinder.volume.drivers.quobyte.QuobyteDriver.initialize_connection" {{(pid=88837) inner /opt/stack/data/venv/lib/python3.12/site-packages/oslo_concurrency/lockutils.py:512}}
Jul 31 10:54:07 devstack cinder-volume[88837]: DEBUG oslo_concurrency.lockutils [req-ef3ec9bc-b4ff-4060-9d63-b3e37a5abf2f req-8901536f-947f-4eb2-81d8-760588445b55 tempest-ServerActionsTestOtherA-1867674029 None] Lock "quobyte" acquired by "cinder.volume.drivers.quobyte.QuobyteDriver.initialize_connection" :: waited 0.001s {{(pid=88837) inner /opt/stack/data/venv/lib/python3.12/site-packages/oslo_concurrency/lockutils.py:525}}
Jul 31 10:54:07 devstack cinder-volume[88837]: DEBUG oslo.privsep.daemon [-] privsep: reply[1f94c08a-162a-445a-bd91-bf7a259e19c1]: (4, 'qcow2') {{(pid=90321) _call_back /opt/stack/data/venv/lib/python3.12/site-packages/oslo_privsep/daemon.py:580}}
Jul 31 10:54:07 devstack cinder-volume[88837]: DEBUG oslo_concurrency.processutils [req-ef3ec9bc-b4ff-4060-9d63-b3e37a5abf2f req-8901536f-947f-4eb2-81d8-760588445b55 tempest-ServerActionsTestOtherA-1867674029 None] Running cmd (subprocess): /opt/stack/data/venv/bin/python3.12 -m oslo_concurrency.prlimit --as=1073741824 --cpu=60 -- sudo cinder-rootwrap /etc/cinder/rootwrap.conf env LC_ALL=C qemu-img info -f qcow2 --output=json --force-share /opt/stack/data/cinder/mnt/6d2c27abf6b33b806f2aca72984e3119/volume-ef386c09-45f4-471e-8b6b-fb1abb0b676f {{(pid=88837) execute /opt/stack/data/venv/lib/python3.12/site-packages/oslo_concurrency/processutils.py:440}}
Jul 31 10:54:07 devstack sudo[92445]: quobyte : PWD=/ ; USER=root ; COMMAND=/opt/stack/data/venv/bin/cinder-rootwrap /etc/cinder/rootwrap.conf env LC_ALL=C qemu-img info -f qcow2 --output=json --force-share /opt/stack/data/cinder/mnt/6d2c27abf6b33b806f2aca72984e3119/volume-ef386c09-45f4-471e-8b6b-fb1abb0b676f
Jul 31 10:54:07 devstack sudo[92445]: pam_unix(sudo:session): session opened for user root(uid=0) by (uid=1000)
Jul 31 10:54:07 devstack sudo[92445]: pam_unix(sudo:session): session closed for user root
Jul 31 10:54:07 devstack cinder-volume[88837]: DEBUG oslo_concurrency.processutils [req-ef3ec9bc-b4ff-4060-9d63-b3e37a5abf2f req-8901536f-947f-4eb2-81d8-760588445b55 tempest-ServerActionsTestOtherA-1867674029 None] CMD "/opt/stack/data/venv/bin/python3.12 -m oslo_concurrency.prlimit --as=1073741824 --cpu=60 -- sudo cinder-rootwrap /etc/cinder/rootwrap.conf env LC_ALL=C qemu-img info -f qcow2 --output=json --force-share /opt/stack/data/cinder/mnt/6d2c27abf6b33b806f2aca72984e3119/volume-ef386c09-45f4-471e-8b6b-fb1abb0b676f" returned: 0 in 0.505s {{(pid=88837) execute /opt/stack/data/venv/lib/python3.12/site-packages/oslo_concurrency/processutils.py:468}}
