Aug 24 19:07:08 devstack cinder-volume[94847]: DEBUG oslo_concurrency.processutils [None req-be94772c-a789-433d-9703-dd9c654a9393 tempest-VolumeSnapshotQuotasNegativeTestJSON-711082633 None] CMD "sudo cinder-rootwrap /etc/cinder/rootwrap.conf qemu-img create -f qcow2 -o preallocation=metadata /opt/stack/data/cinder/mnt/4f579e306243f0cb54b7c23a3c1157e8/volume-b929298a-03ea-4b02-a0ac-000987d46da1 1073741824" returned: 0 in 0.605s {{(pid=94847) execute /opt/stack/data/venv/lib/python3.12/site-packages/oslo_concurrency/processutils.py:468}}
Aug 24 19:07:08 devstack cinder-volume[94847]: DEBUG oslo_concurrency.processutils [None req-be94772c-a789-433d-9703-dd9c654a9393 tempest-VolumeSnapshotQuotasNegativeTestJSON-711082633 None] Running cmd (subprocess): sudo cinder-rootwrap /etc/cinder/rootwrap.conf chmod ugo+rw /opt/stack/data/cinder/mnt/4f579e306243f0cb54b7c23a3c1157e8/volume-b929298a-03ea-4b02-a0ac-000987d46da1 {{(pid=94847) execute /opt/stack/data/venv/lib/python3.12/site-packages/oslo_concurrency/processutils.py:440}}
Aug 24 19:07:08 devstack sudo[102775]: quobyte : PWD=/ ; USER=root ; COMMAND=/opt/stack/data/venv/bin/cinder-rootwrap /etc/cinder/rootwrap.conf chmod ugo+rw /opt/stack/data/cinder/mnt/4f579e306243f0cb54b7c23a3c1157e8/volume-b929298a-03ea-4b02-a0ac-000987d46da1
Aug 24 19:07:08 devstack sudo[102775]: pam_unix(sudo:session): session opened for user root(uid=0) by (uid=1000)
Aug 24 19:07:09 devstack sudo[102775]: pam_unix(sudo:session): session closed for user root
Aug 24 19:07:09 devstack cinder-volume[94847]: DEBUG oslo_concurrency.processutils [None req-be94772c-a789-433d-9703-dd9c654a9393 tempest-VolumeSnapshotQuotasNegativeTestJSON-711082633 None] CMD "sudo cinder-rootwrap /etc/cinder/rootwrap.conf chmod ugo+rw /opt/stack/data/cinder/mnt/4f579e306243f0cb54b7c23a3c1157e8/volume-b929298a-03ea-4b02-a0ac-000987d46da1" returned: 0 in 0.254s {{(pid=94847) execute /opt/stack/data/venv/lib/python3.12/site-packages/oslo_concurrency/processutils.py:468}}
Aug 24 19:07:09 devstack cinder-volume[94847]: DEBUG cinder.volume.drivers.quobyte [None req-be94772c-a789-433d-9703-dd9c654a9393 tempest-VolumeSnapshotQuotasNegativeTestJSON-711082633 None] <== create_volume: return (925ms) {'provider_location': 'osci02.corp.quobyte.com/cinder-vol-bb5e672b-cbb6-464f-a5af-c6f277edf3fe'} {{(pid=94847) trace_logging_wrapper /opt/stack/cinder/cinder/volume/volume_utils.py:1522}}
Aug 24 19:07:09 devstack cinder-volume[94847]: DEBUG oslo_concurrency.lockutils [None req-be94772c-a789-433d-9703-dd9c654a9393 tempest-VolumeSnapshotQuotasNegativeTestJSON-711082633 None] Lock "quobyte" "released" by "cinder.volume.drivers.quobyte.QuobyteDriver.create_volume" :: held 0.931s {{(pid=94847) inner /opt/stack/data/venv/lib/python3.12/site-packages/oslo_concurrency/lockutils.py:544}}
Aug 24 19:07:09 devstack cinder-volume[94847]: DEBUG cinder.volume.manager [None req-be94772c-a789-433d-9703-dd9c654a9393 tempest-VolumeSnapshotQuotasNegativeTestJSON-711082633 None] Task 'cinder.volume.flows.manager.create_volume.CreateVolumeFromSpecTask;volume:create' (076219df-ecd4-4162-824f-0c230c71f91c) transitioned into state 'SUCCESS' from state 'RUNNING' with result '{'status': 'creating', 'volume_name': 'volume-b929298a-03ea-4b02-a0ac-000987d46da1', 'volume_size': 1}' {{(pid=94847) _task_receiver /opt/stack/data/venv/lib/python3.12/site-packages/taskflow/listeners/logging.py:218}}
Aug 24 19:07:09 devstack cinder-volume[94847]: DEBUG cinder.volume.manager [None req-be94772c-a789-433d-9703-dd9c654a9393 tempest-VolumeSnapshotQuotasNegativeTestJSON-711082633 None] Task 'cinder.volume.flows.manager.create_volume.CreateVolumeOnFinishTask;volume:create, create.end' (8d669df9-3e09-4100-b12f-21245207ce00) transitioned into state 'RUNNING' from state 'PENDING' {{(pid=94847) _task_receiver /opt/stack/data/venv/lib/python3.12/site-packages/taskflow/listeners/logging.py:242}}
Aug 24 19:07:09 devstack cinder-volume[94847]: INFO cinder.volume.flows.manager.create_volume [None req-be94772c-a789-433d-9703-dd9c654a9393 tempest-VolumeSnapshotQuotasNegativeTestJSON-711082633 None] Volume volume-b929298a-03ea-4b02-a0ac-000987d46da1 (b929298a-03ea-4b02-a0ac-000987d46da1): created successfully
Aug 24 19:07:09 devstack cinder-volume[94847]: DEBUG cinder.volume.manager [None req-be94772c-a789-433d-9703-dd9c654a9393 tempest-VolumeSnapshotQuotasNegativeTestJSON-711082633 None] Task 'cinder.volume.flows.manager.create_volume.CreateVolumeOnFinishTask;volume:create, create.end' (8d669df9-3e09-4100-b12f-21245207ce00) transitioned into state 'SUCCESS' from state 'RUNNING' with result 'None' {{(pid=94847) _task_receiver /opt/stack/data/venv/lib/python3.12/site-packages/taskflow/listeners/logging.py:218}}
Aug 24 19:07:09 devstack cinder-volume[94847]: DEBUG cinder.volume.manager [None req-be94772c-a789-433d-9703-dd9c654a9393 tempest-VolumeSnapshotQuotasNegativeTestJSON-711082633 None] Flow 'volume_create_manager' (4d54220e-d716-467d-906b-363e4ae51f4d) transitioned into state 'SUCCESS' from state 'RUNNING' {{(pid=94847) _flow_receiver /opt/stack/data/venv/lib/python3.12/site-packages/taskflow/listeners/logging.py:160}}
Aug 24 19:07:09 devstack cinder-volume[94847]: INFO cinder.volume.manager [None req-be94772c-a789-433d-9703-dd9c654a9393 tempest-VolumeSnapshotQuotasNegativeTestJSON-711082633 None] Created volume successfully.
Aug 24 19:07:10 devstack cinder-volume[94847]: DEBUG oslo_concurrency.lockutils [None req-d6342990-08eb-456c-9746-02ab601777f1 tempest-VolumeSnapshotQuotasNegativeTestJSON-711082633 None] Acquiring lock "quobyte" by "cinder.volume.drivers.quobyte.QuobyteDriver.create_snapshot" {{(pid=94847) inner /opt/stack/data/venv/lib/python3.12/site-packages/oslo_concurrency/lockutils.py:512}}
Aug 24 19:07:10 devstack cinder-volume[94847]: DEBUG oslo_concurrency.lockutils [None req-d6342990-08eb-456c-9746-02ab601777f1 tempest-VolumeSnapshotQuotasNegativeTestJSON-711082633 None] Lock "quobyte" acquired by "cinder.volume.drivers.quobyte.QuobyteDriver.create_snapshot" :: waited 0.001s {{(pid=94847) inner /opt/stack/data/venv/lib/python3.12/site-packages/oslo_concurrency/lockutils.py:525}}
Aug 24 19:07:10 devstack cinder-volume[94847]: DEBUG cinder.volume.drivers.remotefs [None req-d6342990-08eb-456c-9746-02ab601777f1 tempest-VolumeSnapshotQuotasNegativeTestJSON-711082633 None] Creating offline snapshot e48fd64d-2872-48e8-a1ac-6b6cffe6d0a0 of volume b929298a-03ea-4b02-a0ac-000987d46da1 {{(pid=94847) _create_snapshot /opt/stack/cinder/cinder/volume/drivers/remotefs.py:1816}}
Aug 24 19:07:10 devstack cinder-volume[94847]: DEBUG oslo.privsep.daemon [-] privsep: reply[96e39ae8-81f7-4c10-9297-b88e2eaeaa95]: (4, 'qcow2') {{(pid=96366) _call_back /opt/stack/data/venv/lib/python3.12/site-packages/oslo_privsep/daemon.py:580}}
Aug 24 19:07:10 devstack cinder-volume[94847]: DEBUG oslo_concurrency.processutils [None req-d6342990-08eb-456c-9746-02ab601777f1 tempest-VolumeSnapshotQuotasNegativeTestJSON-711082633 None] Running cmd (subprocess): /opt/stack/data/venv/bin/python3.12 -m oslo_concurrency.prlimit --as=1073741824 --cpu=60 -- sudo cinder-rootwrap /etc/cinder/rootwrap.conf env LC_ALL=C qemu-img info -f qcow2 --output=json --force-share /opt/stack/data/cinder/mnt/4f579e306243f0cb54b7c23a3c1157e8/volume-b929298a-03ea-4b02-a0ac-000987d46da1 {{(pid=94847) execute /opt/stack/data/venv/lib/python3.12/site-packages/oslo_concurrency/processutils.py:440}}
Aug 24 19:07:10 devstack sudo[102803]: quobyte : PWD=/ ; USER=root ; COMMAND=/opt/stack/data/venv/bin/cinder-rootwrap /etc/cinder/rootwrap.conf env LC_ALL=C qemu-img info -f qcow2 --output=json --force-share /opt/stack/data/cinder/mnt/4f579e306243f0cb54b7c23a3c1157e8/volume-b929298a-03ea-4b02-a0ac-000987d46da1
Aug 24 19:07:10 devstack sudo[102803]: pam_unix(sudo:session): session opened for user root(uid=0) by (uid=1000)
Aug 24 19:07:10 devstack sudo[102803]: pam_unix(sudo:session): session closed for user root
Aug 24 19:07:10 devstack cinder-volume[94847]: DEBUG oslo_concurrency.processutils [None req-d6342990-08eb-456c-9746-02ab601777f1 tempest-VolumeSnapshotQuotasNegativeTestJSON-711082633 None] CMD "/opt/stack/data/venv/bin/python3.12 -m oslo_concurrency.prlimit --as=1073741824 --cpu=60 -- sudo cinder-rootwrap /etc/cinder/rootwrap.conf env LC_ALL=C qemu-img info -f qcow2 --output=json --force-share /opt/stack/data/cinder/mnt/4f579e306243f0cb54b7c23a3c1157e8/volume-b929298a-03ea-4b02-a0ac-000987d46da1" returned: 0 in 0.442s {{(pid=94847) execute /opt/stack/data/venv/lib/python3.12/site-packages/oslo_concurrency/processutils.py:468}}
Aug 24 19:07:10 devstack cinder-volume[94847]: DEBUG oslo_concurrency.processutils [None req-d6342990-08eb-456c-9746-02ab601777f1 tempest-VolumeSnapshotQuotasNegativeTestJSON-711082633 None] Running cmd (subprocess): sudo cinder-rootwrap /etc/cinder/rootwrap.conf qemu-img create -f qcow2 -o backing_file=/opt/stack/data/cinder/mnt/4f579e306243f0cb54b7c23a3c1157e8/volume-b929298a-03ea-4b02-a0ac-000987d46da1,backing_fmt=qcow2 /opt/stack/data/cinder/mnt/4f579e306243f0cb54b7c23a3c1157e8/volume-b929298a-03ea-4b02-a0ac-000987d46da1.e48fd64d-2872-48e8-a1ac-6b6cffe6d0a0 1G {{(pid=94847) execute /opt/stack/data/venv/lib/python3.12/site-packages/oslo_concurrency/processutils.py:440}}
Aug 24 19:07:10 devstack sudo[102823]: quobyte : PWD=/ ; USER=root ; COMMAND=/opt/stack/data/venv/bin/cinder-rootwrap /etc/cinder/rootwrap.conf qemu-img create -f qcow2 -o backing_file=/opt/stack/data/cinder/mnt/4f579e306243f0cb54b7c23a3c1157e8/volume-b929298a-03ea-4b02-a0ac-000987d46da1,backing_fmt=qcow2 /opt/stack/data/cinder/mnt/4f579e306243f0cb54b7c23a3c1157e8/volume-b929298a-03ea-4b02-a0ac-000987d46da1.e48fd64d-2872-48e8-a1ac-6b6cffe6d0a0 1G
Aug 24 19:07:10 devstack sudo[102823]: pam_unix(sudo:session): session opened for user root(uid=0) by (uid=1000)
Aug 24 19:07:11 devstack cinder-volume[94847]: DEBUG oslo_concurrency.processutils [None req-d6342990-08eb-456c-9746-02ab601777f1 tempest-VolumeSnapshotQuotasNegativeTestJSON-711082633 None] CMD "sudo cinder-rootwrap /etc/cinder/rootwrap.conf qemu-img create -f qcow2 -o backing_file=/opt/stack/data/cinder/mnt/4f579e306243f0cb54b7c23a3c1157e8/volume-b929298a-03ea-4b02-a0ac-000987d46da1,backing_fmt=qcow2 /opt/stack/data/cinder/mnt/4f579e306243f0cb54b7c23a3c1157e8/volume-b929298a-03ea-4b02-a0ac-000987d46da1.e48fd64d-2872-48e8-a1ac-6b6cffe6d0a0 1G" returned: 0 in 0.729s {{(pid=94847) execute /opt/stack/data/venv/lib/python3.12/site-packages/oslo_concurrency/processutils.py:468}}
Aug 24 19:07:11 devstack cinder-volume[94847]: DEBUG oslo_concurrency.processutils [None req-d6342990-08eb-456c-9746-02ab601777f1 tempest-VolumeSnapshotQuotasNegativeTestJSON-711082633 None] Running cmd (subprocess): sudo cinder-rootwrap /etc/cinder/rootwrap.conf qemu-img rebase -u -b volume-b929298a-03ea-4b02-a0ac-000987d46da1 -F qcow2 /opt/stack/data/cinder/mnt/4f579e306243f0cb54b7c23a3c1157e8/volume-b929298a-03ea-4b02-a0ac-000987d46da1.e48fd64d-2872-48e8-a1ac-6b6cffe6d0a0 {{(pid=94847) execute /opt/stack/data/venv/lib/python3.12/site-packages/oslo_concurrency/processutils.py:440}}
Aug 24 19:07:11 devstack sudo[102823]: pam_unix(sudo:session): session closed for user root
Aug 24 19:07:11 devstack sudo[102842]: quobyte : PWD=/ ; USER=root ; COMMAND=/opt/stack/data/venv/bin/cinder-rootwrap /etc/cinder/rootwrap.conf qemu-img rebase -u -b volume-b929298a-03ea-4b02-a0ac-000987d46da1 -F qcow2 /opt/stack/data/cinder/mnt/4f579e306243f0cb54b7c23a3c1157e8/volume-b929298a-03ea-4b02-a0ac-000987d46da1.e48fd64d-2872-48e8-a1ac-6b6cffe6d0a0
Aug 24 19:07:11 devstack sudo[102842]: pam_unix(sudo:session): session opened for user root(uid=0) by (uid=1000)
Aug 24 19:07:12 devstack sudo[102842]: pam_unix(sudo:session): session closed for user root
Aug 24 19:07:12 devstack cinder-volume[94847]: DEBUG oslo_concurrency.processutils [None req-d6342990-08eb-456c-9746-02ab601777f1 tempest-VolumeSnapshotQuotasNegativeTestJSON-711082633 None] CMD "sudo cinder-rootwrap /etc/cinder/rootwrap.conf qemu-img rebase -u -b volume-b929298a-03ea-4b02-a0ac-000987d46da1 -F qcow2 /opt/stack/data/cinder/mnt/4f579e306243f0cb54b7c23a3c1157e8/volume-b929298a-03ea-4b02-a0ac-000987d46da1.e48fd64d-2872-48e8-a1ac-6b6cffe6d0a0" returned: 0 in 0.443s {{(pid=94847) execute /opt/stack/data/venv/lib/python3.12/site-packages/oslo_concurrency/processutils.py:468}}
Aug 24 19:07:12 devstack cinder-volume[94847]: WARNING cinder.volume.drivers.remotefs [None req-d6342990-08eb-456c-9746-02ab601777f1 tempest-VolumeSnapshotQuotasNegativeTestJSON-711082633 None] /opt/stack/data/cinder/mnt/4f579e306243f0cb54b7c23a3c1157e8/volume-b929298a-03ea-4b02-a0ac-000987d46da1.e48fd64d-2872-48e8-a1ac-6b6cffe6d0a0 is being set with open permissions: ugo+rw
Aug 24 19:07:12 devstack cinder-volume[94847]: DEBUG oslo_concurrency.processutils [None req-d6342990-08eb-456c-9746-02ab601777f1 tempest-VolumeSnapshotQuotasNegativeTestJSON-711082633 None] Running cmd (subprocess): sudo cinder-rootwrap /etc/cinder/rootwrap.conf chmod ugo+rw /opt/stack/data/cinder/mnt/4f579e306243f0cb54b7c23a3c1157e8/volume-b929298a-03ea-4b02-a0ac-000987d46da1.e48fd64d-2872-48e8-a1ac-6b6cffe6d0a0 {{(pid=94847) execute /opt/stack/data/venv/lib/python3.12/site-packages/oslo_concurrency/processutils.py:440}}
Aug 24 19:07:12 devstack sudo[102848]: quobyte : PWD=/ ; USER=root ; COMMAND=/opt/stack/data/venv/bin/cinder-rootwrap /etc/cinder/rootwrap.conf chmod ugo+rw /opt/stack/data/cinder/mnt/4f579e306243f0cb54b7c23a3c1157e8/volume-b929298a-03ea-4b02-a0ac-000987d46da1.e48fd64d-2872-48e8-a1ac-6b6cffe6d0a0
Aug 24 19:07:12 devstack sudo[102848]: pam_unix(sudo:session): session opened for user root(uid=0) by (uid=1000)
Aug 24 19:07:12 devstack sudo[102848]: pam_unix(sudo:session): session closed for user root
Aug 24 19:07:12 devstack cinder-volume[94847]: DEBUG oslo_concurrency.processutils [None req-d6342990-08eb-456c-9746-02ab601777f1 tempest-VolumeSnapshotQuotasNegativeTestJSON-711082633 None] CMD "sudo cinder-rootwrap /etc/cinder/rootwrap.conf chmod ugo+rw /opt/stack/data/cinder/mnt/4f579e306243f0cb54b7c23a3c1157e8/volume-b929298a-03ea-4b02-a0ac-000987d46da1.e48fd64d-2872-48e8-a1ac-6b6cffe6d0a0" returned: 0 in 0.272s {{(pid=94847) execute /opt/stack/data/venv/lib/python3.12/site-packages/oslo_concurrency/processutils.py:468}}
Aug 24 19:07:12 devstack cinder-volume[94847]: DEBUG oslo_concurrency.processutils [None req-d6342990-08eb-456c-9746-02ab601777f1 tempest-VolumeSnapshotQuotasNegativeTestJSON-711082633 None] Running cmd (subprocess): sudo cinder-rootwrap /etc/cinder/rootwrap.conf truncate -s0 /opt/stack/data/cinder/mnt/4f579e306243f0cb54b7c23a3c1157e8/volume-b929298a-03ea-4b02-a0ac-000987d46da1.info {{(pid=94847) execute /opt/stack/data/venv/lib/python3.12/site-packages/oslo_concurrency/processutils.py:440}}
Aug 24 19:07:12 devstack sudo[102853]: quobyte : PWD=/ ; USER=root ; COMMAND=/opt/stack/data/venv/bin/cinder-rootwrap /etc/cinder/rootwrap.conf truncate -s0 /opt/stack/data/cinder/mnt/4f579e306243f0cb54b7c23a3c1157e8/volume-b929298a-03ea-4b02-a0ac-000987d46da1.info
Aug 24 19:07:12 devstack sudo[102853]: pam_unix(sudo:session): session opened for user root(uid=0) by (uid=1000)
Aug 24 19:07:12 devstack sudo[102853]: pam_unix(sudo:session): session closed for user root
Aug 24 19:07:13 devstack cinder-volume[94847]: DEBUG oslo_concurrency.processutils [None req-d6342990-08eb-456c-9746-02ab601777f1 tempest-VolumeSnapshotQuotasNegativeTestJSON-711082633 None] CMD "sudo cinder-rootwrap /etc/cinder/rootwrap.conf truncate -s0 /opt/stack/data/cinder/mnt/4f579e306243f0cb54b7c23a3c1157e8/volume-b929298a-03ea-4b02-a0ac-000987d46da1.info" returned: 0 in 0.580s {{(pid=94847) execute /opt/stack/data/venv/lib/python3.12/site-packages/oslo_concurrency/processutils.py:468}}
Aug 24 19:07:13 devstack cinder-volume[94847]: WARNING cinder.volume.drivers.remotefs [None req-d6342990-08eb-456c-9746-02ab601777f1 tempest-VolumeSnapshotQuotasNegativeTestJSON-711082633 None] /opt/stack/data/cinder/mnt/4f579e306243f0cb54b7c23a3c1157e8/volume-b929298a-03ea-4b02-a0ac-000987d46da1.info is being set with open permissions: ugo+rw
Aug 24 19:07:13 devstack cinder-volume[94847]: DEBUG oslo_concurrency.processutils [None req-d6342990-08eb-456c-9746-02ab601777f1 tempest-VolumeSnapshotQuotasNegativeTestJSON-711082633 None] Running cmd (subprocess): sudo cinder-rootwrap /etc/cinder/rootwrap.conf chmod ugo+rw /opt/stack/data/cinder/mnt/4f579e306243f0cb54b7c23a3c1157e8/volume-b929298a-03ea-4b02-a0ac-000987d46da1.info {{(pid=94847) execute /opt/stack/data/venv/lib/python3.12/site-packages/oslo_concurrency/processutils.py:440}}
Aug 24 19:07:13 devstack sudo[102856]: quobyte : PWD=/ ; USER=root ; COMMAND=/opt/stack/data/venv/bin/cinder-rootwrap /etc/cinder/rootwrap.conf chmod ugo+rw /opt/stack/data/cinder/mnt/4f579e306243f0cb54b7c23a3c1157e8/volume-b929298a-03ea-4b02-a0ac-000987d46da1.info
Aug 24 19:07:13 devstack sudo[102856]: pam_unix(sudo:session): session opened for user root(uid=0) by (uid=1000)
Aug 24 19:07:13 devstack sudo[102856]: pam_unix(sudo:session): session closed for user root
Aug 24 19:07:13 devstack cinder-volume[94847]: DEBUG oslo_concurrency.processutils [None req-d6342990-08eb-456c-9746-02ab601777f1 tempest-VolumeSnapshotQuotasNegativeTestJSON-711082633 None] CMD "sudo cinder-rootwrap /etc/cinder/rootwrap.conf chmod ugo+rw /opt/stack/data/cinder/mnt/4f579e306243f0cb54b7c23a3c1157e8/volume-b929298a-03ea-4b02-a0ac-000987d46da1.info" returned: 0 in 0.364s {{(pid=94847) execute /opt/stack/data/venv/lib/python3.12/site-packages/oslo_concurrency/processutils.py:468}}
Aug 24 19:07:13 devstack cinder-volume[94847]: DEBUG oslo_concurrency.lockutils [None req-d6342990-08eb-456c-9746-02ab601777f1 tempest-VolumeSnapshotQuotasNegativeTestJSON-711082633 None] Lock "quobyte" "released" by "cinder.volume.drivers.quobyte.QuobyteDriver.create_snapshot" :: held 2.972s {{(pid=94847) inner /opt/stack/data/venv/lib/python3.12/site-packages/oslo_concurrency/lockutils.py:544}}
Aug 24 19:07:13 devstack cinder-volume[94847]: INFO cinder.volume.manager [None req-d6342990-08eb-456c-9746-02ab601777f1 tempest-VolumeSnapshotQuotasNegativeTestJSON-711082633 None] Create snapshot completed successfully
Aug 24 19:07:14 devstack cinder-volume[94847]: DEBUG cinder.coordination [None req-8972a2cc-5b4d-4923-a805-c35e7c015c35 tempest-VolumeSnapshotQuotasNegativeTestJSON-711082633 None] Acquiring lock "cinder-e48fd64d-2872-48e8-a1ac-6b6cffe6d0a0-delete_snapshot" by "delete_snapshot" {{(pid=94847) __acquire /opt/stack/cinder/cinder/coordination.py:138}}
Aug 24 19:07:14 devstack cinder-volume[94847]: DEBUG cinder.coordination [None req-8972a2cc-5b4d-4923-a805-c35e7c015c35 tempest-VolumeSnapshotQuotasNegativeTestJSON-711082633 None] Lock "cinder-e48fd64d-2872-48e8-a1ac-6b6cffe6d0a0-delete_snapshot" acquired by "delete_snapshot" :: waited 0.029s {{(pid=94847) __acquire /opt/stack/cinder/cinder/coordination.py:141}}
Aug 24 19:07:14 devstack cinder-volume[94847]: DEBUG cinder.coordination [None req-8972a2cc-5b4d-4923-a805-c35e7c015c35 tempest-VolumeSnapshotQuotasNegativeTestJSON-711082633 None] Acquiring lock "cinder-quobyte-b929298a-03ea-4b02-a0ac-000987d46da1" by "delete_snapshot" {{(pid=94847) __acquire /opt/stack/cinder/cinder/coordination.py:138}}
Aug 24 19:07:14 devstack cinder-volume[94847]: DEBUG cinder.coordination [None req-8972a2cc-5b4d-4923-a805-c35e7c015c35 tempest-VolumeSnapshotQuotasNegativeTestJSON-711082633 None] Lock "cinder-quobyte-b929298a-03ea-4b02-a0ac-000987d46da1" acquired by "delete_snapshot" :: waited 0.027s {{(pid=94847) __acquire /opt/stack/cinder/cinder/coordination.py:141}}
Aug 24 19:07:14 devstack cinder-volume[94847]: DEBUG cinder.coordination [None req-8972a2cc-5b4d-4923-a805-c35e7c015c35 tempest-VolumeSnapshotQuotasNegativeTestJSON-711082633 None] Acquiring lock "cinder-quobyte-e48fd64d-2872-48e8-a1ac-6b6cffe6d0a0" by "_delete_snapshot" {{(pid=94847) __acquire /opt/stack/cinder/cinder/coordination.py:138}}
Aug 24 19:07:14 devstack cinder-volume[94847]: DEBUG cinder.coordination [None req-8972a2cc-5b4d-4923-a805-c35e7c015c35 tempest-VolumeSnapshotQuotasNegativeTestJSON-711082633 None] Lock "cinder-quobyte-e48fd64d-2872-48e8-a1ac-6b6cffe6d0a0" acquired by "_delete_snapshot" :: waited 0.018s {{(pid=94847) __acquire /opt/stack/cinder/cinder/coordination.py:141}}
Aug 24 19:07:14 devstack cinder-volume[94847]: DEBUG cinder.volume.drivers.remotefs [None req-8972a2cc-5b4d-4923-a805-c35e7c015c35 tempest-VolumeSnapshotQuotasNegativeTestJSON-711082633 None] Deleting offline snapshot e48fd64d-2872-48e8-a1ac-6b6cffe6d0a0 of volume b929298a-03ea-4b02-a0ac-000987d46da1 {{(pid=94847) _delete_snapshot /opt/stack/cinder/cinder/volume/drivers/remotefs.py:1288}}
Aug 24 19:07:14 devstack cinder-volume[94847]: DEBUG cinder.volume.drivers.remotefs [None req-8972a2cc-5b4d-4923-a805-c35e7c015c35 tempest-VolumeSnapshotQuotasNegativeTestJSON-711082633 None] snapshot_file for this snap is: volume-b929298a-03ea-4b02-a0ac-000987d46da1.e48fd64d-2872-48e8-a1ac-6b6cffe6d0a0 {{(pid=94847) _delete_snapshot /opt/stack/cinder/cinder/volume/drivers/remotefs.py:1317}}
Aug 24 19:07:14 devstack cinder-volume[94847]: DEBUG oslo.privsep.daemon [-] privsep: reply[6fe6925e-ed9b-4cd6-9c0c-b1603141f614]: (4, 'qcow2') {{(pid=96366) _call_back /opt/stack/data/venv/lib/python3.12/site-packages/oslo_privsep/daemon.py:580}}
Aug 24 19:07:14 devstack cinder-volume[94847]: DEBUG oslo_concurrency.processutils [None req-8972a2cc-5b4d-4923-a805-c35e7c015c35 tempest-VolumeSnapshotQuotasNegativeTestJSON-711082633 None] Running cmd (subprocess): /opt/stack/data/venv/bin/python3.12 -m oslo_concurrency.prlimit --as=1073741824 --cpu=60 -- sudo cinder-rootwrap /etc/cinder/rootwrap.conf env LC_ALL=C qemu-img info -f qcow2 --output=json --force-share /opt/stack/data/cinder/mnt/4f579e306243f0cb54b7c23a3c1157e8/volume-b929298a-03ea-4b02-a0ac-000987d46da1.e48fd64d-2872-48e8-a1ac-6b6cffe6d0a0 {{(pid=94847) execute /opt/stack/data/venv/lib/python3.12/site-packages/oslo_concurrency/processutils.py:440}}
Aug 24 19:07:14 devstack sudo[102863]: quobyte : PWD=/ ; USER=root ; COMMAND=/opt/stack/data/venv/bin/cinder-rootwrap /etc/cinder/rootwrap.conf env LC_ALL=C qemu-img info -f qcow2 --output=json --force-share /opt/stack/data/cinder/mnt/4f579e306243f0cb54b7c23a3c1157e8/volume-b929298a-03ea-4b02-a0ac-000987d46da1.e48fd64d-2872-48e8-a1ac-6b6cffe6d0a0
Aug 24 19:07:14 devstack sudo[102863]: pam_unix(sudo:session): session opened for user root(uid=0) by (uid=1000)
Aug 24 19:07:14 devstack sudo[102863]: pam_unix(sudo:session): session closed for user root
Aug 24 19:07:14 devstack cinder-volume[94847]: DEBUG oslo_concurrency.processutils [None req-8972a2cc-5b4d-4923-a805-c35e7c015c35 tempest-VolumeSnapshotQuotasNegativeTestJSON-711082633 None] CMD "/opt/stack/data/venv/bin/python3.12 -m oslo_concurrency.prlimit --as=1073741824 --cpu=60 -- sudo cinder-rootwrap /etc/cinder/rootwrap.conf env LC_ALL=C qemu-img info -f qcow2 --output=json --force-share /opt/stack/data/cinder/mnt/4f579e306243f0cb54b7c23a3c1157e8/volume-b929298a-03ea-4b02-a0ac-000987d46da1.e48fd64d-2872-48e8-a1ac-6b6cffe6d0a0" returned: 0 in 0.458s {{(pid=94847) execute /opt/stack/data/venv/lib/python3.12/site-packages/oslo_concurrency/processutils.py:468}}
Aug 24 19:07:14 devstack cinder-volume[94847]: DEBUG cinder.volume.drivers.remotefs [None req-8972a2cc-5b4d-4923-a805-c35e7c015c35 tempest-VolumeSnapshotQuotasNegativeTestJSON-711082633 None] Fetching qemu-img info with special backing_file_template: (/opt/stack/data/cinder/mnt/[0-9a-f]+/)?(volume-b929298a-03ea-4b02-a0ac-000987d46da1(.(tmp-snap-)?[0-9a-f-]+)?|volume_from_snapshot_cache/(tmp-snap-)?[0-9a-f-]+(.(child-|parent-)[0-9a-f-]+)?)$ {{(pid=94847) _qemu_img_info_base /opt/stack/cinder/cinder/volume/drivers/remotefs.py:896}}
Aug 24 19:07:14 devstack cinder-volume[94847]: DEBUG oslo.privsep.daemon [-] privsep: reply[5217708f-6658-42ca-801b-064c0a21c33b]: (4, 'qcow2') {{(pid=96366) _call_back /opt/stack/data/venv/lib/python3.12/site-packages/oslo_privsep/daemon.py:580}}
Aug 24 19:07:14 devstack cinder-volume[94847]: DEBUG oslo_concurrency.processutils [None req-8972a2cc-5b4d-4923-a805-c35e7c015c35 tempest-VolumeSnapshotQuotasNegativeTestJSON-711082633 None] Running cmd (subprocess): /opt/stack/data/venv/bin/python3.12 -m oslo_concurrency.prlimit --as=1073741824 --cpu=60 -- sudo cinder-rootwrap /etc/cinder/rootwrap.conf env LC_ALL=C qemu-img info -f qcow2 --output=json --force-share /opt/stack/data/cinder/mnt/4f579e306243f0cb54b7c23a3c1157e8/volume-b929298a-03ea-4b02-a0ac-000987d46da1 {{(pid=94847) execute /opt/stack/data/venv/lib/python3.12/site-packages/oslo_concurrency/processutils.py:440}}
Aug 24 19:07:15 devstack sudo[102885]: quobyte : PWD=/ ; USER=root ; COMMAND=/opt/stack/data/venv/bin/cinder-rootwrap /etc/cinder/rootwrap.conf env LC_ALL=C qemu-img info -f qcow2 --output=json --force-share /opt/stack/data/cinder/mnt/4f579e306243f0cb54b7c23a3c1157e8/volume-b929298a-03ea-4b02-a0ac-000987d46da1
Aug 24 19:07:15 devstack sudo[102885]: pam_unix(sudo:session): session opened for user root(uid=0) by (uid=1000)
Aug 24 19:07:15 devstack sudo[102885]: pam_unix(sudo:session): session closed for user root
Aug 24 19:07:15 devstack cinder-volume[94847]: DEBUG oslo_concurrency.processutils [None req-8972a2cc-5b4d-4923-a805-c35e7c015c35 tempest-VolumeSnapshotQuotasNegativeTestJSON-711082633 None] CMD "/opt/stack/data/venv/bin/python3.12 -m oslo_concurrency.prlimit --as=1073741824 --cpu=60 -- sudo cinder-rootwrap /etc/cinder/rootwrap.conf env LC_ALL=C qemu-img info -f qcow2 --output=json --force-share /opt/stack/data/cinder/mnt/4f579e306243f0cb54b7c23a3c1157e8/volume-b929298a-03ea-4b02-a0ac-000987d46da1" returned: 0 in 0.390s {{(pid=94847) execute /opt/stack/data/venv/lib/python3.12/site-packages/oslo_concurrency/processutils.py:468}}
Aug 24 19:07:15 devstack cinder-volume[94847]: DEBUG oslo_concurrency.processutils [None req-8972a2cc-5b4d-4923-a805-c35e7c015c35 tempest-VolumeSnapshotQuotasNegativeTestJSON-711082633 None] Running cmd (subprocess): sudo cinder-rootwrap /etc/cinder/rootwrap.conf qemu-img commit -d /opt/stack/data/cinder/mnt/4f579e306243f0cb54b7c23a3c1157e8/volume-b929298a-03ea-4b02-a0ac-000987d46da1.e48fd64d-2872-48e8-a1ac-6b6cffe6d0a0 {{(pid=94847) execute /opt/stack/data/venv/lib/python3.12/site-packages/oslo_concurrency/processutils.py:440}}
Aug 24 19:07:15 devstack sudo[102902]: quobyte : PWD=/ ; USER=root ; COMMAND=/opt/stack/data/venv/bin/cinder-rootwrap /etc/cinder/rootwrap.conf qemu-img commit -d /opt/stack/data/cinder/mnt/4f579e306243f0cb54b7c23a3c1157e8/volume-b929298a-03ea-4b02-a0ac-000987d46da1.e48fd64d-2872-48e8-a1ac-6b6cffe6d0a0
Aug 24 19:07:15 devstack sudo[102902]: pam_unix(sudo:session): session opened for user root(uid=0) by (uid=1000)
Aug 24 19:07:15 devstack sudo[102902]: pam_unix(sudo:session): session closed for user root
Aug 24 19:07:15 devstack cinder-volume[94847]: DEBUG oslo_concurrency.processutils [None req-8972a2cc-5b4d-4923-a805-c35e7c015c35 tempest-VolumeSnapshotQuotasNegativeTestJSON-711082633 None] CMD "sudo cinder-rootwrap /etc/cinder/rootwrap.conf qemu-img commit -d /opt/stack/data/cinder/mnt/4f579e306243f0cb54b7c23a3c1157e8/volume-b929298a-03ea-4b02-a0ac-000987d46da1.e48fd64d-2872-48e8-a1ac-6b6cffe6d0a0" returned: 0 in 0.400s {{(pid=94847) execute /opt/stack/data/venv/lib/python3.12/site-packages/oslo_concurrency/processutils.py:468}}
Aug 24 19:07:15 devstack cinder-volume[94847]: DEBUG oslo_concurrency.processutils [None req-8972a2cc-5b4d-4923-a805-c35e7c015c35 tempest-VolumeSnapshotQuotasNegativeTestJSON-711082633 None] Running cmd (subprocess): sudo cinder-rootwrap /etc/cinder/rootwrap.conf rm -f /opt/stack/data/cinder/mnt/4f579e306243f0cb54b7c23a3c1157e8/volume-b929298a-03ea-4b02-a0ac-000987d46da1.e48fd64d-2872-48e8-a1ac-6b6cffe6d0a0 {{(pid=94847) execute /opt/stack/data/venv/lib/python3.12/site-packages/oslo_concurrency/processutils.py:440}}
Aug 24 19:07:15 devstack sudo[102923]: quobyte : PWD=/ ; USER=root ; COMMAND=/opt/stack/data/venv/bin/cinder-rootwrap /etc/cinder/rootwrap.conf rm -f /opt/stack/data/cinder/mnt/4f579e306243f0cb54b7c23a3c1157e8/volume-b929298a-03ea-4b02-a0ac-000987d46da1.e48fd64d-2872-48e8-a1ac-6b6cffe6d0a0
Aug 24 19:07:15 devstack sudo[102923]: pam_unix(sudo:session): session opened for user root(uid=0) by (uid=1000)
Aug 24 19:07:15 devstack sudo[102923]: pam_unix(sudo:session): session closed for user root
Aug 24 19:07:15 devstack cinder-volume[94847]: DEBUG oslo_concurrency.processutils [None req-8972a2cc-5b4d-4923-a805-c35e7c015c35 tempest-VolumeSnapshotQuotasNegativeTestJSON-711082633 None] CMD "sudo cinder-rootwrap /etc/cinder/rootwrap.conf rm -f /opt/stack/data/cinder/mnt/4f579e306243f0cb54b7c23a3c1157e8/volume-b929298a-03ea-4b02-a0ac-000987d46da1.e48fd64d-2872-48e8-a1ac-6b6cffe6d0a0" returned: 0 in 0.277s {{(pid=94847) execute /opt/stack/data/venv/lib/python3.12/site-packages/oslo_concurrency/processutils.py:468}}
Aug 24 19:07:16 devstack cinder-volume[94847]: DEBUG cinder.coordination [None req-8972a2cc-5b4d-4923-a805-c35e7c015c35 tempest-VolumeSnapshotQuotasNegativeTestJSON-711082633 None] Lock "cinder-quobyte-e48fd64d-2872-48e8-a1ac-6b6cffe6d0a0" released by "_delete_snapshot" :: held 1.671s {{(pid=94847) __release /opt/stack/cinder/cinder/coordination.py:152}}
Aug 24 19:07:16 devstack cinder-volume[94847]: DEBUG cinder.coordination [None req-8972a2cc-5b4d-4923-a805-c35e7c015c35 tempest-VolumeSnapshotQuotasNegativeTestJSON-711082633 None] Lock "cinder-quobyte-b929298a-03ea-4b02-a0ac-000987d46da1" released by "delete_snapshot" :: held 1.706s {{(pid=94847) __release /opt/stack/cinder/cinder/coordination.py:152}}
Aug 24 19:07:16 devstack cinder-volume[94847]: WARNING cinder.quota [None req-8972a2cc-5b4d-4923-a805-c35e7c015c35 tempest-VolumeSnapshotQuotasNegativeTestJSON-711082633 None] Deprecated: Default quota for resource: snapshots_QuobyteHD is set by the default quota flag: quota_snapshots_QuobyteHD, it is now deprecated. Please use the default quota class for default quota.
Aug 24 19:07:16 devstack cinder-volume[94847]: DEBUG cinder.quota [None req-8972a2cc-5b4d-4923-a805-c35e7c015c35 tempest-VolumeSnapshotQuotasNegativeTestJSON-711082633 None] Created reservations ['fc8a9f3a-4496-48b1-92fa-8a1aced518f4', '6b186f37-c28e-4272-bb58-ecf4955e5544', 'a7de7050-bff2-4f9d-8501-078f824b1b32', '60657920-eb74-421b-8608-e57a553cccaa'] {{(pid=94847) reserve /opt/stack/cinder/cinder/quota.py:752}}
Aug 24 19:07:16 devstack cinder-volume[94847]: INFO cinder.volume.manager [None req-8972a2cc-5b4d-4923-a805-c35e7c015c35 tempest-VolumeSnapshotQuotasNegativeTestJSON-711082633 None] Delete snapshot completed successfully.
Aug 24 19:07:16 devstack cinder-volume[94847]: DEBUG cinder.coordination [None req-8972a2cc-5b4d-4923-a805-c35e7c015c35 tempest-VolumeSnapshotQuotasNegativeTestJSON-711082633 None] Lock "cinder-e48fd64d-2872-48e8-a1ac-6b6cffe6d0a0-delete_snapshot" released by "delete_snapshot" :: held 1.895s {{(pid=94847) __release /opt/stack/cinder/cinder/coordination.py:152}}
Aug 24 19:07:16 devstack cinder-volume[94847]: DEBUG cinder.coordination [None req-fc1ad001-d67d-40fc-9255-67252a122f7f tempest-VolumeSnapshotQuotasNegativeTestJSON-711082633 None] Acquiring lock "cinder-b929298a-03ea-4b02-a0ac-000987d46da1-delete_volume" by "delete_volume" {{(pid=94847) __acquire /opt/stack/cinder/cinder/coordination.py:138}}
Aug 24 19:07:16 devstack cinder-volume[94847]: DEBUG cinder.coordination [None req-fc1ad001-d67d-40fc-9255-67252a122f7f tempest-VolumeSnapshotQuotasNegativeTestJSON-711082633 None] Lock "cinder-b929298a-03ea-4b02-a0ac-000987d46da1-delete_volume" acquired by "delete_volume" :: waited 0.024s {{(pid=94847) __acquire /opt/stack/cinder/cinder/coordination.py:141}}
Aug 24 19:07:16 devstack cinder-volume[94847]: DEBUG cinder.coordination [None req-fc1ad001-d67d-40fc-9255-67252a122f7f tempest-VolumeSnapshotQuotasNegativeTestJSON-711082633 None] Acquiring lock "cinder-quobyte-b929298a-03ea-4b02-a0ac-000987d46da1" by "delete_volume" {{(pid=94847) __acquire /opt/stack/cinder/cinder/coordination.py:138}}
Aug 24 19:07:16 devstack cinder-volume[94847]: DEBUG cinder.coordination [None req-fc1ad001-d67d-40fc-9255-67252a122f7f tempest-VolumeSnapshotQuotasNegativeTestJSON-711082633 None] Lock "cinder-quobyte-b929298a-03ea-4b02-a0ac-000987d46da1" acquired by "delete_volume" :: waited 0.038s {{(pid=94847) __acquire /opt/stack/cinder/cinder/coordination.py:141}}
Aug 24 19:07:16 devstack cinder-volume[94847]: DEBUG oslo.privsep.daemon [-] privsep: reply[223aa2a4-1d03-43bc-b336-3ef3cf2218bf]: (4, 'qcow2') {{(pid=96366) _call_back /opt/stack/data/venv/lib/python3.12/site-packages/oslo_privsep/daemon.py:580}}
Aug 24 19:07:16 devstack cinder-volume[94847]: DEBUG oslo_concurrency.processutils [None req-fc1ad001-d67d-40fc-9255-67252a122f7f tempest-VolumeSnapshotQuotasNegativeTestJSON-711082633 None] Running cmd (subprocess): /opt/stack/data/venv/bin/python3.12 -m oslo_concurrency.prlimit --as=1073741824 --cpu=60 -- sudo cinder-rootwrap /etc/cinder/rootwrap.conf env LC_ALL=C qemu-img info -f qcow2 --output=json --force-share /opt/stack/data/cinder/mnt/4f579e306243f0cb54b7c23a3c1157e8/volume-b929298a-03ea-4b02-a0ac-000987d46da1 {{(pid=94847) execute /opt/stack/data/venv/lib/python3.12/site-packages/oslo_concurrency/processutils.py:440}}
Aug 24 19:07:16 devstack sudo[102928]: quobyte : PWD=/ ; USER=root ; COMMAND=/opt/stack/data/venv/bin/cinder-rootwrap /etc/cinder/rootwrap.conf env LC_ALL=C qemu-img info -f qcow2 --output=json --force-share /opt/stack/data/cinder/mnt/4f579e306243f0cb54b7c23a3c1157e8/volume-b929298a-03ea-4b02-a0ac-000987d46da1
Aug 24 19:07:16 devstack sudo[102928]: pam_unix(sudo:session): session opened for user root(uid=0) by (uid=1000)
Aug 24 19:07:17 devstack sudo[102928]: pam_unix(sudo:session): session closed for user root
Aug 24 19:07:17 devstack cinder-volume[94847]: DEBUG oslo_concurrency.processutils [None req-fc1ad001-d67d-40fc-9255-67252a122f7f tempest-VolumeSnapshotQuotasNegativeTestJSON-711082633 None] CMD "/opt/stack/data/venv/bin/python3.12 -m oslo_concurrency.prlimit --as=1073741824 --cpu=60 -- sudo cinder-rootwrap /etc/cinder/rootwrap.conf env LC_ALL=C qemu-img info -f qcow2 --output=json --force-share /opt/stack/data/cinder/mnt/4f579e306243f0cb54b7c23a3c1157e8/volume-b929298a-03ea-4b02-a0ac-000987d46da1" returned: 0 in 0.459s {{(pid=94847) execute /opt/stack/data/venv/lib/python3.12/site-packages/oslo_concurrency/processutils.py:468}}
Aug 24 19:07:17 devstack cinder-volume[94847]: DEBUG oslo_concurrency.processutils [None req-fc1ad001-d67d-40fc-9255-67252a122f7f tempest-VolumeSnapshotQuotasNegativeTestJSON-711082633 None] Running cmd (subprocess): sudo cinder-rootwrap /etc/cinder/rootwrap.conf rm -f /opt/stack/data/cinder/mnt/4f579e306243f0cb54b7c23a3c1157e8/volume-b929298a-03ea-4b02-a0ac-000987d46da1 {{(pid=94847) execute /opt/stack/data/venv/lib/python3.12/site-packages/oslo_concurrency/processutils.py:440}}
Aug 24 19:07:17 devstack sudo[102957]: quobyte : PWD=/ ; USER=root ; COMMAND=/opt/stack/data/venv/bin/cinder-rootwrap /etc/cinder/rootwrap.conf rm -f /opt/stack/data/cinder/mnt/4f579e306243f0cb54b7c23a3c1157e8/volume-b929298a-03ea-4b02-a0ac-000987d46da1
Aug 24 19:07:17 devstack sudo[102957]: pam_unix(sudo:session): session opened for user root(uid=0) by (uid=1000)
Aug 24 19:07:17 devstack cinder-volume[94847]: DEBUG cinder.coordination [None req-50df7d01-6ac0-443e-b1f5-2990e4dfe6a1 tempest-ServerRescueNegativeTestJSON-1218768211 None] Acquiring lock "cinder-7208052e-f194-4f8c-a334-43a6a0f083f3-delete_volume" by "delete_volume" {{(pid=94847) __acquire /opt/stack/cinder/cinder/coordination.py:138}}
Aug 24 19:07:17 devstack cinder-volume[94847]: DEBUG cinder.coordination [None req-50df7d01-6ac0-443e-b1f5-2990e4dfe6a1 tempest-ServerRescueNegativeTestJSON-1218768211 None] Lock "cinder-7208052e-f194-4f8c-a334-43a6a0f083f3-delete_volume" acquired by "delete_volume" :: waited 0.043s {{(pid=94847) __acquire /opt/stack/cinder/cinder/coordination.py:141}}
Aug 24 19:07:17 devstack sudo[102957]: pam_unix(sudo:session): session closed for user root
Aug 24 19:07:17 devstack cinder-volume[94847]: DEBUG oslo_concurrency.processutils [None req-fc1ad001-d67d-40fc-9255-67252a122f7f tempest-VolumeSnapshotQuotasNegativeTestJSON-711082633 None] CMD "sudo cinder-rootwrap /etc/cinder/rootwrap.conf rm -f /opt/stack/data/cinder/mnt/4f579e306243f0cb54b7c23a3c1157e8/volume-b929298a-03ea-4b02-a0ac-000987d46da1" returned: 0 in 0.496s {{(pid=94847) execute /opt/stack/data/venv/lib/python3.12/site-packages/oslo_concurrency/processutils.py:468}}
Aug 24 19:07:17 devstack cinder-volume[94847]: DEBUG cinder.coordination [None req-50df7d01-6ac0-443e-b1f5-2990e4dfe6a1 tempest-ServerRescueNegativeTestJSON-1218768211 None] Acquiring lock "cinder-quobyte-7208052e-f194-4f8c-a334-43a6a0f083f3" by "delete_volume" {{(pid=94847) __acquire /opt/stack/cinder/cinder/coordination.py:138}}
Aug 24 19:07:17 devstack cinder-volume[94847]: DEBUG cinder.coordination [None req-fc1ad001-d67d-40fc-9255-67252a122f7f tempest-VolumeSnapshotQuotasNegativeTestJSON-711082633 None] Lock "cinder-quobyte-b929298a-03ea-4b02-a0ac-000987d46da1" released by "delete_volume" :: held 1.109s {{(pid=94847) __release /opt/stack/cinder/cinder/coordination.py:152}}
Aug 24 19:07:17 devstack cinder-volume[94847]: DEBUG cinder.coordination [None req-50df7d01-6ac0-443e-b1f5-2990e4dfe6a1 tempest-ServerRescueNegativeTestJSON-1218768211 None] Lock "cinder-quobyte-7208052e-f194-4f8c-a334-43a6a0f083f3" acquired by "delete_volume" :: waited 0.030s {{(pid=94847) __acquire /opt/stack/cinder/cinder/coordination.py:141}}
Aug 24 19:07:17 devstack cinder-volume[94847]: DEBUG oslo.privsep.daemon [-] privsep: reply[08809eb8-5741-418b-9e8d-e96dae84f83e]: (4, 'qcow2') {{(pid=96366) _call_back /opt/stack/data/venv/lib/python3.12/site-packages/oslo_privsep/daemon.py:580}}
Aug 24 19:07:17 devstack cinder-volume[94847]: DEBUG oslo_concurrency.processutils [None req-50df7d01-6ac0-443e-b1f5-2990e4dfe6a1 tempest-ServerRescueNegativeTestJSON-1218768211 None] Running cmd (subprocess): /opt/stack/data/venv/bin/python3.12 -m oslo_concurrency.prlimit --as=1073741824 --cpu=60 -- sudo cinder-rootwrap /etc/cinder/rootwrap.conf env LC_ALL=C qemu-img info -f qcow2 --output=json --force-share /opt/stack/data/cinder/mnt/4f579e306243f0cb54b7c23a3c1157e8/volume-7208052e-f194-4f8c-a334-43a6a0f083f3 {{(pid=94847) execute /opt/stack/data/venv/lib/python3.12/site-packages/oslo_concurrency/processutils.py:440}}
Aug 24 19:07:17 devstack cinder-volume[94847]: DEBUG cinder.quota [None req-fc1ad001-d67d-40fc-9255-67252a122f7f tempest-VolumeSnapshotQuotasNegativeTestJSON-711082633 None] Created reservations ['f41f6dec-7071-4590-8e86-9083dd46c7ce', '8d5b36d0-155d-4c79-8f81-14511105c3cf', 'ea3dcab4-106a-446c-ae07-4c4b13a44c26', 'b5f87e9c-55c8-47f6-a8d2-7124897073db'] {{(pid=94847) reserve /opt/stack/cinder/cinder/quota.py:752}}
Aug 24 19:07:18 devstack cinder-volume[94847]: DEBUG oslo_concurrency.lockutils [None req-fc1ad001-d67d-40fc-9255-67252a122f7f tempest-VolumeSnapshotQuotasNegativeTestJSON-711082633 None] Acquiring lock "quobyte_ensure" by "cinder.volume.drivers.quobyte.QuobyteDriver._ensure_shares_mounted" {{(pid=94847) inner /opt/stack/data/venv/lib/python3.12/site-packages/oslo_concurrency/lockutils.py:512}}
Aug 24 19:07:18 devstack cinder-volume[94847]: DEBUG oslo_concurrency.lockutils [None req-fc1ad001-d67d-40fc-9255-67252a122f7f tempest-VolumeSnapshotQuotasNegativeTestJSON-711082633 None] Lock "quobyte_ensure" acquired by "cinder.volume.drivers.quobyte.QuobyteDriver._ensure_shares_mounted" :: waited 0.001s {{(pid=94847) inner /opt/stack/data/venv/lib/python3.12/site-packages/oslo_concurrency/lockutils.py:525}}
Aug 24 19:07:18 devstack cinder-volume[94847]: DEBUG cinder.volume.drivers.quobyte [None req-fc1ad001-d67d-40fc-9255-67252a122f7f tempest-VolumeSnapshotQuotasNegativeTestJSON-711082633 None] Quobyte Volume URL set to: {'osci02.corp.quobyte.com/cinder-vol-bb5e672b-cbb6-464f-a5af-c6f277edf3fe': None} {{(pid=94847) _load_shares_config /opt/stack/cinder/cinder/volume/drivers/quobyte.py:665}}
Aug 24 19:07:18 devstack cinder-volume[94847]: DEBUG cinder.volume.drivers.quobyte [None req-fc1ad001-d67d-40fc-9255-67252a122f7f tempest-VolumeSnapshotQuotasNegativeTestJSON-711082633 None] Available shares ['osci02.corp.quobyte.com/cinder-vol-bb5e672b-cbb6-464f-a5af-c6f277edf3fe'] {{(pid=94847) _ensure_shares_mounted /opt/stack/cinder/cinder/volume/drivers/quobyte.py:695}}
Aug 24 19:07:18 devstack cinder-volume[94847]: DEBUG oslo_concurrency.lockutils [None req-fc1ad001-d67d-40fc-9255-67252a122f7f tempest-VolumeSnapshotQuotasNegativeTestJSON-711082633 None] Lock "quobyte_ensure" "released" by "cinder.volume.drivers.quobyte.QuobyteDriver._ensure_shares_mounted" :: held 0.010s {{(pid=94847) inner /opt/stack/data/venv/lib/python3.12/site-packages/oslo_concurrency/lockutils.py:544}}
Aug 24 19:07:18 devstack cinder-volume[94847]: DEBUG oslo_concurrency.processutils [None req-fc1ad001-d67d-40fc-9255-67252a122f7f tempest-VolumeSnapshotQuotasNegativeTestJSON-711082633 None] Running cmd (subprocess): sudo cinder-rootwrap /etc/cinder/rootwrap.conf df --portability --block-size 1 /opt/stack/data/cinder/mnt/4f579e306243f0cb54b7c23a3c1157e8 {{(pid=94847) execute /opt/stack/data/venv/lib/python3.12/site-packages/oslo_concurrency/processutils.py:440}}
Aug 24 19:07:18 devstack sudo[102961]: quobyte : PWD=/ ; USER=root ; COMMAND=/opt/stack/data/venv/bin/cinder-rootwrap /etc/cinder/rootwrap.conf df --portability --block-size 1 /opt/stack/data/cinder/mnt/4f579e306243f0cb54b7c23a3c1157e8
Aug 24 19:07:18 devstack sudo[102961]: pam_unix(sudo:session): session opened for user root(uid=0) by (uid=1000)
Aug 24 19:07:18 devstack sudo[102960]: quobyte : PWD=/ ; USER=root ; COMMAND=/opt/stack/data/venv/bin/cinder-rootwrap /etc/cinder/rootwrap.conf env LC_ALL=C qemu-img info -f qcow2 --output=json --force-share /opt/stack/data/cinder/mnt/4f579e306243f0cb54b7c23a3c1157e8/volume-7208052e-f194-4f8c-a334-43a6a0f083f3
Aug 24 19:07:18 devstack sudo[102960]: pam_unix(sudo:session): session opened for user root(uid=0) by (uid=1000)
Aug 24 19:07:18 devstack sudo[102961]: pam_unix(sudo:session): session closed for user root
Aug 24 19:07:18 devstack cinder-volume[94847]: DEBUG oslo_concurrency.processutils [None req-fc1ad001-d67d-40fc-9255-67252a122f7f tempest-VolumeSnapshotQuotasNegativeTestJSON-711082633 None] CMD "sudo cinder-rootwrap /etc/cinder/rootwrap.conf df --portability --block-size 1 /opt/stack/data/cinder/mnt/4f579e306243f0cb54b7c23a3c1157e8" returned: 0 in 0.319s {{(pid=94847) execute /opt/stack/data/venv/lib/python3.12/site-packages/oslo_concurrency/processutils.py:468}}
Aug 24 19:07:18 devstack cinder-volume[94847]: DEBUG cinder.manager [None req-fc1ad001-d67d-40fc-9255-67252a122f7f tempest-VolumeSnapshotQuotasNegativeTestJSON-711082633 None] Notifying Schedulers of capabilities ... {{(pid=94847) _publish_service_capabilities /opt/stack/cinder/cinder/manager.py:219}}
Aug 24 19:07:18 devstack cinder-volume[94847]: INFO cinder.volume.manager [None req-fc1ad001-d67d-40fc-9255-67252a122f7f tempest-VolumeSnapshotQuotasNegativeTestJSON-711082633 None] Deleted volume successfully.
Aug 24 19:07:18 devstack cinder-volume[94847]: DEBUG cinder.coordination [None req-fc1ad001-d67d-40fc-9255-67252a122f7f tempest-VolumeSnapshotQuotasNegativeTestJSON-711082633 None] Lock "cinder-b929298a-03ea-4b02-a0ac-000987d46da1-delete_volume" released by "delete_volume" :: held 1.787s {{(pid=94847) __release /opt/stack/cinder/cinder/coordination.py:152}}
Aug 24 19:07:18 devstack sudo[102960]: pam_unix(sudo:session): session closed for user root
Aug 24 19:07:18 devstack cinder-volume[94847]: DEBUG oslo_concurrency.processutils [None req-50df7d01-6ac0-443e-b1f5-2990e4dfe6a1 tempest-ServerRescueNegativeTestJSON-1218768211 None] CMD "/opt/stack/data/venv/bin/python3.12 -m oslo_concurrency.prlimit --as=1073741824 --cpu=60 -- sudo cinder-rootwrap /etc/cinder/rootwrap.conf env LC_ALL=C qemu-img info -f qcow2 --output=json --force-share /opt/stack/data/cinder/mnt/4f579e306243f0cb54b7c23a3c1157e8/volume-7208052e-f194-4f8c-a334-43a6a0f083f3" returned: 0 in 0.555s {{(pid=94847) execute /opt/stack/data/venv/lib/python3.12/site-packages/oslo_concurrency/processutils.py:468}}
Aug 24 19:07:18 devstack cinder-volume[94847]: DEBUG oslo_concurrency.processutils [None req-50df7d01-6ac0-443e-b1f5-2990e4dfe6a1 tempest-ServerRescueNegativeTestJSON-1218768211 None] Running cmd (subprocess): sudo cinder-rootwrap /etc/cinder/rootwrap.conf rm -f /opt/stack/data/cinder/mnt/4f579e306243f0cb54b7c23a3c1157e8/volume-7208052e-f194-4f8c-a334-43a6a0f083f3 {{(pid=94847) execute /opt/stack/data/venv/lib/python3.12/site-packages/oslo_concurrency/processutils.py:440}}
Aug 24 19:07:18 devstack sudo[102969]: quobyte : PWD=/ ; USER=root ; COMMAND=/opt/stack/data/venv/bin/cinder-rootwrap /etc/cinder/rootwrap.conf rm -f /opt/stack/data/cinder/mnt/4f579e306243f0cb54b7c23a3c1157e8/volume-7208052e-f194-4f8c-a334-43a6a0f083f3
Aug 24 19:07:18 devstack sudo[102969]: pam_unix(sudo:session): session opened for user root(uid=0) by (uid=1000)
Aug 24 19:07:18 devstack sudo[102969]: pam_unix(sudo:session): session closed for user root
Aug 24 19:07:18 devstack cinder-volume[94847]: DEBUG oslo_concurrency.processutils [None req-50df7d01-6ac0-443e-b1f5-2990e4dfe6a1 tempest-ServerRescueNegativeTestJSON-1218768211 None] CMD "sudo cinder-rootwrap /etc/cinder/rootwrap.conf rm -f /opt/stack/data/cinder/mnt/4f579e306243f0cb54b7c23a3c1157e8/volume-7208052e-f194-4f8c-a334-43a6a0f083f3" returned: 0 in 0.260s {{(pid=94847) execute /opt/stack/data/venv/lib/python3.12/site-packages/oslo_concurrency/processutils.py:468}}
Aug 24 19:07:18 devstack cinder-volume[94847]: DEBUG cinder.coordination [None req-50df7d01-6ac0-443e-b1f5-2990e4dfe6a1 tempest-ServerRescueNegativeTestJSON-1218768211 None] Lock "cinder-quobyte-7208052e-f194-4f8c-a334-43a6a0f083f3" released by "delete_volume" :: held 0.866s {{(pid=94847) __release /opt/stack/cinder/cinder/coordination.py:152}}
Aug 24 19:07:18 devstack cinder-volume[94847]: DEBUG cinder.quota [None req-50df7d01-6ac0-443e-b1f5-2990e4dfe6a1 tempest-ServerRescueNegativeTestJSON-1218768211 None] Created reservations ['9c7f9ab0-d1a5-452e-a2e2-e42b94742b11', '8bfcabf1-7ebb-4dcd-8f50-04e085c0473e', 'cf00c602-7684-4957-b090-ef9d5e3f102e', '419faccc-f632-465c-8df8-a56e0b7daf61'] {{(pid=94847) reserve /opt/stack/cinder/cinder/quota.py:752}}
Aug 24 19:07:18 devstack cinder-volume[94847]: DEBUG oslo_concurrency.lockutils [None req-50df7d01-6ac0-443e-b1f5-2990e4dfe6a1 tempest-ServerRescueNegativeTestJSON-1218768211 None] Acquiring lock "quobyte_ensure" by "cinder.volume.drivers.quobyte.QuobyteDriver._ensure_shares_mounted" {{(pid=94847) inner /opt/stack/data/venv/lib/python3.12/site-packages/oslo_concurrency/lockutils.py:512}}
Aug 24 19:07:18 devstack cinder-volume[94847]: DEBUG oslo_concurrency.lockutils [None req-50df7d01-6ac0-443e-b1f5-2990e4dfe6a1 tempest-ServerRescueNegativeTestJSON-1218768211 None] Lock "quobyte_ensure" acquired by "cinder.volume.drivers.quobyte.QuobyteDriver._ensure_shares_mounted" :: waited 0.001s {{(pid=94847) inner /opt/stack/data/venv/lib/python3.12/site-packages/oslo_concurrency/lockutils.py:525}}
Aug 24 19:07:18 devstack cinder-volume[94847]: DEBUG cinder.volume.drivers.quobyte [None req-50df7d01-6ac0-443e-b1f5-2990e4dfe6a1 tempest-ServerRescueNegativeTestJSON-1218768211 None] Quobyte Volume URL set to: {'osci02.corp.quobyte.com/cinder-vol-bb5e672b-cbb6-464f-a5af-c6f277edf3fe': None} {{(pid=94847) _load_shares_config /opt/stack/cinder/cinder/volume/drivers/quobyte.py:665}}
Aug 24 19:07:18 devstack cinder-volume[94847]: DEBUG cinder.volume.drivers.quobyte [None req-50df7d01-6ac0-443e-b1f5-2990e4dfe6a1 tempest-ServerRescueNegativeTestJSON-1218768211 None] Available shares ['osci02.corp.quobyte.com/cinder-vol-bb5e672b-cbb6-464f-a5af-c6f277edf3fe'] {{(pid=94847) _ensure_shares_mounted /opt/stack/cinder/cinder/volume/drivers/quobyte.py:695}}
Aug 24 19:07:18 devstack cinder-volume[94847]: DEBUG oslo_concurrency.lockutils [None req-50df7d01-6ac0-443e-b1f5-2990e4dfe6a1 tempest-ServerRescueNegativeTestJSON-1218768211 None] Lock "quobyte_ensure" "released" by "cinder.volume.drivers.quobyte.QuobyteDriver._ensure_shares_mounted" :: held 0.012s {{(pid=94847) inner /opt/stack/data/venv/lib/python3.12/site-packages/oslo_concurrency/lockutils.py:544}}
Aug 24 19:07:18 devstack cinder-volume[94847]: DEBUG oslo_concurrency.processutils [None req-50df7d01-6ac0-443e-b1f5-2990e4dfe6a1 tempest-ServerRescueNegativeTestJSON-1218768211 None] Running cmd (subprocess): sudo cinder-rootwrap /etc/cinder/rootwrap.conf df --portability --block-size 1 /opt/stack/data/cinder/mnt/4f579e306243f0cb54b7c23a3c1157e8 {{(pid=94847) execute /opt/stack/data/venv/lib/python3.12/site-packages/oslo_concurrency/processutils.py:440}}
Aug 24 19:07:18 devstack sudo[102972]: quobyte : PWD=/ ; USER=root ; COMMAND=/opt/stack/data/venv/bin/cinder-rootwrap /etc/cinder/rootwrap.conf df --portability --block-size 1 /opt/stack/data/cinder/mnt/4f579e306243f0cb54b7c23a3c1157e8
Aug 24 19:07:18 devstack sudo[102972]: pam_unix(sudo:session): session opened for user root(uid=0) by (uid=1000)
Aug 24 19:07:19 devstack sudo[102972]: pam_unix(sudo:session): session closed for user root
Aug 24 19:07:19 devstack cinder-volume[94847]: DEBUG oslo_concurrency.processutils [None req-50df7d01-6ac0-443e-b1f5-2990e4dfe6a1 tempest-ServerRescueNegativeTestJSON-1218768211 None] CMD "sudo cinder-rootwrap /etc/cinder/rootwrap.conf df --portability --block-size 1 /opt/stack/data/cinder/mnt/4f579e306243f0cb54b7c23a3c1157e8" returned: 0 in 0.271s {{(pid=94847) execute /opt/stack/data/venv/lib/python3.12/site-packages/oslo_concurrency/processutils.py:468}}
