Jun 04 14:57:29 devstack cinder-volume[85941]: DEBUG cinder.volume.manager [None req-accf2659-0e47-4bdf-97a6-40d11d2d3f50 tempest-GroupSnapshotsV319Test-699959496 None] Task 'cinder.volume.flows.manager.create_volume.ExtractVolumeSpecTask;volume:create' (d683c902-e7b9-4b59-a06f-2edd8920e429) transitioned into state 'SUCCESS' from state 'RUNNING' with result '{'status': 'creating', 'type': 'raw', 'volume_id': 'fa5b875a-72ec-44a5-b38e-3b19f152b841', 'volume_name': 'volume-fa5b875a-72ec-44a5-b38e-3b19f152b841', 'volume_size': 1}' {{(pid=85941) _task_receiver /opt/stack/data/venv/lib/python3.12/site-packages/taskflow/listeners/logging.py:182}}
Jun 04 14:57:29 devstack cinder-volume[85941]: DEBUG cinder.volume.manager [None req-accf2659-0e47-4bdf-97a6-40d11d2d3f50 tempest-GroupSnapshotsV319Test-699959496 None] Task 'cinder.volume.flows.manager.create_volume.NotifyVolumeActionTask;volume:create, create.start' (891d2653-7ee3-4182-ad8c-80d0dfae933f) transitioned into state 'RUNNING' from state 'PENDING' {{(pid=85941) _task_receiver /opt/stack/data/venv/lib/python3.12/site-packages/taskflow/listeners/logging.py:194}}
Jun 04 14:57:29 devstack cinder-volume[85941]: DEBUG cinder.volume.manager [None req-accf2659-0e47-4bdf-97a6-40d11d2d3f50 tempest-GroupSnapshotsV319Test-699959496 None] Task 'cinder.volume.flows.manager.create_volume.NotifyVolumeActionTask;volume:create, create.start' (891d2653-7ee3-4182-ad8c-80d0dfae933f) transitioned into state 'SUCCESS' from state 'RUNNING' with result 'None' {{(pid=85941) _task_receiver /opt/stack/data/venv/lib/python3.12/site-packages/taskflow/listeners/logging.py:182}}
Jun 04 14:57:29 devstack cinder-volume[85941]: DEBUG cinder.volume.manager [None req-accf2659-0e47-4bdf-97a6-40d11d2d3f50 tempest-GroupSnapshotsV319Test-699959496 None] Task 'cinder.volume.flows.manager.create_volume.CreateVolumeFromSpecTask;volume:create' (9c1b9dde-409c-4fd7-bf4d-62a06be95936) transitioned into state 'RUNNING' from state 'PENDING' {{(pid=85941) _task_receiver /opt/stack/data/venv/lib/python3.12/site-packages/taskflow/listeners/logging.py:194}}
Jun 04 14:57:29 devstack cinder-volume[85941]: INFO cinder.volume.flows.manager.create_volume [None req-accf2659-0e47-4bdf-97a6-40d11d2d3f50 tempest-GroupSnapshotsV319Test-699959496 None] Volume fa5b875a-72ec-44a5-b38e-3b19f152b841: being created as raw with specification: {'status': 'creating', 'volume_name': 'volume-fa5b875a-72ec-44a5-b38e-3b19f152b841', 'volume_size': 1}
Jun 04 14:57:29 devstack cinder-volume[85941]: DEBUG oslo_concurrency.lockutils [None req-accf2659-0e47-4bdf-97a6-40d11d2d3f50 tempest-GroupSnapshotsV319Test-699959496 None] Acquiring lock "quobyte" by "cinder.volume.drivers.quobyte.QuobyteDriver.create_volume" {{(pid=85941) inner /opt/stack/data/venv/lib/python3.12/site-packages/oslo_concurrency/lockutils.py:506}}
Jun 04 14:57:29 devstack sudo[90644]: pam_unix(sudo:session): session closed for user root
Jun 04 14:57:29 devstack cinder-volume[85941]: DEBUG oslo_concurrency.processutils [None req-70e90dcf-8702-4728-8514-71d4cb848dc1 tempest-GroupSnapshotsTest-504975089 None] CMD "/opt/stack/data/venv/bin/python3.12 -m oslo_concurrency.prlimit --as=1073741824 --cpu=60 -- sudo cinder-rootwrap /etc/cinder/rootwrap.conf env LC_ALL=C qemu-img info -f qcow2 --output=json --force-share /opt/stack/data/cinder/mnt/7780eea07962244245f7b57cae7089f3/volume-abac1ebc-bf3d-4d1b-9377-c8d5fab18e25" returned: 0 in 0.903s {{(pid=85941) execute /opt/stack/data/venv/lib/python3.12/site-packages/oslo_concurrency/processutils.py:468}}
Jun 04 14:57:29 devstack cinder-volume[85941]: DEBUG oslo_concurrency.processutils [None req-70e90dcf-8702-4728-8514-71d4cb848dc1 tempest-GroupSnapshotsTest-504975089 None] Running cmd (subprocess): sudo cinder-rootwrap /etc/cinder/rootwrap.conf qemu-img create -f qcow2 -o backing_file=/opt/stack/data/cinder/mnt/7780eea07962244245f7b57cae7089f3/volume-abac1ebc-bf3d-4d1b-9377-c8d5fab18e25,backing_fmt=qcow2 /opt/stack/data/cinder/mnt/7780eea07962244245f7b57cae7089f3/volume-abac1ebc-bf3d-4d1b-9377-c8d5fab18e25.5fae370a-720d-44c3-8b04-477f3fa5d38c 1G {{(pid=85941) execute /opt/stack/data/venv/lib/python3.12/site-packages/oslo_concurrency/processutils.py:440}}
Jun 04 14:57:29 devstack sudo[90649]: quobyte : PWD=/ ; USER=root ; COMMAND=/opt/stack/data/venv/bin/cinder-rootwrap /etc/cinder/rootwrap.conf qemu-img create -f qcow2 -o backing_file=/opt/stack/data/cinder/mnt/7780eea07962244245f7b57cae7089f3/volume-abac1ebc-bf3d-4d1b-9377-c8d5fab18e25,backing_fmt=qcow2 /opt/stack/data/cinder/mnt/7780eea07962244245f7b57cae7089f3/volume-abac1ebc-bf3d-4d1b-9377-c8d5fab18e25.5fae370a-720d-44c3-8b04-477f3fa5d38c 1G
Jun 04 14:57:29 devstack sudo[90649]: pam_unix(sudo:session): session opened for user root(uid=0) by (uid=1000)
Jun 04 14:57:30 devstack sudo[90649]: pam_unix(sudo:session): session closed for user root
Jun 04 14:57:30 devstack cinder-volume[85941]: DEBUG oslo_concurrency.processutils [None req-70e90dcf-8702-4728-8514-71d4cb848dc1 tempest-GroupSnapshotsTest-504975089 None] CMD "sudo cinder-rootwrap /etc/cinder/rootwrap.conf qemu-img create -f qcow2 -o backing_file=/opt/stack/data/cinder/mnt/7780eea07962244245f7b57cae7089f3/volume-abac1ebc-bf3d-4d1b-9377-c8d5fab18e25,backing_fmt=qcow2 /opt/stack/data/cinder/mnt/7780eea07962244245f7b57cae7089f3/volume-abac1ebc-bf3d-4d1b-9377-c8d5fab18e25.5fae370a-720d-44c3-8b04-477f3fa5d38c 1G" returned: 0 in 0.981s {{(pid=85941) execute /opt/stack/data/venv/lib/python3.12/site-packages/oslo_concurrency/processutils.py:468}}
Jun 04 14:57:30 devstack cinder-volume[85941]: DEBUG oslo_concurrency.processutils [None req-70e90dcf-8702-4728-8514-71d4cb848dc1 tempest-GroupSnapshotsTest-504975089 None] Running cmd (subprocess): sudo cinder-rootwrap /etc/cinder/rootwrap.conf qemu-img rebase -u -b volume-abac1ebc-bf3d-4d1b-9377-c8d5fab18e25 -F qcow2 /opt/stack/data/cinder/mnt/7780eea07962244245f7b57cae7089f3/volume-abac1ebc-bf3d-4d1b-9377-c8d5fab18e25.5fae370a-720d-44c3-8b04-477f3fa5d38c {{(pid=85941) execute /opt/stack/data/venv/lib/python3.12/site-packages/oslo_concurrency/processutils.py:440}}
Jun 04 14:57:30 devstack sudo[90655]: quobyte : PWD=/ ; USER=root ; COMMAND=/opt/stack/data/venv/bin/cinder-rootwrap /etc/cinder/rootwrap.conf qemu-img rebase -u -b volume-abac1ebc-bf3d-4d1b-9377-c8d5fab18e25 -F qcow2 /opt/stack/data/cinder/mnt/7780eea07962244245f7b57cae7089f3/volume-abac1ebc-bf3d-4d1b-9377-c8d5fab18e25.5fae370a-720d-44c3-8b04-477f3fa5d38c
Jun 04 14:57:30 devstack sudo[90655]: pam_unix(sudo:session): session opened for user root(uid=0) by (uid=1000)
Jun 04 14:57:31 devstack sudo[90655]: pam_unix(sudo:session): session closed for user root
Jun 04 14:57:31 devstack cinder-volume[85941]: DEBUG oslo_concurrency.processutils [None req-70e90dcf-8702-4728-8514-71d4cb848dc1 tempest-GroupSnapshotsTest-504975089 None] CMD "sudo cinder-rootwrap /etc/cinder/rootwrap.conf qemu-img rebase -u -b volume-abac1ebc-bf3d-4d1b-9377-c8d5fab18e25 -F qcow2 /opt/stack/data/cinder/mnt/7780eea07962244245f7b57cae7089f3/volume-abac1ebc-bf3d-4d1b-9377-c8d5fab18e25.5fae370a-720d-44c3-8b04-477f3fa5d38c" returned: 0 in 0.683s {{(pid=85941) execute /opt/stack/data/venv/lib/python3.12/site-packages/oslo_concurrency/processutils.py:468}}
Jun 04 14:57:31 devstack cinder-volume[85941]: WARNING cinder.volume.drivers.remotefs [None req-70e90dcf-8702-4728-8514-71d4cb848dc1 tempest-GroupSnapshotsTest-504975089 None] /opt/stack/data/cinder/mnt/7780eea07962244245f7b57cae7089f3/volume-abac1ebc-bf3d-4d1b-9377-c8d5fab18e25.5fae370a-720d-44c3-8b04-477f3fa5d38c is being set with open permissions: ugo+rw: NotImplementedError
Jun 04 14:57:31 devstack cinder-volume[85941]: DEBUG oslo_concurrency.processutils [None req-70e90dcf-8702-4728-8514-71d4cb848dc1 tempest-GroupSnapshotsTest-504975089 None] Running cmd (subprocess): sudo cinder-rootwrap /etc/cinder/rootwrap.conf chmod ugo+rw /opt/stack/data/cinder/mnt/7780eea07962244245f7b57cae7089f3/volume-abac1ebc-bf3d-4d1b-9377-c8d5fab18e25.5fae370a-720d-44c3-8b04-477f3fa5d38c {{(pid=85941) execute /opt/stack/data/venv/lib/python3.12/site-packages/oslo_concurrency/processutils.py:440}}
Jun 04 14:57:31 devstack sudo[90661]: quobyte : PWD=/ ; USER=root ; COMMAND=/opt/stack/data/venv/bin/cinder-rootwrap /etc/cinder/rootwrap.conf chmod ugo+rw /opt/stack/data/cinder/mnt/7780eea07962244245f7b57cae7089f3/volume-abac1ebc-bf3d-4d1b-9377-c8d5fab18e25.5fae370a-720d-44c3-8b04-477f3fa5d38c
Jun 04 14:57:31 devstack sudo[90661]: pam_unix(sudo:session): session opened for user root(uid=0) by (uid=1000)
Jun 04 14:57:32 devstack sudo[90661]: pam_unix(sudo:session): session closed for user root
Jun 04 14:57:32 devstack cinder-volume[85941]: DEBUG oslo_concurrency.processutils [None req-70e90dcf-8702-4728-8514-71d4cb848dc1 tempest-GroupSnapshotsTest-504975089 None] CMD "sudo cinder-rootwrap /etc/cinder/rootwrap.conf chmod ugo+rw /opt/stack/data/cinder/mnt/7780eea07962244245f7b57cae7089f3/volume-abac1ebc-bf3d-4d1b-9377-c8d5fab18e25.5fae370a-720d-44c3-8b04-477f3fa5d38c" returned: 0 in 0.711s {{(pid=85941) execute /opt/stack/data/venv/lib/python3.12/site-packages/oslo_concurrency/processutils.py:468}}
Jun 04 14:57:32 devstack cinder-volume[85941]: DEBUG oslo_concurrency.processutils [None req-70e90dcf-8702-4728-8514-71d4cb848dc1 tempest-GroupSnapshotsTest-504975089 None] Running cmd (subprocess): sudo cinder-rootwrap /etc/cinder/rootwrap.conf truncate -s0 /opt/stack/data/cinder/mnt/7780eea07962244245f7b57cae7089f3/volume-abac1ebc-bf3d-4d1b-9377-c8d5fab18e25.info {{(pid=85941) execute /opt/stack/data/venv/lib/python3.12/site-packages/oslo_concurrency/processutils.py:440}}
Jun 04 14:57:32 devstack sudo[90670]: quobyte : PWD=/ ; USER=root ; COMMAND=/opt/stack/data/venv/bin/cinder-rootwrap /etc/cinder/rootwrap.conf truncate -s0 /opt/stack/data/cinder/mnt/7780eea07962244245f7b57cae7089f3/volume-abac1ebc-bf3d-4d1b-9377-c8d5fab18e25.info
Jun 04 14:57:32 devstack sudo[90670]: pam_unix(sudo:session): session opened for user root(uid=0) by (uid=1000)
Jun 04 14:57:32 devstack sudo[90670]: pam_unix(sudo:session): session closed for user root
Jun 04 14:57:32 devstack cinder-volume[85941]: DEBUG oslo_concurrency.processutils [None req-70e90dcf-8702-4728-8514-71d4cb848dc1 tempest-GroupSnapshotsTest-504975089 None] CMD "sudo cinder-rootwrap /etc/cinder/rootwrap.conf truncate -s0 /opt/stack/data/cinder/mnt/7780eea07962244245f7b57cae7089f3/volume-abac1ebc-bf3d-4d1b-9377-c8d5fab18e25.info" returned: 0 in 0.662s {{(pid=85941) execute /opt/stack/data/venv/lib/python3.12/site-packages/oslo_concurrency/processutils.py:468}}
Jun 04 14:57:32 devstack cinder-volume[85941]: WARNING cinder.volume.drivers.remotefs [None req-70e90dcf-8702-4728-8514-71d4cb848dc1 tempest-GroupSnapshotsTest-504975089 None] /opt/stack/data/cinder/mnt/7780eea07962244245f7b57cae7089f3/volume-abac1ebc-bf3d-4d1b-9377-c8d5fab18e25.info is being set with open permissions: ugo+rw: NotImplementedError
Jun 04 14:57:32 devstack cinder-volume[85941]: DEBUG oslo_concurrency.processutils [None req-70e90dcf-8702-4728-8514-71d4cb848dc1 tempest-GroupSnapshotsTest-504975089 None] Running cmd (subprocess): sudo cinder-rootwrap /etc/cinder/rootwrap.conf chmod ugo+rw /opt/stack/data/cinder/mnt/7780eea07962244245f7b57cae7089f3/volume-abac1ebc-bf3d-4d1b-9377-c8d5fab18e25.info {{(pid=85941) execute /opt/stack/data/venv/lib/python3.12/site-packages/oslo_concurrency/processutils.py:440}}
Jun 04 14:57:32 devstack sudo[90673]: quobyte : PWD=/ ; USER=root ; COMMAND=/opt/stack/data/venv/bin/cinder-rootwrap /etc/cinder/rootwrap.conf chmod ugo+rw /opt/stack/data/cinder/mnt/7780eea07962244245f7b57cae7089f3/volume-abac1ebc-bf3d-4d1b-9377-c8d5fab18e25.info
Jun 04 14:57:32 devstack sudo[90673]: pam_unix(sudo:session): session opened for user root(uid=0) by (uid=1000)
Jun 04 14:57:33 devstack sudo[90673]: pam_unix(sudo:session): session closed for user root
Jun 04 14:57:33 devstack cinder-volume[85941]: DEBUG oslo_concurrency.processutils [None req-70e90dcf-8702-4728-8514-71d4cb848dc1 tempest-GroupSnapshotsTest-504975089 None] CMD "sudo cinder-rootwrap /etc/cinder/rootwrap.conf chmod ugo+rw /opt/stack/data/cinder/mnt/7780eea07962244245f7b57cae7089f3/volume-abac1ebc-bf3d-4d1b-9377-c8d5fab18e25.info" returned: 0 in 0.648s {{(pid=85941) execute /opt/stack/data/venv/lib/python3.12/site-packages/oslo_concurrency/processutils.py:468}}
Jun 04 14:57:33 devstack cinder-volume[85941]: DEBUG oslo_concurrency.lockutils [None req-70e90dcf-8702-4728-8514-71d4cb848dc1 tempest-GroupSnapshotsTest-504975089 None] Lock "quobyte" "released" by "cinder.volume.drivers.quobyte.QuobyteDriver.create_snapshot" :: held 4.689s {{(pid=85941) inner /opt/stack/data/venv/lib/python3.12/site-packages/oslo_concurrency/lockutils.py:538}}
Jun 04 14:57:33 devstack cinder-volume[85941]: DEBUG oslo_concurrency.lockutils [None req-70e90dcf-8702-4728-8514-71d4cb848dc1 tempest-GroupSnapshotsTest-504975089 None] Acquiring lock "quobyte" by "cinder.volume.drivers.quobyte.QuobyteDriver.create_snapshot" {{(pid=85941) inner /opt/stack/data/venv/lib/python3.12/site-packages/oslo_concurrency/lockutils.py:506}}
Jun 04 14:57:33 devstack cinder-volume[85941]: DEBUG oslo_concurrency.lockutils [None req-70e90dcf-8702-4728-8514-71d4cb848dc1 tempest-GroupSnapshotsTest-504975089 None] Lock "quobyte" acquired by "cinder.volume.drivers.quobyte.QuobyteDriver.create_snapshot" :: waited 0.000s {{(pid=85941) inner /opt/stack/data/venv/lib/python3.12/site-packages/oslo_concurrency/lockutils.py:519}}
Jun 04 14:57:33 devstack cinder-volume[85941]: DEBUG cinder.volume.drivers.remotefs [None req-70e90dcf-8702-4728-8514-71d4cb848dc1 tempest-GroupSnapshotsTest-504975089 None] Creating offline snapshot cf9fe129-a5a8-4632-b2d7-34b2e6af1d12 of volume 7fff268e-c0ee-4570-9d47-30aec09e87a2 {{(pid=85941) _create_snapshot /opt/stack/cinder/cinder/volume/drivers/remotefs.py:1815}}
Jun 04 14:57:33 devstack cinder-volume[85941]: DEBUG oslo_service.periodic_task [None req-d0e00040-523a-4695-a78f-25aeeb804bad None None] Running periodic task VolumeManager.publish_service_capabilities {{(pid=85941) run_periodic_tasks /opt/stack/data/venv/lib/python3.12/site-packages/oslo_service/periodic_task.py:210}}
Jun 04 14:57:33 devstack cinder-volume[85941]: DEBUG oslo_concurrency.lockutils [None req-d0e00040-523a-4695-a78f-25aeeb804bad None None] Acquiring lock "quobyte_ensure" by "cinder.volume.drivers.quobyte.QuobyteDriver._ensure_shares_mounted" {{(pid=85941) inner /opt/stack/data/venv/lib/python3.12/site-packages/oslo_concurrency/lockutils.py:506}}
Jun 04 14:57:33 devstack cinder-volume[85941]: DEBUG oslo_concurrency.lockutils [None req-d0e00040-523a-4695-a78f-25aeeb804bad None None] Lock "quobyte_ensure" acquired by "cinder.volume.drivers.quobyte.QuobyteDriver._ensure_shares_mounted" :: waited 0.000s {{(pid=85941) inner /opt/stack/data/venv/lib/python3.12/site-packages/oslo_concurrency/lockutils.py:519}}
Jun 04 14:57:33 devstack cinder-volume[85941]: DEBUG cinder.volume.drivers.quobyte [None req-d0e00040-523a-4695-a78f-25aeeb804bad None None] Quobyte Volume URL set to: {'osci02.corp.quobyte.com/cinder-vol-ccd28a6a-6004-47d5-b546-cacdfdb9e7ef': None} {{(pid=85941) _load_shares_config /opt/stack/cinder/cinder/volume/drivers/quobyte.py:617}}
Jun 04 14:57:33 devstack cinder-volume[85941]: DEBUG cinder.volume.drivers.quobyte [None req-d0e00040-523a-4695-a78f-25aeeb804bad None None] Available shares ['osci02.corp.quobyte.com/cinder-vol-ccd28a6a-6004-47d5-b546-cacdfdb9e7ef'] {{(pid=85941) _ensure_shares_mounted /opt/stack/cinder/cinder/volume/drivers/quobyte.py:647}}
Jun 04 14:57:33 devstack cinder-volume[85941]: DEBUG oslo_concurrency.lockutils [None req-d0e00040-523a-4695-a78f-25aeeb804bad None None] Lock "quobyte_ensure" "released" by "cinder.volume.drivers.quobyte.QuobyteDriver._ensure_shares_mounted" :: held 0.006s {{(pid=85941) inner /opt/stack/data/venv/lib/python3.12/site-packages/oslo_concurrency/lockutils.py:538}}
Jun 04 14:57:33 devstack cinder-volume[85941]: DEBUG oslo_concurrency.processutils [None req-d0e00040-523a-4695-a78f-25aeeb804bad None None] Running cmd (subprocess): sudo cinder-rootwrap /etc/cinder/rootwrap.conf df --portability --block-size 1 /opt/stack/data/cinder/mnt/7780eea07962244245f7b57cae7089f3 {{(pid=85941) execute /opt/stack/data/venv/lib/python3.12/site-packages/oslo_concurrency/processutils.py:440}}
Jun 04 14:57:33 devstack cinder-volume[85941]: DEBUG oslo.privsep.daemon [-] privsep: reply[60f4ca6f-872d-4968-a97e-8d401576c997]: (4, 'qcow2') {{(pid=86783) _call_back /opt/stack/data/venv/lib/python3.12/site-packages/oslo_privsep/daemon.py:573}}
Jun 04 14:57:33 devstack cinder-volume[85941]: DEBUG oslo_concurrency.processutils [None req-70e90dcf-8702-4728-8514-71d4cb848dc1 tempest-GroupSnapshotsTest-504975089 None] Running cmd (subprocess): /opt/stack/data/venv/bin/python3.12 -m oslo_concurrency.prlimit --as=1073741824 --cpu=60 -- sudo cinder-rootwrap /etc/cinder/rootwrap.conf env LC_ALL=C qemu-img info -f qcow2 --output=json --force-share /opt/stack/data/cinder/mnt/7780eea07962244245f7b57cae7089f3/volume-7fff268e-c0ee-4570-9d47-30aec09e87a2 {{(pid=85941) execute /opt/stack/data/venv/lib/python3.12/site-packages/oslo_concurrency/processutils.py:440}}
Jun 04 14:57:33 devstack sudo[90676]: quobyte : PWD=/ ; USER=root ; COMMAND=/opt/stack/data/venv/bin/cinder-rootwrap /etc/cinder/rootwrap.conf df --portability --block-size 1 /opt/stack/data/cinder/mnt/7780eea07962244245f7b57cae7089f3
Jun 04 14:57:33 devstack sudo[90676]: pam_unix(sudo:session): session opened for user root(uid=0) by (uid=1000)
Jun 04 14:57:33 devstack sudo[90677]: quobyte : PWD=/ ; USER=root ; COMMAND=/opt/stack/data/venv/bin/cinder-rootwrap /etc/cinder/rootwrap.conf env LC_ALL=C qemu-img info -f qcow2 --output=json --force-share /opt/stack/data/cinder/mnt/7780eea07962244245f7b57cae7089f3/volume-7fff268e-c0ee-4570-9d47-30aec09e87a2
Jun 04 14:57:33 devstack sudo[90677]: pam_unix(sudo:session): session opened for user root(uid=0) by (uid=1000)
Jun 04 14:57:34 devstack sudo[90676]: pam_unix(sudo:session): session closed for user root
Jun 04 14:57:34 devstack cinder-volume[85941]: DEBUG oslo_concurrency.processutils [None req-d0e00040-523a-4695-a78f-25aeeb804bad None None] CMD "sudo cinder-rootwrap /etc/cinder/rootwrap.conf df --portability --block-size 1 /opt/stack/data/cinder/mnt/7780eea07962244245f7b57cae7089f3" returned: 0 in 0.849s {{(pid=85941) execute /opt/stack/data/venv/lib/python3.12/site-packages/oslo_concurrency/processutils.py:468}}
Jun 04 14:57:34 devstack cinder-volume[85941]: DEBUG cinder.manager [None req-d0e00040-523a-4695-a78f-25aeeb804bad None None] Notifying Schedulers of capabilities ... {{(pid=85941) _publish_service_capabilities /opt/stack/cinder/cinder/manager.py:202}}
Jun 04 14:57:34 devstack sudo[90677]: pam_unix(sudo:session): session closed for user root
Jun 04 14:57:34 devstack cinder-volume[85941]: DEBUG oslo_concurrency.processutils [None req-70e90dcf-8702-4728-8514-71d4cb848dc1 tempest-GroupSnapshotsTest-504975089 None] CMD "/opt/stack/data/venv/bin/python3.12 -m oslo_concurrency.prlimit --as=1073741824 --cpu=60 -- sudo cinder-rootwrap /etc/cinder/rootwrap.conf env LC_ALL=C qemu-img info -f qcow2 --output=json --force-share /opt/stack/data/cinder/mnt/7780eea07962244245f7b57cae7089f3/volume-7fff268e-c0ee-4570-9d47-30aec09e87a2" returned: 0 in 0.975s {{(pid=85941) execute /opt/stack/data/venv/lib/python3.12/site-packages/oslo_concurrency/processutils.py:468}}
Jun 04 14:57:34 devstack cinder-volume[85941]: DEBUG oslo_concurrency.processutils [None req-70e90dcf-8702-4728-8514-71d4cb848dc1 tempest-GroupSnapshotsTest-504975089 None] Running cmd (subprocess): sudo cinder-rootwrap /etc/cinder/rootwrap.conf qemu-img create -f qcow2 -o backing_file=/opt/stack/data/cinder/mnt/7780eea07962244245f7b57cae7089f3/volume-7fff268e-c0ee-4570-9d47-30aec09e87a2,backing_fmt=qcow2 /opt/stack/data/cinder/mnt/7780eea07962244245f7b57cae7089f3/volume-7fff268e-c0ee-4570-9d47-30aec09e87a2.cf9fe129-a5a8-4632-b2d7-34b2e6af1d12 1G {{(pid=85941) execute /opt/stack/data/venv/lib/python3.12/site-packages/oslo_concurrency/processutils.py:440}}
Jun 04 14:57:34 devstack sudo[90684]: quobyte : PWD=/ ; USER=root ; COMMAND=/opt/stack/data/venv/bin/cinder-rootwrap /etc/cinder/rootwrap.conf qemu-img create -f qcow2 -o backing_file=/opt/stack/data/cinder/mnt/7780eea07962244245f7b57cae7089f3/volume-7fff268e-c0ee-4570-9d47-30aec09e87a2,backing_fmt=qcow2 /opt/stack/data/cinder/mnt/7780eea07962244245f7b57cae7089f3/volume-7fff268e-c0ee-4570-9d47-30aec09e87a2.cf9fe129-a5a8-4632-b2d7-34b2e6af1d12 1G
Jun 04 14:57:34 devstack sudo[90684]: pam_unix(sudo:session): session opened for user root(uid=0) by (uid=1000)
Jun 04 14:57:35 devstack sudo[90684]: pam_unix(sudo:session): session closed for user root
Jun 04 14:57:35 devstack cinder-volume[85941]: DEBUG oslo_concurrency.processutils [None req-70e90dcf-8702-4728-8514-71d4cb848dc1 tempest-GroupSnapshotsTest-504975089 None] CMD "sudo cinder-rootwrap /etc/cinder/rootwrap.conf qemu-img create -f qcow2 -o backing_file=/opt/stack/data/cinder/mnt/7780eea07962244245f7b57cae7089f3/volume-7fff268e-c0ee-4570-9d47-30aec09e87a2,backing_fmt=qcow2 /opt/stack/data/cinder/mnt/7780eea07962244245f7b57cae7089f3/volume-7fff268e-c0ee-4570-9d47-30aec09e87a2.cf9fe129-a5a8-4632-b2d7-34b2e6af1d12 1G" returned: 0 in 0.869s {{(pid=85941) execute /opt/stack/data/venv/lib/python3.12/site-packages/oslo_concurrency/processutils.py:468}}
Jun 04 14:57:35 devstack cinder-volume[85941]: DEBUG oslo_concurrency.processutils [None req-70e90dcf-8702-4728-8514-71d4cb848dc1 tempest-GroupSnapshotsTest-504975089 None] Running cmd (subprocess): sudo cinder-rootwrap /etc/cinder/rootwrap.conf qemu-img rebase -u -b volume-7fff268e-c0ee-4570-9d47-30aec09e87a2 -F qcow2 /opt/stack/data/cinder/mnt/7780eea07962244245f7b57cae7089f3/volume-7fff268e-c0ee-4570-9d47-30aec09e87a2.cf9fe129-a5a8-4632-b2d7-34b2e6af1d12 {{(pid=85941) execute /opt/stack/data/venv/lib/python3.12/site-packages/oslo_concurrency/processutils.py:440}}
Jun 04 14:57:35 devstack sudo[90690]: quobyte : PWD=/ ; USER=root ; COMMAND=/opt/stack/data/venv/bin/cinder-rootwrap /etc/cinder/rootwrap.conf qemu-img rebase -u -b volume-7fff268e-c0ee-4570-9d47-30aec09e87a2 -F qcow2 /opt/stack/data/cinder/mnt/7780eea07962244245f7b57cae7089f3/volume-7fff268e-c0ee-4570-9d47-30aec09e87a2.cf9fe129-a5a8-4632-b2d7-34b2e6af1d12
Jun 04 14:57:35 devstack sudo[90690]: pam_unix(sudo:session): session opened for user root(uid=0) by (uid=1000)
Jun 04 14:57:36 devstack sudo[90690]: pam_unix(sudo:session): session closed for user root
Jun 04 14:57:36 devstack cinder-volume[85941]: DEBUG oslo_concurrency.processutils [None req-70e90dcf-8702-4728-8514-71d4cb848dc1 tempest-GroupSnapshotsTest-504975089 None] CMD "sudo cinder-rootwrap /etc/cinder/rootwrap.conf qemu-img rebase -u -b volume-7fff268e-c0ee-4570-9d47-30aec09e87a2 -F qcow2 /opt/stack/data/cinder/mnt/7780eea07962244245f7b57cae7089f3/volume-7fff268e-c0ee-4570-9d47-30aec09e87a2.cf9fe129-a5a8-4632-b2d7-34b2e6af1d12" returned: 0 in 0.765s {{(pid=85941) execute /opt/stack/data/venv/lib/python3.12/site-packages/oslo_concurrency/processutils.py:468}}
Jun 04 14:57:36 devstack cinder-volume[85941]: WARNING cinder.volume.drivers.remotefs [None req-70e90dcf-8702-4728-8514-71d4cb848dc1 tempest-GroupSnapshotsTest-504975089 None] /opt/stack/data/cinder/mnt/7780eea07962244245f7b57cae7089f3/volume-7fff268e-c0ee-4570-9d47-30aec09e87a2.cf9fe129-a5a8-4632-b2d7-34b2e6af1d12 is being set with open permissions: ugo+rw: NotImplementedError
Jun 04 14:57:36 devstack cinder-volume[85941]: DEBUG oslo_concurrency.processutils [None req-70e90dcf-8702-4728-8514-71d4cb848dc1 tempest-GroupSnapshotsTest-504975089 None] Running cmd (subprocess): sudo cinder-rootwrap /etc/cinder/rootwrap.conf chmod ugo+rw /opt/stack/data/cinder/mnt/7780eea07962244245f7b57cae7089f3/volume-7fff268e-c0ee-4570-9d47-30aec09e87a2.cf9fe129-a5a8-4632-b2d7-34b2e6af1d12 {{(pid=85941) execute /opt/stack/data/venv/lib/python3.12/site-packages/oslo_concurrency/processutils.py:440}}
Jun 04 14:57:36 devstack sudo[90695]: quobyte : PWD=/ ; USER=root ; COMMAND=/opt/stack/data/venv/bin/cinder-rootwrap /etc/cinder/rootwrap.conf chmod ugo+rw /opt/stack/data/cinder/mnt/7780eea07962244245f7b57cae7089f3/volume-7fff268e-c0ee-4570-9d47-30aec09e87a2.cf9fe129-a5a8-4632-b2d7-34b2e6af1d12
Jun 04 14:57:36 devstack sudo[90695]: pam_unix(sudo:session): session opened for user root(uid=0) by (uid=1000)
Jun 04 14:57:36 devstack sudo[90695]: pam_unix(sudo:session): session closed for user root
Jun 04 14:57:36 devstack cinder-volume[85941]: DEBUG oslo_concurrency.processutils [None req-70e90dcf-8702-4728-8514-71d4cb848dc1 tempest-GroupSnapshotsTest-504975089 None] CMD "sudo cinder-rootwrap /etc/cinder/rootwrap.conf chmod ugo+rw /opt/stack/data/cinder/mnt/7780eea07962244245f7b57cae7089f3/volume-7fff268e-c0ee-4570-9d47-30aec09e87a2.cf9fe129-a5a8-4632-b2d7-34b2e6af1d12" returned: 0 in 0.639s {{(pid=85941) execute /opt/stack/data/venv/lib/python3.12/site-packages/oslo_concurrency/processutils.py:468}}
Jun 04 14:57:36 devstack cinder-volume[85941]: DEBUG oslo_concurrency.processutils [None req-70e90dcf-8702-4728-8514-71d4cb848dc1 tempest-GroupSnapshotsTest-504975089 None] Running cmd (subprocess): sudo cinder-rootwrap /etc/cinder/rootwrap.conf truncate -s0 /opt/stack/data/cinder/mnt/7780eea07962244245f7b57cae7089f3/volume-7fff268e-c0ee-4570-9d47-30aec09e87a2.info {{(pid=85941) execute /opt/stack/data/venv/lib/python3.12/site-packages/oslo_concurrency/processutils.py:440}}
Jun 04 14:57:36 devstack sudo[90698]: quobyte : PWD=/ ; USER=root ; COMMAND=/opt/stack/data/venv/bin/cinder-rootwrap /etc/cinder/rootwrap.conf truncate -s0 /opt/stack/data/cinder/mnt/7780eea07962244245f7b57cae7089f3/volume-7fff268e-c0ee-4570-9d47-30aec09e87a2.info
Jun 04 14:57:36 devstack sudo[90698]: pam_unix(sudo:session): session opened for user root(uid=0) by (uid=1000)
Jun 04 14:57:37 devstack sudo[90698]: pam_unix(sudo:session): session closed for user root
Jun 04 14:57:37 devstack cinder-volume[85941]: DEBUG oslo_concurrency.processutils [None req-70e90dcf-8702-4728-8514-71d4cb848dc1 tempest-GroupSnapshotsTest-504975089 None] CMD "sudo cinder-rootwrap /etc/cinder/rootwrap.conf truncate -s0 /opt/stack/data/cinder/mnt/7780eea07962244245f7b57cae7089f3/volume-7fff268e-c0ee-4570-9d47-30aec09e87a2.info" returned: 0 in 0.750s {{(pid=85941) execute /opt/stack/data/venv/lib/python3.12/site-packages/oslo_concurrency/processutils.py:468}}
Jun 04 14:57:37 devstack cinder-volume[85941]: WARNING cinder.volume.drivers.remotefs [None req-70e90dcf-8702-4728-8514-71d4cb848dc1 tempest-GroupSnapshotsTest-504975089 None] /opt/stack/data/cinder/mnt/7780eea07962244245f7b57cae7089f3/volume-7fff268e-c0ee-4570-9d47-30aec09e87a2.info is being set with open permissions: ugo+rw: NotImplementedError
Jun 04 14:57:37 devstack cinder-volume[85941]: DEBUG oslo_concurrency.processutils [None req-70e90dcf-8702-4728-8514-71d4cb848dc1 tempest-GroupSnapshotsTest-504975089 None] Running cmd (subprocess): sudo cinder-rootwrap /etc/cinder/rootwrap.conf chmod ugo+rw /opt/stack/data/cinder/mnt/7780eea07962244245f7b57cae7089f3/volume-7fff268e-c0ee-4570-9d47-30aec09e87a2.info {{(pid=85941) execute /opt/stack/data/venv/lib/python3.12/site-packages/oslo_concurrency/processutils.py:440}}
Jun 04 14:57:37 devstack sudo[90702]: quobyte : PWD=/ ; USER=root ; COMMAND=/opt/stack/data/venv/bin/cinder-rootwrap /etc/cinder/rootwrap.conf chmod ugo+rw /opt/stack/data/cinder/mnt/7780eea07962244245f7b57cae7089f3/volume-7fff268e-c0ee-4570-9d47-30aec09e87a2.info
Jun 04 14:57:37 devstack sudo[90702]: pam_unix(sudo:session): session opened for user root(uid=0) by (uid=1000)
Jun 04 14:57:38 devstack sudo[90702]: pam_unix(sudo:session): session closed for user root
Jun 04 14:57:38 devstack cinder-volume[85941]: DEBUG oslo_concurrency.processutils [None req-70e90dcf-8702-4728-8514-71d4cb848dc1 tempest-GroupSnapshotsTest-504975089 None] CMD "sudo cinder-rootwrap /etc/cinder/rootwrap.conf chmod ugo+rw /opt/stack/data/cinder/mnt/7780eea07962244245f7b57cae7089f3/volume-7fff268e-c0ee-4570-9d47-30aec09e87a2.info" returned: 0 in 0.667s {{(pid=85941) execute /opt/stack/data/venv/lib/python3.12/site-packages/oslo_concurrency/processutils.py:468}}
Jun 04 14:57:38 devstack cinder-volume[85941]: DEBUG oslo_concurrency.lockutils [None req-70e90dcf-8702-4728-8514-71d4cb848dc1 tempest-GroupSnapshotsTest-504975089 None] Lock "quobyte" "released" by "cinder.volume.drivers.quobyte.QuobyteDriver.create_snapshot" :: held 4.797s {{(pid=85941) inner /opt/stack/data/venv/lib/python3.12/site-packages/oslo_concurrency/lockutils.py:538}}
Jun 04 14:57:38 devstack cinder-volume[85941]: DEBUG oslo_concurrency.lockutils [None req-accf2659-0e47-4bdf-97a6-40d11d2d3f50 tempest-GroupSnapshotsV319Test-699959496 None] Lock "quobyte" acquired by "cinder.volume.drivers.quobyte.QuobyteDriver.create_volume" :: waited 8.758s {{(pid=85941) inner /opt/stack/data/venv/lib/python3.12/site-packages/oslo_concurrency/lockutils.py:519}}
Jun 04 14:57:38 devstack cinder-volume[85941]: DEBUG cinder.volume.drivers.quobyte [None req-accf2659-0e47-4bdf-97a6-40d11d2d3f50 tempest-GroupSnapshotsV319Test-699959496 None] ==> create_volume: call "{'self': , 'volume': Volume(_name_id=None,admin_metadata=,attach_status='detached',availability_zone='nova',bootable=False,cluster=,cluster_name=None,consistencygroup=,consistencygroup_id=21c2e5bb-0ea4-4744-b84a-2e6b3c5ef244,created_at=2026-06-04T12:57:29Z,deleted=False,deleted_at=None,display_description=None,display_name='tempest-volume-118349799',ec2_id=None,encryption_key_id=None,glance_metadata=,group=,group_id=21c2e5bb-0ea4-4744-b84a-2e6b3c5ef244,host='devstack@QuobyteHD#QuobyteHD',id=fa5b875a-72ec-44a5-b38e-3b19f152b841,launched_at=None,metadata={},migration_status=None,multiattach=False,previous_status=None,project_id='e5eb071789314997ac270946e696a24a',provider_auth=None,provider_geometry=None,provider_id=None,provider_location=None,replication_driver_data=None,replication_extended_status=None,replication_status=None,scheduled_at=2026-06-04T12:57:29Z,service_uuid=None,shared_targets=True,size=1,snapshot_id=None,snapshots=,source_volid=None,status='creating',terminated_at=None,updated_at=2026-06-04T12:57:29Z,use_quota=True,user_id='45cc800aabad4519a5b349b2b7687e11',volume_attachment=VolumeAttachmentList,volume_type=VolumeType(417ab286-91ea-438a-b45d-79ec01bf9fa0),volume_type_id=417ab286-91ea-438a-b45d-79ec01bf9fa0)}" {{(pid=85941) trace_logging_wrapper /opt/stack/cinder/cinder/volume/volume_utils.py:1498}}
Jun 04 14:57:38 devstack cinder-volume[85941]: DEBUG cinder.volume.drivers.remotefs [None req-accf2659-0e47-4bdf-97a6-40d11d2d3f50 tempest-GroupSnapshotsV319Test-699959496 None] Creating volume fa5b875a-72ec-44a5-b38e-3b19f152b841 {{(pid=85941) create_volume /opt/stack/cinder/cinder/volume/drivers/remotefs.py:292}}
Jun 04 14:57:38 devstack cinder-volume[85941]: DEBUG oslo_concurrency.lockutils [None req-accf2659-0e47-4bdf-97a6-40d11d2d3f50 tempest-GroupSnapshotsV319Test-699959496 None] Acquiring lock "quobyte_ensure" by "cinder.volume.drivers.quobyte.QuobyteDriver._ensure_shares_mounted" {{(pid=85941) inner /opt/stack/data/venv/lib/python3.12/site-packages/oslo_concurrency/lockutils.py:506}}
Jun 04 14:57:38 devstack cinder-volume[85941]: DEBUG oslo_concurrency.lockutils [None req-accf2659-0e47-4bdf-97a6-40d11d2d3f50 tempest-GroupSnapshotsV319Test-699959496 None] Lock "quobyte_ensure" acquired by "cinder.volume.drivers.quobyte.QuobyteDriver._ensure_shares_mounted" :: waited 0.000s {{(pid=85941) inner /opt/stack/data/venv/lib/python3.12/site-packages/oslo_concurrency/lockutils.py:519}}
Jun 04 14:57:38 devstack cinder-volume[85941]: DEBUG cinder.volume.drivers.quobyte [None req-accf2659-0e47-4bdf-97a6-40d11d2d3f50 tempest-GroupSnapshotsV319Test-699959496 None] Quobyte Volume URL set to: {'osci02.corp.quobyte.com/cinder-vol-ccd28a6a-6004-47d5-b546-cacdfdb9e7ef': None} {{(pid=85941) _load_shares_config /opt/stack/cinder/cinder/volume/drivers/quobyte.py:617}}
Jun 04 14:57:38 devstack cinder-volume[85941]: DEBUG cinder.volume.drivers.quobyte [None req-accf2659-0e47-4bdf-97a6-40d11d2d3f50 tempest-GroupSnapshotsV319Test-699959496 None] Available shares ['osci02.corp.quobyte.com/cinder-vol-ccd28a6a-6004-47d5-b546-cacdfdb9e7ef'] {{(pid=85941) _ensure_shares_mounted /opt/stack/cinder/cinder/volume/drivers/quobyte.py:647}}
Jun 04 14:57:38 devstack cinder-volume[85941]: DEBUG oslo_concurrency.lockutils [None req-accf2659-0e47-4bdf-97a6-40d11d2d3f50 tempest-GroupSnapshotsV319Test-699959496 None] Lock "quobyte_ensure" "released" by "cinder.volume.drivers.quobyte.QuobyteDriver._ensure_shares_mounted" :: held 0.025s {{(pid=85941) inner /opt/stack/data/venv/lib/python3.12/site-packages/oslo_concurrency/lockutils.py:538}}
Jun 04 14:57:38 devstack cinder-volume[85941]: DEBUG cinder.volume.drivers.quobyte [None req-accf2659-0e47-4bdf-97a6-40d11d2d3f50 tempest-GroupSnapshotsV319Test-699959496 None] Selected osci02.corp.quobyte.com/cinder-vol-ccd28a6a-6004-47d5-b546-cacdfdb9e7ef as target Quobyte volume. {{(pid=85941) _find_share /opt/stack/cinder/cinder/volume/drivers/quobyte.py:668}}
Jun 04 14:57:38 devstack cinder-volume[85941]: INFO cinder.volume.drivers.remotefs [None req-accf2659-0e47-4bdf-97a6-40d11d2d3f50 tempest-GroupSnapshotsV319Test-699959496 None] casted to osci02.corp.quobyte.com/cinder-vol-ccd28a6a-6004-47d5-b546-cacdfdb9e7ef
Jun 04 14:57:38 devstack cinder-volume[85941]: DEBUG oslo_concurrency.processutils [None req-accf2659-0e47-4bdf-97a6-40d11d2d3f50 tempest-GroupSnapshotsV319Test-699959496 None] Running cmd (subprocess): sudo cinder-rootwrap /etc/cinder/rootwrap.conf qemu-img create -f qcow2 -o preallocation=metadata /opt/stack/data/cinder/mnt/7780eea07962244245f7b57cae7089f3/volume-fa5b875a-72ec-44a5-b38e-3b19f152b841 1073741824 {{(pid=85941) execute /opt/stack/data/venv/lib/python3.12/site-packages/oslo_concurrency/processutils.py:440}}
Jun 04 14:57:38 devstack sudo[90707]: quobyte : PWD=/ ; USER=root ; COMMAND=/opt/stack/data/venv/bin/cinder-rootwrap /etc/cinder/rootwrap.conf qemu-img create -f qcow2 -o preallocation=metadata /opt/stack/data/cinder/mnt/7780eea07962244245f7b57cae7089f3/volume-fa5b875a-72ec-44a5-b38e-3b19f152b841 1073741824
Jun 04 14:57:38 devstack sudo[90707]: pam_unix(sudo:session): session opened for user root(uid=0) by (uid=1000)
Jun 04 14:57:38 devstack cinder-volume[85941]: INFO cinder.volume.manager [None req-70e90dcf-8702-4728-8514-71d4cb848dc1 tempest-GroupSnapshotsTest-504975089 None] group_snapshot 95bc28bd-fddf-4d5e-809b-d0343f39dcd4: created successfully
Jun 04 14:57:39 devstack sudo[90707]: pam_unix(sudo:session): session closed for user root
Jun 04 14:57:39 devstack cinder-volume[85941]: DEBUG oslo_concurrency.processutils [None req-accf2659-0e47-4bdf-97a6-40d11d2d3f50 tempest-GroupSnapshotsV319Test-699959496 None] CMD "sudo cinder-rootwrap /etc/cinder/rootwrap.conf qemu-img create -f qcow2 -o preallocation=metadata /opt/stack/data/cinder/mnt/7780eea07962244245f7b57cae7089f3/volume-fa5b875a-72ec-44a5-b38e-3b19f152b841 1073741824" returned: 0 in 1.121s {{(pid=85941) execute /opt/stack/data/venv/lib/python3.12/site-packages/oslo_concurrency/processutils.py:468}}
Jun 04 14:57:39 devstack cinder-volume[85941]: DEBUG oslo_concurrency.processutils [None req-accf2659-0e47-4bdf-97a6-40d11d2d3f50 tempest-GroupSnapshotsV319Test-699959496 None] Running cmd (subprocess): sudo cinder-rootwrap /etc/cinder/rootwrap.conf chmod ugo+rw /opt/stack/data/cinder/mnt/7780eea07962244245f7b57cae7089f3/volume-fa5b875a-72ec-44a5-b38e-3b19f152b841 {{(pid=85941) execute /opt/stack/data/venv/lib/python3.12/site-packages/oslo_concurrency/processutils.py:440}}
Jun 04 14:57:39 devstack sudo[90715]: quobyte : PWD=/ ; USER=root ; COMMAND=/opt/stack/data/venv/bin/cinder-rootwrap /etc/cinder/rootwrap.conf chmod ugo+rw /opt/stack/data/cinder/mnt/7780eea07962244245f7b57cae7089f3/volume-fa5b875a-72ec-44a5-b38e-3b19f152b841
Jun 04 14:57:39 devstack sudo[90715]: pam_unix(sudo:session): session opened for user root(uid=0) by (uid=1000)
Jun 04 14:57:39 devstack cinder-volume[85941]: INFO cinder.volume.manager [None req-b27d4b36-c164-4766-9f18-c1670add1b5a tempest-GroupSnapshotsTest-504975089 None] group_snapshot 95bc28bd-fddf-4d5e-809b-d0343f39dcd4: deleting
Jun 04 14:57:39 devstack cinder-volume[85941]: DEBUG cinder.volume.manager [None req-b27d4b36-c164-4766-9f18-c1670add1b5a tempest-GroupSnapshotsTest-504975089 None] group_snapshot 95bc28bd-fddf-4d5e-809b-d0343f39dcd4: deleting {{(pid=85941) delete_group_snapshot /opt/stack/cinder/cinder/volume/manager.py:4350}}
Jun 04 14:57:39 devstack cinder-volume[85941]: DEBUG cinder.coordination [None req-b27d4b36-c164-4766-9f18-c1670add1b5a tempest-GroupSnapshotsTest-504975089 None] Acquiring lock "cinder-quobyte-abac1ebc-bf3d-4d1b-9377-c8d5fab18e25" by "delete_snapshot" {{(pid=85941) __acquire /opt/stack/cinder/cinder/coordination.py:138}}
Jun 04 14:57:39 devstack cinder-volume[85941]: DEBUG cinder.coordination [None req-b27d4b36-c164-4766-9f18-c1670add1b5a tempest-GroupSnapshotsTest-504975089 None] Lock "cinder-quobyte-abac1ebc-bf3d-4d1b-9377-c8d5fab18e25" acquired by "delete_snapshot" :: waited 0.026s {{(pid=85941) __acquire /opt/stack/cinder/cinder/coordination.py:141}}
Jun 04 14:57:39 devstack cinder-volume[85941]: DEBUG cinder.coordination [None req-b27d4b36-c164-4766-9f18-c1670add1b5a tempest-GroupSnapshotsTest-504975089 None] Acquiring lock "cinder-quobyte-5fae370a-720d-44c3-8b04-477f3fa5d38c" by "_delete_snapshot" {{(pid=85941) __acquire /opt/stack/cinder/cinder/coordination.py:138}}
Jun 04 14:57:39 devstack cinder-volume[85941]: DEBUG cinder.coordination [None req-b27d4b36-c164-4766-9f18-c1670add1b5a tempest-GroupSnapshotsTest-504975089 None] Lock "cinder-quobyte-5fae370a-720d-44c3-8b04-477f3fa5d38c" acquired by "_delete_snapshot" :: waited 0.022s {{(pid=85941) __acquire /opt/stack/cinder/cinder/coordination.py:141}}
Jun 04 14:57:39 devstack cinder-volume[85941]: DEBUG cinder.volume.drivers.remotefs [None req-b27d4b36-c164-4766-9f18-c1670add1b5a tempest-GroupSnapshotsTest-504975089 None] Deleting offline snapshot 5fae370a-720d-44c3-8b04-477f3fa5d38c of volume abac1ebc-bf3d-4d1b-9377-c8d5fab18e25 {{(pid=85941) _delete_snapshot /opt/stack/cinder/cinder/volume/drivers/remotefs.py:1288}}
Jun 04 14:57:39 devstack cinder-volume[85941]: DEBUG cinder.volume.drivers.remotefs [None req-b27d4b36-c164-4766-9f18-c1670add1b5a tempest-GroupSnapshotsTest-504975089 None] snapshot_file for this snap is: volume-abac1ebc-bf3d-4d1b-9377-c8d5fab18e25.5fae370a-720d-44c3-8b04-477f3fa5d38c {{(pid=85941) _delete_snapshot /opt/stack/cinder/cinder/volume/drivers/remotefs.py:1317}}
Jun 04 14:57:39 devstack cinder-volume[85941]: DEBUG oslo.privsep.daemon [-] privsep: reply[61716d7f-d88f-4230-804e-053e2340b1fc]: (4, 'qcow2') {{(pid=86783) _call_back /opt/stack/data/venv/lib/python3.12/site-packages/oslo_privsep/daemon.py:573}}
Jun 04 14:57:39 devstack cinder-volume[85941]: DEBUG oslo_concurrency.processutils [None req-b27d4b36-c164-4766-9f18-c1670add1b5a tempest-GroupSnapshotsTest-504975089 None] Running cmd (subprocess): /opt/stack/data/venv/bin/python3.12 -m oslo_concurrency.prlimit --as=1073741824 --cpu=60 -- sudo cinder-rootwrap /etc/cinder/rootwrap.conf env LC_ALL=C qemu-img info -f qcow2 --output=json --force-share /opt/stack/data/cinder/mnt/7780eea07962244245f7b57cae7089f3/volume-abac1ebc-bf3d-4d1b-9377-c8d5fab18e25.5fae370a-720d-44c3-8b04-477f3fa5d38c {{(pid=85941) execute /opt/stack/data/venv/lib/python3.12/site-packages/oslo_concurrency/processutils.py:440}}
Jun 04 14:57:40 devstack sudo[90717]: quobyte : PWD=/ ; USER=root ; COMMAND=/opt/stack/data/venv/bin/cinder-rootwrap /etc/cinder/rootwrap.conf env LC_ALL=C qemu-img info -f qcow2 --output=json --force-share /opt/stack/data/cinder/mnt/7780eea07962244245f7b57cae7089f3/volume-abac1ebc-bf3d-4d1b-9377-c8d5fab18e25.5fae370a-720d-44c3-8b04-477f3fa5d38c
Jun 04 14:57:40 devstack sudo[90717]: pam_unix(sudo:session): session opened for user root(uid=0) by (uid=1000)
Jun 04 14:57:40 devstack sudo[90715]: pam_unix(sudo:session): session closed for user root
Jun 04 14:57:40 devstack cinder-volume[85941]: DEBUG oslo_concurrency.processutils [None req-accf2659-0e47-4bdf-97a6-40d11d2d3f50 tempest-GroupSnapshotsV319Test-699959496 None] CMD "sudo cinder-rootwrap /etc/cinder/rootwrap.conf chmod ugo+rw /opt/stack/data/cinder/mnt/7780eea07962244245f7b57cae7089f3/volume-fa5b875a-72ec-44a5-b38e-3b19f152b841" returned: 0 in 0.687s {{(pid=85941) execute /opt/stack/data/venv/lib/python3.12/site-packages/oslo_concurrency/processutils.py:468}}
Jun 04 14:57:40 devstack cinder-volume[85941]: DEBUG cinder.volume.drivers.quobyte [None req-accf2659-0e47-4bdf-97a6-40d11d2d3f50 tempest-GroupSnapshotsV319Test-699959496 None] <== create_volume: return (1891ms) {'provider_location': 'osci02.corp.quobyte.com/cinder-vol-ccd28a6a-6004-47d5-b546-cacdfdb9e7ef'} {{(pid=85941) trace_logging_wrapper /opt/stack/cinder/cinder/volume/volume_utils.py:1523}}
Jun 04 14:57:40 devstack cinder-volume[85941]: DEBUG oslo_concurrency.lockutils [None req-accf2659-0e47-4bdf-97a6-40d11d2d3f50 tempest-GroupSnapshotsV319Test-699959496 None] Lock "quobyte" "released" by "cinder.volume.drivers.quobyte.QuobyteDriver.create_volume" :: held 1.897s {{(pid=85941) inner /opt/stack/data/venv/lib/python3.12/site-packages/oslo_concurrency/lockutils.py:538}}
Jun 04 14:57:40 devstack cinder-volume[85941]: DEBUG cinder.volume.manager [None req-accf2659-0e47-4bdf-97a6-40d11d2d3f50 tempest-GroupSnapshotsV319Test-699959496 None] Task 'cinder.volume.flows.manager.create_volume.CreateVolumeFromSpecTask;volume:create' (9c1b9dde-409c-4fd7-bf4d-62a06be95936) transitioned into state 'SUCCESS' from state 'RUNNING' with result '{'status': 'creating', 'volume_name': 'volume-fa5b875a-72ec-44a5-b38e-3b19f152b841', 'volume_size': 1}' {{(pid=85941) _task_receiver /opt/stack/data/venv/lib/python3.12/site-packages/taskflow/listeners/logging.py:182}}
Jun 04 14:57:40 devstack cinder-volume[85941]: DEBUG cinder.volume.manager [None req-accf2659-0e47-4bdf-97a6-40d11d2d3f50 tempest-GroupSnapshotsV319Test-699959496 None] Task 'cinder.volume.flows.manager.create_volume.CreateVolumeOnFinishTask;volume:create, create.end' (70f9ccb0-4884-4615-ae7b-dce973b0d2f1) transitioned into state 'RUNNING' from state 'PENDING' {{(pid=85941) _task_receiver /opt/stack/data/venv/lib/python3.12/site-packages/taskflow/listeners/logging.py:194}}
Jun 04 14:57:40 devstack cinder-volume[85941]: INFO cinder.volume.flows.manager.create_volume [None req-accf2659-0e47-4bdf-97a6-40d11d2d3f50 tempest-GroupSnapshotsV319Test-699959496 None] Volume volume-fa5b875a-72ec-44a5-b38e-3b19f152b841 (fa5b875a-72ec-44a5-b38e-3b19f152b841): created successfully
Jun 04 14:57:40 devstack cinder-volume[85941]: DEBUG cinder.volume.manager [None req-accf2659-0e47-4bdf-97a6-40d11d2d3f50 tempest-GroupSnapshotsV319Test-699959496 None] Task 'cinder.volume.flows.manager.create_volume.CreateVolumeOnFinishTask;volume:create, create.end' (70f9ccb0-4884-4615-ae7b-dce973b0d2f1) transitioned into state 'SUCCESS' from state 'RUNNING' with result 'None' {{(pid=85941) _task_receiver /opt/stack/data/venv/lib/python3.12/site-packages/taskflow/listeners/logging.py:182}}
Jun 04 14:57:40 devstack cinder-volume[85941]: DEBUG cinder.volume.manager [None req-accf2659-0e47-4bdf-97a6-40d11d2d3f50 tempest-GroupSnapshotsV319Test-699959496 None] Flow 'volume_create_manager' (2c2becd4-ab38-48b0-8792-155e922f63f5) transitioned into state 'SUCCESS' from state 'RUNNING' {{(pid=85941) _flow_receiver /opt/stack/data/venv/lib/python3.12/site-packages/taskflow/listeners/logging.py:145}}
Jun 04 14:57:40 devstack cinder-volume[85941]: INFO cinder.volume.manager [None req-accf2659-0e47-4bdf-97a6-40d11d2d3f50 tempest-GroupSnapshotsV319Test-699959496 None] Created volume successfully.
Jun 04 14:57:40 devstack sudo[90717]: pam_unix(sudo:session): session closed for user root
Jun 04 14:57:40 devstack cinder-volume[85941]: DEBUG oslo_concurrency.processutils [None req-b27d4b36-c164-4766-9f18-c1670add1b5a tempest-GroupSnapshotsTest-504975089 None] CMD "/opt/stack/data/venv/bin/python3.12 -m oslo_concurrency.prlimit --as=1073741824 --cpu=60 -- sudo cinder-rootwrap /etc/cinder/rootwrap.conf env LC_ALL=C qemu-img info -f qcow2 --output=json --force-share /opt/stack/data/cinder/mnt/7780eea07962244245f7b57cae7089f3/volume-abac1ebc-bf3d-4d1b-9377-c8d5fab18e25.5fae370a-720d-44c3-8b04-477f3fa5d38c" returned: 0 in 0.958s {{(pid=85941) execute /opt/stack/data/venv/lib/python3.12/site-packages/oslo_concurrency/processutils.py:468}}
Jun 04 14:57:40 devstack cinder-volume[85941]: DEBUG cinder.volume.drivers.remotefs [None req-b27d4b36-c164-4766-9f18-c1670add1b5a tempest-GroupSnapshotsTest-504975089 None] Fetching qemu-img info with special backing_file_template: (/opt/stack/data/cinder/mnt/[0-9a-f]+/)?(volume-abac1ebc-bf3d-4d1b-9377-c8d5fab18e25(.(tmp-snap-)?[0-9a-f-]+)?|volume_from_snapshot_cache/(tmp-snap-)?[0-9a-f-]+(.(child-|parent-)[0-9a-f-]+)?)$ {{(pid=85941) _qemu_img_info_base /opt/stack/cinder/cinder/volume/drivers/remotefs.py:896}}
Jun 04 14:57:40 devstack cinder-volume[85941]: DEBUG oslo.privsep.daemon [-] privsep: reply[e3d56fc8-8d7d-4289-8d1a-1a76496b4711]: (4, 'qcow2') {{(pid=86783) _call_back /opt/stack/data/venv/lib/python3.12/site-packages/oslo_privsep/daemon.py:573}}
Jun 04 14:57:40 devstack cinder-volume[85941]: DEBUG oslo_concurrency.processutils [None req-b27d4b36-c164-4766-9f18-c1670add1b5a tempest-GroupSnapshotsTest-504975089 None] Running cmd (subprocess): /opt/stack/data/venv/bin/python3.12 -m oslo_concurrency.prlimit --as=1073741824 --cpu=60 -- sudo cinder-rootwrap /etc/cinder/rootwrap.conf env LC_ALL=C qemu-img info -f qcow2 --output=json --force-share /opt/stack/data/cinder/mnt/7780eea07962244245f7b57cae7089f3/volume-abac1ebc-bf3d-4d1b-9377-c8d5fab18e25 {{(pid=85941) execute /opt/stack/data/venv/lib/python3.12/site-packages/oslo_concurrency/processutils.py:440}}
Jun 04 14:57:41 devstack cinder-volume[85941]: INFO cinder.volume.manager [None req-b5763e01-ac28-47f7-8508-ebc63770fbdb tempest-GroupSnapshotsV319Test-699959496 None] GroupSnapshot 51a77afb-61cf-43ed-8e45-419b9bf55165: creating.
Jun 04 14:57:41 devstack sudo[90724]: quobyte : PWD=/ ; USER=root ; COMMAND=/opt/stack/data/venv/bin/cinder-rootwrap /etc/cinder/rootwrap.conf env LC_ALL=C qemu-img info -f qcow2 --output=json --force-share /opt/stack/data/cinder/mnt/7780eea07962244245f7b57cae7089f3/volume-abac1ebc-bf3d-4d1b-9377-c8d5fab18e25
Jun 04 14:57:41 devstack sudo[90724]: pam_unix(sudo:session): session opened for user root(uid=0) by (uid=1000)
Jun 04 14:57:41 devstack cinder-volume[85941]: DEBUG cinder.volume.manager [None req-b5763e01-ac28-47f7-8508-ebc63770fbdb tempest-GroupSnapshotsV319Test-699959496 None] Group snapshot 51a77afb-61cf-43ed-8e45-419b9bf55165: creating. {{(pid=85941) create_group_snapshot /opt/stack/cinder/cinder/volume/manager.py:4175}}
Jun 04 14:57:41 devstack cinder-volume[85941]: DEBUG oslo_concurrency.lockutils [None req-b5763e01-ac28-47f7-8508-ebc63770fbdb tempest-GroupSnapshotsV319Test-699959496 None] Acquiring lock "quobyte" by "cinder.volume.drivers.quobyte.QuobyteDriver.create_snapshot" {{(pid=85941) inner /opt/stack/data/venv/lib/python3.12/site-packages/oslo_concurrency/lockutils.py:506}}
Jun 04 14:57:41 devstack cinder-volume[85941]: DEBUG oslo_concurrency.lockutils [None req-b5763e01-ac28-47f7-8508-ebc63770fbdb tempest-GroupSnapshotsV319Test-699959496 None] Lock "quobyte" acquired by "cinder.volume.drivers.quobyte.QuobyteDriver.create_snapshot" :: waited 0.001s {{(pid=85941) inner /opt/stack/data/venv/lib/python3.12/site-packages/oslo_concurrency/lockutils.py:519}}
Jun 04 14:57:41 devstack cinder-volume[85941]: DEBUG cinder.volume.drivers.remotefs [None req-b5763e01-ac28-47f7-8508-ebc63770fbdb tempest-GroupSnapshotsV319Test-699959496 None] Creating offline snapshot b3b7ae90-d14e-4828-86ea-756425ea857b of volume fa5b875a-72ec-44a5-b38e-3b19f152b841 {{(pid=85941) _create_snapshot /opt/stack/cinder/cinder/volume/drivers/remotefs.py:1815}}
Jun 04 14:57:41 devstack cinder-volume[85941]: DEBUG oslo.privsep.daemon [-] privsep: reply[69113cc0-3df4-48d0-ba20-6bda77b98db5]: (4, 'qcow2') {{(pid=86783) _call_back /opt/stack/data/venv/lib/python3.12/site-packages/oslo_privsep/daemon.py:573}}
Jun 04 14:57:41 devstack cinder-volume[85941]: DEBUG oslo_concurrency.processutils [None req-b5763e01-ac28-47f7-8508-ebc63770fbdb tempest-GroupSnapshotsV319Test-699959496 None] Running cmd (subprocess): /opt/stack/data/venv/bin/python3.12 -m oslo_concurrency.prlimit --as=1073741824 --cpu=60 -- sudo cinder-rootwrap /etc/cinder/rootwrap.conf env LC_ALL=C qemu-img info -f qcow2 --output=json --force-share /opt/stack/data/cinder/mnt/7780eea07962244245f7b57cae7089f3/volume-fa5b875a-72ec-44a5-b38e-3b19f152b841 {{(pid=85941) execute /opt/stack/data/venv/lib/python3.12/site-packages/oslo_concurrency/processutils.py:440}}
Jun 04 14:57:41 devstack sudo[90726]: quobyte : PWD=/ ; USER=root ; COMMAND=/opt/stack/data/venv/bin/cinder-rootwrap /etc/cinder/rootwrap.conf env LC_ALL=C qemu-img info -f qcow2 --output=json --force-share /opt/stack/data/cinder/mnt/7780eea07962244245f7b57cae7089f3/volume-fa5b875a-72ec-44a5-b38e-3b19f152b841
Jun 04 14:57:41 devstack sudo[90726]: pam_unix(sudo:session): session opened for user root(uid=0) by (uid=1000)
Jun 04 14:57:41 devstack sudo[90724]: pam_unix(sudo:session): session closed for user root
