Jun 01 09:31:16 devstack cinder-volume[86649]: INFO cinder.volume.manager [req-47e246ff-5a88-4ee9-824b-c07663b81f00 req-ab845108-15a6-41d3-bab8-bff2fe243d3f tempest-VolumesSnapshotsTestJSON-1409977180 None] Created volume successfully.
Jun 01 09:31:17 devstack cinder-volume[86649]: DEBUG oslo_concurrency.lockutils [req-aa8948d8-174b-47ef-baff-6ab98a14e997 req-b3b7e562-0043-4b2e-ac09-62d7e76a9f8b tempest-VolumesSnapshotsTestJSON-1409977180 None] Acquiring lock "quobyte" by "cinder.volume.drivers.quobyte.QuobyteDriver.create_snapshot" {{(pid=86649) inner /opt/stack/data/venv/lib/python3.12/site-packages/oslo_concurrency/lockutils.py:506}}
Jun 01 09:31:17 devstack cinder-volume[86649]: DEBUG oslo_concurrency.lockutils [req-aa8948d8-174b-47ef-baff-6ab98a14e997 req-b3b7e562-0043-4b2e-ac09-62d7e76a9f8b tempest-VolumesSnapshotsTestJSON-1409977180 None] Lock "quobyte" acquired by "cinder.volume.drivers.quobyte.QuobyteDriver.create_snapshot" :: waited 0.001s {{(pid=86649) inner /opt/stack/data/venv/lib/python3.12/site-packages/oslo_concurrency/lockutils.py:519}}
Jun 01 09:31:17 devstack cinder-volume[86649]: DEBUG cinder.volume.drivers.remotefs [req-aa8948d8-174b-47ef-baff-6ab98a14e997 req-b3b7e562-0043-4b2e-ac09-62d7e76a9f8b tempest-VolumesSnapshotsTestJSON-1409977180 None] Creating offline snapshot edca720e-8684-478f-9e39-0d0219acb5d8 of volume 52e98468-046c-4ac9-a997-c4936266c4fc {{(pid=86649) _create_snapshot /opt/stack/cinder/cinder/volume/drivers/remotefs.py:1815}}
Jun 01 09:31:17 devstack cinder-volume[86649]: DEBUG oslo.privsep.daemon [-] privsep: reply[ebd7041c-4f95-476b-8d67-99cf66943a94]: (4, 'qcow2') {{(pid=87550) _call_back /opt/stack/data/venv/lib/python3.12/site-packages/oslo_privsep/daemon.py:573}}
Jun 01 09:31:17 devstack cinder-volume[86649]: DEBUG oslo_concurrency.processutils [req-aa8948d8-174b-47ef-baff-6ab98a14e997 req-b3b7e562-0043-4b2e-ac09-62d7e76a9f8b tempest-VolumesSnapshotsTestJSON-1409977180 None] Running cmd (subprocess): /opt/stack/data/venv/bin/python3.12 -m oslo_concurrency.prlimit --as=1073741824 --cpu=60 -- sudo cinder-rootwrap /etc/cinder/rootwrap.conf env LC_ALL=C qemu-img info -f qcow2 --output=json --force-share /opt/stack/data/cinder/mnt/71d9241aad799480671d8e50986cb43e/volume-52e98468-046c-4ac9-a997-c4936266c4fc {{(pid=86649) execute /opt/stack/data/venv/lib/python3.12/site-packages/oslo_concurrency/processutils.py:440}}
Jun 01 09:31:17 devstack sudo[91424]: quobyte : PWD=/ ; USER=root ; COMMAND=/opt/stack/data/venv/bin/cinder-rootwrap /etc/cinder/rootwrap.conf env LC_ALL=C qemu-img info -f qcow2 --output=json --force-share /opt/stack/data/cinder/mnt/71d9241aad799480671d8e50986cb43e/volume-52e98468-046c-4ac9-a997-c4936266c4fc
Jun 01 09:31:17 devstack sudo[91424]: pam_unix(sudo:session): session opened for user root(uid=0) by (uid=1000)
Jun 01 09:31:18 devstack sudo[91424]: pam_unix(sudo:session): session closed for user root
Jun 01 09:31:18 devstack cinder-volume[86649]: DEBUG oslo_concurrency.processutils [req-aa8948d8-174b-47ef-baff-6ab98a14e997 req-b3b7e562-0043-4b2e-ac09-62d7e76a9f8b tempest-VolumesSnapshotsTestJSON-1409977180 None] CMD "/opt/stack/data/venv/bin/python3.12 -m oslo_concurrency.prlimit --as=1073741824 --cpu=60 -- sudo cinder-rootwrap /etc/cinder/rootwrap.conf env LC_ALL=C qemu-img info -f qcow2 --output=json --force-share /opt/stack/data/cinder/mnt/71d9241aad799480671d8e50986cb43e/volume-52e98468-046c-4ac9-a997-c4936266c4fc" returned: 0 in 1.048s {{(pid=86649) execute /opt/stack/data/venv/lib/python3.12/site-packages/oslo_concurrency/processutils.py:468}}
Jun 01 09:31:18 devstack cinder-volume[86649]: DEBUG oslo_concurrency.processutils [req-aa8948d8-174b-47ef-baff-6ab98a14e997 req-b3b7e562-0043-4b2e-ac09-62d7e76a9f8b tempest-VolumesSnapshotsTestJSON-1409977180 None] Running cmd (subprocess): sudo cinder-rootwrap /etc/cinder/rootwrap.conf qemu-img create -f qcow2 -o backing_file=/opt/stack/data/cinder/mnt/71d9241aad799480671d8e50986cb43e/volume-52e98468-046c-4ac9-a997-c4936266c4fc,backing_fmt=qcow2 /opt/stack/data/cinder/mnt/71d9241aad799480671d8e50986cb43e/volume-52e98468-046c-4ac9-a997-c4936266c4fc.edca720e-8684-478f-9e39-0d0219acb5d8 1G {{(pid=86649) execute /opt/stack/data/venv/lib/python3.12/site-packages/oslo_concurrency/processutils.py:440}}
Jun 01 09:31:18 devstack sudo[91434]: quobyte : PWD=/ ; USER=root ; COMMAND=/opt/stack/data/venv/bin/cinder-rootwrap /etc/cinder/rootwrap.conf qemu-img create -f qcow2 -o backing_file=/opt/stack/data/cinder/mnt/71d9241aad799480671d8e50986cb43e/volume-52e98468-046c-4ac9-a997-c4936266c4fc,backing_fmt=qcow2 /opt/stack/data/cinder/mnt/71d9241aad799480671d8e50986cb43e/volume-52e98468-046c-4ac9-a997-c4936266c4fc.edca720e-8684-478f-9e39-0d0219acb5d8 1G
Jun 01 09:31:18 devstack sudo[91434]: pam_unix(sudo:session): session opened for user root(uid=0) by (uid=1000)
Jun 01 09:31:19 devstack sudo[91434]: pam_unix(sudo:session): session closed for user root
Jun 01 09:31:19 devstack cinder-volume[86649]: DEBUG oslo_concurrency.processutils [req-aa8948d8-174b-47ef-baff-6ab98a14e997 req-b3b7e562-0043-4b2e-ac09-62d7e76a9f8b tempest-VolumesSnapshotsTestJSON-1409977180 None] CMD "sudo cinder-rootwrap /etc/cinder/rootwrap.conf qemu-img create -f qcow2 -o backing_file=/opt/stack/data/cinder/mnt/71d9241aad799480671d8e50986cb43e/volume-52e98468-046c-4ac9-a997-c4936266c4fc,backing_fmt=qcow2 /opt/stack/data/cinder/mnt/71d9241aad799480671d8e50986cb43e/volume-52e98468-046c-4ac9-a997-c4936266c4fc.edca720e-8684-478f-9e39-0d0219acb5d8 1G" returned: 0 in 0.986s {{(pid=86649) execute /opt/stack/data/venv/lib/python3.12/site-packages/oslo_concurrency/processutils.py:468}}
Jun 01 09:31:19 devstack cinder-volume[86649]: DEBUG oslo_concurrency.processutils [req-aa8948d8-174b-47ef-baff-6ab98a14e997 req-b3b7e562-0043-4b2e-ac09-62d7e76a9f8b tempest-VolumesSnapshotsTestJSON-1409977180 None] Running cmd (subprocess): sudo cinder-rootwrap /etc/cinder/rootwrap.conf qemu-img rebase -u -b volume-52e98468-046c-4ac9-a997-c4936266c4fc -F qcow2 /opt/stack/data/cinder/mnt/71d9241aad799480671d8e50986cb43e/volume-52e98468-046c-4ac9-a997-c4936266c4fc.edca720e-8684-478f-9e39-0d0219acb5d8 {{(pid=86649) execute /opt/stack/data/venv/lib/python3.12/site-packages/oslo_concurrency/processutils.py:440}}
Jun 01 09:31:19 devstack sudo[91442]: quobyte : PWD=/ ; USER=root ; COMMAND=/opt/stack/data/venv/bin/cinder-rootwrap /etc/cinder/rootwrap.conf qemu-img rebase -u -b volume-52e98468-046c-4ac9-a997-c4936266c4fc -F qcow2 /opt/stack/data/cinder/mnt/71d9241aad799480671d8e50986cb43e/volume-52e98468-046c-4ac9-a997-c4936266c4fc.edca720e-8684-478f-9e39-0d0219acb5d8
Jun 01 09:31:19 devstack sudo[91442]: pam_unix(sudo:session): session opened for user root(uid=0) by (uid=1000)
Jun 01 09:31:20 devstack sudo[91442]: pam_unix(sudo:session): session closed for user root
Jun 01 09:31:20 devstack cinder-volume[86649]: DEBUG oslo_concurrency.processutils [req-aa8948d8-174b-47ef-baff-6ab98a14e997 req-b3b7e562-0043-4b2e-ac09-62d7e76a9f8b tempest-VolumesSnapshotsTestJSON-1409977180 None] CMD "sudo cinder-rootwrap /etc/cinder/rootwrap.conf qemu-img rebase -u -b volume-52e98468-046c-4ac9-a997-c4936266c4fc -F qcow2 /opt/stack/data/cinder/mnt/71d9241aad799480671d8e50986cb43e/volume-52e98468-046c-4ac9-a997-c4936266c4fc.edca720e-8684-478f-9e39-0d0219acb5d8" returned: 0 in 1.029s {{(pid=86649) execute /opt/stack/data/venv/lib/python3.12/site-packages/oslo_concurrency/processutils.py:468}}
Jun 01 09:31:20 devstack cinder-volume[86649]: WARNING cinder.volume.drivers.remotefs [req-aa8948d8-174b-47ef-baff-6ab98a14e997 req-b3b7e562-0043-4b2e-ac09-62d7e76a9f8b tempest-VolumesSnapshotsTestJSON-1409977180 None] /opt/stack/data/cinder/mnt/71d9241aad799480671d8e50986cb43e/volume-52e98468-046c-4ac9-a997-c4936266c4fc.edca720e-8684-478f-9e39-0d0219acb5d8 is being set with open permissions: ugo+rw
Jun 01 09:31:20 devstack cinder-volume[86649]: DEBUG oslo_concurrency.processutils [req-aa8948d8-174b-47ef-baff-6ab98a14e997 req-b3b7e562-0043-4b2e-ac09-62d7e76a9f8b tempest-VolumesSnapshotsTestJSON-1409977180 None] Running cmd (subprocess): sudo cinder-rootwrap /etc/cinder/rootwrap.conf chmod ugo+rw /opt/stack/data/cinder/mnt/71d9241aad799480671d8e50986cb43e/volume-52e98468-046c-4ac9-a997-c4936266c4fc.edca720e-8684-478f-9e39-0d0219acb5d8 {{(pid=86649) execute /opt/stack/data/venv/lib/python3.12/site-packages/oslo_concurrency/processutils.py:440}}
Jun 01 09:31:20 devstack sudo[91447]: quobyte : PWD=/ ; USER=root ; COMMAND=/opt/stack/data/venv/bin/cinder-rootwrap /etc/cinder/rootwrap.conf chmod ugo+rw /opt/stack/data/cinder/mnt/71d9241aad799480671d8e50986cb43e/volume-52e98468-046c-4ac9-a997-c4936266c4fc.edca720e-8684-478f-9e39-0d0219acb5d8
Jun 01 09:31:20 devstack sudo[91447]: pam_unix(sudo:session): session opened for user root(uid=0) by (uid=1000)
Jun 01 09:31:21 devstack sudo[91447]: pam_unix(sudo:session): session closed for user root
Jun 01 09:31:21 devstack cinder-volume[86649]: DEBUG oslo_concurrency.processutils [req-aa8948d8-174b-47ef-baff-6ab98a14e997 req-b3b7e562-0043-4b2e-ac09-62d7e76a9f8b tempest-VolumesSnapshotsTestJSON-1409977180 None] CMD "sudo cinder-rootwrap /etc/cinder/rootwrap.conf chmod ugo+rw /opt/stack/data/cinder/mnt/71d9241aad799480671d8e50986cb43e/volume-52e98468-046c-4ac9-a997-c4936266c4fc.edca720e-8684-478f-9e39-0d0219acb5d8" returned: 0 in 0.917s {{(pid=86649) execute /opt/stack/data/venv/lib/python3.12/site-packages/oslo_concurrency/processutils.py:468}}
Jun 01 09:31:21 devstack cinder-volume[86649]: DEBUG oslo_concurrency.processutils [req-aa8948d8-174b-47ef-baff-6ab98a14e997 req-b3b7e562-0043-4b2e-ac09-62d7e76a9f8b tempest-VolumesSnapshotsTestJSON-1409977180 None] Running cmd (subprocess): sudo cinder-rootwrap /etc/cinder/rootwrap.conf truncate -s0 /opt/stack/data/cinder/mnt/71d9241aad799480671d8e50986cb43e/volume-52e98468-046c-4ac9-a997-c4936266c4fc.info {{(pid=86649) execute /opt/stack/data/venv/lib/python3.12/site-packages/oslo_concurrency/processutils.py:440}}
Jun 01 09:31:21 devstack sudo[91450]: quobyte : PWD=/ ; USER=root ; COMMAND=/opt/stack/data/venv/bin/cinder-rootwrap /etc/cinder/rootwrap.conf truncate -s0 /opt/stack/data/cinder/mnt/71d9241aad799480671d8e50986cb43e/volume-52e98468-046c-4ac9-a997-c4936266c4fc.info
Jun 01 09:31:21 devstack sudo[91450]: pam_unix(sudo:session): session opened for user root(uid=0) by (uid=1000)
Jun 01 09:31:22 devstack sudo[91450]: pam_unix(sudo:session): session closed for user root
Jun 01 09:31:22 devstack cinder-volume[86649]: DEBUG oslo_concurrency.processutils [req-aa8948d8-174b-47ef-baff-6ab98a14e997 req-b3b7e562-0043-4b2e-ac09-62d7e76a9f8b tempest-VolumesSnapshotsTestJSON-1409977180 None] CMD "sudo cinder-rootwrap /etc/cinder/rootwrap.conf truncate -s0 /opt/stack/data/cinder/mnt/71d9241aad799480671d8e50986cb43e/volume-52e98468-046c-4ac9-a997-c4936266c4fc.info" returned: 0 in 1.093s {{(pid=86649) execute /opt/stack/data/venv/lib/python3.12/site-packages/oslo_concurrency/processutils.py:468}}
Jun 01 09:31:22 devstack cinder-volume[86649]: WARNING cinder.volume.drivers.remotefs [req-aa8948d8-174b-47ef-baff-6ab98a14e997 req-b3b7e562-0043-4b2e-ac09-62d7e76a9f8b tempest-VolumesSnapshotsTestJSON-1409977180 None] /opt/stack/data/cinder/mnt/71d9241aad799480671d8e50986cb43e/volume-52e98468-046c-4ac9-a997-c4936266c4fc.info is being set with open permissions: ugo+rw
Jun 01 09:31:22 devstack cinder-volume[86649]: DEBUG oslo_concurrency.processutils [req-aa8948d8-174b-47ef-baff-6ab98a14e997 req-b3b7e562-0043-4b2e-ac09-62d7e76a9f8b tempest-VolumesSnapshotsTestJSON-1409977180 None] Running cmd (subprocess): sudo cinder-rootwrap /etc/cinder/rootwrap.conf chmod ugo+rw /opt/stack/data/cinder/mnt/71d9241aad799480671d8e50986cb43e/volume-52e98468-046c-4ac9-a997-c4936266c4fc.info {{(pid=86649) execute /opt/stack/data/venv/lib/python3.12/site-packages/oslo_concurrency/processutils.py:440}}
Jun 01 09:31:22 devstack sudo[91453]: quobyte : PWD=/ ; USER=root ; COMMAND=/opt/stack/data/venv/bin/cinder-rootwrap /etc/cinder/rootwrap.conf chmod ugo+rw /opt/stack/data/cinder/mnt/71d9241aad799480671d8e50986cb43e/volume-52e98468-046c-4ac9-a997-c4936266c4fc.info
Jun 01 09:31:22 devstack sudo[91453]: pam_unix(sudo:session): session opened for user root(uid=0) by (uid=1000)
Jun 01 09:31:23 devstack sudo[91453]: pam_unix(sudo:session): session closed for user root
Jun 01 09:31:23 devstack cinder-volume[86649]: DEBUG oslo_concurrency.processutils [req-aa8948d8-174b-47ef-baff-6ab98a14e997 req-b3b7e562-0043-4b2e-ac09-62d7e76a9f8b tempest-VolumesSnapshotsTestJSON-1409977180 None] CMD "sudo cinder-rootwrap /etc/cinder/rootwrap.conf chmod ugo+rw /opt/stack/data/cinder/mnt/71d9241aad799480671d8e50986cb43e/volume-52e98468-046c-4ac9-a997-c4936266c4fc.info" returned: 0 in 0.937s {{(pid=86649) execute /opt/stack/data/venv/lib/python3.12/site-packages/oslo_concurrency/processutils.py:468}}
Jun 01 09:31:23 devstack cinder-volume[86649]: DEBUG oslo_concurrency.lockutils [req-aa8948d8-174b-47ef-baff-6ab98a14e997 req-b3b7e562-0043-4b2e-ac09-62d7e76a9f8b tempest-VolumesSnapshotsTestJSON-1409977180 None] Lock "quobyte" "released" by "cinder.volume.drivers.quobyte.QuobyteDriver.create_snapshot" :: held 6.177s {{(pid=86649) inner /opt/stack/data/venv/lib/python3.12/site-packages/oslo_concurrency/lockutils.py:538}}
Jun 01 09:31:23 devstack cinder-volume[86649]: INFO cinder.volume.manager [req-aa8948d8-174b-47ef-baff-6ab98a14e997 req-b3b7e562-0043-4b2e-ac09-62d7e76a9f8b tempest-VolumesSnapshotsTestJSON-1409977180 None] Create snapshot completed successfully
Jun 01 09:31:24 devstack cinder-volume[86649]: DEBUG cinder.coordination [req-9a3ed891-0933-4dab-bfb9-23e796156eff req-29a7872e-1fe7-43f3-8bc0-8690822f0fad tempest-VolumesSnapshotsTestJSON-1409977180 None] Acquiring lock "cinder-edca720e-8684-478f-9e39-0d0219acb5d8-delete_snapshot" by "delete_snapshot" {{(pid=86649) __acquire /opt/stack/cinder/cinder/coordination.py:138}}
Jun 01 09:31:24 devstack cinder-volume[86649]: DEBUG cinder.coordination [req-9a3ed891-0933-4dab-bfb9-23e796156eff req-29a7872e-1fe7-43f3-8bc0-8690822f0fad tempest-VolumesSnapshotsTestJSON-1409977180 None] Lock "cinder-edca720e-8684-478f-9e39-0d0219acb5d8-delete_snapshot" acquired by "delete_snapshot" :: waited 0.018s {{(pid=86649) __acquire /opt/stack/cinder/cinder/coordination.py:141}}
Jun 01 09:31:24 devstack cinder-volume[86649]: DEBUG cinder.coordination [req-9a3ed891-0933-4dab-bfb9-23e796156eff req-29a7872e-1fe7-43f3-8bc0-8690822f0fad tempest-VolumesSnapshotsTestJSON-1409977180 None] Acquiring lock "cinder-quobyte-52e98468-046c-4ac9-a997-c4936266c4fc" by "delete_snapshot" {{(pid=86649) __acquire /opt/stack/cinder/cinder/coordination.py:138}}
Jun 01 09:31:24 devstack cinder-volume[86649]: DEBUG cinder.coordination [req-9a3ed891-0933-4dab-bfb9-23e796156eff req-29a7872e-1fe7-43f3-8bc0-8690822f0fad tempest-VolumesSnapshotsTestJSON-1409977180 None] Lock "cinder-quobyte-52e98468-046c-4ac9-a997-c4936266c4fc" acquired by "delete_snapshot" :: waited 0.056s {{(pid=86649) __acquire /opt/stack/cinder/cinder/coordination.py:141}}
Jun 01 09:31:24 devstack cinder-volume[86649]: DEBUG cinder.coordination [req-9a3ed891-0933-4dab-bfb9-23e796156eff req-29a7872e-1fe7-43f3-8bc0-8690822f0fad tempest-VolumesSnapshotsTestJSON-1409977180 None] Acquiring lock "cinder-quobyte-edca720e-8684-478f-9e39-0d0219acb5d8" by "_delete_snapshot" {{(pid=86649) __acquire /opt/stack/cinder/cinder/coordination.py:138}}
Jun 01 09:31:24 devstack cinder-volume[86649]: DEBUG cinder.coordination [req-9a3ed891-0933-4dab-bfb9-23e796156eff req-29a7872e-1fe7-43f3-8bc0-8690822f0fad tempest-VolumesSnapshotsTestJSON-1409977180 None] Lock "cinder-quobyte-edca720e-8684-478f-9e39-0d0219acb5d8" acquired by "_delete_snapshot" :: waited 0.047s {{(pid=86649) __acquire /opt/stack/cinder/cinder/coordination.py:141}}
Jun 01 09:31:24 devstack cinder-volume[86649]: DEBUG cinder.volume.drivers.remotefs [req-9a3ed891-0933-4dab-bfb9-23e796156eff req-29a7872e-1fe7-43f3-8bc0-8690822f0fad tempest-VolumesSnapshotsTestJSON-1409977180 None] Deleting offline snapshot edca720e-8684-478f-9e39-0d0219acb5d8 of volume 52e98468-046c-4ac9-a997-c4936266c4fc {{(pid=86649) _delete_snapshot /opt/stack/cinder/cinder/volume/drivers/remotefs.py:1288}}
Jun 01 09:31:24 devstack cinder-volume[86649]: DEBUG cinder.volume.drivers.remotefs [req-9a3ed891-0933-4dab-bfb9-23e796156eff req-29a7872e-1fe7-43f3-8bc0-8690822f0fad tempest-VolumesSnapshotsTestJSON-1409977180 None] snapshot_file for this snap is: volume-52e98468-046c-4ac9-a997-c4936266c4fc.edca720e-8684-478f-9e39-0d0219acb5d8 {{(pid=86649) _delete_snapshot /opt/stack/cinder/cinder/volume/drivers/remotefs.py:1317}}
Jun 01 09:31:24 devstack cinder-volume[86649]: DEBUG oslo.privsep.daemon [-] privsep: reply[a6b8a197-3d8b-428a-861b-ec7fd490d04b]: (4, 'qcow2') {{(pid=87550) _call_back /opt/stack/data/venv/lib/python3.12/site-packages/oslo_privsep/daemon.py:573}}
Jun 01 09:31:24 devstack cinder-volume[86649]: DEBUG oslo_concurrency.processutils [req-9a3ed891-0933-4dab-bfb9-23e796156eff req-29a7872e-1fe7-43f3-8bc0-8690822f0fad tempest-VolumesSnapshotsTestJSON-1409977180 None] Running cmd (subprocess): /opt/stack/data/venv/bin/python3.12 -m oslo_concurrency.prlimit --as=1073741824 --cpu=60 -- sudo cinder-rootwrap /etc/cinder/rootwrap.conf env LC_ALL=C qemu-img info -f qcow2 --output=json --force-share /opt/stack/data/cinder/mnt/71d9241aad799480671d8e50986cb43e/volume-52e98468-046c-4ac9-a997-c4936266c4fc.edca720e-8684-478f-9e39-0d0219acb5d8 {{(pid=86649) execute /opt/stack/data/venv/lib/python3.12/site-packages/oslo_concurrency/processutils.py:440}}
Jun 01 09:31:25 devstack sudo[91521]: quobyte : PWD=/ ; USER=root ; COMMAND=/opt/stack/data/venv/bin/cinder-rootwrap /etc/cinder/rootwrap.conf env LC_ALL=C qemu-img info -f qcow2 --output=json --force-share /opt/stack/data/cinder/mnt/71d9241aad799480671d8e50986cb43e/volume-52e98468-046c-4ac9-a997-c4936266c4fc.edca720e-8684-478f-9e39-0d0219acb5d8
Jun 01 09:31:25 devstack sudo[91521]: pam_unix(sudo:session): session opened for user root(uid=0) by (uid=1000)
Jun 01 09:31:25 devstack sudo[91521]: pam_unix(sudo:session): session closed for user root
Jun 01 09:31:25 devstack cinder-volume[86649]: DEBUG oslo_concurrency.processutils [req-9a3ed891-0933-4dab-bfb9-23e796156eff req-29a7872e-1fe7-43f3-8bc0-8690822f0fad tempest-VolumesSnapshotsTestJSON-1409977180 None] CMD "/opt/stack/data/venv/bin/python3.12 -m oslo_concurrency.prlimit --as=1073741824 --cpu=60 -- sudo cinder-rootwrap /etc/cinder/rootwrap.conf env LC_ALL=C qemu-img info -f qcow2 --output=json --force-share /opt/stack/data/cinder/mnt/71d9241aad799480671d8e50986cb43e/volume-52e98468-046c-4ac9-a997-c4936266c4fc.edca720e-8684-478f-9e39-0d0219acb5d8" returned: 0 in 0.867s {{(pid=86649) execute /opt/stack/data/venv/lib/python3.12/site-packages/oslo_concurrency/processutils.py:468}}
Jun 01 09:31:25 devstack cinder-volume[86649]: DEBUG cinder.volume.drivers.remotefs [req-9a3ed891-0933-4dab-bfb9-23e796156eff req-29a7872e-1fe7-43f3-8bc0-8690822f0fad tempest-VolumesSnapshotsTestJSON-1409977180 None] Fetching qemu-img info with special backing_file_template: (/opt/stack/data/cinder/mnt/[0-9a-f]+/)?(volume-52e98468-046c-4ac9-a997-c4936266c4fc(.(tmp-snap-)?[0-9a-f-]+)?|volume_from_snapshot_cache/(tmp-snap-)?[0-9a-f-]+(.(child-|parent-)[0-9a-f-]+)?)$ {{(pid=86649) _qemu_img_info_base /opt/stack/cinder/cinder/volume/drivers/remotefs.py:896}}
Jun 01 09:31:25 devstack cinder-volume[86649]: DEBUG oslo.privsep.daemon [-] privsep: reply[16fd8a7b-9286-4325-addc-bcd2d4e0b907]: (4, 'qcow2') {{(pid=87550) _call_back /opt/stack/data/venv/lib/python3.12/site-packages/oslo_privsep/daemon.py:573}}
Jun 01 09:31:25 devstack cinder-volume[86649]: DEBUG oslo_concurrency.processutils [req-9a3ed891-0933-4dab-bfb9-23e796156eff req-29a7872e-1fe7-43f3-8bc0-8690822f0fad tempest-VolumesSnapshotsTestJSON-1409977180 None] Running cmd (subprocess): /opt/stack/data/venv/bin/python3.12 -m oslo_concurrency.prlimit --as=1073741824 --cpu=60 -- sudo cinder-rootwrap /etc/cinder/rootwrap.conf env LC_ALL=C qemu-img info -f qcow2 --output=json --force-share /opt/stack/data/cinder/mnt/71d9241aad799480671d8e50986cb43e/volume-52e98468-046c-4ac9-a997-c4936266c4fc {{(pid=86649) execute /opt/stack/data/venv/lib/python3.12/site-packages/oslo_concurrency/processutils.py:440}}
Jun 01 09:31:25 devstack sudo[91530]: quobyte : PWD=/ ; USER=root ; COMMAND=/opt/stack/data/venv/bin/cinder-rootwrap /etc/cinder/rootwrap.conf env LC_ALL=C qemu-img info -f qcow2 --output=json --force-share /opt/stack/data/cinder/mnt/71d9241aad799480671d8e50986cb43e/volume-52e98468-046c-4ac9-a997-c4936266c4fc
Jun 01 09:31:25 devstack sudo[91530]: pam_unix(sudo:session): session opened for user root(uid=0) by (uid=1000)
Jun 01 09:31:26 devstack sudo[91530]: pam_unix(sudo:session): session closed for user root
Jun 01 09:31:26 devstack cinder-volume[86649]: DEBUG oslo_concurrency.processutils [req-9a3ed891-0933-4dab-bfb9-23e796156eff req-29a7872e-1fe7-43f3-8bc0-8690822f0fad tempest-VolumesSnapshotsTestJSON-1409977180 None] CMD "/opt/stack/data/venv/bin/python3.12 -m oslo_concurrency.prlimit --as=1073741824 --cpu=60 -- sudo cinder-rootwrap /etc/cinder/rootwrap.conf env LC_ALL=C qemu-img info -f qcow2 --output=json --force-share /opt/stack/data/cinder/mnt/71d9241aad799480671d8e50986cb43e/volume-52e98468-046c-4ac9-a997-c4936266c4fc" returned: 0 in 0.863s {{(pid=86649) execute /opt/stack/data/venv/lib/python3.12/site-packages/oslo_concurrency/processutils.py:468}}
Jun 01 09:31:26 devstack cinder-volume[86649]: DEBUG oslo_concurrency.processutils [req-9a3ed891-0933-4dab-bfb9-23e796156eff req-29a7872e-1fe7-43f3-8bc0-8690822f0fad tempest-VolumesSnapshotsTestJSON-1409977180 None] Running cmd (subprocess): sudo cinder-rootwrap /etc/cinder/rootwrap.conf qemu-img commit -d /opt/stack/data/cinder/mnt/71d9241aad799480671d8e50986cb43e/volume-52e98468-046c-4ac9-a997-c4936266c4fc.edca720e-8684-478f-9e39-0d0219acb5d8 {{(pid=86649) execute /opt/stack/data/venv/lib/python3.12/site-packages/oslo_concurrency/processutils.py:440}}
Jun 01 09:31:26 devstack sudo[91537]: quobyte : PWD=/ ; USER=root ; COMMAND=/opt/stack/data/venv/bin/cinder-rootwrap /etc/cinder/rootwrap.conf qemu-img commit -d /opt/stack/data/cinder/mnt/71d9241aad799480671d8e50986cb43e/volume-52e98468-046c-4ac9-a997-c4936266c4fc.edca720e-8684-478f-9e39-0d0219acb5d8
Jun 01 09:31:26 devstack sudo[91537]: pam_unix(sudo:session): session opened for user root(uid=0) by (uid=1000)
Jun 01 09:31:27 devstack cinder-volume[86649]: DEBUG cinder.coordination [None req-d7da0799-42c1-417d-858b-9edc608ff3b7 tempest-ServerRescueNegativeTestJSON-1316434377 None] Acquiring lock "cinder-3147f8e1-eda5-4ee1-be1f-4c6e90dcecda-delete_volume" by "delete_volume" {{(pid=86649) __acquire /opt/stack/cinder/cinder/coordination.py:138}}
Jun 01 09:31:27 devstack cinder-volume[86649]: DEBUG cinder.coordination [None req-d7da0799-42c1-417d-858b-9edc608ff3b7 tempest-ServerRescueNegativeTestJSON-1316434377 None] Lock "cinder-3147f8e1-eda5-4ee1-be1f-4c6e90dcecda-delete_volume" acquired by "delete_volume" :: waited 0.019s {{(pid=86649) __acquire /opt/stack/cinder/cinder/coordination.py:141}}
Jun 01 09:31:27 devstack cinder-volume[86649]: DEBUG cinder.coordination [None req-d7da0799-42c1-417d-858b-9edc608ff3b7 tempest-ServerRescueNegativeTestJSON-1316434377 None] Acquiring lock "cinder-quobyte-3147f8e1-eda5-4ee1-be1f-4c6e90dcecda" by "delete_volume" {{(pid=86649) __acquire /opt/stack/cinder/cinder/coordination.py:138}}
Jun 01 09:31:27 devstack cinder-volume[86649]: DEBUG cinder.coordination [None req-d7da0799-42c1-417d-858b-9edc608ff3b7 tempest-ServerRescueNegativeTestJSON-1316434377 None] Lock "cinder-quobyte-3147f8e1-eda5-4ee1-be1f-4c6e90dcecda" acquired by "delete_volume" :: waited 0.020s {{(pid=86649) __acquire /opt/stack/cinder/cinder/coordination.py:141}}
Jun 01 09:31:27 devstack cinder-volume[86649]: DEBUG oslo.privsep.daemon [-] privsep: reply[629c6881-88cb-46a2-bc77-7858ba051328]: (4, 'qcow2') {{(pid=87550) _call_back /opt/stack/data/venv/lib/python3.12/site-packages/oslo_privsep/daemon.py:573}}
Jun 01 09:31:27 devstack cinder-volume[86649]: DEBUG oslo_concurrency.processutils [None req-d7da0799-42c1-417d-858b-9edc608ff3b7 tempest-ServerRescueNegativeTestJSON-1316434377 None] Running cmd (subprocess): /opt/stack/data/venv/bin/python3.12 -m oslo_concurrency.prlimit --as=1073741824 --cpu=60 -- sudo cinder-rootwrap /etc/cinder/rootwrap.conf env LC_ALL=C qemu-img info -f qcow2 --output=json --force-share /opt/stack/data/cinder/mnt/71d9241aad799480671d8e50986cb43e/volume-3147f8e1-eda5-4ee1-be1f-4c6e90dcecda {{(pid=86649) execute /opt/stack/data/venv/lib/python3.12/site-packages/oslo_concurrency/processutils.py:440}}
Jun 01 09:31:27 devstack sudo[91537]: pam_unix(sudo:session): session closed for user root
Jun 01 09:31:27 devstack cinder-volume[86649]: DEBUG oslo_concurrency.processutils [req-9a3ed891-0933-4dab-bfb9-23e796156eff req-29a7872e-1fe7-43f3-8bc0-8690822f0fad tempest-VolumesSnapshotsTestJSON-1409977180 None] CMD "sudo cinder-rootwrap /etc/cinder/rootwrap.conf qemu-img commit -d /opt/stack/data/cinder/mnt/71d9241aad799480671d8e50986cb43e/volume-52e98468-046c-4ac9-a997-c4936266c4fc.edca720e-8684-478f-9e39-0d0219acb5d8" returned: 0 in 1.166s {{(pid=86649) execute /opt/stack/data/venv/lib/python3.12/site-packages/oslo_concurrency/processutils.py:468}}
Jun 01 09:31:27 devstack cinder-volume[86649]: DEBUG oslo_concurrency.processutils [req-9a3ed891-0933-4dab-bfb9-23e796156eff req-29a7872e-1fe7-43f3-8bc0-8690822f0fad tempest-VolumesSnapshotsTestJSON-1409977180 None] Running cmd (subprocess): sudo cinder-rootwrap /etc/cinder/rootwrap.conf rm -f /opt/stack/data/cinder/mnt/71d9241aad799480671d8e50986cb43e/volume-52e98468-046c-4ac9-a997-c4936266c4fc.edca720e-8684-478f-9e39-0d0219acb5d8 {{(pid=86649) execute /opt/stack/data/venv/lib/python3.12/site-packages/oslo_concurrency/processutils.py:440}}
Jun 01 09:31:27 devstack sudo[91542]: quobyte : PWD=/ ; USER=root ; COMMAND=/opt/stack/data/venv/bin/cinder-rootwrap /etc/cinder/rootwrap.conf env LC_ALL=C qemu-img info -f qcow2 --output=json --force-share /opt/stack/data/cinder/mnt/71d9241aad799480671d8e50986cb43e/volume-3147f8e1-eda5-4ee1-be1f-4c6e90dcecda
Jun 01 09:31:27 devstack sudo[91543]: quobyte : PWD=/ ; USER=root ; COMMAND=/opt/stack/data/venv/bin/cinder-rootwrap /etc/cinder/rootwrap.conf rm -f /opt/stack/data/cinder/mnt/71d9241aad799480671d8e50986cb43e/volume-52e98468-046c-4ac9-a997-c4936266c4fc.edca720e-8684-478f-9e39-0d0219acb5d8
Jun 01 09:31:27 devstack sudo[91543]: pam_unix(sudo:session): session opened for user root(uid=0) by (uid=1000)
Jun 01 09:31:27 devstack sudo[91542]: pam_unix(sudo:session): session opened for user root(uid=0) by (uid=1000)
Jun 01 09:31:28 devstack sudo[91543]: pam_unix(sudo:session): session closed for user root
Jun 01 09:31:28 devstack cinder-volume[86649]: DEBUG oslo_concurrency.processutils [req-9a3ed891-0933-4dab-bfb9-23e796156eff req-29a7872e-1fe7-43f3-8bc0-8690822f0fad tempest-VolumesSnapshotsTestJSON-1409977180 None] CMD "sudo cinder-rootwrap /etc/cinder/rootwrap.conf rm -f /opt/stack/data/cinder/mnt/71d9241aad799480671d8e50986cb43e/volume-52e98468-046c-4ac9-a997-c4936266c4fc.edca720e-8684-478f-9e39-0d0219acb5d8" returned: 0 in 0.988s {{(pid=86649) execute /opt/stack/data/venv/lib/python3.12/site-packages/oslo_concurrency/processutils.py:468}}
Jun 01 09:31:28 devstack cinder-volume[86649]: DEBUG cinder.coordination [req-9a3ed891-0933-4dab-bfb9-23e796156eff req-29a7872e-1fe7-43f3-8bc0-8690822f0fad tempest-VolumesSnapshotsTestJSON-1409977180 None] Lock "cinder-quobyte-edca720e-8684-478f-9e39-0d0219acb5d8" released by "_delete_snapshot" :: held 4.063s {{(pid=86649) __release /opt/stack/cinder/cinder/coordination.py:152}}
Jun 01 09:31:28 devstack cinder-volume[86649]: DEBUG cinder.coordination [req-9a3ed891-0933-4dab-bfb9-23e796156eff req-29a7872e-1fe7-43f3-8bc0-8690822f0fad tempest-VolumesSnapshotsTestJSON-1409977180 None] Lock "cinder-quobyte-52e98468-046c-4ac9-a997-c4936266c4fc" released by "delete_snapshot" :: held 4.124s {{(pid=86649) __release /opt/stack/cinder/cinder/coordination.py:152}}
Jun 01 09:31:28 devstack sudo[91542]: pam_unix(sudo:session): session closed for user root
Jun 01 09:31:28 devstack cinder-volume[86649]: DEBUG oslo_concurrency.processutils [None req-d7da0799-42c1-417d-858b-9edc608ff3b7 tempest-ServerRescueNegativeTestJSON-1316434377 None] CMD "/opt/stack/data/venv/bin/python3.12 -m oslo_concurrency.prlimit --as=1073741824 --cpu=60 -- sudo cinder-rootwrap /etc/cinder/rootwrap.conf env LC_ALL=C qemu-img info -f qcow2 --output=json --force-share /opt/stack/data/cinder/mnt/71d9241aad799480671d8e50986cb43e/volume-3147f8e1-eda5-4ee1-be1f-4c6e90dcecda" returned: 0 in 1.326s {{(pid=86649) execute /opt/stack/data/venv/lib/python3.12/site-packages/oslo_concurrency/processutils.py:468}}
Jun 01 09:31:28 devstack cinder-volume[86649]: DEBUG oslo_concurrency.processutils [None req-d7da0799-42c1-417d-858b-9edc608ff3b7 tempest-ServerRescueNegativeTestJSON-1316434377 None] Running cmd (subprocess): sudo cinder-rootwrap /etc/cinder/rootwrap.conf rm -f /opt/stack/data/cinder/mnt/71d9241aad799480671d8e50986cb43e/volume-3147f8e1-eda5-4ee1-be1f-4c6e90dcecda {{(pid=86649) execute /opt/stack/data/venv/lib/python3.12/site-packages/oslo_concurrency/processutils.py:440}}
Jun 01 09:31:28 devstack sudo[91550]: quobyte : PWD=/ ; USER=root ; COMMAND=/opt/stack/data/venv/bin/cinder-rootwrap /etc/cinder/rootwrap.conf rm -f /opt/stack/data/cinder/mnt/71d9241aad799480671d8e50986cb43e/volume-3147f8e1-eda5-4ee1-be1f-4c6e90dcecda
Jun 01 09:31:28 devstack sudo[91550]: pam_unix(sudo:session): session opened for user root(uid=0) by (uid=1000)
Jun 01 09:31:29 devstack cinder-volume[86649]: DEBUG cinder.quota [req-9a3ed891-0933-4dab-bfb9-23e796156eff req-29a7872e-1fe7-43f3-8bc0-8690822f0fad tempest-VolumesSnapshotsTestJSON-1409977180 None] Created reservations ['4c3b0dca-0157-4cfd-8273-ba5b1f0ea366', 'd63c37e7-339a-49e3-91c6-fffd95a960ee', '3e823fa1-00de-47ac-89f4-c27a9d2a7bb3', '682f417b-2d25-4236-87a3-eaa7c42787e8'] {{(pid=86649) reserve /opt/stack/cinder/cinder/quota.py:752}}
Jun 01 09:31:29 devstack cinder-volume[86649]: INFO cinder.volume.manager [req-9a3ed891-0933-4dab-bfb9-23e796156eff req-29a7872e-1fe7-43f3-8bc0-8690822f0fad tempest-VolumesSnapshotsTestJSON-1409977180 None] Delete snapshot completed successfully.
Jun 01 09:31:29 devstack cinder-volume[86649]: DEBUG cinder.coordination [req-9a3ed891-0933-4dab-bfb9-23e796156eff req-29a7872e-1fe7-43f3-8bc0-8690822f0fad tempest-VolumesSnapshotsTestJSON-1409977180 None] Lock "cinder-edca720e-8684-478f-9e39-0d0219acb5d8-delete_snapshot" released by "delete_snapshot" :: held 4.369s {{(pid=86649) __release /opt/stack/cinder/cinder/coordination.py:152}}
Jun 01 09:31:29 devstack cinder-volume[86649]: DEBUG cinder.coordination [req-fee4186a-4138-4008-b1f4-63f811649bb3 req-6ec719c0-93ba-4eae-a71a-a5ebabe974c1 tempest-VolumesSnapshotsTestJSON-1409977180 None] Acquiring lock "cinder-52e98468-046c-4ac9-a997-c4936266c4fc-delete_volume" by "delete_volume" {{(pid=86649) __acquire /opt/stack/cinder/cinder/coordination.py:138}}
Jun 01 09:31:29 devstack cinder-volume[86649]: DEBUG cinder.coordination [req-fee4186a-4138-4008-b1f4-63f811649bb3 req-6ec719c0-93ba-4eae-a71a-a5ebabe974c1 tempest-VolumesSnapshotsTestJSON-1409977180 None] Lock "cinder-52e98468-046c-4ac9-a997-c4936266c4fc-delete_volume" acquired by "delete_volume" :: waited 0.058s {{(pid=86649) __acquire /opt/stack/cinder/cinder/coordination.py:141}}
Jun 01 09:31:29 devstack cinder-volume[86649]: DEBUG cinder.coordination [req-fee4186a-4138-4008-b1f4-63f811649bb3 req-6ec719c0-93ba-4eae-a71a-a5ebabe974c1 tempest-VolumesSnapshotsTestJSON-1409977180 None] Acquiring lock "cinder-quobyte-52e98468-046c-4ac9-a997-c4936266c4fc" by "delete_volume" {{(pid=86649) __acquire /opt/stack/cinder/cinder/coordination.py:138}}
Jun 01 09:31:29 devstack cinder-volume[86649]: DEBUG cinder.coordination [req-fee4186a-4138-4008-b1f4-63f811649bb3 req-6ec719c0-93ba-4eae-a71a-a5ebabe974c1 tempest-VolumesSnapshotsTestJSON-1409977180 None] Lock "cinder-quobyte-52e98468-046c-4ac9-a997-c4936266c4fc" acquired by "delete_volume" :: waited 0.028s {{(pid=86649) __acquire /opt/stack/cinder/cinder/coordination.py:141}}
Jun 01 09:31:29 devstack cinder-volume[86649]: DEBUG oslo.privsep.daemon [-] privsep: reply[d0162696-3e51-4eaa-93cb-6e945d9ecd1f]: (4, 'qcow2') {{(pid=87550) _call_back /opt/stack/data/venv/lib/python3.12/site-packages/oslo_privsep/daemon.py:573}}
Jun 01 09:31:29 devstack cinder-volume[86649]: DEBUG oslo_concurrency.processutils [req-fee4186a-4138-4008-b1f4-63f811649bb3 req-6ec719c0-93ba-4eae-a71a-a5ebabe974c1 tempest-VolumesSnapshotsTestJSON-1409977180 None] Running cmd (subprocess): /opt/stack/data/venv/bin/python3.12 -m oslo_concurrency.prlimit --as=1073741824 --cpu=60 -- sudo cinder-rootwrap /etc/cinder/rootwrap.conf env LC_ALL=C qemu-img info -f qcow2 --output=json --force-share /opt/stack/data/cinder/mnt/71d9241aad799480671d8e50986cb43e/volume-52e98468-046c-4ac9-a997-c4936266c4fc {{(pid=86649) execute /opt/stack/data/venv/lib/python3.12/site-packages/oslo_concurrency/processutils.py:440}}
Jun 01 09:31:29 devstack sudo[91553]: quobyte : PWD=/ ; USER=root ; COMMAND=/opt/stack/data/venv/bin/cinder-rootwrap /etc/cinder/rootwrap.conf env LC_ALL=C qemu-img info -f qcow2 --output=json --force-share /opt/stack/data/cinder/mnt/71d9241aad799480671d8e50986cb43e/volume-52e98468-046c-4ac9-a997-c4936266c4fc
Jun 01 09:31:29 devstack sudo[91553]: pam_unix(sudo:session): session opened for user root(uid=0) by (uid=1000)
Jun 01 09:31:29 devstack sudo[91550]: pam_unix(sudo:session): session closed for user root
Jun 01 09:31:29 devstack cinder-volume[86649]: DEBUG oslo_concurrency.processutils [None req-d7da0799-42c1-417d-858b-9edc608ff3b7 tempest-ServerRescueNegativeTestJSON-1316434377 None] CMD "sudo cinder-rootwrap /etc/cinder/rootwrap.conf rm -f /opt/stack/data/cinder/mnt/71d9241aad799480671d8e50986cb43e/volume-3147f8e1-eda5-4ee1-be1f-4c6e90dcecda" returned: 0 in 0.942s {{(pid=86649) execute /opt/stack/data/venv/lib/python3.12/site-packages/oslo_concurrency/processutils.py:468}}
Jun 01 09:31:29 devstack cinder-volume[86649]: DEBUG cinder.coordination [None req-d7da0799-42c1-417d-858b-9edc608ff3b7 tempest-ServerRescueNegativeTestJSON-1316434377 None] Lock "cinder-quobyte-3147f8e1-eda5-4ee1-be1f-4c6e90dcecda" released by "delete_volume" :: held 2.328s {{(pid=86649) __release /opt/stack/cinder/cinder/coordination.py:152}}
Jun 01 09:31:29 devstack cinder-volume[86649]: DEBUG cinder.quota [None req-d7da0799-42c1-417d-858b-9edc608ff3b7 tempest-ServerRescueNegativeTestJSON-1316434377 None] Created reservations ['1901010f-b5f8-42b2-b244-cdb8c21cedd8', 'bf23855b-994c-496f-903d-51ad67a8b256', '6f558e1e-c1cc-4c1e-8e5d-2da7f91ab620', '2abebd98-bd6c-4cec-aa54-f75c77ea7822'] {{(pid=86649) reserve /opt/stack/cinder/cinder/quota.py:752}}
Jun 01 09:31:30 devstack cinder-volume[86649]: DEBUG oslo_concurrency.lockutils [None req-d7da0799-42c1-417d-858b-9edc608ff3b7 tempest-ServerRescueNegativeTestJSON-1316434377 None] Acquiring lock "quobyte_ensure" by "cinder.volume.drivers.quobyte.QuobyteDriver._ensure_shares_mounted" {{(pid=86649) inner /opt/stack/data/venv/lib/python3.12/site-packages/oslo_concurrency/lockutils.py:506}}
Jun 01 09:31:30 devstack cinder-volume[86649]: DEBUG oslo_concurrency.lockutils [None req-d7da0799-42c1-417d-858b-9edc608ff3b7 tempest-ServerRescueNegativeTestJSON-1316434377 None] Lock "quobyte_ensure" acquired by "cinder.volume.drivers.quobyte.QuobyteDriver._ensure_shares_mounted" :: waited 0.001s {{(pid=86649) inner /opt/stack/data/venv/lib/python3.12/site-packages/oslo_concurrency/lockutils.py:519}}
Jun 01 09:31:30 devstack cinder-volume[86649]: DEBUG cinder.volume.drivers.quobyte [None req-d7da0799-42c1-417d-858b-9edc608ff3b7 tempest-ServerRescueNegativeTestJSON-1316434377 None] Quobyte Volume URL set to: {'osci02.corp.quobyte.com/cinder-vol-d32800fa-fca7-4c19-baf4-5d83a6de1e10': None} {{(pid=86649) _load_shares_config /opt/stack/cinder/cinder/volume/drivers/quobyte.py:617}}
Jun 01 09:31:30 devstack cinder-volume[86649]: DEBUG cinder.volume.drivers.quobyte [None req-d7da0799-42c1-417d-858b-9edc608ff3b7 tempest-ServerRescueNegativeTestJSON-1316434377 None] Available shares ['osci02.corp.quobyte.com/cinder-vol-d32800fa-fca7-4c19-baf4-5d83a6de1e10'] {{(pid=86649) _ensure_shares_mounted /opt/stack/cinder/cinder/volume/drivers/quobyte.py:647}}
Jun 01 09:31:30 devstack cinder-volume[86649]: DEBUG oslo_concurrency.lockutils [None req-d7da0799-42c1-417d-858b-9edc608ff3b7 tempest-ServerRescueNegativeTestJSON-1316434377 None] Lock "quobyte_ensure" "released" by "cinder.volume.drivers.quobyte.QuobyteDriver._ensure_shares_mounted" :: held 0.008s {{(pid=86649) inner /opt/stack/data/venv/lib/python3.12/site-packages/oslo_concurrency/lockutils.py:538}}
Jun 01 09:31:30 devstack cinder-volume[86649]: DEBUG oslo_concurrency.processutils [None req-d7da0799-42c1-417d-858b-9edc608ff3b7 tempest-ServerRescueNegativeTestJSON-1316434377 None] Running cmd (subprocess): sudo cinder-rootwrap /etc/cinder/rootwrap.conf df --portability --block-size 1 /opt/stack/data/cinder/mnt/71d9241aad799480671d8e50986cb43e {{(pid=86649) execute /opt/stack/data/venv/lib/python3.12/site-packages/oslo_concurrency/processutils.py:440}}
Jun 01 09:31:30 devstack sudo[91556]: quobyte : PWD=/ ; USER=root ; COMMAND=/opt/stack/data/venv/bin/cinder-rootwrap /etc/cinder/rootwrap.conf df --portability --block-size 1 /opt/stack/data/cinder/mnt/71d9241aad799480671d8e50986cb43e
Jun 01 09:31:30 devstack sudo[91556]: pam_unix(sudo:session): session opened for user root(uid=0) by (uid=1000)
Jun 01 09:31:30 devstack sudo[91553]: pam_unix(sudo:session): session closed for user root
Jun 01 09:31:30 devstack cinder-volume[86649]: DEBUG oslo_concurrency.processutils [req-fee4186a-4138-4008-b1f4-63f811649bb3 req-6ec719c0-93ba-4eae-a71a-a5ebabe974c1 tempest-VolumesSnapshotsTestJSON-1409977180 None] CMD "/opt/stack/data/venv/bin/python3.12 -m oslo_concurrency.prlimit --as=1073741824 --cpu=60 -- sudo cinder-rootwrap /etc/cinder/rootwrap.conf env LC_ALL=C qemu-img info -f qcow2 --output=json --force-share /opt/stack/data/cinder/mnt/71d9241aad799480671d8e50986cb43e/volume-52e98468-046c-4ac9-a997-c4936266c4fc" returned: 0 in 1.022s {{(pid=86649) execute /opt/stack/data/venv/lib/python3.12/site-packages/oslo_concurrency/processutils.py:468}}
Jun 01 09:31:30 devstack cinder-volume[86649]: DEBUG oslo_concurrency.processutils [req-fee4186a-4138-4008-b1f4-63f811649bb3 req-6ec719c0-93ba-4eae-a71a-a5ebabe974c1 tempest-VolumesSnapshotsTestJSON-1409977180 None] Running cmd (subprocess): sudo cinder-rootwrap /etc/cinder/rootwrap.conf rm -f /opt/stack/data/cinder/mnt/71d9241aad799480671d8e50986cb43e/volume-52e98468-046c-4ac9-a997-c4936266c4fc {{(pid=86649) execute /opt/stack/data/venv/lib/python3.12/site-packages/oslo_concurrency/processutils.py:440}}
Jun 01 09:31:30 devstack sudo[91561]: quobyte : PWD=/ ; USER=root ; COMMAND=/opt/stack/data/venv/bin/cinder-rootwrap /etc/cinder/rootwrap.conf rm -f /opt/stack/data/cinder/mnt/71d9241aad799480671d8e50986cb43e/volume-52e98468-046c-4ac9-a997-c4936266c4fc
Jun 01 09:31:30 devstack sudo[91561]: pam_unix(sudo:session): session opened for user root(uid=0) by (uid=1000)
Jun 01 09:31:31 devstack sudo[91556]: pam_unix(sudo:session): session closed for user root
Jun 01 09:31:31 devstack cinder-volume[86649]: DEBUG oslo_concurrency.processutils [None req-d7da0799-42c1-417d-858b-9edc608ff3b7 tempest-ServerRescueNegativeTestJSON-1316434377 None] CMD "sudo cinder-rootwrap /etc/cinder/rootwrap.conf df --portability --block-size 1 /opt/stack/data/cinder/mnt/71d9241aad799480671d8e50986cb43e" returned: 0 in 1.006s {{(pid=86649) execute /opt/stack/data/venv/lib/python3.12/site-packages/oslo_concurrency/processutils.py:468}}
Jun 01 09:31:31 devstack cinder-volume[86649]: DEBUG cinder.manager [None req-d7da0799-42c1-417d-858b-9edc608ff3b7 tempest-ServerRescueNegativeTestJSON-1316434377 None] Notifying Schedulers of capabilities ... {{(pid=86649) _publish_service_capabilities /opt/stack/cinder/cinder/manager.py:202}}
Jun 01 09:31:31 devstack cinder-volume[86649]: INFO cinder.volume.manager [None req-d7da0799-42c1-417d-858b-9edc608ff3b7 tempest-ServerRescueNegativeTestJSON-1316434377 None] Deleted volume successfully.
Jun 01 09:31:31 devstack cinder-volume[86649]: DEBUG cinder.coordination [None req-d7da0799-42c1-417d-858b-9edc608ff3b7 tempest-ServerRescueNegativeTestJSON-1316434377 None] Lock "cinder-3147f8e1-eda5-4ee1-be1f-4c6e90dcecda-delete_volume" released by "delete_volume" :: held 3.634s {{(pid=86649) __release /opt/stack/cinder/cinder/coordination.py:152}}
Jun 01 09:31:31 devstack sudo[91561]: pam_unix(sudo:session): session closed for user root
Jun 01 09:31:31 devstack cinder-volume[86649]: DEBUG oslo_concurrency.processutils [req-fee4186a-4138-4008-b1f4-63f811649bb3 req-6ec719c0-93ba-4eae-a71a-a5ebabe974c1 tempest-VolumesSnapshotsTestJSON-1409977180 None] CMD "sudo cinder-rootwrap /etc/cinder/rootwrap.conf rm -f /opt/stack/data/cinder/mnt/71d9241aad799480671d8e50986cb43e/volume-52e98468-046c-4ac9-a997-c4936266c4fc" returned: 0 in 0.814s {{(pid=86649) execute /opt/stack/data/venv/lib/python3.12/site-packages/oslo_concurrency/processutils.py:468}}
Jun 01 09:31:31 devstack cinder-volume[86649]: DEBUG cinder.coordination [req-fee4186a-4138-4008-b1f4-63f811649bb3 req-6ec719c0-93ba-4eae-a71a-a5ebabe974c1 tempest-VolumesSnapshotsTestJSON-1409977180 None] Lock "cinder-quobyte-52e98468-046c-4ac9-a997-c4936266c4fc" released by "delete_volume" :: held 1.924s {{(pid=86649) __release /opt/stack/cinder/cinder/coordination.py:152}}
Jun 01 09:31:31 devstack cinder-volume[86649]: DEBUG cinder.quota [req-fee4186a-4138-4008-b1f4-63f811649bb3 req-6ec719c0-93ba-4eae-a71a-a5ebabe974c1 tempest-VolumesSnapshotsTestJSON-1409977180 None] Created reservations ['916b6383-396d-4f15-a8b9-bd2ab093cd5c', '45c3dfc3-5011-4ce8-89d2-b8525de13973', '7f88c3d1-a49a-48c3-8b28-6d4fa6735341', '917d16a0-5618-4524-b5b9-3bbb5b807dd4'] {{(pid=86649) reserve /opt/stack/cinder/cinder/quota.py:752}}
Jun 01 09:31:31 devstack cinder-volume[86649]: DEBUG oslo_concurrency.lockutils [req-fee4186a-4138-4008-b1f4-63f811649bb3 req-6ec719c0-93ba-4eae-a71a-a5ebabe974c1 tempest-VolumesSnapshotsTestJSON-1409977180 None] Acquiring lock "quobyte_ensure" by "cinder.volume.drivers.quobyte.QuobyteDriver._ensure_shares_mounted" {{(pid=86649) inner /opt/stack/data/venv/lib/python3.12/site-packages/oslo_concurrency/lockutils.py:506}}
Jun 01 09:31:31 devstack cinder-volume[86649]: DEBUG oslo_concurrency.lockutils [req-fee4186a-4138-4008-b1f4-63f811649bb3 req-6ec719c0-93ba-4eae-a71a-a5ebabe974c1 tempest-VolumesSnapshotsTestJSON-1409977180 None] Lock "quobyte_ensure" acquired by "cinder.volume.drivers.quobyte.QuobyteDriver._ensure_shares_mounted" :: waited 0.003s {{(pid=86649) inner /opt/stack/data/venv/lib/python3.12/site-packages/oslo_concurrency/lockutils.py:519}}
Jun 01 09:31:31 devstack cinder-volume[86649]: DEBUG cinder.volume.drivers.quobyte [req-fee4186a-4138-4008-b1f4-63f811649bb3 req-6ec719c0-93ba-4eae-a71a-a5ebabe974c1 tempest-VolumesSnapshotsTestJSON-1409977180 None] Quobyte Volume URL set to: {'osci02.corp.quobyte.com/cinder-vol-d32800fa-fca7-4c19-baf4-5d83a6de1e10': None} {{(pid=86649) _load_shares_config /opt/stack/cinder/cinder/volume/drivers/quobyte.py:617}}
Jun 01 09:31:31 devstack cinder-volume[86649]: DEBUG cinder.volume.drivers.quobyte [req-fee4186a-4138-4008-b1f4-63f811649bb3 req-6ec719c0-93ba-4eae-a71a-a5ebabe974c1 tempest-VolumesSnapshotsTestJSON-1409977180 None] Available shares ['osci02.corp.quobyte.com/cinder-vol-d32800fa-fca7-4c19-baf4-5d83a6de1e10'] {{(pid=86649) _ensure_shares_mounted /opt/stack/cinder/cinder/volume/drivers/quobyte.py:647}}
Jun 01 09:31:31 devstack cinder-volume[86649]: DEBUG oslo_concurrency.lockutils [req-fee4186a-4138-4008-b1f4-63f811649bb3 req-6ec719c0-93ba-4eae-a71a-a5ebabe974c1 tempest-VolumesSnapshotsTestJSON-1409977180 None] Lock "quobyte_ensure" "released" by "cinder.volume.drivers.quobyte.QuobyteDriver._ensure_shares_mounted" :: held 0.007s {{(pid=86649) inner /opt/stack/data/venv/lib/python3.12/site-packages/oslo_concurrency/lockutils.py:538}}
Jun 01 09:31:31 devstack cinder-volume[86649]: DEBUG oslo_concurrency.processutils [req-fee4186a-4138-4008-b1f4-63f811649bb3 req-6ec719c0-93ba-4eae-a71a-a5ebabe974c1 tempest-VolumesSnapshotsTestJSON-1409977180 None] Running cmd (subprocess): sudo cinder-rootwrap /etc/cinder/rootwrap.conf df --portability --block-size 1 /opt/stack/data/cinder/mnt/71d9241aad799480671d8e50986cb43e {{(pid=86649) execute /opt/stack/data/venv/lib/python3.12/site-packages/oslo_concurrency/processutils.py:440}}
Jun 01 09:31:31 devstack sudo[91565]: quobyte : PWD=/ ; USER=root ; COMMAND=/opt/stack/data/venv/bin/cinder-rootwrap /etc/cinder/rootwrap.conf df --portability --block-size 1 /opt/stack/data/cinder/mnt/71d9241aad799480671d8e50986cb43e
Jun 01 09:31:31 devstack sudo[91565]: pam_unix(sudo:session): session opened for user root(uid=0) by (uid=1000)
Jun 01 09:31:32 devstack sudo[91565]: pam_unix(sudo:session): session closed for user root
Jun 01 09:31:32 devstack cinder-volume[86649]: DEBUG oslo_concurrency.processutils [req-fee4186a-4138-4008-b1f4-63f811649bb3 req-6ec719c0-93ba-4eae-a71a-a5ebabe974c1 tempest-VolumesSnapshotsTestJSON-1409977180 None] CMD "sudo cinder-rootwrap /etc/cinder/rootwrap.conf df --portability --block-size 1 /opt/stack/data/cinder/mnt/71d9241aad799480671d8e50986cb43e" returned: 0 in 0.757s {{(pid=86649) execute /opt/stack/data/venv/lib/python3.12/site-packages/oslo_concurrency/processutils.py:468}}
Jun 01 09:31:32 devstack cinder-volume[86649]: DEBUG cinder.manager [req-fee4186a-4138-4008-b1f4-63f811649bb3 req-6ec719c0-93ba-4eae-a71a-a5ebabe974c1 tempest-VolumesSnapshotsTestJSON-1409977180 None] Notifying Schedulers of capabilities ... {{(pid=86649) _publish_service_capabilities /opt/stack/cinder/cinder/manager.py:202}}
Jun 01 09:31:32 devstack cinder-volume[86649]: INFO cinder.volume.manager [req-fee4186a-4138-4008-b1f4-63f811649bb3 req-6ec719c0-93ba-4eae-a71a-a5ebabe974c1 tempest-VolumesSnapshotsTestJSON-1409977180 None] Deleted volume successfully.
Jun 01 09:31:32 devstack cinder-volume[86649]: DEBUG cinder.coordination [req-fee4186a-4138-4008-b1f4-63f811649bb3 req-6ec719c0-93ba-4eae-a71a-a5ebabe974c1 tempest-VolumesSnapshotsTestJSON-1409977180 None] Lock "cinder-52e98468-046c-4ac9-a997-c4936266c4fc-delete_volume" released by "delete_volume" :: held 2.993s {{(pid=86649) __release /opt/stack/cinder/cinder/coordination.py:152}}
Jun 01 09:31:36 devstack cinder-volume[86649]: DEBUG oslo_service.periodic_task [None req-51f99061-0d00-4fd2-9c49-46dc82d0cb34 None None] Running periodic task VolumeManager.publish_service_capabilities {{(pid=86649) run_periodic_tasks /opt/stack/data/venv/lib/python3.12/site-packages/oslo_service/periodic_task.py:210}}
Jun 01 09:31:36 devstack cinder-volume[86649]: DEBUG oslo_concurrency.lockutils [None req-51f99061-0d00-4fd2-9c49-46dc82d0cb34 None None] Acquiring lock "quobyte_ensure" by "cinder.volume.drivers.quobyte.QuobyteDriver._ensure_shares_mounted" {{(pid=86649) inner /opt/stack/data/venv/lib/python3.12/site-packages/oslo_concurrency/lockutils.py:506}}
Jun 01 09:31:36 devstack cinder-volume[86649]: DEBUG oslo_concurrency.lockutils [None req-51f99061-0d00-4fd2-9c49-46dc82d0cb34 None None] Lock "quobyte_ensure" acquired by "cinder.volume.drivers.quobyte.QuobyteDriver._ensure_shares_mounted" :: waited 0.000s {{(pid=86649) inner /opt/stack/data/venv/lib/python3.12/site-packages/oslo_concurrency/lockutils.py:519}}
Jun 01 09:31:36 devstack cinder-volume[86649]: DEBUG cinder.volume.drivers.quobyte [None req-51f99061-0d00-4fd2-9c49-46dc82d0cb34 None None] Quobyte Volume URL set to: {'osci02.corp.quobyte.com/cinder-vol-d32800fa-fca7-4c19-baf4-5d83a6de1e10': None} {{(pid=86649) _load_shares_config /opt/stack/cinder/cinder/volume/drivers/quobyte.py:617}}
Jun 01 09:31:36 devstack cinder-volume[86649]: DEBUG cinder.volume.drivers.quobyte [None req-51f99061-0d00-4fd2-9c49-46dc82d0cb34 None None] Available shares ['osci02.corp.quobyte.com/cinder-vol-d32800fa-fca7-4c19-baf4-5d83a6de1e10'] {{(pid=86649) _ensure_shares_mounted /opt/stack/cinder/cinder/volume/drivers/quobyte.py:647}}
Jun 01 09:31:36 devstack cinder-volume[86649]: DEBUG oslo_concurrency.lockutils [None req-51f99061-0d00-4fd2-9c49-46dc82d0cb34 None None] Lock "quobyte_ensure" "released" by "cinder.volume.drivers.quobyte.QuobyteDriver._ensure_shares_mounted" :: held 0.023s {{(pid=86649) inner /opt/stack/data/venv/lib/python3.12/site-packages/oslo_concurrency/lockutils.py:538}}
Jun 01 09:31:36 devstack cinder-volume[86649]: DEBUG oslo_concurrency.processutils [None req-51f99061-0d00-4fd2-9c49-46dc82d0cb34 None None] Running cmd (subprocess): sudo cinder-rootwrap /etc/cinder/rootwrap.conf df --portability --block-size 1 /opt/stack/data/cinder/mnt/71d9241aad799480671d8e50986cb43e {{(pid=86649) execute /opt/stack/data/venv/lib/python3.12/site-packages/oslo_concurrency/processutils.py:440}}
Jun 01 09:31:36 devstack sudo[91605]: quobyte : PWD=/ ; USER=root ; COMMAND=/opt/stack/data/venv/bin/cinder-rootwrap /etc/cinder/rootwrap.conf df --portability --block-size 1 /opt/stack/data/cinder/mnt/71d9241aad799480671d8e50986cb43e
Jun 01 09:31:36 devstack sudo[91605]: pam_unix(sudo:session): session opened for user root(uid=0) by (uid=1000)
Jun 01 09:31:38 devstack sudo[91605]: pam_unix(sudo:session): session closed for user root
Jun 01 09:31:38 devstack cinder-volume[86649]: DEBUG oslo_concurrency.processutils [None req-51f99061-0d00-4fd2-9c49-46dc82d0cb34 None None] CMD "sudo cinder-rootwrap /etc/cinder/rootwrap.conf df --portability --block-size 1 /opt/stack/data/cinder/mnt/71d9241aad799480671d8e50986cb43e" returned: 0 in 1.329s {{(pid=86649) execute /opt/stack/data/venv/lib/python3.12/site-packages/oslo_concurrency/processutils.py:468}}
