Jun 24 14:20:41 devstack cinder-volume[93702]: DEBUG oslo_concurrency.lockutils [req-ed03a0bb-098d-4b85-b011-d79391ac3896 req-613c7972-c724-4b5b-9e83-18688eebf0dc tempest-VolumesSnapshotsTestJSON-1346184914 None] Lock "quobyte" acquired by "cinder.volume.drivers.quobyte.QuobyteDriver.create_snapshot" :: waited 0.490s {{(pid=93702) inner /opt/stack/data/venv/lib/python3.12/site-packages/oslo_concurrency/lockutils.py:524}}
Jun 24 14:20:41 devstack cinder-volume[93702]: DEBUG cinder.volume.manager [None req-7fe84724-9d47-4a4e-82d9-9b9a8b342e40 tempest-AttachVolumeTestJSON-1707479951 None] Task 'cinder.volume.flows.manager.create_volume.CreateVolumeFromSpecTask;volume:create' (e0f0f5f2-84f9-41ea-b159-125211e65b3e) transitioned into state 'SUCCESS' from state 'RUNNING' with result '{'status': 'creating', 'volume_name': 'volume-03f85b7a-c567-43bf-9e44-92669a55f32e', 'volume_size': 1}' {{(pid=93702) _task_receiver /opt/stack/data/venv/lib/python3.12/site-packages/taskflow/listeners/logging.py:218}}
Jun 24 14:20:41 devstack cinder-volume[93702]: DEBUG cinder.volume.manager [None req-7fe84724-9d47-4a4e-82d9-9b9a8b342e40 tempest-AttachVolumeTestJSON-1707479951 None] Task 'cinder.volume.flows.manager.create_volume.CreateVolumeOnFinishTask;volume:create, create.end' (3f720947-f201-447e-93d7-4748b90c9624) transitioned into state 'RUNNING' from state 'PENDING' {{(pid=93702) _task_receiver /opt/stack/data/venv/lib/python3.12/site-packages/taskflow/listeners/logging.py:242}}
Jun 24 14:20:41 devstack cinder-volume[93702]: DEBUG cinder.volume.drivers.remotefs [req-ed03a0bb-098d-4b85-b011-d79391ac3896 req-613c7972-c724-4b5b-9e83-18688eebf0dc tempest-VolumesSnapshotsTestJSON-1346184914 None] Creating offline snapshot 7e7de2f7-5814-4667-aeb9-52b677969418 of volume 245ee783-3080-4d9f-8ce6-59ba3bdfb019 {{(pid=93702) _create_snapshot /opt/stack/cinder/cinder/volume/drivers/remotefs.py:1815}}
Jun 24 14:20:41 devstack cinder-volume[93702]: INFO cinder.volume.flows.manager.create_volume [None req-7fe84724-9d47-4a4e-82d9-9b9a8b342e40 tempest-AttachVolumeTestJSON-1707479951 None] Volume volume-03f85b7a-c567-43bf-9e44-92669a55f32e (03f85b7a-c567-43bf-9e44-92669a55f32e): created successfully
Jun 24 14:20:41 devstack cinder-volume[93702]: DEBUG cinder.volume.manager [None req-7fe84724-9d47-4a4e-82d9-9b9a8b342e40 tempest-AttachVolumeTestJSON-1707479951 None] Task 'cinder.volume.flows.manager.create_volume.CreateVolumeOnFinishTask;volume:create, create.end' (3f720947-f201-447e-93d7-4748b90c9624) transitioned into state 'SUCCESS' from state 'RUNNING' with result 'None' {{(pid=93702) _task_receiver /opt/stack/data/venv/lib/python3.12/site-packages/taskflow/listeners/logging.py:218}}
Jun 24 14:20:41 devstack cinder-volume[93702]: DEBUG cinder.volume.manager [None req-7fe84724-9d47-4a4e-82d9-9b9a8b342e40 tempest-AttachVolumeTestJSON-1707479951 None] Flow 'volume_create_manager' (e674744b-215c-44e2-a1e0-b95044ee6cc7) transitioned into state 'SUCCESS' from state 'RUNNING' {{(pid=93702) _flow_receiver /opt/stack/data/venv/lib/python3.12/site-packages/taskflow/listeners/logging.py:160}}
Jun 24 14:20:41 devstack cinder-volume[93702]: DEBUG oslo.privsep.daemon [-] privsep: reply[30b0f55e-5102-467f-9203-795053e2600f]: (4, 'qcow2') {{(pid=94891) _call_back /opt/stack/data/venv/lib/python3.12/site-packages/oslo_privsep/daemon.py:580}}
Jun 24 14:20:41 devstack cinder-volume[93702]: DEBUG oslo_concurrency.processutils [req-ed03a0bb-098d-4b85-b011-d79391ac3896 req-613c7972-c724-4b5b-9e83-18688eebf0dc tempest-VolumesSnapshotsTestJSON-1346184914 None] Running cmd (subprocess): /opt/stack/data/venv/bin/python3.12 -m oslo_concurrency.prlimit --as=1073741824 --cpu=60 -- sudo cinder-rootwrap /etc/cinder/rootwrap.conf env LC_ALL=C qemu-img info -f qcow2 --output=json --force-share /opt/stack/data/cinder/mnt/ba3cbbe41960425336cd6b38e513075b/volume-245ee783-3080-4d9f-8ce6-59ba3bdfb019 {{(pid=93702) execute /opt/stack/data/venv/lib/python3.12/site-packages/oslo_concurrency/processutils.py:440}}
Jun 24 14:20:41 devstack cinder-volume[93702]: INFO cinder.volume.manager [None req-7fe84724-9d47-4a4e-82d9-9b9a8b342e40 tempest-AttachVolumeTestJSON-1707479951 None] Created volume successfully.
Jun 24 14:20:41 devstack sudo[98775]: quobyte : PWD=/ ; USER=root ; COMMAND=/opt/stack/data/venv/bin/cinder-rootwrap /etc/cinder/rootwrap.conf env LC_ALL=C qemu-img info -f qcow2 --output=json --force-share /opt/stack/data/cinder/mnt/ba3cbbe41960425336cd6b38e513075b/volume-245ee783-3080-4d9f-8ce6-59ba3bdfb019
Jun 24 14:20:41 devstack sudo[98775]: pam_unix(sudo:session): session opened for user root(uid=0) by (uid=1000)
Jun 24 14:20:41 devstack sudo[98775]: pam_unix(sudo:session): session closed for user root
Jun 24 14:20:41 devstack cinder-volume[93702]: DEBUG oslo_concurrency.processutils [req-ed03a0bb-098d-4b85-b011-d79391ac3896 req-613c7972-c724-4b5b-9e83-18688eebf0dc tempest-VolumesSnapshotsTestJSON-1346184914 None] CMD "/opt/stack/data/venv/bin/python3.12 -m oslo_concurrency.prlimit --as=1073741824 --cpu=60 -- sudo cinder-rootwrap /etc/cinder/rootwrap.conf env LC_ALL=C qemu-img info -f qcow2 --output=json --force-share /opt/stack/data/cinder/mnt/ba3cbbe41960425336cd6b38e513075b/volume-245ee783-3080-4d9f-8ce6-59ba3bdfb019" returned: 0 in 0.735s {{(pid=93702) execute /opt/stack/data/venv/lib/python3.12/site-packages/oslo_concurrency/processutils.py:468}}
Jun 24 14:20:41 devstack cinder-volume[93702]: DEBUG oslo_concurrency.processutils [req-ed03a0bb-098d-4b85-b011-d79391ac3896 req-613c7972-c724-4b5b-9e83-18688eebf0dc tempest-VolumesSnapshotsTestJSON-1346184914 None] Running cmd (subprocess): sudo cinder-rootwrap /etc/cinder/rootwrap.conf qemu-img create -f qcow2 -o backing_file=/opt/stack/data/cinder/mnt/ba3cbbe41960425336cd6b38e513075b/volume-245ee783-3080-4d9f-8ce6-59ba3bdfb019,backing_fmt=qcow2 /opt/stack/data/cinder/mnt/ba3cbbe41960425336cd6b38e513075b/volume-245ee783-3080-4d9f-8ce6-59ba3bdfb019.7e7de2f7-5814-4667-aeb9-52b677969418 1G {{(pid=93702) execute /opt/stack/data/venv/lib/python3.12/site-packages/oslo_concurrency/processutils.py:440}}
Jun 24 14:20:42 devstack sudo[98781]: quobyte : PWD=/ ; USER=root ; COMMAND=/opt/stack/data/venv/bin/cinder-rootwrap /etc/cinder/rootwrap.conf qemu-img create -f qcow2 -o backing_file=/opt/stack/data/cinder/mnt/ba3cbbe41960425336cd6b38e513075b/volume-245ee783-3080-4d9f-8ce6-59ba3bdfb019,backing_fmt=qcow2 /opt/stack/data/cinder/mnt/ba3cbbe41960425336cd6b38e513075b/volume-245ee783-3080-4d9f-8ce6-59ba3bdfb019.7e7de2f7-5814-4667-aeb9-52b677969418 1G
Jun 24 14:20:42 devstack sudo[98781]: pam_unix(sudo:session): session opened for user root(uid=0) by (uid=1000)
Jun 24 14:20:42 devstack sudo[98781]: pam_unix(sudo:session): session closed for user root
Jun 24 14:20:42 devstack cinder-volume[93702]: DEBUG oslo_concurrency.processutils [req-ed03a0bb-098d-4b85-b011-d79391ac3896 req-613c7972-c724-4b5b-9e83-18688eebf0dc tempest-VolumesSnapshotsTestJSON-1346184914 None] CMD "sudo cinder-rootwrap /etc/cinder/rootwrap.conf qemu-img create -f qcow2 -o backing_file=/opt/stack/data/cinder/mnt/ba3cbbe41960425336cd6b38e513075b/volume-245ee783-3080-4d9f-8ce6-59ba3bdfb019,backing_fmt=qcow2 /opt/stack/data/cinder/mnt/ba3cbbe41960425336cd6b38e513075b/volume-245ee783-3080-4d9f-8ce6-59ba3bdfb019.7e7de2f7-5814-4667-aeb9-52b677969418 1G" returned: 0 in 0.848s {{(pid=93702) execute /opt/stack/data/venv/lib/python3.12/site-packages/oslo_concurrency/processutils.py:468}}
Jun 24 14:20:42 devstack cinder-volume[93702]: DEBUG oslo_concurrency.processutils [req-ed03a0bb-098d-4b85-b011-d79391ac3896 req-613c7972-c724-4b5b-9e83-18688eebf0dc tempest-VolumesSnapshotsTestJSON-1346184914 None] Running cmd (subprocess): sudo cinder-rootwrap /etc/cinder/rootwrap.conf qemu-img rebase -u -b volume-245ee783-3080-4d9f-8ce6-59ba3bdfb019 -F qcow2 /opt/stack/data/cinder/mnt/ba3cbbe41960425336cd6b38e513075b/volume-245ee783-3080-4d9f-8ce6-59ba3bdfb019.7e7de2f7-5814-4667-aeb9-52b677969418 {{(pid=93702) execute /opt/stack/data/venv/lib/python3.12/site-packages/oslo_concurrency/processutils.py:440}}
Jun 24 14:20:42 devstack sudo[98819]: quobyte : PWD=/ ; USER=root ; COMMAND=/opt/stack/data/venv/bin/cinder-rootwrap /etc/cinder/rootwrap.conf qemu-img rebase -u -b volume-245ee783-3080-4d9f-8ce6-59ba3bdfb019 -F qcow2 /opt/stack/data/cinder/mnt/ba3cbbe41960425336cd6b38e513075b/volume-245ee783-3080-4d9f-8ce6-59ba3bdfb019.7e7de2f7-5814-4667-aeb9-52b677969418
Jun 24 14:20:42 devstack sudo[98819]: pam_unix(sudo:session): session opened for user root(uid=0) by (uid=1000)
Jun 24 14:20:43 devstack sudo[98819]: pam_unix(sudo:session): session closed for user root
Jun 24 14:20:43 devstack cinder-volume[93702]: DEBUG oslo_concurrency.processutils [req-ed03a0bb-098d-4b85-b011-d79391ac3896 req-613c7972-c724-4b5b-9e83-18688eebf0dc tempest-VolumesSnapshotsTestJSON-1346184914 None] CMD "sudo cinder-rootwrap /etc/cinder/rootwrap.conf qemu-img rebase -u -b volume-245ee783-3080-4d9f-8ce6-59ba3bdfb019 -F qcow2 /opt/stack/data/cinder/mnt/ba3cbbe41960425336cd6b38e513075b/volume-245ee783-3080-4d9f-8ce6-59ba3bdfb019.7e7de2f7-5814-4667-aeb9-52b677969418" returned: 0 in 0.768s {{(pid=93702) execute /opt/stack/data/venv/lib/python3.12/site-packages/oslo_concurrency/processutils.py:468}}
Jun 24 14:20:43 devstack cinder-volume[93702]: WARNING cinder.volume.drivers.remotefs [req-ed03a0bb-098d-4b85-b011-d79391ac3896 req-613c7972-c724-4b5b-9e83-18688eebf0dc tempest-VolumesSnapshotsTestJSON-1346184914 None] /opt/stack/data/cinder/mnt/ba3cbbe41960425336cd6b38e513075b/volume-245ee783-3080-4d9f-8ce6-59ba3bdfb019.7e7de2f7-5814-4667-aeb9-52b677969418 is being set with open permissions: ugo+rw
Jun 24 14:20:43 devstack cinder-volume[93702]: DEBUG oslo_concurrency.processutils [req-ed03a0bb-098d-4b85-b011-d79391ac3896 req-613c7972-c724-4b5b-9e83-18688eebf0dc tempest-VolumesSnapshotsTestJSON-1346184914 None] Running cmd (subprocess): sudo cinder-rootwrap /etc/cinder/rootwrap.conf chmod ugo+rw /opt/stack/data/cinder/mnt/ba3cbbe41960425336cd6b38e513075b/volume-245ee783-3080-4d9f-8ce6-59ba3bdfb019.7e7de2f7-5814-4667-aeb9-52b677969418 {{(pid=93702) execute /opt/stack/data/venv/lib/python3.12/site-packages/oslo_concurrency/processutils.py:440}}
Jun 24 14:20:43 devstack sudo[98825]: quobyte : PWD=/ ; USER=root ; COMMAND=/opt/stack/data/venv/bin/cinder-rootwrap /etc/cinder/rootwrap.conf chmod ugo+rw /opt/stack/data/cinder/mnt/ba3cbbe41960425336cd6b38e513075b/volume-245ee783-3080-4d9f-8ce6-59ba3bdfb019.7e7de2f7-5814-4667-aeb9-52b677969418
Jun 24 14:20:43 devstack sudo[98825]: pam_unix(sudo:session): session opened for user root(uid=0) by (uid=1000)
Jun 24 14:20:44 devstack sudo[98825]: pam_unix(sudo:session): session closed for user root
Jun 24 14:20:44 devstack cinder-volume[93702]: DEBUG oslo_concurrency.processutils [req-ed03a0bb-098d-4b85-b011-d79391ac3896 req-613c7972-c724-4b5b-9e83-18688eebf0dc tempest-VolumesSnapshotsTestJSON-1346184914 None] CMD "sudo cinder-rootwrap /etc/cinder/rootwrap.conf chmod ugo+rw /opt/stack/data/cinder/mnt/ba3cbbe41960425336cd6b38e513075b/volume-245ee783-3080-4d9f-8ce6-59ba3bdfb019.7e7de2f7-5814-4667-aeb9-52b677969418" returned: 0 in 0.640s {{(pid=93702) execute /opt/stack/data/venv/lib/python3.12/site-packages/oslo_concurrency/processutils.py:468}}
Jun 24 14:20:44 devstack cinder-volume[93702]: DEBUG oslo_concurrency.processutils [req-ed03a0bb-098d-4b85-b011-d79391ac3896 req-613c7972-c724-4b5b-9e83-18688eebf0dc tempest-VolumesSnapshotsTestJSON-1346184914 None] Running cmd (subprocess): sudo cinder-rootwrap /etc/cinder/rootwrap.conf truncate -s0 /opt/stack/data/cinder/mnt/ba3cbbe41960425336cd6b38e513075b/volume-245ee783-3080-4d9f-8ce6-59ba3bdfb019.info {{(pid=93702) execute /opt/stack/data/venv/lib/python3.12/site-packages/oslo_concurrency/processutils.py:440}}
Jun 24 14:20:44 devstack sudo[98828]: quobyte : PWD=/ ; USER=root ; COMMAND=/opt/stack/data/venv/bin/cinder-rootwrap /etc/cinder/rootwrap.conf truncate -s0 /opt/stack/data/cinder/mnt/ba3cbbe41960425336cd6b38e513075b/volume-245ee783-3080-4d9f-8ce6-59ba3bdfb019.info
Jun 24 14:20:44 devstack sudo[98828]: pam_unix(sudo:session): session opened for user root(uid=0) by (uid=1000)
Jun 24 14:20:44 devstack sudo[98828]: pam_unix(sudo:session): session closed for user root
Jun 24 14:20:44 devstack cinder-volume[93702]: DEBUG oslo_concurrency.processutils [req-ed03a0bb-098d-4b85-b011-d79391ac3896 req-613c7972-c724-4b5b-9e83-18688eebf0dc tempest-VolumesSnapshotsTestJSON-1346184914 None] CMD "sudo cinder-rootwrap /etc/cinder/rootwrap.conf truncate -s0 /opt/stack/data/cinder/mnt/ba3cbbe41960425336cd6b38e513075b/volume-245ee783-3080-4d9f-8ce6-59ba3bdfb019.info" returned: 0 in 0.685s {{(pid=93702) execute /opt/stack/data/venv/lib/python3.12/site-packages/oslo_concurrency/processutils.py:468}}
Jun 24 14:20:44 devstack cinder-volume[93702]: WARNING cinder.volume.drivers.remotefs [req-ed03a0bb-098d-4b85-b011-d79391ac3896 req-613c7972-c724-4b5b-9e83-18688eebf0dc tempest-VolumesSnapshotsTestJSON-1346184914 None] /opt/stack/data/cinder/mnt/ba3cbbe41960425336cd6b38e513075b/volume-245ee783-3080-4d9f-8ce6-59ba3bdfb019.info is being set with open permissions: ugo+rw
Jun 24 14:20:44 devstack cinder-volume[93702]: DEBUG oslo_concurrency.processutils [req-ed03a0bb-098d-4b85-b011-d79391ac3896 req-613c7972-c724-4b5b-9e83-18688eebf0dc tempest-VolumesSnapshotsTestJSON-1346184914 None] Running cmd (subprocess): sudo cinder-rootwrap /etc/cinder/rootwrap.conf chmod ugo+rw /opt/stack/data/cinder/mnt/ba3cbbe41960425336cd6b38e513075b/volume-245ee783-3080-4d9f-8ce6-59ba3bdfb019.info {{(pid=93702) execute /opt/stack/data/venv/lib/python3.12/site-packages/oslo_concurrency/processutils.py:440}}
Jun 24 14:20:44 devstack sudo[98832]: quobyte : PWD=/ ; USER=root ; COMMAND=/opt/stack/data/venv/bin/cinder-rootwrap /etc/cinder/rootwrap.conf chmod ugo+rw /opt/stack/data/cinder/mnt/ba3cbbe41960425336cd6b38e513075b/volume-245ee783-3080-4d9f-8ce6-59ba3bdfb019.info
Jun 24 14:20:44 devstack sudo[98832]: pam_unix(sudo:session): session opened for user root(uid=0) by (uid=1000)
Jun 24 14:20:45 devstack cinder-volume[93702]: DEBUG oslo_concurrency.lockutils [req-84eff839-c88b-47d5-9343-a76b2254dd60 req-ad269023-1b55-424c-9fbf-dda98003fe84 tempest-AttachVolumeTestJSON-1707479951 None] Acquiring lock "quobyte" by "cinder.volume.drivers.quobyte.QuobyteDriver.initialize_connection" {{(pid=93702) inner /opt/stack/data/venv/lib/python3.12/site-packages/oslo_concurrency/lockutils.py:511}}
Jun 24 14:20:45 devstack sudo[98832]: pam_unix(sudo:session): session closed for user root
Jun 24 14:20:45 devstack cinder-volume[93702]: DEBUG oslo_concurrency.processutils [req-ed03a0bb-098d-4b85-b011-d79391ac3896 req-613c7972-c724-4b5b-9e83-18688eebf0dc tempest-VolumesSnapshotsTestJSON-1346184914 None] CMD "sudo cinder-rootwrap /etc/cinder/rootwrap.conf chmod ugo+rw /opt/stack/data/cinder/mnt/ba3cbbe41960425336cd6b38e513075b/volume-245ee783-3080-4d9f-8ce6-59ba3bdfb019.info" returned: 0 in 0.672s {{(pid=93702) execute /opt/stack/data/venv/lib/python3.12/site-packages/oslo_concurrency/processutils.py:468}}
Jun 24 14:20:45 devstack cinder-volume[93702]: DEBUG oslo_concurrency.lockutils [req-ed03a0bb-098d-4b85-b011-d79391ac3896 req-613c7972-c724-4b5b-9e83-18688eebf0dc tempest-VolumesSnapshotsTestJSON-1346184914 None] Lock "quobyte" "released" by "cinder.volume.drivers.quobyte.QuobyteDriver.create_snapshot" :: held 4.473s {{(pid=93702) inner /opt/stack/data/venv/lib/python3.12/site-packages/oslo_concurrency/lockutils.py:543}}
Jun 24 14:20:45 devstack cinder-volume[93702]: DEBUG oslo_concurrency.lockutils [req-84eff839-c88b-47d5-9343-a76b2254dd60 req-ad269023-1b55-424c-9fbf-dda98003fe84 tempest-AttachVolumeTestJSON-1707479951 None] Lock "quobyte" acquired by "cinder.volume.drivers.quobyte.QuobyteDriver.initialize_connection" :: waited 0.300s {{(pid=93702) inner /opt/stack/data/venv/lib/python3.12/site-packages/oslo_concurrency/lockutils.py:524}}
Jun 24 14:20:45 devstack cinder-volume[93702]: DEBUG oslo.privsep.daemon [-] privsep: reply[6548e2c7-0cde-407e-97c1-4475e255c238]: (4, 'qcow2') {{(pid=94891) _call_back /opt/stack/data/venv/lib/python3.12/site-packages/oslo_privsep/daemon.py:580}}
Jun 24 14:20:45 devstack cinder-volume[93702]: DEBUG oslo_concurrency.processutils [req-84eff839-c88b-47d5-9343-a76b2254dd60 req-ad269023-1b55-424c-9fbf-dda98003fe84 tempest-AttachVolumeTestJSON-1707479951 None] Running cmd (subprocess): /opt/stack/data/venv/bin/python3.12 -m oslo_concurrency.prlimit --as=1073741824 --cpu=60 -- sudo cinder-rootwrap /etc/cinder/rootwrap.conf env LC_ALL=C qemu-img info -f qcow2 --output=json --force-share /opt/stack/data/cinder/mnt/ba3cbbe41960425336cd6b38e513075b/volume-03f85b7a-c567-43bf-9e44-92669a55f32e {{(pid=93702) execute /opt/stack/data/venv/lib/python3.12/site-packages/oslo_concurrency/processutils.py:440}}
Jun 24 14:20:45 devstack cinder-volume[93702]: INFO cinder.volume.manager [req-ed03a0bb-098d-4b85-b011-d79391ac3896 req-613c7972-c724-4b5b-9e83-18688eebf0dc tempest-VolumesSnapshotsTestJSON-1346184914 None] Create snapshot completed successfully
Jun 24 14:20:45 devstack sudo[98843]: quobyte : PWD=/ ; USER=root ; COMMAND=/opt/stack/data/venv/bin/cinder-rootwrap /etc/cinder/rootwrap.conf env LC_ALL=C qemu-img info -f qcow2 --output=json --force-share /opt/stack/data/cinder/mnt/ba3cbbe41960425336cd6b38e513075b/volume-03f85b7a-c567-43bf-9e44-92669a55f32e
Jun 24 14:20:45 devstack sudo[98843]: pam_unix(sudo:session): session opened for user root(uid=0) by (uid=1000)
Jun 24 14:20:46 devstack cinder-volume[93702]: DEBUG cinder.coordination [req-1f2e7b47-5c20-4465-af23-6dafd24fdceb req-85d3a447-0bbf-49be-9142-4498826a21b6 tempest-VolumesSnapshotsTestJSON-1346184914 None] Acquiring lock "cinder-7e7de2f7-5814-4667-aeb9-52b677969418-delete_snapshot" by "delete_snapshot" {{(pid=93702) __acquire /opt/stack/cinder/cinder/coordination.py:138}}
Jun 24 14:20:46 devstack cinder-volume[93702]: DEBUG cinder.coordination [req-1f2e7b47-5c20-4465-af23-6dafd24fdceb req-85d3a447-0bbf-49be-9142-4498826a21b6 tempest-VolumesSnapshotsTestJSON-1346184914 None] Lock "cinder-7e7de2f7-5814-4667-aeb9-52b677969418-delete_snapshot" acquired by "delete_snapshot" :: waited 0.024s {{(pid=93702) __acquire /opt/stack/cinder/cinder/coordination.py:141}}
Jun 24 14:20:46 devstack cinder-volume[93702]: DEBUG cinder.coordination [req-1f2e7b47-5c20-4465-af23-6dafd24fdceb req-85d3a447-0bbf-49be-9142-4498826a21b6 tempest-VolumesSnapshotsTestJSON-1346184914 None] Acquiring lock "cinder-quobyte-245ee783-3080-4d9f-8ce6-59ba3bdfb019" by "delete_snapshot" {{(pid=93702) __acquire /opt/stack/cinder/cinder/coordination.py:138}}
Jun 24 14:20:46 devstack cinder-volume[93702]: DEBUG cinder.coordination [req-1f2e7b47-5c20-4465-af23-6dafd24fdceb req-85d3a447-0bbf-49be-9142-4498826a21b6 tempest-VolumesSnapshotsTestJSON-1346184914 None] Lock "cinder-quobyte-245ee783-3080-4d9f-8ce6-59ba3bdfb019" acquired by "delete_snapshot" :: waited 0.029s {{(pid=93702) __acquire /opt/stack/cinder/cinder/coordination.py:141}}
Jun 24 14:20:46 devstack cinder-volume[93702]: DEBUG cinder.coordination [req-1f2e7b47-5c20-4465-af23-6dafd24fdceb req-85d3a447-0bbf-49be-9142-4498826a21b6 tempest-VolumesSnapshotsTestJSON-1346184914 None] Acquiring lock "cinder-quobyte-7e7de2f7-5814-4667-aeb9-52b677969418" by "_delete_snapshot" {{(pid=93702) __acquire /opt/stack/cinder/cinder/coordination.py:138}}
Jun 24 14:20:46 devstack sudo[98843]: pam_unix(sudo:session): session closed for user root
Jun 24 14:20:46 devstack cinder-volume[93702]: DEBUG oslo_concurrency.processutils [req-84eff839-c88b-47d5-9343-a76b2254dd60 req-ad269023-1b55-424c-9fbf-dda98003fe84 tempest-AttachVolumeTestJSON-1707479951 None] CMD "/opt/stack/data/venv/bin/python3.12 -m oslo_concurrency.prlimit --as=1073741824 --cpu=60 -- sudo cinder-rootwrap /etc/cinder/rootwrap.conf env LC_ALL=C qemu-img info -f qcow2 --output=json --force-share /opt/stack/data/cinder/mnt/ba3cbbe41960425336cd6b38e513075b/volume-03f85b7a-c567-43bf-9e44-92669a55f32e" returned: 0 in 0.775s {{(pid=93702) execute /opt/stack/data/venv/lib/python3.12/site-packages/oslo_concurrency/processutils.py:468}}
Jun 24 14:20:46 devstack cinder-volume[93702]: DEBUG oslo_concurrency.lockutils [req-84eff839-c88b-47d5-9343-a76b2254dd60 req-ad269023-1b55-424c-9fbf-dda98003fe84 tempest-AttachVolumeTestJSON-1707479951 None] Lock "quobyte" "released" by "cinder.volume.drivers.quobyte.QuobyteDriver.initialize_connection" :: held 0.797s {{(pid=93702) inner /opt/stack/data/venv/lib/python3.12/site-packages/oslo_concurrency/lockutils.py:543}}
Jun 24 14:20:46 devstack cinder-volume[93702]: DEBUG cinder.coordination [req-1f2e7b47-5c20-4465-af23-6dafd24fdceb req-85d3a447-0bbf-49be-9142-4498826a21b6 tempest-VolumesSnapshotsTestJSON-1346184914 None] Lock "cinder-quobyte-7e7de2f7-5814-4667-aeb9-52b677969418" acquired by "_delete_snapshot" :: waited 0.023s {{(pid=93702) __acquire /opt/stack/cinder/cinder/coordination.py:141}}
Jun 24 14:20:46 devstack cinder-volume[93702]: DEBUG cinder.volume.drivers.remotefs [req-1f2e7b47-5c20-4465-af23-6dafd24fdceb req-85d3a447-0bbf-49be-9142-4498826a21b6 tempest-VolumesSnapshotsTestJSON-1346184914 None] Deleting offline snapshot 7e7de2f7-5814-4667-aeb9-52b677969418 of volume 245ee783-3080-4d9f-8ce6-59ba3bdfb019 {{(pid=93702) _delete_snapshot /opt/stack/cinder/cinder/volume/drivers/remotefs.py:1287}}
Jun 24 14:20:46 devstack cinder-volume[93702]: DEBUG cinder.volume.drivers.remotefs [req-1f2e7b47-5c20-4465-af23-6dafd24fdceb req-85d3a447-0bbf-49be-9142-4498826a21b6 tempest-VolumesSnapshotsTestJSON-1346184914 None] snapshot_file for this snap is: volume-245ee783-3080-4d9f-8ce6-59ba3bdfb019.7e7de2f7-5814-4667-aeb9-52b677969418 {{(pid=93702) _delete_snapshot /opt/stack/cinder/cinder/volume/drivers/remotefs.py:1316}}
Jun 24 14:20:46 devstack cinder-volume[93702]: DEBUG oslo.privsep.daemon [-] privsep: reply[d9712b42-49a5-4907-90d0-c5807e25027b]: (4, 'qcow2') {{(pid=94891) _call_back /opt/stack/data/venv/lib/python3.12/site-packages/oslo_privsep/daemon.py:580}}
Jun 24 14:20:46 devstack cinder-volume[93702]: DEBUG oslo_concurrency.processutils [req-1f2e7b47-5c20-4465-af23-6dafd24fdceb req-85d3a447-0bbf-49be-9142-4498826a21b6 tempest-VolumesSnapshotsTestJSON-1346184914 None] Running cmd (subprocess): /opt/stack/data/venv/bin/python3.12 -m oslo_concurrency.prlimit --as=1073741824 --cpu=60 -- sudo cinder-rootwrap /etc/cinder/rootwrap.conf env LC_ALL=C qemu-img info -f qcow2 --output=json --force-share /opt/stack/data/cinder/mnt/ba3cbbe41960425336cd6b38e513075b/volume-245ee783-3080-4d9f-8ce6-59ba3bdfb019.7e7de2f7-5814-4667-aeb9-52b677969418 {{(pid=93702) execute /opt/stack/data/venv/lib/python3.12/site-packages/oslo_concurrency/processutils.py:440}}
Jun 24 14:20:46 devstack cinder-volume[93702]: DEBUG cinder.volume.manager [req-84eff839-c88b-47d5-9343-a76b2254dd60 req-ad269023-1b55-424c-9fbf-dda98003fe84 tempest-AttachVolumeTestJSON-1707479951 None] Connection info returned from driver {'export': 'osci02.corp.quobyte.com/cinder-vol-d985735b-4de4-490d-8991-566c2b7105ab', 'name': 'volume-03f85b7a-c567-43bf-9e44-92669a55f32e', 'options': None, 'format': 'qcow2', 'qos_specs': None, 'access_mode': 'rw', 'encrypted': False, 'cacheable': False, 'driver_volume_type': 'quobyte', 'mount_point_base': '/opt/stack/data/cinder/mnt', 'attachment_id': '99bb3db9-1453-40f6-be10-d6ef14a9b3c7', 'enforce_multipath': True} {{(pid=93702) _connection_create /opt/stack/cinder/cinder/volume/manager.py:4924}}
Jun 24 14:20:46 devstack sudo[98882]: quobyte : PWD=/ ; USER=root ; COMMAND=/opt/stack/data/venv/bin/cinder-rootwrap /etc/cinder/rootwrap.conf env LC_ALL=C qemu-img info -f qcow2 --output=json --force-share /opt/stack/data/cinder/mnt/ba3cbbe41960425336cd6b38e513075b/volume-245ee783-3080-4d9f-8ce6-59ba3bdfb019.7e7de2f7-5814-4667-aeb9-52b677969418
Jun 24 14:20:46 devstack sudo[98882]: pam_unix(sudo:session): session opened for user root(uid=0) by (uid=1000)
Jun 24 14:20:46 devstack cinder-volume[93702]: INFO cinder.volume.manager [req-84eff839-c88b-47d5-9343-a76b2254dd60 req-ad269023-1b55-424c-9fbf-dda98003fe84 tempest-AttachVolumeTestJSON-1707479951 None] attachment_update completed successfully.
Jun 24 14:20:47 devstack sudo[98882]: pam_unix(sudo:session): session closed for user root
Jun 24 14:20:47 devstack cinder-volume[93702]: DEBUG oslo_concurrency.processutils [req-1f2e7b47-5c20-4465-af23-6dafd24fdceb req-85d3a447-0bbf-49be-9142-4498826a21b6 tempest-VolumesSnapshotsTestJSON-1346184914 None] CMD "/opt/stack/data/venv/bin/python3.12 -m oslo_concurrency.prlimit --as=1073741824 --cpu=60 -- sudo cinder-rootwrap /etc/cinder/rootwrap.conf env LC_ALL=C qemu-img info -f qcow2 --output=json --force-share /opt/stack/data/cinder/mnt/ba3cbbe41960425336cd6b38e513075b/volume-245ee783-3080-4d9f-8ce6-59ba3bdfb019.7e7de2f7-5814-4667-aeb9-52b677969418" returned: 0 in 0.809s {{(pid=93702) execute /opt/stack/data/venv/lib/python3.12/site-packages/oslo_concurrency/processutils.py:468}}
Jun 24 14:20:47 devstack cinder-volume[93702]: DEBUG cinder.volume.drivers.remotefs [req-1f2e7b47-5c20-4465-af23-6dafd24fdceb req-85d3a447-0bbf-49be-9142-4498826a21b6 tempest-VolumesSnapshotsTestJSON-1346184914 None] Fetching qemu-img info with special backing_file_template: (/opt/stack/data/cinder/mnt/[0-9a-f]+/)?(volume-245ee783-3080-4d9f-8ce6-59ba3bdfb019(.(tmp-snap-)?[0-9a-f-]+)?|volume_from_snapshot_cache/(tmp-snap-)?[0-9a-f-]+(.(child-|parent-)[0-9a-f-]+)?)$ {{(pid=93702) _qemu_img_info_base /opt/stack/cinder/cinder/volume/drivers/remotefs.py:896}}
Jun 24 14:20:47 devstack cinder-volume[93702]: DEBUG oslo.privsep.daemon [-] privsep: reply[cdbd91f4-72b9-429a-bef2-bb866d8b1ebb]: (4, 'qcow2') {{(pid=94891) _call_back /opt/stack/data/venv/lib/python3.12/site-packages/oslo_privsep/daemon.py:580}}
Jun 24 14:20:47 devstack cinder-volume[93702]: DEBUG oslo_concurrency.processutils [req-1f2e7b47-5c20-4465-af23-6dafd24fdceb req-85d3a447-0bbf-49be-9142-4498826a21b6 tempest-VolumesSnapshotsTestJSON-1346184914 None] Running cmd (subprocess): /opt/stack/data/venv/bin/python3.12 -m oslo_concurrency.prlimit --as=1073741824 --cpu=60 -- sudo cinder-rootwrap /etc/cinder/rootwrap.conf env LC_ALL=C qemu-img info -f qcow2 --output=json --force-share /opt/stack/data/cinder/mnt/ba3cbbe41960425336cd6b38e513075b/volume-245ee783-3080-4d9f-8ce6-59ba3bdfb019 {{(pid=93702) execute /opt/stack/data/venv/lib/python3.12/site-packages/oslo_concurrency/processutils.py:440}}
Jun 24 14:20:47 devstack sudo[98889]: quobyte : PWD=/ ; USER=root ; COMMAND=/opt/stack/data/venv/bin/cinder-rootwrap /etc/cinder/rootwrap.conf env LC_ALL=C qemu-img info -f qcow2 --output=json --force-share /opt/stack/data/cinder/mnt/ba3cbbe41960425336cd6b38e513075b/volume-245ee783-3080-4d9f-8ce6-59ba3bdfb019
Jun 24 14:20:47 devstack sudo[98889]: pam_unix(sudo:session): session opened for user root(uid=0) by (uid=1000)
Jun 24 14:20:48 devstack sudo[98889]: pam_unix(sudo:session): session closed for user root
Jun 24 14:20:48 devstack cinder-volume[93702]: DEBUG oslo_concurrency.processutils [req-1f2e7b47-5c20-4465-af23-6dafd24fdceb req-85d3a447-0bbf-49be-9142-4498826a21b6 tempest-VolumesSnapshotsTestJSON-1346184914 None] CMD "/opt/stack/data/venv/bin/python3.12 -m oslo_concurrency.prlimit --as=1073741824 --cpu=60 -- sudo cinder-rootwrap /etc/cinder/rootwrap.conf env LC_ALL=C qemu-img info -f qcow2 --output=json --force-share /opt/stack/data/cinder/mnt/ba3cbbe41960425336cd6b38e513075b/volume-245ee783-3080-4d9f-8ce6-59ba3bdfb019" returned: 0 in 0.765s {{(pid=93702) execute /opt/stack/data/venv/lib/python3.12/site-packages/oslo_concurrency/processutils.py:468}}
Jun 24 14:20:48 devstack cinder-volume[93702]: DEBUG oslo_concurrency.processutils [req-1f2e7b47-5c20-4465-af23-6dafd24fdceb req-85d3a447-0bbf-49be-9142-4498826a21b6 tempest-VolumesSnapshotsTestJSON-1346184914 None] Running cmd (subprocess): sudo cinder-rootwrap /etc/cinder/rootwrap.conf qemu-img commit -d /opt/stack/data/cinder/mnt/ba3cbbe41960425336cd6b38e513075b/volume-245ee783-3080-4d9f-8ce6-59ba3bdfb019.7e7de2f7-5814-4667-aeb9-52b677969418 {{(pid=93702) execute /opt/stack/data/venv/lib/python3.12/site-packages/oslo_concurrency/processutils.py:440}}
Jun 24 14:20:48 devstack sudo[98915]: quobyte : PWD=/ ; USER=root ; COMMAND=/opt/stack/data/venv/bin/cinder-rootwrap /etc/cinder/rootwrap.conf qemu-img commit -d /opt/stack/data/cinder/mnt/ba3cbbe41960425336cd6b38e513075b/volume-245ee783-3080-4d9f-8ce6-59ba3bdfb019.7e7de2f7-5814-4667-aeb9-52b677969418
Jun 24 14:20:48 devstack sudo[98915]: pam_unix(sudo:session): session opened for user root(uid=0) by (uid=1000)
Jun 24 14:20:48 devstack sudo[98915]: pam_unix(sudo:session): session closed for user root
Jun 24 14:20:48 devstack cinder-volume[93702]: DEBUG oslo_concurrency.processutils [req-1f2e7b47-5c20-4465-af23-6dafd24fdceb req-85d3a447-0bbf-49be-9142-4498826a21b6 tempest-VolumesSnapshotsTestJSON-1346184914 None] CMD "sudo cinder-rootwrap /etc/cinder/rootwrap.conf qemu-img commit -d /opt/stack/data/cinder/mnt/ba3cbbe41960425336cd6b38e513075b/volume-245ee783-3080-4d9f-8ce6-59ba3bdfb019.7e7de2f7-5814-4667-aeb9-52b677969418" returned: 0 in 0.679s {{(pid=93702) execute /opt/stack/data/venv/lib/python3.12/site-packages/oslo_concurrency/processutils.py:468}}
Jun 24 14:20:48 devstack cinder-volume[93702]: DEBUG oslo_concurrency.processutils [req-1f2e7b47-5c20-4465-af23-6dafd24fdceb req-85d3a447-0bbf-49be-9142-4498826a21b6 tempest-VolumesSnapshotsTestJSON-1346184914 None] Running cmd (subprocess): sudo cinder-rootwrap /etc/cinder/rootwrap.conf rm -f /opt/stack/data/cinder/mnt/ba3cbbe41960425336cd6b38e513075b/volume-245ee783-3080-4d9f-8ce6-59ba3bdfb019.7e7de2f7-5814-4667-aeb9-52b677969418 {{(pid=93702) execute /opt/stack/data/venv/lib/python3.12/site-packages/oslo_concurrency/processutils.py:440}}
Jun 24 14:20:48 devstack sudo[98920]: quobyte : PWD=/ ; USER=root ; COMMAND=/opt/stack/data/venv/bin/cinder-rootwrap /etc/cinder/rootwrap.conf rm -f /opt/stack/data/cinder/mnt/ba3cbbe41960425336cd6b38e513075b/volume-245ee783-3080-4d9f-8ce6-59ba3bdfb019.7e7de2f7-5814-4667-aeb9-52b677969418
Jun 24 14:20:48 devstack sudo[98920]: pam_unix(sudo:session): session opened for user root(uid=0) by (uid=1000)
Jun 24 14:20:49 devstack sudo[98920]: pam_unix(sudo:session): session closed for user root
Jun 24 14:20:49 devstack cinder-volume[93702]: DEBUG oslo_concurrency.processutils [req-1f2e7b47-5c20-4465-af23-6dafd24fdceb req-85d3a447-0bbf-49be-9142-4498826a21b6 tempest-VolumesSnapshotsTestJSON-1346184914 None] CMD "sudo cinder-rootwrap /etc/cinder/rootwrap.conf rm -f /opt/stack/data/cinder/mnt/ba3cbbe41960425336cd6b38e513075b/volume-245ee783-3080-4d9f-8ce6-59ba3bdfb019.7e7de2f7-5814-4667-aeb9-52b677969418" returned: 0 in 0.632s {{(pid=93702) execute /opt/stack/data/venv/lib/python3.12/site-packages/oslo_concurrency/processutils.py:468}}
Jun 24 14:20:49 devstack cinder-volume[93702]: DEBUG cinder.coordination [req-1f2e7b47-5c20-4465-af23-6dafd24fdceb req-85d3a447-0bbf-49be-9142-4498826a21b6 tempest-VolumesSnapshotsTestJSON-1346184914 None] Lock "cinder-quobyte-7e7de2f7-5814-4667-aeb9-52b677969418" released by "_delete_snapshot" :: held 3.003s {{(pid=93702) __release /opt/stack/cinder/cinder/coordination.py:152}}
Jun 24 14:20:49 devstack cinder-volume[93702]: DEBUG cinder.coordination [req-1f2e7b47-5c20-4465-af23-6dafd24fdceb req-85d3a447-0bbf-49be-9142-4498826a21b6 tempest-VolumesSnapshotsTestJSON-1346184914 None] Lock "cinder-quobyte-245ee783-3080-4d9f-8ce6-59ba3bdfb019" released by "delete_snapshot" :: held 3.035s {{(pid=93702) __release /opt/stack/cinder/cinder/coordination.py:152}}
Jun 24 14:20:49 devstack cinder-volume[93702]: WARNING cinder.quota [req-1f2e7b47-5c20-4465-af23-6dafd24fdceb req-85d3a447-0bbf-49be-9142-4498826a21b6 tempest-VolumesSnapshotsTestJSON-1346184914 None] Deprecated: Default quota for resource: snapshots_QuobyteHD is set by the default quota flag: quota_snapshots_QuobyteHD, it is now deprecated. Please use the default quota class for default quota.
Jun 24 14:20:49 devstack cinder-volume[93702]: DEBUG cinder.quota [req-1f2e7b47-5c20-4465-af23-6dafd24fdceb req-85d3a447-0bbf-49be-9142-4498826a21b6 tempest-VolumesSnapshotsTestJSON-1346184914 None] Created reservations ['8e887f98-27e0-4713-bee2-3560edb2705f', '5f3a74e2-f1c1-47ce-8e22-2cb5dcbaca9e', 'c264b445-3b3a-4952-a831-60261eb02e61', '75f943b6-151f-4071-ac50-d01c779b354e'] {{(pid=93702) reserve /opt/stack/cinder/cinder/quota.py:752}}
Jun 24 14:20:49 devstack cinder-volume[93702]: INFO cinder.volume.manager [req-1f2e7b47-5c20-4465-af23-6dafd24fdceb req-85d3a447-0bbf-49be-9142-4498826a21b6 tempest-VolumesSnapshotsTestJSON-1346184914 None] Delete snapshot completed successfully.
Jun 24 14:20:49 devstack cinder-volume[93702]: DEBUG cinder.coordination [req-1f2e7b47-5c20-4465-af23-6dafd24fdceb req-85d3a447-0bbf-49be-9142-4498826a21b6 tempest-VolumesSnapshotsTestJSON-1346184914 None] Lock "cinder-7e7de2f7-5814-4667-aeb9-52b677969418-delete_snapshot" released by "delete_snapshot" :: held 3.180s {{(pid=93702) __release /opt/stack/cinder/cinder/coordination.py:152}}
Jun 24 14:20:49 devstack cinder-volume[93702]: DEBUG cinder.coordination [req-87ed89a6-0a4c-435d-8601-32e5abbfe927 req-78fd6bc0-9958-4802-9926-7e9b7c446d57 tempest-VolumesSnapshotsTestJSON-1346184914 None] Acquiring lock "cinder-245ee783-3080-4d9f-8ce6-59ba3bdfb019-delete_volume" by "delete_volume" {{(pid=93702) __acquire /opt/stack/cinder/cinder/coordination.py:138}}
Jun 24 14:20:49 devstack cinder-volume[93702]: DEBUG cinder.coordination [req-87ed89a6-0a4c-435d-8601-32e5abbfe927 req-78fd6bc0-9958-4802-9926-7e9b7c446d57 tempest-VolumesSnapshotsTestJSON-1346184914 None] Lock "cinder-245ee783-3080-4d9f-8ce6-59ba3bdfb019-delete_volume" acquired by "delete_volume" :: waited 0.019s {{(pid=93702) __acquire /opt/stack/cinder/cinder/coordination.py:141}}
Jun 24 14:20:49 devstack cinder-volume[93702]: DEBUG cinder.coordination [req-87ed89a6-0a4c-435d-8601-32e5abbfe927 req-78fd6bc0-9958-4802-9926-7e9b7c446d57 tempest-VolumesSnapshotsTestJSON-1346184914 None] Acquiring lock "cinder-quobyte-245ee783-3080-4d9f-8ce6-59ba3bdfb019" by "delete_volume" {{(pid=93702) __acquire /opt/stack/cinder/cinder/coordination.py:138}}
Jun 24 14:20:49 devstack cinder-volume[93702]: DEBUG cinder.coordination [req-87ed89a6-0a4c-435d-8601-32e5abbfe927 req-78fd6bc0-9958-4802-9926-7e9b7c446d57 tempest-VolumesSnapshotsTestJSON-1346184914 None] Lock "cinder-quobyte-245ee783-3080-4d9f-8ce6-59ba3bdfb019" acquired by "delete_volume" :: waited 0.016s {{(pid=93702) __acquire /opt/stack/cinder/cinder/coordination.py:141}}
Jun 24 14:20:49 devstack cinder-volume[93702]: DEBUG oslo.privsep.daemon [-] privsep: reply[7bbc1d48-3cec-4f9a-915c-8a01bc05afbf]: (4, 'qcow2') {{(pid=94891) _call_back /opt/stack/data/venv/lib/python3.12/site-packages/oslo_privsep/daemon.py:580}}
Jun 24 14:20:49 devstack cinder-volume[93702]: DEBUG oslo_concurrency.processutils [req-87ed89a6-0a4c-435d-8601-32e5abbfe927 req-78fd6bc0-9958-4802-9926-7e9b7c446d57 tempest-VolumesSnapshotsTestJSON-1346184914 None] Running cmd (subprocess): /opt/stack/data/venv/bin/python3.12 -m oslo_concurrency.prlimit --as=1073741824 --cpu=60 -- sudo cinder-rootwrap /etc/cinder/rootwrap.conf env LC_ALL=C qemu-img info -f qcow2 --output=json --force-share /opt/stack/data/cinder/mnt/ba3cbbe41960425336cd6b38e513075b/volume-245ee783-3080-4d9f-8ce6-59ba3bdfb019 {{(pid=93702) execute /opt/stack/data/venv/lib/python3.12/site-packages/oslo_concurrency/processutils.py:440}}
Jun 24 14:20:49 devstack sudo[98923]: quobyte : PWD=/ ; USER=root ; COMMAND=/opt/stack/data/venv/bin/cinder-rootwrap /etc/cinder/rootwrap.conf env LC_ALL=C qemu-img info -f qcow2 --output=json --force-share /opt/stack/data/cinder/mnt/ba3cbbe41960425336cd6b38e513075b/volume-245ee783-3080-4d9f-8ce6-59ba3bdfb019
Jun 24 14:20:49 devstack sudo[98923]: pam_unix(sudo:session): session opened for user root(uid=0) by (uid=1000)
Jun 24 14:20:50 devstack sudo[98923]: pam_unix(sudo:session): session closed for user root
Jun 24 14:20:50 devstack cinder-volume[93702]: DEBUG oslo_concurrency.processutils [req-87ed89a6-0a4c-435d-8601-32e5abbfe927 req-78fd6bc0-9958-4802-9926-7e9b7c446d57 tempest-VolumesSnapshotsTestJSON-1346184914 None] CMD "/opt/stack/data/venv/bin/python3.12 -m oslo_concurrency.prlimit --as=1073741824 --cpu=60 -- sudo cinder-rootwrap /etc/cinder/rootwrap.conf env LC_ALL=C qemu-img info -f qcow2 --output=json --force-share /opt/stack/data/cinder/mnt/ba3cbbe41960425336cd6b38e513075b/volume-245ee783-3080-4d9f-8ce6-59ba3bdfb019" returned: 0 in 0.802s {{(pid=93702) execute /opt/stack/data/venv/lib/python3.12/site-packages/oslo_concurrency/processutils.py:468}}
Jun 24 14:20:50 devstack cinder-volume[93702]: DEBUG oslo_concurrency.processutils [req-87ed89a6-0a4c-435d-8601-32e5abbfe927 req-78fd6bc0-9958-4802-9926-7e9b7c446d57 tempest-VolumesSnapshotsTestJSON-1346184914 None] Running cmd (subprocess): sudo cinder-rootwrap /etc/cinder/rootwrap.conf rm -f /opt/stack/data/cinder/mnt/ba3cbbe41960425336cd6b38e513075b/volume-245ee783-3080-4d9f-8ce6-59ba3bdfb019 {{(pid=93702) execute /opt/stack/data/venv/lib/python3.12/site-packages/oslo_concurrency/processutils.py:440}}
Jun 24 14:20:50 devstack sudo[98928]: quobyte : PWD=/ ; USER=root ; COMMAND=/opt/stack/data/venv/bin/cinder-rootwrap /etc/cinder/rootwrap.conf rm -f /opt/stack/data/cinder/mnt/ba3cbbe41960425336cd6b38e513075b/volume-245ee783-3080-4d9f-8ce6-59ba3bdfb019
Jun 24 14:20:50 devstack sudo[98928]: pam_unix(sudo:session): session opened for user root(uid=0) by (uid=1000)
Jun 24 14:20:51 devstack sudo[98928]: pam_unix(sudo:session): session closed for user root
Jun 24 14:20:51 devstack cinder-volume[93702]: DEBUG oslo_concurrency.processutils [req-87ed89a6-0a4c-435d-8601-32e5abbfe927 req-78fd6bc0-9958-4802-9926-7e9b7c446d57 tempest-VolumesSnapshotsTestJSON-1346184914 None] CMD "sudo cinder-rootwrap /etc/cinder/rootwrap.conf rm -f /opt/stack/data/cinder/mnt/ba3cbbe41960425336cd6b38e513075b/volume-245ee783-3080-4d9f-8ce6-59ba3bdfb019" returned: 0 in 0.647s {{(pid=93702) execute /opt/stack/data/venv/lib/python3.12/site-packages/oslo_concurrency/processutils.py:468}}
Jun 24 14:20:51 devstack cinder-volume[93702]: DEBUG cinder.coordination [req-87ed89a6-0a4c-435d-8601-32e5abbfe927 req-78fd6bc0-9958-4802-9926-7e9b7c446d57 tempest-VolumesSnapshotsTestJSON-1346184914 None] Lock "cinder-quobyte-245ee783-3080-4d9f-8ce6-59ba3bdfb019" released by "delete_volume" :: held 1.533s {{(pid=93702) __release /opt/stack/cinder/cinder/coordination.py:152}}
Jun 24 14:20:51 devstack cinder-volume[93702]: DEBUG cinder.quota [req-87ed89a6-0a4c-435d-8601-32e5abbfe927 req-78fd6bc0-9958-4802-9926-7e9b7c446d57 tempest-VolumesSnapshotsTestJSON-1346184914 None] Created reservations ['b0ab47da-fd18-42d1-b06c-3ee0f15cffac', '1349f4ba-8efc-4ad9-9e04-d5e7a252a54e', 'a9716575-5497-4cc5-b34d-300c33c6775d', 'bd6ab48d-8794-4001-8e69-fda7d4677263'] {{(pid=93702) reserve /opt/stack/cinder/cinder/quota.py:752}}
Jun 24 14:20:51 devstack cinder-volume[93702]: DEBUG oslo_concurrency.lockutils [req-87ed89a6-0a4c-435d-8601-32e5abbfe927 req-78fd6bc0-9958-4802-9926-7e9b7c446d57 tempest-VolumesSnapshotsTestJSON-1346184914 None] Acquiring lock "quobyte_ensure" by "cinder.volume.drivers.quobyte.QuobyteDriver._ensure_shares_mounted" {{(pid=93702) inner /opt/stack/data/venv/lib/python3.12/site-packages/oslo_concurrency/lockutils.py:511}}
Jun 24 14:20:51 devstack cinder-volume[93702]: DEBUG oslo_concurrency.lockutils [req-87ed89a6-0a4c-435d-8601-32e5abbfe927 req-78fd6bc0-9958-4802-9926-7e9b7c446d57 tempest-VolumesSnapshotsTestJSON-1346184914 None] Lock "quobyte_ensure" acquired by "cinder.volume.drivers.quobyte.QuobyteDriver._ensure_shares_mounted" :: waited 0.001s {{(pid=93702) inner /opt/stack/data/venv/lib/python3.12/site-packages/oslo_concurrency/lockutils.py:524}}
Jun 24 14:20:51 devstack cinder-volume[93702]: DEBUG cinder.volume.drivers.quobyte [req-87ed89a6-0a4c-435d-8601-32e5abbfe927 req-78fd6bc0-9958-4802-9926-7e9b7c446d57 tempest-VolumesSnapshotsTestJSON-1346184914 None] Quobyte Volume URL set to: {'osci02.corp.quobyte.com/cinder-vol-d985735b-4de4-490d-8991-566c2b7105ab': None} {{(pid=93702) _load_shares_config /opt/stack/cinder/cinder/volume/drivers/quobyte.py:617}}
Jun 24 14:20:51 devstack cinder-volume[93702]: DEBUG cinder.volume.drivers.quobyte [req-87ed89a6-0a4c-435d-8601-32e5abbfe927 req-78fd6bc0-9958-4802-9926-7e9b7c446d57 tempest-VolumesSnapshotsTestJSON-1346184914 None] Available shares ['osci02.corp.quobyte.com/cinder-vol-d985735b-4de4-490d-8991-566c2b7105ab'] {{(pid=93702) _ensure_shares_mounted /opt/stack/cinder/cinder/volume/drivers/quobyte.py:647}}
Jun 24 14:20:51 devstack cinder-volume[93702]: DEBUG oslo_concurrency.lockutils [req-87ed89a6-0a4c-435d-8601-32e5abbfe927 req-78fd6bc0-9958-4802-9926-7e9b7c446d57 tempest-VolumesSnapshotsTestJSON-1346184914 None] Lock "quobyte_ensure" "released" by "cinder.volume.drivers.quobyte.QuobyteDriver._ensure_shares_mounted" :: held 0.006s {{(pid=93702) inner /opt/stack/data/venv/lib/python3.12/site-packages/oslo_concurrency/lockutils.py:543}}
Jun 24 14:20:51 devstack cinder-volume[93702]: DEBUG oslo_concurrency.processutils [req-87ed89a6-0a4c-435d-8601-32e5abbfe927 req-78fd6bc0-9958-4802-9926-7e9b7c446d57 tempest-VolumesSnapshotsTestJSON-1346184914 None] Running cmd (subprocess): sudo cinder-rootwrap /etc/cinder/rootwrap.conf df --portability --block-size 1 /opt/stack/data/cinder/mnt/ba3cbbe41960425336cd6b38e513075b {{(pid=93702) execute /opt/stack/data/venv/lib/python3.12/site-packages/oslo_concurrency/processutils.py:440}}
Jun 24 14:20:51 devstack sudo[98931]: quobyte : PWD=/ ; USER=root ; COMMAND=/opt/stack/data/venv/bin/cinder-rootwrap /etc/cinder/rootwrap.conf df --portability --block-size 1 /opt/stack/data/cinder/mnt/ba3cbbe41960425336cd6b38e513075b
Jun 24 14:20:51 devstack sudo[98931]: pam_unix(sudo:session): session opened for user root(uid=0) by (uid=1000)
Jun 24 14:20:52 devstack sudo[98931]: pam_unix(sudo:session): session closed for user root
Jun 24 14:20:52 devstack cinder-volume[93702]: DEBUG oslo_concurrency.processutils [req-87ed89a6-0a4c-435d-8601-32e5abbfe927 req-78fd6bc0-9958-4802-9926-7e9b7c446d57 tempest-VolumesSnapshotsTestJSON-1346184914 None] CMD "sudo cinder-rootwrap /etc/cinder/rootwrap.conf df --portability --block-size 1 /opt/stack/data/cinder/mnt/ba3cbbe41960425336cd6b38e513075b" returned: 0 in 0.681s {{(pid=93702) execute /opt/stack/data/venv/lib/python3.12/site-packages/oslo_concurrency/processutils.py:468}}
Jun 24 14:20:52 devstack cinder-volume[93702]: DEBUG cinder.manager [req-87ed89a6-0a4c-435d-8601-32e5abbfe927 req-78fd6bc0-9958-4802-9926-7e9b7c446d57 tempest-VolumesSnapshotsTestJSON-1346184914 None] Notifying Schedulers of capabilities ... {{(pid=93702) _publish_service_capabilities /opt/stack/cinder/cinder/manager.py:219}}
Jun 24 14:20:52 devstack cinder-volume[93702]: INFO cinder.volume.manager [req-87ed89a6-0a4c-435d-8601-32e5abbfe927 req-78fd6bc0-9958-4802-9926-7e9b7c446d57 tempest-VolumesSnapshotsTestJSON-1346184914 None] Deleted volume successfully.
Jun 24 14:20:52 devstack cinder-volume[93702]: DEBUG cinder.coordination [req-87ed89a6-0a4c-435d-8601-32e5abbfe927 req-78fd6bc0-9958-4802-9926-7e9b7c446d57 tempest-VolumesSnapshotsTestJSON-1346184914 None] Lock "cinder-245ee783-3080-4d9f-8ce6-59ba3bdfb019-delete_volume" released by "delete_volume" :: held 2.422s {{(pid=93702) __release /opt/stack/cinder/cinder/coordination.py:152}}
Jun 24 14:20:53 devstack cinder-volume[93702]: DEBUG oslo_service.periodic_task [None req-9575ae67-2956-4bce-b0bb-7917d971b6bd None None] Running periodic task VolumeManager.publish_service_capabilities {{(pid=93702) run_periodic_tasks /opt/stack/data/venv/lib/python3.12/site-packages/oslo_service/periodic_task.py:225}}
Jun 24 14:20:53 devstack cinder-volume[93702]: DEBUG oslo_concurrency.lockutils [None req-9575ae67-2956-4bce-b0bb-7917d971b6bd None None] Acquiring lock "quobyte_ensure" by "cinder.volume.drivers.quobyte.QuobyteDriver._ensure_shares_mounted" {{(pid=93702) inner /opt/stack/data/venv/lib/python3.12/site-packages/oslo_concurrency/lockutils.py:511}}
Jun 24 14:20:53 devstack cinder-volume[93702]: DEBUG oslo_concurrency.lockutils [None req-9575ae67-2956-4bce-b0bb-7917d971b6bd None None] Lock "quobyte_ensure" acquired by "cinder.volume.drivers.quobyte.QuobyteDriver._ensure_shares_mounted" :: waited 0.000s {{(pid=93702) inner /opt/stack/data/venv/lib/python3.12/site-packages/oslo_concurrency/lockutils.py:524}}
Jun 24 14:20:53 devstack cinder-volume[93702]: DEBUG cinder.volume.drivers.quobyte [None req-9575ae67-2956-4bce-b0bb-7917d971b6bd None None] Quobyte Volume URL set to: {'osci02.corp.quobyte.com/cinder-vol-d985735b-4de4-490d-8991-566c2b7105ab': None} {{(pid=93702) _load_shares_config /opt/stack/cinder/cinder/volume/drivers/quobyte.py:617}}
Jun 24 14:20:53 devstack cinder-volume[93702]: DEBUG cinder.volume.drivers.quobyte [None req-9575ae67-2956-4bce-b0bb-7917d971b6bd None None] Available shares ['osci02.corp.quobyte.com/cinder-vol-d985735b-4de4-490d-8991-566c2b7105ab'] {{(pid=93702) _ensure_shares_mounted /opt/stack/cinder/cinder/volume/drivers/quobyte.py:647}}
Jun 24 14:20:53 devstack cinder-volume[93702]: DEBUG oslo_concurrency.lockutils [None req-9575ae67-2956-4bce-b0bb-7917d971b6bd None None] Lock "quobyte_ensure" "released" by "cinder.volume.drivers.quobyte.QuobyteDriver._ensure_shares_mounted" :: held 0.008s {{(pid=93702) inner /opt/stack/data/venv/lib/python3.12/site-packages/oslo_concurrency/lockutils.py:543}}
Jun 24 14:20:53 devstack cinder-volume[93702]: DEBUG oslo_concurrency.processutils [None req-9575ae67-2956-4bce-b0bb-7917d971b6bd None None] Running cmd (subprocess): sudo cinder-rootwrap /etc/cinder/rootwrap.conf df --portability --block-size 1 /opt/stack/data/cinder/mnt/ba3cbbe41960425336cd6b38e513075b {{(pid=93702) execute /opt/stack/data/venv/lib/python3.12/site-packages/oslo_concurrency/processutils.py:440}}
Jun 24 14:20:53 devstack sudo[98959]: quobyte : PWD=/ ; USER=root ; COMMAND=/opt/stack/data/venv/bin/cinder-rootwrap /etc/cinder/rootwrap.conf df --portability --block-size 1 /opt/stack/data/cinder/mnt/ba3cbbe41960425336cd6b38e513075b
Jun 24 14:20:53 devstack sudo[98959]: pam_unix(sudo:session): session opened for user root(uid=0) by (uid=1000)
Jun 24 14:20:54 devstack sudo[98959]: pam_unix(sudo:session): session closed for user root
Jun 24 14:20:54 devstack cinder-volume[93702]: DEBUG oslo_concurrency.processutils [None req-9575ae67-2956-4bce-b0bb-7917d971b6bd None None] CMD "sudo cinder-rootwrap /etc/cinder/rootwrap.conf df --portability --block-size 1 /opt/stack/data/cinder/mnt/ba3cbbe41960425336cd6b38e513075b" returned: 0 in 0.891s {{(pid=93702) execute /opt/stack/data/venv/lib/python3.12/site-packages/oslo_concurrency/processutils.py:468}}
Jun 24 14:20:54 devstack cinder-volume[93702]: DEBUG cinder.manager [None req-9575ae67-2956-4bce-b0bb-7917d971b6bd None None] Notifying Schedulers of capabilities ... {{(pid=93702) _publish_service_capabilities /opt/stack/cinder/cinder/manager.py:219}}
Jun 24 14:20:54 devstack cinder-volume[93702]: DEBUG oslo_service.periodic_task [None req-9575ae67-2956-4bce-b0bb-7917d971b6bd None None] Running periodic task VolumeManager._thread_info {{(pid=93702) run_periodic_tasks /opt/stack/data/venv/lib/python3.12/site-packages/oslo_service/periodic_task.py:225}}
Jun 24 14:20:54 devstack cinder-volume[93702]: DEBUG cinder.volume.manager [None req-9575ae67-2956-4bce-b0bb-7917d971b6bd None None] thread count: 8 {{(pid=93702) _thread_info /opt/stack/cinder/cinder/volume/manager.py:5472}}
Jun 24 14:20:54 devstack cinder-volume[93702]: DEBUG cinder.volume.manager [None req-9575ae67-2956-4bce-b0bb-7917d971b6bd None None] thread info: [<_MainThread(MainThread, started 135255461834880)>, , , , , , , ] {{(pid=93702) _thread_info /opt/stack/cinder/cinder/volume/manager.py:5473}}
Jun 24 14:20:57 devstack cinder-volume[93702]: DEBUG cinder.volume.manager [None req-3785477e-514c-4bcf-8764-6825735e9f01 tempest-BackendsCapabilitiesAdminTestsJSON-749640636 None] Obtained capabilities list: {'volume_backend_name': 'QuobyteHD', 'vendor_name': 'Open Source', 'driver_version': '1.1.14', 'storage_protocol': 'quobyte', 'total_capacity_gb': 1775.6816177368164, 'free_capacity_gb': 1775.6816177368164, 'reserved_percentage': 0, 'QoS_support': False, 'properties': {'thin_provisioning': {'title': 'Thin Provisioning', 'description': 'Sets thin provisioning.', 'type': 'boolean'}, 'compression': {'title': 'Compression', 'description': 'Enables compression.', 'type': 'boolean'}, 'qos': {'title': 'QoS', 'description': 'Enables QoS.', 'type': 'boolean'}, 'replication_enabled': {'title': 'Replication', 'description': 'Enables replication.', 'type': 'boolean'}}}. {{(pid=93702) get_capabilities /opt/stack/cinder/cinder/volume/manager.py:4830}}
Jun 24 14:20:58 devstack cinder-volume[93702]: DEBUG cinder.volume.manager [None req-8f02717a-df01-46d2-b5fd-5f03c7eb6ba8 tempest-BackendsCapabilitiesAdminTestsJSON-749640636 None] Obtained capabilities list: {'volume_backend_name': 'QuobyteHD', 'vendor_name': 'Open Source', 'driver_version': '1.1.14', 'storage_protocol': 'quobyte', 'total_capacity_gb': 1775.6816177368164, 'free_capacity_gb': 1775.6816177368164, 'reserved_percentage': 0, 'QoS_support': False, 'properties': {'thin_provisioning': {'title': 'Thin Provisioning', 'description': 'Sets thin provisioning.', 'type': 'boolean'}, 'compression': {'title': 'Compression', 'description': 'Enables compression.', 'type': 'boolean'}, 'qos': {'title': 'QoS', 'description': 'Enables QoS.', 'type': 'boolean'}, 'replication_enabled': {'title': 'Replication', 'description': 'Enables replication.', 'type': 'boolean'}}}. {{(pid=93702) get_capabilities /opt/stack/cinder/cinder/volume/manager.py:4830}}
