Jun 24 14:21:01 devstack cinder-volume[93702]: DEBUG dbcounter [-] [93702] Writing DB stats cinder:SELECT=20,cinder:UPDATE=24,cinder:INSERT=7,cinder:DELETE=2 {{(pid=93702) stat_writer /opt/stack/data/venv/lib/python3.12/site-packages/dbcounter.py:115}}
Jun 24 14:21:02 devstack cinder-volume[93702]: DEBUG dbcounter [-] [93702] Writing DB stats cinder:UPDATE=21,cinder:SELECT=27,cinder:DELETE=2,cinder:INSERT=4 {{(pid=93702) stat_writer /opt/stack/data/venv/lib/python3.12/site-packages/dbcounter.py:115}}
Jun 24 14:21:04 devstack cinder-volume[93702]: INFO cinder.volume.manager [None req-2e372293-912b-41a7-ac15-caf55b8059a1 tempest-GroupSnapshotsV319Test-448264771 None] Group tempest-GroupSnapshotsV319Test-Group-1401976740: creating
Jun 24 14:21:04 devstack cinder-volume[93702]: INFO cinder.volume.manager [None req-2e372293-912b-41a7-ac15-caf55b8059a1 tempest-GroupSnapshotsV319Test-448264771 None] Group tempest-GroupSnapshotsV319Test-Group-1401976740: created successfully
Jun 24 14:21:04 devstack cinder-volume[93702]: INFO cinder.volume.manager [None req-2e372293-912b-41a7-ac15-caf55b8059a1 tempest-GroupSnapshotsV319Test-448264771 None] Create group completed successfully.
Jun 24 14:21:06 devstack cinder-volume[93702]: DEBUG cinder.volume.flows.manager.create_volume [None req-5b567884-3349-475a-bcc2-a24577dd09e6 tempest-GroupSnapshotsV319Test-448264771 None] Volume reschedule parameters: True retry: {'num_attempts': 1, 'backends': ['devstack@QuobyteHD#QuobyteHD'], 'hosts': ['devstack@QuobyteHD#QuobyteHD']} {{(pid=93702) get_flow /opt/stack/cinder/cinder/volume/flows/manager/create_volume.py:1397}}
Jun 24 14:21:06 devstack cinder-volume[93702]: DEBUG cinder.volume.manager [None req-5b567884-3349-475a-bcc2-a24577dd09e6 tempest-GroupSnapshotsV319Test-448264771 None] Flow 'volume_create_manager' (303a8411-a0f6-4e77-91bc-ae213767c062) transitioned into state 'RUNNING' from state 'PENDING' {{(pid=93702) _flow_receiver /opt/stack/data/venv/lib/python3.12/site-packages/taskflow/listeners/logging.py:160}}
Jun 24 14:21:06 devstack cinder-volume[93702]: DEBUG cinder.volume.manager [None req-5b567884-3349-475a-bcc2-a24577dd09e6 tempest-GroupSnapshotsV319Test-448264771 None] Task 'cinder.volume.flows.manager.create_volume.ExtractVolumeRefTask;volume:create' (1149192e-edbc-4f2a-b75b-89338e4a3308) transitioned into state 'RUNNING' from state 'PENDING' {{(pid=93702) _task_receiver /opt/stack/data/venv/lib/python3.12/site-packages/taskflow/listeners/logging.py:242}}
Jun 24 14:21:06 devstack cinder-volume[93702]: DEBUG cinder.volume.manager [None req-5b567884-3349-475a-bcc2-a24577dd09e6 tempest-GroupSnapshotsV319Test-448264771 None] Task 'cinder.volume.flows.manager.create_volume.ExtractVolumeRefTask;volume:create' (1149192e-edbc-4f2a-b75b-89338e4a3308) transitioned into state 'SUCCESS' from state 'RUNNING' with result 'Volume(_name_id=None,admin_metadata=,attach_status='detached',availability_zone='nova',bootable=False,cluster=,cluster_name=None,consistencygroup=,consistencygroup_id=None,created_at=2026-06-24T12:21:06Z,deleted=False,deleted_at=None,display_description=None,display_name='tempest-volume-493201635',ec2_id=None,encryption_key_id=None,glance_metadata=,group=,group_id=405d2de8-82e9-4815-b4da-37cf3725f410,host='devstack@QuobyteHD#QuobyteHD',id=c47325e8-6c0a-46b0-96da-4907fc9131f4,launched_at=None,metadata={},migration_status=None,multiattach=False,previous_status=None,project_id='b6ceb09f086c4f0ebcbd8713f4a1fbba',provider_auth=None,provider_geometry=None,provider_id=None,provider_location=None,replication_driver_data=None,replication_extended_status=None,replication_status=None,scheduled_at=2026-06-24T12:21:06Z,service_uuid=None,shared_targets=True,size=1,snapshot_id=None,snapshots=,source_volid=None,status='creating',terminated_at=None,updated_at=2026-06-24T12:21:06Z,use_quota=True,user_id='332e0e3e99fa44b1854e7c354d069da9',volume_attachment=VolumeAttachmentList,volume_type=VolumeType(5442d428-c412-40cc-802b-6241b0d29a78),volume_type_id=5442d428-c412-40cc-802b-6241b0d29a78)' {{(pid=93702) _task_receiver /opt/stack/data/venv/lib/python3.12/site-packages/taskflow/listeners/logging.py:218}}
Jun 24 14:21:06 devstack cinder-volume[93702]: DEBUG cinder.volume.manager [None req-5b567884-3349-475a-bcc2-a24577dd09e6 tempest-GroupSnapshotsV319Test-448264771 None] Task 'cinder.volume.flows.manager.create_volume.OnFailureRescheduleTask;volume:create' (1e23ce1d-e664-4249-8dba-59fc61f15026) transitioned into state 'RUNNING' from state 'PENDING' {{(pid=93702) _task_receiver /opt/stack/data/venv/lib/python3.12/site-packages/taskflow/listeners/logging.py:242}}
Jun 24 14:21:06 devstack cinder-volume[93702]: DEBUG cinder.volume.manager [None req-5b567884-3349-475a-bcc2-a24577dd09e6 tempest-GroupSnapshotsV319Test-448264771 None] Task 'cinder.volume.flows.manager.create_volume.OnFailureRescheduleTask;volume:create' (1e23ce1d-e664-4249-8dba-59fc61f15026) transitioned into state 'SUCCESS' from state 'RUNNING' with result 'None' {{(pid=93702) _task_receiver /opt/stack/data/venv/lib/python3.12/site-packages/taskflow/listeners/logging.py:218}}
Jun 24 14:21:06 devstack cinder-volume[93702]: DEBUG cinder.volume.manager [None req-5b567884-3349-475a-bcc2-a24577dd09e6 tempest-GroupSnapshotsV319Test-448264771 None] Task 'cinder.volume.flows.manager.create_volume.ExtractVolumeSpecTask;volume:create' (26e5cd5e-ea49-4619-9778-bc138ce5067c) transitioned into state 'RUNNING' from state 'PENDING' {{(pid=93702) _task_receiver /opt/stack/data/venv/lib/python3.12/site-packages/taskflow/listeners/logging.py:242}}
Jun 24 14:21:06 devstack cinder-volume[93702]: DEBUG cinder.volume.manager [None req-5b567884-3349-475a-bcc2-a24577dd09e6 tempest-GroupSnapshotsV319Test-448264771 None] Task 'cinder.volume.flows.manager.create_volume.ExtractVolumeSpecTask;volume:create' (26e5cd5e-ea49-4619-9778-bc138ce5067c) transitioned into state 'SUCCESS' from state 'RUNNING' with result '{'status': 'creating', 'type': 'raw', 'volume_id': 'c47325e8-6c0a-46b0-96da-4907fc9131f4', 'volume_name': 'volume-c47325e8-6c0a-46b0-96da-4907fc9131f4', 'volume_size': 1}' {{(pid=93702) _task_receiver /opt/stack/data/venv/lib/python3.12/site-packages/taskflow/listeners/logging.py:218}}
Jun 24 14:21:06 devstack cinder-volume[93702]: DEBUG cinder.volume.manager [None req-5b567884-3349-475a-bcc2-a24577dd09e6 tempest-GroupSnapshotsV319Test-448264771 None] Task 'cinder.volume.flows.manager.create_volume.NotifyVolumeActionTask;volume:create, create.start' (40f4b0c2-e34d-42cf-a760-0d5ea6b8f6cd) transitioned into state 'RUNNING' from state 'PENDING' {{(pid=93702) _task_receiver /opt/stack/data/venv/lib/python3.12/site-packages/taskflow/listeners/logging.py:242}}
Jun 24 14:21:06 devstack cinder-volume[93702]: DEBUG cinder.volume.manager [None req-5b567884-3349-475a-bcc2-a24577dd09e6 tempest-GroupSnapshotsV319Test-448264771 None] Task 'cinder.volume.flows.manager.create_volume.NotifyVolumeActionTask;volume:create, create.start' (40f4b0c2-e34d-42cf-a760-0d5ea6b8f6cd) transitioned into state 'SUCCESS' from state 'RUNNING' with result 'None' {{(pid=93702) _task_receiver /opt/stack/data/venv/lib/python3.12/site-packages/taskflow/listeners/logging.py:218}}
Jun 24 14:21:06 devstack cinder-volume[93702]: DEBUG cinder.volume.manager [None req-5b567884-3349-475a-bcc2-a24577dd09e6 tempest-GroupSnapshotsV319Test-448264771 None] Task 'cinder.volume.flows.manager.create_volume.CreateVolumeFromSpecTask;volume:create' (6a99dc9f-adb0-4870-931e-2f49ccb854fc) transitioned into state 'RUNNING' from state 'PENDING' {{(pid=93702) _task_receiver /opt/stack/data/venv/lib/python3.12/site-packages/taskflow/listeners/logging.py:242}}
Jun 24 14:21:06 devstack cinder-volume[93702]: INFO cinder.volume.flows.manager.create_volume [None req-5b567884-3349-475a-bcc2-a24577dd09e6 tempest-GroupSnapshotsV319Test-448264771 None] Volume c47325e8-6c0a-46b0-96da-4907fc9131f4: being created as raw with specification: {'status': 'creating', 'volume_name': 'volume-c47325e8-6c0a-46b0-96da-4907fc9131f4', 'volume_size': 1}
Jun 24 14:21:06 devstack cinder-volume[93702]: DEBUG oslo_concurrency.lockutils [None req-5b567884-3349-475a-bcc2-a24577dd09e6 tempest-GroupSnapshotsV319Test-448264771 None] Acquiring lock "quobyte" by "cinder.volume.drivers.quobyte.QuobyteDriver.create_volume" {{(pid=93702) inner /opt/stack/data/venv/lib/python3.12/site-packages/oslo_concurrency/lockutils.py:511}}
Jun 24 14:21:06 devstack cinder-volume[93702]: DEBUG oslo_concurrency.lockutils [None req-5b567884-3349-475a-bcc2-a24577dd09e6 tempest-GroupSnapshotsV319Test-448264771 None] Lock "quobyte" acquired by "cinder.volume.drivers.quobyte.QuobyteDriver.create_volume" :: waited 0.000s {{(pid=93702) inner /opt/stack/data/venv/lib/python3.12/site-packages/oslo_concurrency/lockutils.py:524}}
Jun 24 14:21:06 devstack cinder-volume[93702]: DEBUG cinder.volume.drivers.quobyte [None req-5b567884-3349-475a-bcc2-a24577dd09e6 tempest-GroupSnapshotsV319Test-448264771 None] ==> create_volume: call "{'self': , 'volume': Volume(_name_id=None,admin_metadata=,attach_status='detached',availability_zone='nova',bootable=False,cluster=,cluster_name=None,consistencygroup=,consistencygroup_id=405d2de8-82e9-4815-b4da-37cf3725f410,created_at=2026-06-24T12:21:06Z,deleted=False,deleted_at=None,display_description=None,display_name='tempest-volume-493201635',ec2_id=None,encryption_key_id=None,glance_metadata=,group=,group_id=405d2de8-82e9-4815-b4da-37cf3725f410,host='devstack@QuobyteHD#QuobyteHD',id=c47325e8-6c0a-46b0-96da-4907fc9131f4,launched_at=None,metadata={},migration_status=None,multiattach=False,previous_status=None,project_id='b6ceb09f086c4f0ebcbd8713f4a1fbba',provider_auth=None,provider_geometry=None,provider_id=None,provider_location=None,replication_driver_data=None,replication_extended_status=None,replication_status=None,scheduled_at=2026-06-24T12:21:06Z,service_uuid=None,shared_targets=True,size=1,snapshot_id=None,snapshots=,source_volid=None,status='creating',terminated_at=None,updated_at=2026-06-24T12:21:06Z,use_quota=True,user_id='332e0e3e99fa44b1854e7c354d069da9',volume_attachment=VolumeAttachmentList,volume_type=VolumeType(5442d428-c412-40cc-802b-6241b0d29a78),volume_type_id=5442d428-c412-40cc-802b-6241b0d29a78)}" {{(pid=93702) trace_logging_wrapper /opt/stack/cinder/cinder/volume/volume_utils.py:1497}}
Jun 24 14:21:06 devstack cinder-volume[93702]: DEBUG cinder.volume.drivers.remotefs [None req-5b567884-3349-475a-bcc2-a24577dd09e6 tempest-GroupSnapshotsV319Test-448264771 None] Creating volume c47325e8-6c0a-46b0-96da-4907fc9131f4 {{(pid=93702) create_volume /opt/stack/cinder/cinder/volume/drivers/remotefs.py:292}}
Jun 24 14:21:06 devstack cinder-volume[93702]: DEBUG oslo_concurrency.lockutils [None req-5b567884-3349-475a-bcc2-a24577dd09e6 tempest-GroupSnapshotsV319Test-448264771 None] Acquiring lock "quobyte_ensure" by "cinder.volume.drivers.quobyte.QuobyteDriver._ensure_shares_mounted" {{(pid=93702) inner /opt/stack/data/venv/lib/python3.12/site-packages/oslo_concurrency/lockutils.py:511}}
Jun 24 14:21:06 devstack cinder-volume[93702]: DEBUG oslo_concurrency.lockutils [None req-5b567884-3349-475a-bcc2-a24577dd09e6 tempest-GroupSnapshotsV319Test-448264771 None] Lock "quobyte_ensure" acquired by "cinder.volume.drivers.quobyte.QuobyteDriver._ensure_shares_mounted" :: waited 0.001s {{(pid=93702) inner /opt/stack/data/venv/lib/python3.12/site-packages/oslo_concurrency/lockutils.py:524}}
Jun 24 14:21:06 devstack cinder-volume[93702]: DEBUG cinder.volume.drivers.quobyte [None req-5b567884-3349-475a-bcc2-a24577dd09e6 tempest-GroupSnapshotsV319Test-448264771 None] Quobyte Volume URL set to: {'osci02.corp.quobyte.com/cinder-vol-d985735b-4de4-490d-8991-566c2b7105ab': None} {{(pid=93702) _load_shares_config /opt/stack/cinder/cinder/volume/drivers/quobyte.py:617}}
Jun 24 14:21:06 devstack cinder-volume[93702]: DEBUG cinder.volume.drivers.quobyte [None req-5b567884-3349-475a-bcc2-a24577dd09e6 tempest-GroupSnapshotsV319Test-448264771 None] Available shares ['osci02.corp.quobyte.com/cinder-vol-d985735b-4de4-490d-8991-566c2b7105ab'] {{(pid=93702) _ensure_shares_mounted /opt/stack/cinder/cinder/volume/drivers/quobyte.py:647}}
Jun 24 14:21:06 devstack cinder-volume[93702]: DEBUG oslo_concurrency.lockutils [None req-5b567884-3349-475a-bcc2-a24577dd09e6 tempest-GroupSnapshotsV319Test-448264771 None] Lock "quobyte_ensure" "released" by "cinder.volume.drivers.quobyte.QuobyteDriver._ensure_shares_mounted" :: held 0.021s {{(pid=93702) inner /opt/stack/data/venv/lib/python3.12/site-packages/oslo_concurrency/lockutils.py:543}}
Jun 24 14:21:06 devstack cinder-volume[93702]: DEBUG cinder.volume.drivers.quobyte [None req-5b567884-3349-475a-bcc2-a24577dd09e6 tempest-GroupSnapshotsV319Test-448264771 None] Selected osci02.corp.quobyte.com/cinder-vol-d985735b-4de4-490d-8991-566c2b7105ab as target Quobyte volume. {{(pid=93702) _find_share /opt/stack/cinder/cinder/volume/drivers/quobyte.py:668}}
Jun 24 14:21:06 devstack cinder-volume[93702]: INFO cinder.volume.drivers.remotefs [None req-5b567884-3349-475a-bcc2-a24577dd09e6 tempest-GroupSnapshotsV319Test-448264771 None] casted to osci02.corp.quobyte.com/cinder-vol-d985735b-4de4-490d-8991-566c2b7105ab
Jun 24 14:21:06 devstack cinder-volume[93702]: DEBUG oslo_concurrency.processutils [None req-5b567884-3349-475a-bcc2-a24577dd09e6 tempest-GroupSnapshotsV319Test-448264771 None] Running cmd (subprocess): sudo cinder-rootwrap /etc/cinder/rootwrap.conf qemu-img create -f qcow2 -o preallocation=metadata /opt/stack/data/cinder/mnt/ba3cbbe41960425336cd6b38e513075b/volume-c47325e8-6c0a-46b0-96da-4907fc9131f4 1073741824 {{(pid=93702) execute /opt/stack/data/venv/lib/python3.12/site-packages/oslo_concurrency/processutils.py:440}}
Jun 24 14:21:06 devstack sudo[99192]: quobyte : PWD=/ ; USER=root ; COMMAND=/opt/stack/data/venv/bin/cinder-rootwrap /etc/cinder/rootwrap.conf qemu-img create -f qcow2 -o preallocation=metadata /opt/stack/data/cinder/mnt/ba3cbbe41960425336cd6b38e513075b/volume-c47325e8-6c0a-46b0-96da-4907fc9131f4 1073741824
Jun 24 14:21:06 devstack sudo[99192]: pam_unix(sudo:session): session opened for user root(uid=0) by (uid=1000)
Jun 24 14:21:08 devstack cinder-volume[93702]: INFO cinder.volume.manager [req-7b8d67c6-2fa8-432b-8f36-c17c6432cf16 req-9c0a6e80-ee0c-4988-adde-8cbaff68e4bf tempest-AttachVolumeNegativeTest-1447661422 None] Terminate volume connection completed successfully.
Jun 24 14:21:08 devstack cinder-volume[93702]: DEBUG cinder.volume.manager [req-7b8d67c6-2fa8-432b-8f36-c17c6432cf16 req-9c0a6e80-ee0c-4988-adde-8cbaff68e4bf tempest-AttachVolumeNegativeTest-1447661422 None] Deleting attachment 241100ba-191a-4654-a4d2-909e246c15ef. {{(pid=93702) attachment_delete /opt/stack/cinder/cinder/volume/manager.py:5055}}
Jun 24 14:21:08 devstack sudo[99192]: pam_unix(sudo:session): session closed for user root
Jun 24 14:21:08 devstack cinder-volume[93702]: DEBUG oslo_concurrency.processutils [None req-5b567884-3349-475a-bcc2-a24577dd09e6 tempest-GroupSnapshotsV319Test-448264771 None] CMD "sudo cinder-rootwrap /etc/cinder/rootwrap.conf qemu-img create -f qcow2 -o preallocation=metadata /opt/stack/data/cinder/mnt/ba3cbbe41960425336cd6b38e513075b/volume-c47325e8-6c0a-46b0-96da-4907fc9131f4 1073741824" returned: 0 in 1.662s {{(pid=93702) execute /opt/stack/data/venv/lib/python3.12/site-packages/oslo_concurrency/processutils.py:468}}
Jun 24 14:21:08 devstack cinder-volume[93702]: DEBUG oslo_concurrency.processutils [None req-5b567884-3349-475a-bcc2-a24577dd09e6 tempest-GroupSnapshotsV319Test-448264771 None] Running cmd (subprocess): sudo cinder-rootwrap /etc/cinder/rootwrap.conf chmod ugo+rw /opt/stack/data/cinder/mnt/ba3cbbe41960425336cd6b38e513075b/volume-c47325e8-6c0a-46b0-96da-4907fc9131f4 {{(pid=93702) execute /opt/stack/data/venv/lib/python3.12/site-packages/oslo_concurrency/processutils.py:440}}
Jun 24 14:21:08 devstack sudo[99235]: quobyte : PWD=/ ; USER=root ; COMMAND=/opt/stack/data/venv/bin/cinder-rootwrap /etc/cinder/rootwrap.conf chmod ugo+rw /opt/stack/data/cinder/mnt/ba3cbbe41960425336cd6b38e513075b/volume-c47325e8-6c0a-46b0-96da-4907fc9131f4
Jun 24 14:21:08 devstack sudo[99235]: pam_unix(sudo:session): session opened for user root(uid=0) by (uid=1000)
Jun 24 14:21:08 devstack sudo[99235]: pam_unix(sudo:session): session closed for user root
Jun 24 14:21:08 devstack cinder-volume[93702]: DEBUG oslo_concurrency.processutils [None req-5b567884-3349-475a-bcc2-a24577dd09e6 tempest-GroupSnapshotsV319Test-448264771 None] CMD "sudo cinder-rootwrap /etc/cinder/rootwrap.conf chmod ugo+rw /opt/stack/data/cinder/mnt/ba3cbbe41960425336cd6b38e513075b/volume-c47325e8-6c0a-46b0-96da-4907fc9131f4" returned: 0 in 0.649s {{(pid=93702) execute /opt/stack/data/venv/lib/python3.12/site-packages/oslo_concurrency/processutils.py:468}}
Jun 24 14:21:08 devstack cinder-volume[93702]: DEBUG cinder.volume.drivers.quobyte [None req-5b567884-3349-475a-bcc2-a24577dd09e6 tempest-GroupSnapshotsV319Test-448264771 None] <== create_volume: return (2374ms) {'provider_location': 'osci02.corp.quobyte.com/cinder-vol-d985735b-4de4-490d-8991-566c2b7105ab'} {{(pid=93702) trace_logging_wrapper /opt/stack/cinder/cinder/volume/volume_utils.py:1522}}
Jun 24 14:21:08 devstack cinder-volume[93702]: DEBUG oslo_concurrency.lockutils [None req-5b567884-3349-475a-bcc2-a24577dd09e6 tempest-GroupSnapshotsV319Test-448264771 None] Lock "quobyte" "released" by "cinder.volume.drivers.quobyte.QuobyteDriver.create_volume" :: held 2.380s {{(pid=93702) inner /opt/stack/data/venv/lib/python3.12/site-packages/oslo_concurrency/lockutils.py:543}}
Jun 24 14:21:08 devstack cinder-volume[93702]: DEBUG cinder.volume.manager [None req-5b567884-3349-475a-bcc2-a24577dd09e6 tempest-GroupSnapshotsV319Test-448264771 None] Task 'cinder.volume.flows.manager.create_volume.CreateVolumeFromSpecTask;volume:create' (6a99dc9f-adb0-4870-931e-2f49ccb854fc) transitioned into state 'SUCCESS' from state 'RUNNING' with result '{'status': 'creating', 'volume_name': 'volume-c47325e8-6c0a-46b0-96da-4907fc9131f4', 'volume_size': 1}' {{(pid=93702) _task_receiver /opt/stack/data/venv/lib/python3.12/site-packages/taskflow/listeners/logging.py:218}}
Jun 24 14:21:08 devstack cinder-volume[93702]: DEBUG cinder.volume.manager [None req-5b567884-3349-475a-bcc2-a24577dd09e6 tempest-GroupSnapshotsV319Test-448264771 None] Task 'cinder.volume.flows.manager.create_volume.CreateVolumeOnFinishTask;volume:create, create.end' (55f0d988-8071-458b-a2d5-a5c6a9ab96aa) transitioned into state 'RUNNING' from state 'PENDING' {{(pid=93702) _task_receiver /opt/stack/data/venv/lib/python3.12/site-packages/taskflow/listeners/logging.py:242}}
Jun 24 14:21:08 devstack cinder-volume[93702]: INFO cinder.volume.flows.manager.create_volume [None req-5b567884-3349-475a-bcc2-a24577dd09e6 tempest-GroupSnapshotsV319Test-448264771 None] Volume volume-c47325e8-6c0a-46b0-96da-4907fc9131f4 (c47325e8-6c0a-46b0-96da-4907fc9131f4): created successfully
Jun 24 14:21:09 devstack cinder-volume[93702]: DEBUG cinder.volume.manager [None req-5b567884-3349-475a-bcc2-a24577dd09e6 tempest-GroupSnapshotsV319Test-448264771 None] Task 'cinder.volume.flows.manager.create_volume.CreateVolumeOnFinishTask;volume:create, create.end' (55f0d988-8071-458b-a2d5-a5c6a9ab96aa) transitioned into state 'SUCCESS' from state 'RUNNING' with result 'None' {{(pid=93702) _task_receiver /opt/stack/data/venv/lib/python3.12/site-packages/taskflow/listeners/logging.py:218}}
Jun 24 14:21:09 devstack cinder-volume[93702]: DEBUG cinder.volume.manager [None req-5b567884-3349-475a-bcc2-a24577dd09e6 tempest-GroupSnapshotsV319Test-448264771 None] Flow 'volume_create_manager' (303a8411-a0f6-4e77-91bc-ae213767c062) transitioned into state 'SUCCESS' from state 'RUNNING' {{(pid=93702) _flow_receiver /opt/stack/data/venv/lib/python3.12/site-packages/taskflow/listeners/logging.py:160}}
Jun 24 14:21:09 devstack cinder-volume[93702]: INFO cinder.volume.manager [None req-5b567884-3349-475a-bcc2-a24577dd09e6 tempest-GroupSnapshotsV319Test-448264771 None] Created volume successfully.
Jun 24 14:21:10 devstack cinder-volume[93702]: INFO cinder.volume.manager [None req-370b25b5-3d9a-44a2-b714-4c30a432f6cd tempest-GroupSnapshotsV319Test-448264771 None] GroupSnapshot 93d734dd-a8fe-4ad9-a7c0-623196f1811e: creating.
Jun 24 14:21:10 devstack cinder-volume[93702]: DEBUG cinder.volume.manager [None req-370b25b5-3d9a-44a2-b714-4c30a432f6cd tempest-GroupSnapshotsV319Test-448264771 None] Group snapshot 93d734dd-a8fe-4ad9-a7c0-623196f1811e: creating. {{(pid=93702) create_group_snapshot /opt/stack/cinder/cinder/volume/manager.py:4175}}
Jun 24 14:21:10 devstack cinder-volume[93702]: DEBUG oslo_concurrency.lockutils [None req-370b25b5-3d9a-44a2-b714-4c30a432f6cd tempest-GroupSnapshotsV319Test-448264771 None] Acquiring lock "quobyte" by "cinder.volume.drivers.quobyte.QuobyteDriver.create_snapshot" {{(pid=93702) inner /opt/stack/data/venv/lib/python3.12/site-packages/oslo_concurrency/lockutils.py:511}}
Jun 24 14:21:10 devstack cinder-volume[93702]: DEBUG oslo_concurrency.lockutils [None req-370b25b5-3d9a-44a2-b714-4c30a432f6cd tempest-GroupSnapshotsV319Test-448264771 None] Lock "quobyte" acquired by "cinder.volume.drivers.quobyte.QuobyteDriver.create_snapshot" :: waited 0.001s {{(pid=93702) inner /opt/stack/data/venv/lib/python3.12/site-packages/oslo_concurrency/lockutils.py:524}}
Jun 24 14:21:10 devstack cinder-volume[93702]: DEBUG cinder.volume.drivers.remotefs [None req-370b25b5-3d9a-44a2-b714-4c30a432f6cd tempest-GroupSnapshotsV319Test-448264771 None] Creating offline snapshot 8ad6b9c7-7e50-4c6c-ad82-850a3cfa8475 of volume c47325e8-6c0a-46b0-96da-4907fc9131f4 {{(pid=93702) _create_snapshot /opt/stack/cinder/cinder/volume/drivers/remotefs.py:1815}}
Jun 24 14:21:10 devstack cinder-volume[93702]: DEBUG oslo.privsep.daemon [-] privsep: reply[2fd43916-91d4-4765-8846-f868444f6ecb]: (4, 'qcow2') {{(pid=94891) _call_back /opt/stack/data/venv/lib/python3.12/site-packages/oslo_privsep/daemon.py:580}}
Jun 24 14:21:10 devstack cinder-volume[93702]: DEBUG oslo_concurrency.processutils [None req-370b25b5-3d9a-44a2-b714-4c30a432f6cd tempest-GroupSnapshotsV319Test-448264771 None] Running cmd (subprocess): /opt/stack/data/venv/bin/python3.12 -m oslo_concurrency.prlimit --as=1073741824 --cpu=60 -- sudo cinder-rootwrap /etc/cinder/rootwrap.conf env LC_ALL=C qemu-img info -f qcow2 --output=json --force-share /opt/stack/data/cinder/mnt/ba3cbbe41960425336cd6b38e513075b/volume-c47325e8-6c0a-46b0-96da-4907fc9131f4 {{(pid=93702) execute /opt/stack/data/venv/lib/python3.12/site-packages/oslo_concurrency/processutils.py:440}}
Jun 24 14:21:10 devstack sudo[99243]: quobyte : PWD=/ ; USER=root ; COMMAND=/opt/stack/data/venv/bin/cinder-rootwrap /etc/cinder/rootwrap.conf env LC_ALL=C qemu-img info -f qcow2 --output=json --force-share /opt/stack/data/cinder/mnt/ba3cbbe41960425336cd6b38e513075b/volume-c47325e8-6c0a-46b0-96da-4907fc9131f4
Jun 24 14:21:10 devstack sudo[99243]: pam_unix(sudo:session): session opened for user root(uid=0) by (uid=1000)
Jun 24 14:21:11 devstack sudo[99243]: pam_unix(sudo:session): session closed for user root
Jun 24 14:21:11 devstack cinder-volume[93702]: DEBUG oslo_concurrency.processutils [None req-370b25b5-3d9a-44a2-b714-4c30a432f6cd tempest-GroupSnapshotsV319Test-448264771 None] CMD "/opt/stack/data/venv/bin/python3.12 -m oslo_concurrency.prlimit --as=1073741824 --cpu=60 -- sudo cinder-rootwrap /etc/cinder/rootwrap.conf env LC_ALL=C qemu-img info -f qcow2 --output=json --force-share /opt/stack/data/cinder/mnt/ba3cbbe41960425336cd6b38e513075b/volume-c47325e8-6c0a-46b0-96da-4907fc9131f4" returned: 0 in 0.769s {{(pid=93702) execute /opt/stack/data/venv/lib/python3.12/site-packages/oslo_concurrency/processutils.py:468}}
Jun 24 14:21:11 devstack cinder-volume[93702]: DEBUG oslo_concurrency.processutils [None req-370b25b5-3d9a-44a2-b714-4c30a432f6cd tempest-GroupSnapshotsV319Test-448264771 None] Running cmd (subprocess): sudo cinder-rootwrap /etc/cinder/rootwrap.conf qemu-img create -f qcow2 -o backing_file=/opt/stack/data/cinder/mnt/ba3cbbe41960425336cd6b38e513075b/volume-c47325e8-6c0a-46b0-96da-4907fc9131f4,backing_fmt=qcow2 /opt/stack/data/cinder/mnt/ba3cbbe41960425336cd6b38e513075b/volume-c47325e8-6c0a-46b0-96da-4907fc9131f4.8ad6b9c7-7e50-4c6c-ad82-850a3cfa8475 1G {{(pid=93702) execute /opt/stack/data/venv/lib/python3.12/site-packages/oslo_concurrency/processutils.py:440}}
Jun 24 14:21:11 devstack sudo[99248]: quobyte : PWD=/ ; USER=root ; COMMAND=/opt/stack/data/venv/bin/cinder-rootwrap /etc/cinder/rootwrap.conf qemu-img create -f qcow2 -o backing_file=/opt/stack/data/cinder/mnt/ba3cbbe41960425336cd6b38e513075b/volume-c47325e8-6c0a-46b0-96da-4907fc9131f4,backing_fmt=qcow2 /opt/stack/data/cinder/mnt/ba3cbbe41960425336cd6b38e513075b/volume-c47325e8-6c0a-46b0-96da-4907fc9131f4.8ad6b9c7-7e50-4c6c-ad82-850a3cfa8475 1G
Jun 24 14:21:11 devstack sudo[99248]: pam_unix(sudo:session): session opened for user root(uid=0) by (uid=1000)
Jun 24 14:21:12 devstack sudo[99248]: pam_unix(sudo:session): session closed for user root
Jun 24 14:21:12 devstack cinder-volume[93702]: DEBUG oslo_concurrency.processutils [None req-370b25b5-3d9a-44a2-b714-4c30a432f6cd tempest-GroupSnapshotsV319Test-448264771 None] CMD "sudo cinder-rootwrap /etc/cinder/rootwrap.conf qemu-img create -f qcow2 -o backing_file=/opt/stack/data/cinder/mnt/ba3cbbe41960425336cd6b38e513075b/volume-c47325e8-6c0a-46b0-96da-4907fc9131f4,backing_fmt=qcow2 /opt/stack/data/cinder/mnt/ba3cbbe41960425336cd6b38e513075b/volume-c47325e8-6c0a-46b0-96da-4907fc9131f4.8ad6b9c7-7e50-4c6c-ad82-850a3cfa8475 1G" returned: 0 in 1.189s {{(pid=93702) execute /opt/stack/data/venv/lib/python3.12/site-packages/oslo_concurrency/processutils.py:468}}
Jun 24 14:21:12 devstack cinder-volume[93702]: DEBUG oslo_concurrency.processutils [None req-370b25b5-3d9a-44a2-b714-4c30a432f6cd tempest-GroupSnapshotsV319Test-448264771 None] Running cmd (subprocess): sudo cinder-rootwrap /etc/cinder/rootwrap.conf qemu-img rebase -u -b volume-c47325e8-6c0a-46b0-96da-4907fc9131f4 -F qcow2 /opt/stack/data/cinder/mnt/ba3cbbe41960425336cd6b38e513075b/volume-c47325e8-6c0a-46b0-96da-4907fc9131f4.8ad6b9c7-7e50-4c6c-ad82-850a3cfa8475 {{(pid=93702) execute /opt/stack/data/venv/lib/python3.12/site-packages/oslo_concurrency/processutils.py:440}}
Jun 24 14:21:12 devstack sudo[99296]: quobyte : PWD=/ ; USER=root ; COMMAND=/opt/stack/data/venv/bin/cinder-rootwrap /etc/cinder/rootwrap.conf qemu-img rebase -u -b volume-c47325e8-6c0a-46b0-96da-4907fc9131f4 -F qcow2 /opt/stack/data/cinder/mnt/ba3cbbe41960425336cd6b38e513075b/volume-c47325e8-6c0a-46b0-96da-4907fc9131f4.8ad6b9c7-7e50-4c6c-ad82-850a3cfa8475
Jun 24 14:21:12 devstack sudo[99296]: pam_unix(sudo:session): session opened for user root(uid=0) by (uid=1000)
Jun 24 14:21:13 devstack sudo[99296]: pam_unix(sudo:session): session closed for user root
Jun 24 14:21:13 devstack cinder-volume[93702]: DEBUG oslo_concurrency.processutils [None req-370b25b5-3d9a-44a2-b714-4c30a432f6cd tempest-GroupSnapshotsV319Test-448264771 None] CMD "sudo cinder-rootwrap /etc/cinder/rootwrap.conf qemu-img rebase -u -b volume-c47325e8-6c0a-46b0-96da-4907fc9131f4 -F qcow2 /opt/stack/data/cinder/mnt/ba3cbbe41960425336cd6b38e513075b/volume-c47325e8-6c0a-46b0-96da-4907fc9131f4.8ad6b9c7-7e50-4c6c-ad82-850a3cfa8475" returned: 0 in 0.800s {{(pid=93702) execute /opt/stack/data/venv/lib/python3.12/site-packages/oslo_concurrency/processutils.py:468}}
Jun 24 14:21:13 devstack cinder-volume[93702]: WARNING cinder.volume.drivers.remotefs [None req-370b25b5-3d9a-44a2-b714-4c30a432f6cd tempest-GroupSnapshotsV319Test-448264771 None] /opt/stack/data/cinder/mnt/ba3cbbe41960425336cd6b38e513075b/volume-c47325e8-6c0a-46b0-96da-4907fc9131f4.8ad6b9c7-7e50-4c6c-ad82-850a3cfa8475 is being set with open permissions: ugo+rw: NotImplementedError
Jun 24 14:21:13 devstack cinder-volume[93702]: DEBUG oslo_concurrency.processutils [None req-370b25b5-3d9a-44a2-b714-4c30a432f6cd tempest-GroupSnapshotsV319Test-448264771 None] Running cmd (subprocess): sudo cinder-rootwrap /etc/cinder/rootwrap.conf chmod ugo+rw /opt/stack/data/cinder/mnt/ba3cbbe41960425336cd6b38e513075b/volume-c47325e8-6c0a-46b0-96da-4907fc9131f4.8ad6b9c7-7e50-4c6c-ad82-850a3cfa8475 {{(pid=93702) execute /opt/stack/data/venv/lib/python3.12/site-packages/oslo_concurrency/processutils.py:440}}
Jun 24 14:21:13 devstack sudo[99313]: quobyte : PWD=/ ; USER=root ; COMMAND=/opt/stack/data/venv/bin/cinder-rootwrap /etc/cinder/rootwrap.conf chmod ugo+rw /opt/stack/data/cinder/mnt/ba3cbbe41960425336cd6b38e513075b/volume-c47325e8-6c0a-46b0-96da-4907fc9131f4.8ad6b9c7-7e50-4c6c-ad82-850a3cfa8475
Jun 24 14:21:13 devstack sudo[99313]: pam_unix(sudo:session): session opened for user root(uid=0) by (uid=1000)
Jun 24 14:21:13 devstack cinder-volume[93702]: DEBUG oslo_concurrency.lockutils [req-ac38069a-4fc4-4b1d-b648-b36a4d52f5ce req-6dd65eb2-8db8-4a33-8a0b-94b41c7b694a tempest-TaggedAttachmentsTest-1672406865 None] Acquiring lock "quobyte" by "cinder.volume.drivers.quobyte.QuobyteDriver.initialize_connection" {{(pid=93702) inner /opt/stack/data/venv/lib/python3.12/site-packages/oslo_concurrency/lockutils.py:511}}
Jun 24 14:21:14 devstack sudo[99313]: pam_unix(sudo:session): session closed for user root
Jun 24 14:21:14 devstack cinder-volume[93702]: DEBUG oslo_concurrency.processutils [None req-370b25b5-3d9a-44a2-b714-4c30a432f6cd tempest-GroupSnapshotsV319Test-448264771 None] CMD "sudo cinder-rootwrap /etc/cinder/rootwrap.conf chmod ugo+rw /opt/stack/data/cinder/mnt/ba3cbbe41960425336cd6b38e513075b/volume-c47325e8-6c0a-46b0-96da-4907fc9131f4.8ad6b9c7-7e50-4c6c-ad82-850a3cfa8475" returned: 0 in 0.810s {{(pid=93702) execute /opt/stack/data/venv/lib/python3.12/site-packages/oslo_concurrency/processutils.py:468}}
Jun 24 14:21:14 devstack cinder-volume[93702]: DEBUG oslo_concurrency.processutils [None req-370b25b5-3d9a-44a2-b714-4c30a432f6cd tempest-GroupSnapshotsV319Test-448264771 None] Running cmd (subprocess): sudo cinder-rootwrap /etc/cinder/rootwrap.conf truncate -s0 /opt/stack/data/cinder/mnt/ba3cbbe41960425336cd6b38e513075b/volume-c47325e8-6c0a-46b0-96da-4907fc9131f4.info {{(pid=93702) execute /opt/stack/data/venv/lib/python3.12/site-packages/oslo_concurrency/processutils.py:440}}
Jun 24 14:21:14 devstack sudo[99317]: quobyte : PWD=/ ; USER=root ; COMMAND=/opt/stack/data/venv/bin/cinder-rootwrap /etc/cinder/rootwrap.conf truncate -s0 /opt/stack/data/cinder/mnt/ba3cbbe41960425336cd6b38e513075b/volume-c47325e8-6c0a-46b0-96da-4907fc9131f4.info
Jun 24 14:21:14 devstack sudo[99317]: pam_unix(sudo:session): session opened for user root(uid=0) by (uid=1000)
Jun 24 14:21:14 devstack sudo[99317]: pam_unix(sudo:session): session closed for user root
Jun 24 14:21:14 devstack cinder-volume[93702]: DEBUG oslo_concurrency.processutils [None req-370b25b5-3d9a-44a2-b714-4c30a432f6cd tempest-GroupSnapshotsV319Test-448264771 None] CMD "sudo cinder-rootwrap /etc/cinder/rootwrap.conf truncate -s0 /opt/stack/data/cinder/mnt/ba3cbbe41960425336cd6b38e513075b/volume-c47325e8-6c0a-46b0-96da-4907fc9131f4.info" returned: 0 in 0.689s {{(pid=93702) execute /opt/stack/data/venv/lib/python3.12/site-packages/oslo_concurrency/processutils.py:468}}
Jun 24 14:21:14 devstack cinder-volume[93702]: WARNING cinder.volume.drivers.remotefs [None req-370b25b5-3d9a-44a2-b714-4c30a432f6cd tempest-GroupSnapshotsV319Test-448264771 None] /opt/stack/data/cinder/mnt/ba3cbbe41960425336cd6b38e513075b/volume-c47325e8-6c0a-46b0-96da-4907fc9131f4.info is being set with open permissions: ugo+rw: NotImplementedError
Jun 24 14:21:14 devstack cinder-volume[93702]: DEBUG oslo_concurrency.processutils [None req-370b25b5-3d9a-44a2-b714-4c30a432f6cd tempest-GroupSnapshotsV319Test-448264771 None] Running cmd (subprocess): sudo cinder-rootwrap /etc/cinder/rootwrap.conf chmod ugo+rw /opt/stack/data/cinder/mnt/ba3cbbe41960425336cd6b38e513075b/volume-c47325e8-6c0a-46b0-96da-4907fc9131f4.info {{(pid=93702) execute /opt/stack/data/venv/lib/python3.12/site-packages/oslo_concurrency/processutils.py:440}}
Jun 24 14:21:15 devstack sudo[99321]: quobyte : PWD=/ ; USER=root ; COMMAND=/opt/stack/data/venv/bin/cinder-rootwrap /etc/cinder/rootwrap.conf chmod ugo+rw /opt/stack/data/cinder/mnt/ba3cbbe41960425336cd6b38e513075b/volume-c47325e8-6c0a-46b0-96da-4907fc9131f4.info
Jun 24 14:21:15 devstack sudo[99321]: pam_unix(sudo:session): session opened for user root(uid=0) by (uid=1000)
Jun 24 14:21:15 devstack sudo[99321]: pam_unix(sudo:session): session closed for user root
Jun 24 14:21:15 devstack cinder-volume[93702]: DEBUG oslo_concurrency.processutils [None req-370b25b5-3d9a-44a2-b714-4c30a432f6cd tempest-GroupSnapshotsV319Test-448264771 None] CMD "sudo cinder-rootwrap /etc/cinder/rootwrap.conf chmod ugo+rw /opt/stack/data/cinder/mnt/ba3cbbe41960425336cd6b38e513075b/volume-c47325e8-6c0a-46b0-96da-4907fc9131f4.info" returned: 0 in 0.686s {{(pid=93702) execute /opt/stack/data/venv/lib/python3.12/site-packages/oslo_concurrency/processutils.py:468}}
Jun 24 14:21:15 devstack cinder-volume[93702]: DEBUG oslo_concurrency.lockutils [None req-370b25b5-3d9a-44a2-b714-4c30a432f6cd tempest-GroupSnapshotsV319Test-448264771 None] Lock "quobyte" "released" by "cinder.volume.drivers.quobyte.QuobyteDriver.create_snapshot" :: held 5.053s {{(pid=93702) inner /opt/stack/data/venv/lib/python3.12/site-packages/oslo_concurrency/lockutils.py:543}}
Jun 24 14:21:15 devstack cinder-volume[93702]: DEBUG oslo_concurrency.lockutils [req-ac38069a-4fc4-4b1d-b648-b36a4d52f5ce req-6dd65eb2-8db8-4a33-8a0b-94b41c7b694a tempest-TaggedAttachmentsTest-1672406865 None] Lock "quobyte" acquired by "cinder.volume.drivers.quobyte.QuobyteDriver.initialize_connection" :: waited 2.091s {{(pid=93702) inner /opt/stack/data/venv/lib/python3.12/site-packages/oslo_concurrency/lockutils.py:524}}
Jun 24 14:21:15 devstack cinder-volume[93702]: DEBUG oslo.privsep.daemon [-] privsep: reply[e62a472c-3263-4ca9-a3a4-2b91dce8f2b3]: (4, 'qcow2') {{(pid=94891) _call_back /opt/stack/data/venv/lib/python3.12/site-packages/oslo_privsep/daemon.py:580}}
Jun 24 14:21:15 devstack cinder-volume[93702]: DEBUG oslo_concurrency.processutils [req-ac38069a-4fc4-4b1d-b648-b36a4d52f5ce req-6dd65eb2-8db8-4a33-8a0b-94b41c7b694a tempest-TaggedAttachmentsTest-1672406865 None] Running cmd (subprocess): /opt/stack/data/venv/bin/python3.12 -m oslo_concurrency.prlimit --as=1073741824 --cpu=60 -- sudo cinder-rootwrap /etc/cinder/rootwrap.conf env LC_ALL=C qemu-img info -f qcow2 --output=json --force-share /opt/stack/data/cinder/mnt/ba3cbbe41960425336cd6b38e513075b/volume-40fa2aa1-4354-4073-9d3f-addf9d800c1a {{(pid=93702) execute /opt/stack/data/venv/lib/python3.12/site-packages/oslo_concurrency/processutils.py:440}}
Jun 24 14:21:15 devstack cinder-volume[93702]: INFO cinder.volume.manager [None req-370b25b5-3d9a-44a2-b714-4c30a432f6cd tempest-GroupSnapshotsV319Test-448264771 None] group_snapshot 93d734dd-a8fe-4ad9-a7c0-623196f1811e: created successfully
Jun 24 14:21:15 devstack sudo[99324]: quobyte : PWD=/ ; USER=root ; COMMAND=/opt/stack/data/venv/bin/cinder-rootwrap /etc/cinder/rootwrap.conf env LC_ALL=C qemu-img info -f qcow2 --output=json --force-share /opt/stack/data/cinder/mnt/ba3cbbe41960425336cd6b38e513075b/volume-40fa2aa1-4354-4073-9d3f-addf9d800c1a
Jun 24 14:21:15 devstack sudo[99324]: pam_unix(sudo:session): session opened for user root(uid=0) by (uid=1000)
Jun 24 14:21:16 devstack cinder-volume[93702]: INFO cinder.volume.manager [None req-bef8911b-3146-4f95-bd95-8f602b66a91b tempest-GroupSnapshotsV319Test-448264771 None] group_snapshot 93d734dd-a8fe-4ad9-a7c0-623196f1811e: deleting
Jun 24 14:21:16 devstack cinder-volume[93702]: DEBUG cinder.volume.manager [None req-bef8911b-3146-4f95-bd95-8f602b66a91b tempest-GroupSnapshotsV319Test-448264771 None] group_snapshot 93d734dd-a8fe-4ad9-a7c0-623196f1811e: deleting {{(pid=93702) delete_group_snapshot /opt/stack/cinder/cinder/volume/manager.py:4350}}
Jun 24 14:21:16 devstack cinder-volume[93702]: DEBUG cinder.coordination [None req-bef8911b-3146-4f95-bd95-8f602b66a91b tempest-GroupSnapshotsV319Test-448264771 None] Acquiring lock "cinder-quobyte-c47325e8-6c0a-46b0-96da-4907fc9131f4" by "delete_snapshot" {{(pid=93702) __acquire /opt/stack/cinder/cinder/coordination.py:138}}
Jun 24 14:21:16 devstack cinder-volume[93702]: DEBUG cinder.coordination [None req-bef8911b-3146-4f95-bd95-8f602b66a91b tempest-GroupSnapshotsV319Test-448264771 None] Lock "cinder-quobyte-c47325e8-6c0a-46b0-96da-4907fc9131f4" acquired by "delete_snapshot" :: waited 0.026s {{(pid=93702) __acquire /opt/stack/cinder/cinder/coordination.py:141}}
Jun 24 14:21:16 devstack cinder-volume[93702]: DEBUG cinder.coordination [None req-bef8911b-3146-4f95-bd95-8f602b66a91b tempest-GroupSnapshotsV319Test-448264771 None] Acquiring lock "cinder-quobyte-8ad6b9c7-7e50-4c6c-ad82-850a3cfa8475" by "_delete_snapshot" {{(pid=93702) __acquire /opt/stack/cinder/cinder/coordination.py:138}}
Jun 24 14:21:16 devstack cinder-volume[93702]: DEBUG cinder.coordination [None req-bef8911b-3146-4f95-bd95-8f602b66a91b tempest-GroupSnapshotsV319Test-448264771 None] Lock "cinder-quobyte-8ad6b9c7-7e50-4c6c-ad82-850a3cfa8475" acquired by "_delete_snapshot" :: waited 0.024s {{(pid=93702) __acquire /opt/stack/cinder/cinder/coordination.py:141}}
Jun 24 14:21:16 devstack cinder-volume[93702]: DEBUG cinder.volume.drivers.remotefs [None req-bef8911b-3146-4f95-bd95-8f602b66a91b tempest-GroupSnapshotsV319Test-448264771 None] Deleting offline snapshot 8ad6b9c7-7e50-4c6c-ad82-850a3cfa8475 of volume c47325e8-6c0a-46b0-96da-4907fc9131f4 {{(pid=93702) _delete_snapshot /opt/stack/cinder/cinder/volume/drivers/remotefs.py:1287}}
Jun 24 14:21:16 devstack cinder-volume[93702]: DEBUG cinder.volume.drivers.remotefs [None req-bef8911b-3146-4f95-bd95-8f602b66a91b tempest-GroupSnapshotsV319Test-448264771 None] snapshot_file for this snap is: volume-c47325e8-6c0a-46b0-96da-4907fc9131f4.8ad6b9c7-7e50-4c6c-ad82-850a3cfa8475 {{(pid=93702) _delete_snapshot /opt/stack/cinder/cinder/volume/drivers/remotefs.py:1316}}
Jun 24 14:21:16 devstack cinder-volume[93702]: DEBUG oslo.privsep.daemon [-] privsep: reply[512c6c84-3aff-4023-a49a-628e3d9dfc70]: (4, 'qcow2') {{(pid=94891) _call_back /opt/stack/data/venv/lib/python3.12/site-packages/oslo_privsep/daemon.py:580}}
Jun 24 14:21:16 devstack cinder-volume[93702]: DEBUG oslo_concurrency.processutils [None req-bef8911b-3146-4f95-bd95-8f602b66a91b tempest-GroupSnapshotsV319Test-448264771 None] Running cmd (subprocess): /opt/stack/data/venv/bin/python3.12 -m oslo_concurrency.prlimit --as=1073741824 --cpu=60 -- sudo cinder-rootwrap /etc/cinder/rootwrap.conf env LC_ALL=C qemu-img info -f qcow2 --output=json --force-share /opt/stack/data/cinder/mnt/ba3cbbe41960425336cd6b38e513075b/volume-c47325e8-6c0a-46b0-96da-4907fc9131f4.8ad6b9c7-7e50-4c6c-ad82-850a3cfa8475 {{(pid=93702) execute /opt/stack/data/venv/lib/python3.12/site-packages/oslo_concurrency/processutils.py:440}}
Jun 24 14:21:16 devstack sudo[99324]: pam_unix(sudo:session): session closed for user root
Jun 24 14:21:16 devstack cinder-volume[93702]: DEBUG oslo_concurrency.processutils [req-ac38069a-4fc4-4b1d-b648-b36a4d52f5ce req-6dd65eb2-8db8-4a33-8a0b-94b41c7b694a tempest-TaggedAttachmentsTest-1672406865 None] CMD "/opt/stack/data/venv/bin/python3.12 -m oslo_concurrency.prlimit --as=1073741824 --cpu=60 -- sudo cinder-rootwrap /etc/cinder/rootwrap.conf env LC_ALL=C qemu-img info -f qcow2 --output=json --force-share /opt/stack/data/cinder/mnt/ba3cbbe41960425336cd6b38e513075b/volume-40fa2aa1-4354-4073-9d3f-addf9d800c1a" returned: 0 in 1.068s {{(pid=93702) execute /opt/stack/data/venv/lib/python3.12/site-packages/oslo_concurrency/processutils.py:468}}
Jun 24 14:21:16 devstack cinder-volume[93702]: DEBUG oslo_concurrency.lockutils [req-ac38069a-4fc4-4b1d-b648-b36a4d52f5ce req-6dd65eb2-8db8-4a33-8a0b-94b41c7b694a tempest-TaggedAttachmentsTest-1672406865 None] Lock "quobyte" "released" by "cinder.volume.drivers.quobyte.QuobyteDriver.initialize_connection" :: held 1.092s {{(pid=93702) inner /opt/stack/data/venv/lib/python3.12/site-packages/oslo_concurrency/lockutils.py:543}}
Jun 24 14:21:16 devstack sudo[99329]: quobyte : PWD=/ ; USER=root ; COMMAND=/opt/stack/data/venv/bin/cinder-rootwrap /etc/cinder/rootwrap.conf env LC_ALL=C qemu-img info -f qcow2 --output=json --force-share /opt/stack/data/cinder/mnt/ba3cbbe41960425336cd6b38e513075b/volume-c47325e8-6c0a-46b0-96da-4907fc9131f4.8ad6b9c7-7e50-4c6c-ad82-850a3cfa8475
Jun 24 14:21:16 devstack sudo[99329]: pam_unix(sudo:session): session opened for user root(uid=0) by (uid=1000)
Jun 24 14:21:16 devstack cinder-volume[93702]: DEBUG cinder.volume.manager [req-ac38069a-4fc4-4b1d-b648-b36a4d52f5ce req-6dd65eb2-8db8-4a33-8a0b-94b41c7b694a tempest-TaggedAttachmentsTest-1672406865 None] Connection info returned from driver {'export': 'osci02.corp.quobyte.com/cinder-vol-d985735b-4de4-490d-8991-566c2b7105ab', 'name': 'volume-40fa2aa1-4354-4073-9d3f-addf9d800c1a', 'options': None, 'format': 'qcow2', 'qos_specs': None, 'access_mode': 'rw', 'encrypted': False, 'cacheable': False, 'driver_volume_type': 'quobyte', 'mount_point_base': '/opt/stack/data/cinder/mnt', 'attachment_id': '18482472-e7ac-4625-a4a3-278df1b29852', 'enforce_multipath': True} {{(pid=93702) _connection_create /opt/stack/cinder/cinder/volume/manager.py:4924}}
Jun 24 14:21:16 devstack cinder-volume[93702]: INFO cinder.volume.manager [req-ac38069a-4fc4-4b1d-b648-b36a4d52f5ce req-6dd65eb2-8db8-4a33-8a0b-94b41c7b694a tempest-TaggedAttachmentsTest-1672406865 None] attachment_update completed successfully.
Jun 24 14:21:17 devstack sudo[99329]: pam_unix(sudo:session): session closed for user root
Jun 24 14:21:17 devstack cinder-volume[93702]: DEBUG oslo_concurrency.processutils [None req-bef8911b-3146-4f95-bd95-8f602b66a91b tempest-GroupSnapshotsV319Test-448264771 None] CMD "/opt/stack/data/venv/bin/python3.12 -m oslo_concurrency.prlimit --as=1073741824 --cpu=60 -- sudo cinder-rootwrap /etc/cinder/rootwrap.conf env LC_ALL=C qemu-img info -f qcow2 --output=json --force-share /opt/stack/data/cinder/mnt/ba3cbbe41960425336cd6b38e513075b/volume-c47325e8-6c0a-46b0-96da-4907fc9131f4.8ad6b9c7-7e50-4c6c-ad82-850a3cfa8475" returned: 0 in 0.888s {{(pid=93702) execute /opt/stack/data/venv/lib/python3.12/site-packages/oslo_concurrency/processutils.py:468}}
Jun 24 14:21:17 devstack cinder-volume[93702]: DEBUG cinder.volume.drivers.remotefs [None req-bef8911b-3146-4f95-bd95-8f602b66a91b tempest-GroupSnapshotsV319Test-448264771 None] Fetching qemu-img info with special backing_file_template: (/opt/stack/data/cinder/mnt/[0-9a-f]+/)?(volume-c47325e8-6c0a-46b0-96da-4907fc9131f4(.(tmp-snap-)?[0-9a-f-]+)?|volume_from_snapshot_cache/(tmp-snap-)?[0-9a-f-]+(.(child-|parent-)[0-9a-f-]+)?)$ {{(pid=93702) _qemu_img_info_base /opt/stack/cinder/cinder/volume/drivers/remotefs.py:896}}
Jun 24 14:21:17 devstack cinder-volume[93702]: DEBUG oslo.privsep.daemon [-] privsep: reply[2f5eca45-f97d-44e5-a2d9-fe13d015a0d4]: (4, 'qcow2') {{(pid=94891) _call_back /opt/stack/data/venv/lib/python3.12/site-packages/oslo_privsep/daemon.py:580}}
Jun 24 14:21:17 devstack cinder-volume[93702]: DEBUG oslo_concurrency.processutils [None req-bef8911b-3146-4f95-bd95-8f602b66a91b tempest-GroupSnapshotsV319Test-448264771 None] Running cmd (subprocess): /opt/stack/data/venv/bin/python3.12 -m oslo_concurrency.prlimit --as=1073741824 --cpu=60 -- sudo cinder-rootwrap /etc/cinder/rootwrap.conf env LC_ALL=C qemu-img info -f qcow2 --output=json --force-share /opt/stack/data/cinder/mnt/ba3cbbe41960425336cd6b38e513075b/volume-c47325e8-6c0a-46b0-96da-4907fc9131f4 {{(pid=93702) execute /opt/stack/data/venv/lib/python3.12/site-packages/oslo_concurrency/processutils.py:440}}
Jun 24 14:21:17 devstack sudo[99335]: quobyte : PWD=/ ; USER=root ; COMMAND=/opt/stack/data/venv/bin/cinder-rootwrap /etc/cinder/rootwrap.conf env LC_ALL=C qemu-img info -f qcow2 --output=json --force-share /opt/stack/data/cinder/mnt/ba3cbbe41960425336cd6b38e513075b/volume-c47325e8-6c0a-46b0-96da-4907fc9131f4
Jun 24 14:21:17 devstack sudo[99335]: pam_unix(sudo:session): session opened for user root(uid=0) by (uid=1000)
Jun 24 14:21:18 devstack sudo[99335]: pam_unix(sudo:session): session closed for user root
Jun 24 14:21:18 devstack cinder-volume[93702]: DEBUG oslo_concurrency.processutils [None req-bef8911b-3146-4f95-bd95-8f602b66a91b tempest-GroupSnapshotsV319Test-448264771 None] CMD "/opt/stack/data/venv/bin/python3.12 -m oslo_concurrency.prlimit --as=1073741824 --cpu=60 -- sudo cinder-rootwrap /etc/cinder/rootwrap.conf env LC_ALL=C qemu-img info -f qcow2 --output=json --force-share /opt/stack/data/cinder/mnt/ba3cbbe41960425336cd6b38e513075b/volume-c47325e8-6c0a-46b0-96da-4907fc9131f4" returned: 0 in 0.826s {{(pid=93702) execute /opt/stack/data/venv/lib/python3.12/site-packages/oslo_concurrency/processutils.py:468}}
Jun 24 14:21:18 devstack cinder-volume[93702]: DEBUG oslo_concurrency.processutils [None req-bef8911b-3146-4f95-bd95-8f602b66a91b tempest-GroupSnapshotsV319Test-448264771 None] Running cmd (subprocess): sudo cinder-rootwrap /etc/cinder/rootwrap.conf qemu-img commit -d /opt/stack/data/cinder/mnt/ba3cbbe41960425336cd6b38e513075b/volume-c47325e8-6c0a-46b0-96da-4907fc9131f4.8ad6b9c7-7e50-4c6c-ad82-850a3cfa8475 {{(pid=93702) execute /opt/stack/data/venv/lib/python3.12/site-packages/oslo_concurrency/processutils.py:440}}
Jun 24 14:21:18 devstack sudo[99350]: quobyte : PWD=/ ; USER=root ; COMMAND=/opt/stack/data/venv/bin/cinder-rootwrap /etc/cinder/rootwrap.conf qemu-img commit -d /opt/stack/data/cinder/mnt/ba3cbbe41960425336cd6b38e513075b/volume-c47325e8-6c0a-46b0-96da-4907fc9131f4.8ad6b9c7-7e50-4c6c-ad82-850a3cfa8475
Jun 24 14:21:18 devstack sudo[99350]: pam_unix(sudo:session): session opened for user root(uid=0) by (uid=1000)
Jun 24 14:21:19 devstack sudo[99350]: pam_unix(sudo:session): session closed for user root
Jun 24 14:21:19 devstack cinder-volume[93702]: DEBUG oslo_concurrency.processutils [None req-bef8911b-3146-4f95-bd95-8f602b66a91b tempest-GroupSnapshotsV319Test-448264771 None] CMD "sudo cinder-rootwrap /etc/cinder/rootwrap.conf qemu-img commit -d /opt/stack/data/cinder/mnt/ba3cbbe41960425336cd6b38e513075b/volume-c47325e8-6c0a-46b0-96da-4907fc9131f4.8ad6b9c7-7e50-4c6c-ad82-850a3cfa8475" returned: 0 in 0.850s {{(pid=93702) execute /opt/stack/data/venv/lib/python3.12/site-packages/oslo_concurrency/processutils.py:468}}
Jun 24 14:21:19 devstack cinder-volume[93702]: DEBUG oslo_concurrency.processutils [None req-bef8911b-3146-4f95-bd95-8f602b66a91b tempest-GroupSnapshotsV319Test-448264771 None] Running cmd (subprocess): sudo cinder-rootwrap /etc/cinder/rootwrap.conf rm -f /opt/stack/data/cinder/mnt/ba3cbbe41960425336cd6b38e513075b/volume-c47325e8-6c0a-46b0-96da-4907fc9131f4.8ad6b9c7-7e50-4c6c-ad82-850a3cfa8475 {{(pid=93702) execute /opt/stack/data/venv/lib/python3.12/site-packages/oslo_concurrency/processutils.py:440}}
Jun 24 14:21:19 devstack sudo[99362]: quobyte : PWD=/ ; USER=root ; COMMAND=/opt/stack/data/venv/bin/cinder-rootwrap /etc/cinder/rootwrap.conf rm -f /opt/stack/data/cinder/mnt/ba3cbbe41960425336cd6b38e513075b/volume-c47325e8-6c0a-46b0-96da-4907fc9131f4.8ad6b9c7-7e50-4c6c-ad82-850a3cfa8475
Jun 24 14:21:19 devstack sudo[99362]: pam_unix(sudo:session): session opened for user root(uid=0) by (uid=1000)
Jun 24 14:21:19 devstack sudo[99362]: pam_unix(sudo:session): session closed for user root
Jun 24 14:21:19 devstack cinder-volume[93702]: DEBUG oslo_concurrency.processutils [None req-bef8911b-3146-4f95-bd95-8f602b66a91b tempest-GroupSnapshotsV319Test-448264771 None] CMD "sudo cinder-rootwrap /etc/cinder/rootwrap.conf rm -f /opt/stack/data/cinder/mnt/ba3cbbe41960425336cd6b38e513075b/volume-c47325e8-6c0a-46b0-96da-4907fc9131f4.8ad6b9c7-7e50-4c6c-ad82-850a3cfa8475" returned: 0 in 0.675s {{(pid=93702) execute /opt/stack/data/venv/lib/python3.12/site-packages/oslo_concurrency/processutils.py:468}}
Jun 24 14:21:19 devstack cinder-volume[93702]: DEBUG cinder.coordination [None req-bef8911b-3146-4f95-bd95-8f602b66a91b tempest-GroupSnapshotsV319Test-448264771 None] Lock "cinder-quobyte-8ad6b9c7-7e50-4c6c-ad82-850a3cfa8475" released by "_delete_snapshot" :: held 3.358s {{(pid=93702) __release /opt/stack/cinder/cinder/coordination.py:152}}
Jun 24 14:21:19 devstack cinder-volume[93702]: DEBUG cinder.coordination [None req-bef8911b-3146-4f95-bd95-8f602b66a91b tempest-GroupSnapshotsV319Test-448264771 None] Lock "cinder-quobyte-c47325e8-6c0a-46b0-96da-4907fc9131f4" released by "delete_snapshot" :: held 3.390s {{(pid=93702) __release /opt/stack/cinder/cinder/coordination.py:152}}
Jun 24 14:21:20 devstack cinder-volume[93702]: WARNING cinder.quota [None req-bef8911b-3146-4f95-bd95-8f602b66a91b tempest-GroupSnapshotsV319Test-448264771 None] Deprecated: Default quota for resource: gigabytes_tempest-GroupSnapshotsV319Test-volume-type-1774112186 is set by the default quota flag: quota_gigabytes_tempest-GroupSnapshotsV319Test-volume-type-1774112186, it is now deprecated. Please use the default quota class for default quota.
Jun 24 14:21:20 devstack cinder-volume[93702]: WARNING cinder.quota [None req-bef8911b-3146-4f95-bd95-8f602b66a91b tempest-GroupSnapshotsV319Test-448264771 None] Deprecated: Default quota for resource: snapshots_tempest-GroupSnapshotsV319Test-volume-type-1774112186 is set by the default quota flag: quota_snapshots_tempest-GroupSnapshotsV319Test-volume-type-1774112186, it is now deprecated. Please use the default quota class for default quota.
Jun 24 14:21:20 devstack cinder-volume[93702]: DEBUG cinder.quota [None req-bef8911b-3146-4f95-bd95-8f602b66a91b tempest-GroupSnapshotsV319Test-448264771 None] Created reservations ['e76858b9-3a0f-409f-801d-c7c99e643bf8', 'ef0ead46-443c-4d39-a608-1abf2e075d19', '5c749388-bdfb-4a12-a543-4537247ff0f0', '8cfea035-93d3-4eff-8704-1cc5d5e18418'] {{(pid=93702) reserve /opt/stack/cinder/cinder/quota.py:752}}
