Aug 16 21:23:29 devstack cinder-volume[94342]: DEBUG cinder.volume.drivers.quobyte [None req-16614b97-8e88-4651-b64b-5996e4133751 tempest-GroupsV314Test-251356901 None] Selected osci02.corp.quobyte.com/cinder-vol-af271d9e-7a7d-4d7b-8c22-6c94d00dd2ec as target Quobyte volume. {{(pid=94342) _find_share /opt/stack/cinder/cinder/volume/drivers/quobyte.py:702}}
Aug 16 21:23:29 devstack cinder-volume[94342]: INFO cinder.volume.drivers.remotefs [None req-16614b97-8e88-4651-b64b-5996e4133751 tempest-GroupsV314Test-251356901 None] casted to osci02.corp.quobyte.com/cinder-vol-af271d9e-7a7d-4d7b-8c22-6c94d00dd2ec
Aug 16 21:23:29 devstack cinder-volume[94342]: DEBUG oslo_concurrency.processutils [None req-16614b97-8e88-4651-b64b-5996e4133751 tempest-GroupsV314Test-251356901 None] Running cmd (subprocess): sudo cinder-rootwrap /etc/cinder/rootwrap.conf qemu-img create -f qcow2 -o preallocation=metadata /opt/stack/data/cinder/mnt/2852bcb830ff2fcd78bd7a85c5e05cb8/volume-482a9ca9-0fc4-4cce-bf5c-ee5f3d6dce91 1073741824 {{(pid=94342) execute /opt/stack/data/venv/lib/python3.12/site-packages/oslo_concurrency/processutils.py:440}}
Aug 16 21:23:29 devstack sudo[102230]: quobyte : PWD=/ ; USER=root ; COMMAND=/opt/stack/data/venv/bin/cinder-rootwrap /etc/cinder/rootwrap.conf qemu-img create -f qcow2 -o preallocation=metadata /opt/stack/data/cinder/mnt/2852bcb830ff2fcd78bd7a85c5e05cb8/volume-482a9ca9-0fc4-4cce-bf5c-ee5f3d6dce91 1073741824
Aug 16 21:23:29 devstack sudo[102230]: pam_unix(sudo:session): session opened for user root(uid=0) by (uid=1000)
Aug 16 21:23:30 devstack sudo[102230]: pam_unix(sudo:session): session closed for user root
Aug 16 21:23:30 devstack cinder-volume[94342]: DEBUG oslo_concurrency.processutils [None req-16614b97-8e88-4651-b64b-5996e4133751 tempest-GroupsV314Test-251356901 None] CMD "sudo cinder-rootwrap /etc/cinder/rootwrap.conf qemu-img create -f qcow2 -o preallocation=metadata /opt/stack/data/cinder/mnt/2852bcb830ff2fcd78bd7a85c5e05cb8/volume-482a9ca9-0fc4-4cce-bf5c-ee5f3d6dce91 1073741824" returned: 0 in 0.760s {{(pid=94342) execute /opt/stack/data/venv/lib/python3.12/site-packages/oslo_concurrency/processutils.py:468}}
Aug 16 21:23:30 devstack cinder-volume[94342]: DEBUG oslo_concurrency.processutils [None req-16614b97-8e88-4651-b64b-5996e4133751 tempest-GroupsV314Test-251356901 None] Running cmd (subprocess): sudo cinder-rootwrap /etc/cinder/rootwrap.conf chmod ugo+rw /opt/stack/data/cinder/mnt/2852bcb830ff2fcd78bd7a85c5e05cb8/volume-482a9ca9-0fc4-4cce-bf5c-ee5f3d6dce91 {{(pid=94342) execute /opt/stack/data/venv/lib/python3.12/site-packages/oslo_concurrency/processutils.py:440}}
Aug 16 21:23:30 devstack sudo[102238]: quobyte : PWD=/ ; USER=root ; COMMAND=/opt/stack/data/venv/bin/cinder-rootwrap /etc/cinder/rootwrap.conf chmod ugo+rw /opt/stack/data/cinder/mnt/2852bcb830ff2fcd78bd7a85c5e05cb8/volume-482a9ca9-0fc4-4cce-bf5c-ee5f3d6dce91
Aug 16 21:23:30 devstack sudo[102238]: pam_unix(sudo:session): session opened for user root(uid=0) by (uid=1000)
Aug 16 21:23:30 devstack sudo[102238]: pam_unix(sudo:session): session closed for user root
Aug 16 21:23:30 devstack cinder-volume[94342]: DEBUG oslo_concurrency.processutils [None req-16614b97-8e88-4651-b64b-5996e4133751 tempest-GroupsV314Test-251356901 None] CMD "sudo cinder-rootwrap /etc/cinder/rootwrap.conf chmod ugo+rw /opt/stack/data/cinder/mnt/2852bcb830ff2fcd78bd7a85c5e05cb8/volume-482a9ca9-0fc4-4cce-bf5c-ee5f3d6dce91" returned: 0 in 0.586s {{(pid=94342) execute /opt/stack/data/venv/lib/python3.12/site-packages/oslo_concurrency/processutils.py:468}}
Aug 16 21:23:30 devstack cinder-volume[94342]: DEBUG cinder.volume.drivers.quobyte [None req-16614b97-8e88-4651-b64b-5996e4133751 tempest-GroupsV314Test-251356901 None] <== create_volume: return (1444ms) {'provider_location': 'osci02.corp.quobyte.com/cinder-vol-af271d9e-7a7d-4d7b-8c22-6c94d00dd2ec'} {{(pid=94342) trace_logging_wrapper /opt/stack/cinder/cinder/volume/volume_utils.py:1522}}
Aug 16 21:23:30 devstack cinder-volume[94342]: DEBUG oslo_concurrency.lockutils [None req-16614b97-8e88-4651-b64b-5996e4133751 tempest-GroupsV314Test-251356901 None] Lock "quobyte" "released" by "cinder.volume.drivers.quobyte.QuobyteDriver.create_volume" :: held 1.448s {{(pid=94342) inner /opt/stack/data/venv/lib/python3.12/site-packages/oslo_concurrency/lockutils.py:544}}
Aug 16 21:23:30 devstack cinder-volume[94342]: DEBUG cinder.volume.manager [None req-16614b97-8e88-4651-b64b-5996e4133751 tempest-GroupsV314Test-251356901 None] Task 'cinder.volume.flows.manager.create_volume.CreateVolumeFromSpecTask;volume:create' (9188c3fd-b64f-4656-a584-fd3d40dec5a7) transitioned into state 'SUCCESS' from state 'RUNNING' with result '{'status': 'creating', 'volume_name': 'volume-482a9ca9-0fc4-4cce-bf5c-ee5f3d6dce91', 'volume_size': 1}' {{(pid=94342) _task_receiver /opt/stack/data/venv/lib/python3.12/site-packages/taskflow/listeners/logging.py:218}}
Aug 16 21:23:30 devstack cinder-volume[94342]: DEBUG cinder.volume.manager [None req-16614b97-8e88-4651-b64b-5996e4133751 tempest-GroupsV314Test-251356901 None] Task 'cinder.volume.flows.manager.create_volume.CreateVolumeOnFinishTask;volume:create, create.end' (c3a3724e-3f21-4bcd-b3cd-d1c9f481b6ec) transitioned into state 'RUNNING' from state 'PENDING' {{(pid=94342) _task_receiver /opt/stack/data/venv/lib/python3.12/site-packages/taskflow/listeners/logging.py:242}}
Aug 16 21:23:30 devstack cinder-volume[94342]: INFO cinder.volume.flows.manager.create_volume [None req-16614b97-8e88-4651-b64b-5996e4133751 tempest-GroupsV314Test-251356901 None] Volume volume-482a9ca9-0fc4-4cce-bf5c-ee5f3d6dce91 (482a9ca9-0fc4-4cce-bf5c-ee5f3d6dce91): created successfully
Aug 16 21:23:30 devstack cinder-volume[94342]: DEBUG cinder.volume.manager [None req-16614b97-8e88-4651-b64b-5996e4133751 tempest-GroupsV314Test-251356901 None] Task 'cinder.volume.flows.manager.create_volume.CreateVolumeOnFinishTask;volume:create, create.end' (c3a3724e-3f21-4bcd-b3cd-d1c9f481b6ec) transitioned into state 'SUCCESS' from state 'RUNNING' with result 'None' {{(pid=94342) _task_receiver /opt/stack/data/venv/lib/python3.12/site-packages/taskflow/listeners/logging.py:218}}
Aug 16 21:23:31 devstack cinder-volume[94342]: DEBUG cinder.volume.manager [None req-16614b97-8e88-4651-b64b-5996e4133751 tempest-GroupsV314Test-251356901 None] Flow 'volume_create_manager' (054fdbc1-3887-45aa-adee-cd03a44bac20) transitioned into state 'SUCCESS' from state 'RUNNING' {{(pid=94342) _flow_receiver /opt/stack/data/venv/lib/python3.12/site-packages/taskflow/listeners/logging.py:160}}
Aug 16 21:23:31 devstack cinder-volume[94342]: INFO cinder.volume.manager [None req-16614b97-8e88-4651-b64b-5996e4133751 tempest-GroupsV314Test-251356901 None] Created volume successfully.
Aug 16 21:23:33 devstack cinder-volume[94342]: DEBUG oslo_concurrency.lockutils [None req-c4fed5a2-1e44-4905-9854-18f7c1a5ab99 tempest-GroupsV314Test-251356901 None] Acquiring lock "quobyte" by "cinder.volume.drivers.quobyte.QuobyteDriver.create_cloned_volume" {{(pid=94342) inner /opt/stack/data/venv/lib/python3.12/site-packages/oslo_concurrency/lockutils.py:512}}
Aug 16 21:23:33 devstack cinder-volume[94342]: DEBUG oslo_concurrency.lockutils [None req-c4fed5a2-1e44-4905-9854-18f7c1a5ab99 tempest-GroupsV314Test-251356901 None] Lock "quobyte" acquired by "cinder.volume.drivers.quobyte.QuobyteDriver.create_cloned_volume" :: waited 0.001s {{(pid=94342) inner /opt/stack/data/venv/lib/python3.12/site-packages/oslo_concurrency/lockutils.py:525}}
Aug 16 21:23:33 devstack cinder-volume[94342]: INFO cinder.volume.drivers.remotefs [None req-c4fed5a2-1e44-4905-9854-18f7c1a5ab99 tempest-GroupsV314Test-251356901 None] Cloning volume 482a9ca9-0fc4-4cce-bf5c-ee5f3d6dce91 to volume aa2e30f5-7e85-4fd1-9611-3b796bdaca7f
Aug 16 21:23:33 devstack cinder-volume[94342]: DEBUG cinder.volume.drivers.remotefs [None req-c4fed5a2-1e44-4905-9854-18f7c1a5ab99 tempest-GroupsV314Test-251356901 None] Creating offline snapshot 3499fb2d-adad-4579-ad2d-4ba93d3a5eb3 of volume 482a9ca9-0fc4-4cce-bf5c-ee5f3d6dce91 {{(pid=94342) _create_snapshot /opt/stack/cinder/cinder/volume/drivers/remotefs.py:1816}}
Aug 16 21:23:33 devstack cinder-volume[94342]: DEBUG oslo.privsep.daemon [-] privsep: reply[94f28972-1310-4ac1-9798-96ae55e58dba]: (4, 'qcow2') {{(pid=95998) _call_back /opt/stack/data/venv/lib/python3.12/site-packages/oslo_privsep/daemon.py:580}}
Aug 16 21:23:33 devstack cinder-volume[94342]: DEBUG oslo_concurrency.processutils [None req-c4fed5a2-1e44-4905-9854-18f7c1a5ab99 tempest-GroupsV314Test-251356901 None] Running cmd (subprocess): /opt/stack/data/venv/bin/python3.12 -m oslo_concurrency.prlimit --as=1073741824 --cpu=60 -- sudo cinder-rootwrap /etc/cinder/rootwrap.conf env LC_ALL=C qemu-img info -f qcow2 --output=json --force-share /opt/stack/data/cinder/mnt/2852bcb830ff2fcd78bd7a85c5e05cb8/volume-482a9ca9-0fc4-4cce-bf5c-ee5f3d6dce91 {{(pid=94342) execute /opt/stack/data/venv/lib/python3.12/site-packages/oslo_concurrency/processutils.py:440}}
Aug 16 21:23:33 devstack sudo[102279]: quobyte : PWD=/ ; USER=root ; COMMAND=/opt/stack/data/venv/bin/cinder-rootwrap /etc/cinder/rootwrap.conf env LC_ALL=C qemu-img info -f qcow2 --output=json --force-share /opt/stack/data/cinder/mnt/2852bcb830ff2fcd78bd7a85c5e05cb8/volume-482a9ca9-0fc4-4cce-bf5c-ee5f3d6dce91
Aug 16 21:23:33 devstack sudo[102279]: pam_unix(sudo:session): session opened for user root(uid=0) by (uid=1000)
Aug 16 21:23:34 devstack sudo[102279]: pam_unix(sudo:session): session closed for user root
Aug 16 21:23:34 devstack cinder-volume[94342]: DEBUG oslo_concurrency.processutils [None req-c4fed5a2-1e44-4905-9854-18f7c1a5ab99 tempest-GroupsV314Test-251356901 None] CMD "/opt/stack/data/venv/bin/python3.12 -m oslo_concurrency.prlimit --as=1073741824 --cpu=60 -- sudo cinder-rootwrap /etc/cinder/rootwrap.conf env LC_ALL=C qemu-img info -f qcow2 --output=json --force-share /opt/stack/data/cinder/mnt/2852bcb830ff2fcd78bd7a85c5e05cb8/volume-482a9ca9-0fc4-4cce-bf5c-ee5f3d6dce91" returned: 0 in 1.071s {{(pid=94342) execute /opt/stack/data/venv/lib/python3.12/site-packages/oslo_concurrency/processutils.py:468}}
Aug 16 21:23:34 devstack cinder-volume[94342]: DEBUG oslo_concurrency.processutils [None req-c4fed5a2-1e44-4905-9854-18f7c1a5ab99 tempest-GroupsV314Test-251356901 None] Running cmd (subprocess): sudo cinder-rootwrap /etc/cinder/rootwrap.conf qemu-img create -f qcow2 -o backing_file=/opt/stack/data/cinder/mnt/2852bcb830ff2fcd78bd7a85c5e05cb8/volume-482a9ca9-0fc4-4cce-bf5c-ee5f3d6dce91,backing_fmt=qcow2 /opt/stack/data/cinder/mnt/2852bcb830ff2fcd78bd7a85c5e05cb8/volume-482a9ca9-0fc4-4cce-bf5c-ee5f3d6dce91.3499fb2d-adad-4579-ad2d-4ba93d3a5eb3 1G {{(pid=94342) execute /opt/stack/data/venv/lib/python3.12/site-packages/oslo_concurrency/processutils.py:440}}
Aug 16 21:23:34 devstack sudo[102316]: quobyte : PWD=/ ; USER=root ; COMMAND=/opt/stack/data/venv/bin/cinder-rootwrap /etc/cinder/rootwrap.conf qemu-img create -f qcow2 -o backing_file=/opt/stack/data/cinder/mnt/2852bcb830ff2fcd78bd7a85c5e05cb8/volume-482a9ca9-0fc4-4cce-bf5c-ee5f3d6dce91,backing_fmt=qcow2 /opt/stack/data/cinder/mnt/2852bcb830ff2fcd78bd7a85c5e05cb8/volume-482a9ca9-0fc4-4cce-bf5c-ee5f3d6dce91.3499fb2d-adad-4579-ad2d-4ba93d3a5eb3 1G
Aug 16 21:23:34 devstack sudo[102316]: pam_unix(sudo:session): session opened for user root(uid=0) by (uid=1000)
Aug 16 21:23:35 devstack sudo[102316]: pam_unix(sudo:session): session closed for user root
Aug 16 21:23:35 devstack cinder-volume[94342]: DEBUG oslo_concurrency.processutils [None req-c4fed5a2-1e44-4905-9854-18f7c1a5ab99 tempest-GroupsV314Test-251356901 None] CMD "sudo cinder-rootwrap /etc/cinder/rootwrap.conf qemu-img create -f qcow2 -o backing_file=/opt/stack/data/cinder/mnt/2852bcb830ff2fcd78bd7a85c5e05cb8/volume-482a9ca9-0fc4-4cce-bf5c-ee5f3d6dce91,backing_fmt=qcow2 /opt/stack/data/cinder/mnt/2852bcb830ff2fcd78bd7a85c5e05cb8/volume-482a9ca9-0fc4-4cce-bf5c-ee5f3d6dce91.3499fb2d-adad-4579-ad2d-4ba93d3a5eb3 1G" returned: 0 in 1.416s {{(pid=94342) execute /opt/stack/data/venv/lib/python3.12/site-packages/oslo_concurrency/processutils.py:468}}
Aug 16 21:23:35 devstack cinder-volume[94342]: DEBUG oslo_concurrency.processutils [None req-c4fed5a2-1e44-4905-9854-18f7c1a5ab99 tempest-GroupsV314Test-251356901 None] Running cmd (subprocess): sudo cinder-rootwrap /etc/cinder/rootwrap.conf qemu-img rebase -u -b volume-482a9ca9-0fc4-4cce-bf5c-ee5f3d6dce91 -F qcow2 /opt/stack/data/cinder/mnt/2852bcb830ff2fcd78bd7a85c5e05cb8/volume-482a9ca9-0fc4-4cce-bf5c-ee5f3d6dce91.3499fb2d-adad-4579-ad2d-4ba93d3a5eb3 {{(pid=94342) execute /opt/stack/data/venv/lib/python3.12/site-packages/oslo_concurrency/processutils.py:440}}
Aug 16 21:23:36 devstack sudo[102374]: quobyte : PWD=/ ; USER=root ; COMMAND=/opt/stack/data/venv/bin/cinder-rootwrap /etc/cinder/rootwrap.conf qemu-img rebase -u -b volume-482a9ca9-0fc4-4cce-bf5c-ee5f3d6dce91 -F qcow2 /opt/stack/data/cinder/mnt/2852bcb830ff2fcd78bd7a85c5e05cb8/volume-482a9ca9-0fc4-4cce-bf5c-ee5f3d6dce91.3499fb2d-adad-4579-ad2d-4ba93d3a5eb3
Aug 16 21:23:36 devstack sudo[102374]: pam_unix(sudo:session): session opened for user root(uid=0) by (uid=1000)
Aug 16 21:23:37 devstack sudo[102374]: pam_unix(sudo:session): session closed for user root
Aug 16 21:23:37 devstack cinder-volume[94342]: DEBUG oslo_concurrency.processutils [None req-c4fed5a2-1e44-4905-9854-18f7c1a5ab99 tempest-GroupsV314Test-251356901 None] CMD "sudo cinder-rootwrap /etc/cinder/rootwrap.conf qemu-img rebase -u -b volume-482a9ca9-0fc4-4cce-bf5c-ee5f3d6dce91 -F qcow2 /opt/stack/data/cinder/mnt/2852bcb830ff2fcd78bd7a85c5e05cb8/volume-482a9ca9-0fc4-4cce-bf5c-ee5f3d6dce91.3499fb2d-adad-4579-ad2d-4ba93d3a5eb3" returned: 0 in 1.178s {{(pid=94342) execute /opt/stack/data/venv/lib/python3.12/site-packages/oslo_concurrency/processutils.py:468}}
Aug 16 21:23:37 devstack cinder-volume[94342]: WARNING cinder.volume.drivers.remotefs [None req-c4fed5a2-1e44-4905-9854-18f7c1a5ab99 tempest-GroupsV314Test-251356901 None] /opt/stack/data/cinder/mnt/2852bcb830ff2fcd78bd7a85c5e05cb8/volume-482a9ca9-0fc4-4cce-bf5c-ee5f3d6dce91.3499fb2d-adad-4579-ad2d-4ba93d3a5eb3 is being set with open permissions: ugo+rw: NotImplementedError
Aug 16 21:23:37 devstack cinder-volume[94342]: DEBUG oslo_concurrency.processutils [None req-c4fed5a2-1e44-4905-9854-18f7c1a5ab99 tempest-GroupsV314Test-251356901 None] Running cmd (subprocess): sudo cinder-rootwrap /etc/cinder/rootwrap.conf chmod ugo+rw /opt/stack/data/cinder/mnt/2852bcb830ff2fcd78bd7a85c5e05cb8/volume-482a9ca9-0fc4-4cce-bf5c-ee5f3d6dce91.3499fb2d-adad-4579-ad2d-4ba93d3a5eb3 {{(pid=94342) execute /opt/stack/data/venv/lib/python3.12/site-packages/oslo_concurrency/processutils.py:440}}
Aug 16 21:23:37 devstack sudo[102416]: quobyte : PWD=/ ; USER=root ; COMMAND=/opt/stack/data/venv/bin/cinder-rootwrap /etc/cinder/rootwrap.conf chmod ugo+rw /opt/stack/data/cinder/mnt/2852bcb830ff2fcd78bd7a85c5e05cb8/volume-482a9ca9-0fc4-4cce-bf5c-ee5f3d6dce91.3499fb2d-adad-4579-ad2d-4ba93d3a5eb3
Aug 16 21:23:37 devstack sudo[102416]: pam_unix(sudo:session): session opened for user root(uid=0) by (uid=1000)
Aug 16 21:23:37 devstack sudo[102416]: pam_unix(sudo:session): session closed for user root
Aug 16 21:23:37 devstack cinder-volume[94342]: DEBUG oslo_concurrency.processutils [None req-c4fed5a2-1e44-4905-9854-18f7c1a5ab99 tempest-GroupsV314Test-251356901 None] CMD "sudo cinder-rootwrap /etc/cinder/rootwrap.conf chmod ugo+rw /opt/stack/data/cinder/mnt/2852bcb830ff2fcd78bd7a85c5e05cb8/volume-482a9ca9-0fc4-4cce-bf5c-ee5f3d6dce91.3499fb2d-adad-4579-ad2d-4ba93d3a5eb3" returned: 0 in 0.468s {{(pid=94342) execute /opt/stack/data/venv/lib/python3.12/site-packages/oslo_concurrency/processutils.py:468}}
Aug 16 21:23:37 devstack cinder-volume[94342]: DEBUG oslo_concurrency.processutils [None req-c4fed5a2-1e44-4905-9854-18f7c1a5ab99 tempest-GroupsV314Test-251356901 None] Running cmd (subprocess): sudo cinder-rootwrap /etc/cinder/rootwrap.conf truncate -s0 /opt/stack/data/cinder/mnt/2852bcb830ff2fcd78bd7a85c5e05cb8/volume-482a9ca9-0fc4-4cce-bf5c-ee5f3d6dce91.info {{(pid=94342) execute /opt/stack/data/venv/lib/python3.12/site-packages/oslo_concurrency/processutils.py:440}}
Aug 16 21:23:37 devstack sudo[102424]: quobyte : PWD=/ ; USER=root ; COMMAND=/opt/stack/data/venv/bin/cinder-rootwrap /etc/cinder/rootwrap.conf truncate -s0 /opt/stack/data/cinder/mnt/2852bcb830ff2fcd78bd7a85c5e05cb8/volume-482a9ca9-0fc4-4cce-bf5c-ee5f3d6dce91.info
Aug 16 21:23:37 devstack sudo[102424]: pam_unix(sudo:session): session opened for user root(uid=0) by (uid=1000)
Aug 16 21:23:38 devstack sudo[102424]: pam_unix(sudo:session): session closed for user root
Aug 16 21:23:38 devstack cinder-volume[94342]: DEBUG oslo_concurrency.processutils [None req-c4fed5a2-1e44-4905-9854-18f7c1a5ab99 tempest-GroupsV314Test-251356901 None] CMD "sudo cinder-rootwrap /etc/cinder/rootwrap.conf truncate -s0 /opt/stack/data/cinder/mnt/2852bcb830ff2fcd78bd7a85c5e05cb8/volume-482a9ca9-0fc4-4cce-bf5c-ee5f3d6dce91.info" returned: 0 in 0.609s {{(pid=94342) execute /opt/stack/data/venv/lib/python3.12/site-packages/oslo_concurrency/processutils.py:468}}
Aug 16 21:23:38 devstack cinder-volume[94342]: WARNING cinder.volume.drivers.remotefs [None req-c4fed5a2-1e44-4905-9854-18f7c1a5ab99 tempest-GroupsV314Test-251356901 None] /opt/stack/data/cinder/mnt/2852bcb830ff2fcd78bd7a85c5e05cb8/volume-482a9ca9-0fc4-4cce-bf5c-ee5f3d6dce91.info is being set with open permissions: ugo+rw: NotImplementedError
Aug 16 21:23:38 devstack cinder-volume[94342]: DEBUG oslo_concurrency.processutils [None req-c4fed5a2-1e44-4905-9854-18f7c1a5ab99 tempest-GroupsV314Test-251356901 None] Running cmd (subprocess): sudo cinder-rootwrap /etc/cinder/rootwrap.conf chmod ugo+rw /opt/stack/data/cinder/mnt/2852bcb830ff2fcd78bd7a85c5e05cb8/volume-482a9ca9-0fc4-4cce-bf5c-ee5f3d6dce91.info {{(pid=94342) execute /opt/stack/data/venv/lib/python3.12/site-packages/oslo_concurrency/processutils.py:440}}
Aug 16 21:23:38 devstack sudo[102427]: quobyte : PWD=/ ; USER=root ; COMMAND=/opt/stack/data/venv/bin/cinder-rootwrap /etc/cinder/rootwrap.conf chmod ugo+rw /opt/stack/data/cinder/mnt/2852bcb830ff2fcd78bd7a85c5e05cb8/volume-482a9ca9-0fc4-4cce-bf5c-ee5f3d6dce91.info
Aug 16 21:23:38 devstack sudo[102427]: pam_unix(sudo:session): session opened for user root(uid=0) by (uid=1000)
Aug 16 21:23:38 devstack sudo[102427]: pam_unix(sudo:session): session closed for user root
Aug 16 21:23:38 devstack cinder-volume[94342]: DEBUG oslo_concurrency.processutils [None req-c4fed5a2-1e44-4905-9854-18f7c1a5ab99 tempest-GroupsV314Test-251356901 None] CMD "sudo cinder-rootwrap /etc/cinder/rootwrap.conf chmod ugo+rw /opt/stack/data/cinder/mnt/2852bcb830ff2fcd78bd7a85c5e05cb8/volume-482a9ca9-0fc4-4cce-bf5c-ee5f3d6dce91.info" returned: 0 in 0.331s {{(pid=94342) execute /opt/stack/data/venv/lib/python3.12/site-packages/oslo_concurrency/processutils.py:468}}
Aug 16 21:23:38 devstack cinder-volume[94342]: DEBUG cinder.coordination [None req-c4fed5a2-1e44-4905-9854-18f7c1a5ab99 tempest-GroupsV314Test-251356901 None] Acquiring lock "cinder-quobyte-aa2e30f5-7e85-4fd1-9611-3b796bdaca7f" by "_copy_volume_from_snapshot" {{(pid=94342) __acquire /opt/stack/cinder/cinder/coordination.py:138}}
Aug 16 21:23:38 devstack cinder-volume[94342]: DEBUG cinder.coordination [None req-c4fed5a2-1e44-4905-9854-18f7c1a5ab99 tempest-GroupsV314Test-251356901 None] Lock "cinder-quobyte-aa2e30f5-7e85-4fd1-9611-3b796bdaca7f" acquired by "_copy_volume_from_snapshot" :: waited 0.044s {{(pid=94342) __acquire /opt/stack/cinder/cinder/coordination.py:141}}
Aug 16 21:23:38 devstack cinder-volume[94342]: DEBUG cinder.volume.drivers.quobyte [None req-c4fed5a2-1e44-4905-9854-18f7c1a5ab99 tempest-GroupsV314Test-251356901 None] snapshot: 3499fb2d-adad-4579-ad2d-4ba93d3a5eb3, volume: aa2e30f5-7e85-4fd1-9611-3b796bdaca7f, {{(pid=94342) _copy_volume_from_snapshot /opt/stack/cinder/cinder/volume/drivers/quobyte.py:403}}
Aug 16 21:23:38 devstack cinder-volume[94342]: DEBUG oslo_concurrency.lockutils [None req-c4fed5a2-1e44-4905-9854-18f7c1a5ab99 tempest-GroupsV314Test-251356901 None] Acquiring lock "quobyte_ensure" by "cinder.volume.drivers.quobyte.QuobyteDriver._ensure_shares_mounted" {{(pid=94342) inner /opt/stack/data/venv/lib/python3.12/site-packages/oslo_concurrency/lockutils.py:512}}
Aug 16 21:23:38 devstack cinder-volume[94342]: DEBUG oslo_concurrency.lockutils [None req-c4fed5a2-1e44-4905-9854-18f7c1a5ab99 tempest-GroupsV314Test-251356901 None] Lock "quobyte_ensure" acquired by "cinder.volume.drivers.quobyte.QuobyteDriver._ensure_shares_mounted" :: waited 0.004s {{(pid=94342) inner /opt/stack/data/venv/lib/python3.12/site-packages/oslo_concurrency/lockutils.py:525}}
Aug 16 21:23:38 devstack cinder-volume[94342]: DEBUG cinder.volume.drivers.quobyte [None req-c4fed5a2-1e44-4905-9854-18f7c1a5ab99 tempest-GroupsV314Test-251356901 None] Quobyte Volume URL set to: {'osci02.corp.quobyte.com/cinder-vol-af271d9e-7a7d-4d7b-8c22-6c94d00dd2ec': None} {{(pid=94342) _load_shares_config /opt/stack/cinder/cinder/volume/drivers/quobyte.py:651}}
Aug 16 21:23:38 devstack cinder-volume[94342]: DEBUG cinder.volume.drivers.quobyte [None req-c4fed5a2-1e44-4905-9854-18f7c1a5ab99 tempest-GroupsV314Test-251356901 None] Available shares ['osci02.corp.quobyte.com/cinder-vol-af271d9e-7a7d-4d7b-8c22-6c94d00dd2ec'] {{(pid=94342) _ensure_shares_mounted /opt/stack/cinder/cinder/volume/drivers/quobyte.py:681}}
Aug 16 21:23:38 devstack cinder-volume[94342]: DEBUG oslo_concurrency.lockutils [None req-c4fed5a2-1e44-4905-9854-18f7c1a5ab99 tempest-GroupsV314Test-251356901 None] Lock "quobyte_ensure" "released" by "cinder.volume.drivers.quobyte.QuobyteDriver._ensure_shares_mounted" :: held 0.039s {{(pid=94342) inner /opt/stack/data/venv/lib/python3.12/site-packages/oslo_concurrency/lockutils.py:544}}
Aug 16 21:23:38 devstack cinder-volume[94342]: DEBUG oslo.privsep.daemon [-] privsep: reply[c01c69f1-f85b-4faf-8e37-1e16081fee37]: (4, 'qcow2') {{(pid=95998) _call_back /opt/stack/data/venv/lib/python3.12/site-packages/oslo_privsep/daemon.py:580}}
Aug 16 21:23:38 devstack cinder-volume[94342]: DEBUG oslo_concurrency.processutils [None req-c4fed5a2-1e44-4905-9854-18f7c1a5ab99 tempest-GroupsV314Test-251356901 None] Running cmd (subprocess): /opt/stack/data/venv/bin/python3.12 -m oslo_concurrency.prlimit --as=1073741824 --cpu=60 -- sudo cinder-rootwrap /etc/cinder/rootwrap.conf env LC_ALL=C qemu-img info -f qcow2 --output=json --force-share /opt/stack/data/cinder/mnt/2852bcb830ff2fcd78bd7a85c5e05cb8/volume-482a9ca9-0fc4-4cce-bf5c-ee5f3d6dce91.3499fb2d-adad-4579-ad2d-4ba93d3a5eb3 {{(pid=94342) execute /opt/stack/data/venv/lib/python3.12/site-packages/oslo_concurrency/processutils.py:440}}
Aug 16 21:23:39 devstack sudo[102431]: quobyte : PWD=/ ; USER=root ; COMMAND=/opt/stack/data/venv/bin/cinder-rootwrap /etc/cinder/rootwrap.conf env LC_ALL=C qemu-img info -f qcow2 --output=json --force-share /opt/stack/data/cinder/mnt/2852bcb830ff2fcd78bd7a85c5e05cb8/volume-482a9ca9-0fc4-4cce-bf5c-ee5f3d6dce91.3499fb2d-adad-4579-ad2d-4ba93d3a5eb3
Aug 16 21:23:39 devstack sudo[102431]: pam_unix(sudo:session): session opened for user root(uid=0) by (uid=1000)
Aug 16 21:23:39 devstack sudo[102431]: pam_unix(sudo:session): session closed for user root
Aug 16 21:23:39 devstack cinder-volume[94342]: DEBUG oslo_concurrency.processutils [None req-c4fed5a2-1e44-4905-9854-18f7c1a5ab99 tempest-GroupsV314Test-251356901 None] CMD "/opt/stack/data/venv/bin/python3.12 -m oslo_concurrency.prlimit --as=1073741824 --cpu=60 -- sudo cinder-rootwrap /etc/cinder/rootwrap.conf env LC_ALL=C qemu-img info -f qcow2 --output=json --force-share /opt/stack/data/cinder/mnt/2852bcb830ff2fcd78bd7a85c5e05cb8/volume-482a9ca9-0fc4-4cce-bf5c-ee5f3d6dce91.3499fb2d-adad-4579-ad2d-4ba93d3a5eb3" returned: 0 in 0.734s {{(pid=94342) execute /opt/stack/data/venv/lib/python3.12/site-packages/oslo_concurrency/processutils.py:468}}
Aug 16 21:23:39 devstack cinder-volume[94342]: DEBUG cinder.volume.drivers.remotefs [None req-c4fed5a2-1e44-4905-9854-18f7c1a5ab99 tempest-GroupsV314Test-251356901 None] Fetching qemu-img info with special backing_file_template: (/opt/stack/data/cinder/mnt/[0-9a-f]+/)?(volume-482a9ca9-0fc4-4cce-bf5c-ee5f3d6dce91(.(tmp-snap-)?[0-9a-f-]+)?|volume_from_snapshot_cache/(tmp-snap-)?[0-9a-f-]+(.(child-|parent-)[0-9a-f-]+)?)$ {{(pid=94342) _qemu_img_info_base /opt/stack/cinder/cinder/volume/drivers/remotefs.py:896}}
Aug 16 21:23:39 devstack cinder-volume[94342]: DEBUG cinder.volume.drivers.quobyte [None req-c4fed5a2-1e44-4905-9854-18f7c1a5ab99 tempest-GroupsV314Test-251356901 None] will copy from snapshot at /opt/stack/data/cinder/mnt/2852bcb830ff2fcd78bd7a85c5e05cb8/volume-482a9ca9-0fc4-4cce-bf5c-ee5f3d6dce91 {{(pid=94342) _copy_volume_from_snapshot /opt/stack/cinder/cinder/volume/drivers/quobyte.py:422}}
Aug 16 21:23:39 devstack cinder-volume[94342]: DEBUG cinder.volume.drivers.quobyte [None req-c4fed5a2-1e44-4905-9854-18f7c1a5ab99 tempest-GroupsV314Test-251356901 None] Creating direct copy from snapshot {{(pid=94342) _copy_volume_from_snapshot /opt/stack/cinder/cinder/volume/drivers/quobyte.py:430}}
Aug 16 21:23:39 devstack cinder-volume[94342]: DEBUG oslo.privsep.daemon [-] privsep: reply[9d7e2924-e670-478b-9f77-7f56605be63a]: (4, 'qcow2') {{(pid=95998) _call_back /opt/stack/data/venv/lib/python3.12/site-packages/oslo_privsep/daemon.py:580}}
Aug 16 21:23:39 devstack cinder-volume[94342]: DEBUG oslo_concurrency.processutils [None req-c4fed5a2-1e44-4905-9854-18f7c1a5ab99 tempest-GroupsV314Test-251356901 None] Running cmd (subprocess): /opt/stack/data/venv/bin/python3.12 -m oslo_concurrency.prlimit --as=1073741824 --cpu=60 -- sudo cinder-rootwrap /etc/cinder/rootwrap.conf env LC_ALL=C qemu-img info -f qcow2 --output=json /opt/stack/data/cinder/mnt/2852bcb830ff2fcd78bd7a85c5e05cb8/volume-482a9ca9-0fc4-4cce-bf5c-ee5f3d6dce91 {{(pid=94342) execute /opt/stack/data/venv/lib/python3.12/site-packages/oslo_concurrency/processutils.py:440}}
Aug 16 21:23:39 devstack sudo[102437]: quobyte : PWD=/ ; USER=root ; COMMAND=/opt/stack/data/venv/bin/cinder-rootwrap /etc/cinder/rootwrap.conf env LC_ALL=C qemu-img info -f qcow2 --output=json /opt/stack/data/cinder/mnt/2852bcb830ff2fcd78bd7a85c5e05cb8/volume-482a9ca9-0fc4-4cce-bf5c-ee5f3d6dce91
Aug 16 21:23:39 devstack sudo[102437]: pam_unix(sudo:session): session opened for user root(uid=0) by (uid=1000)
Aug 16 21:23:40 devstack sudo[102437]: pam_unix(sudo:session): session closed for user root
Aug 16 21:23:40 devstack cinder-volume[94342]: DEBUG oslo_concurrency.processutils [None req-c4fed5a2-1e44-4905-9854-18f7c1a5ab99 tempest-GroupsV314Test-251356901 None] CMD "/opt/stack/data/venv/bin/python3.12 -m oslo_concurrency.prlimit --as=1073741824 --cpu=60 -- sudo cinder-rootwrap /etc/cinder/rootwrap.conf env LC_ALL=C qemu-img info -f qcow2 --output=json /opt/stack/data/cinder/mnt/2852bcb830ff2fcd78bd7a85c5e05cb8/volume-482a9ca9-0fc4-4cce-bf5c-ee5f3d6dce91" returned: 0 in 0.753s {{(pid=94342) execute /opt/stack/data/venv/lib/python3.12/site-packages/oslo_concurrency/processutils.py:468}}
Aug 16 21:23:40 devstack cinder-volume[94342]: DEBUG cinder.utils [None req-c4fed5a2-1e44-4905-9854-18f7c1a5ab99 tempest-GroupsV314Test-251356901 None] Path /opt/stack/data/cinder/mnt/2852bcb830ff2fcd78bd7a85c5e05cb8/volume-aa2e30f5-7e85-4fd1-9611-3b796bdaca7f not found in is_blk_device check {{(pid=94342) is_blk_device /opt/stack/cinder/cinder/utils.py:615}}
Aug 16 21:23:40 devstack cinder-volume[94342]: DEBUG oslo_concurrency.processutils [None req-c4fed5a2-1e44-4905-9854-18f7c1a5ab99 tempest-GroupsV314Test-251356901 None] Running cmd (subprocess): sudo cinder-rootwrap /etc/cinder/rootwrap.conf qemu-img convert -O qcow2 /opt/stack/data/cinder/mnt/2852bcb830ff2fcd78bd7a85c5e05cb8/volume-482a9ca9-0fc4-4cce-bf5c-ee5f3d6dce91 /opt/stack/data/cinder/mnt/2852bcb830ff2fcd78bd7a85c5e05cb8/volume-aa2e30f5-7e85-4fd1-9611-3b796bdaca7f {{(pid=94342) execute /opt/stack/data/venv/lib/python3.12/site-packages/oslo_concurrency/processutils.py:440}}
Aug 16 21:23:40 devstack sudo[102457]: quobyte : PWD=/ ; USER=root ; COMMAND=/opt/stack/data/venv/bin/cinder-rootwrap /etc/cinder/rootwrap.conf qemu-img convert -O qcow2 /opt/stack/data/cinder/mnt/2852bcb830ff2fcd78bd7a85c5e05cb8/volume-482a9ca9-0fc4-4cce-bf5c-ee5f3d6dce91 /opt/stack/data/cinder/mnt/2852bcb830ff2fcd78bd7a85c5e05cb8/volume-aa2e30f5-7e85-4fd1-9611-3b796bdaca7f
Aug 16 21:23:40 devstack sudo[102457]: pam_unix(sudo:session): session opened for user root(uid=0) by (uid=1000)
Aug 16 21:23:47 devstack cinder-volume[94342]: DEBUG dbcounter [-] [94342] Writing DB stats cinder:SELECT=57,cinder:UPDATE=60,cinder:INSERT=15,cinder:DELETE=4 {{(pid=94342) stat_writer /opt/stack/data/venv/lib/python3.12/site-packages/dbcounter.py:115}}
Aug 16 21:23:47 devstack cinder-volume[94342]: DEBUG dbcounter [-] [94342] Writing DB stats cinder:UPDATE=46,cinder:SELECT=63,cinder:DELETE=3,cinder:INSERT=11 {{(pid=94342) stat_writer /opt/stack/data/venv/lib/python3.12/site-packages/dbcounter.py:115}}
Aug 16 21:23:48 devstack sudo[102457]: pam_unix(sudo:session): session closed for user root
Aug 16 21:23:48 devstack cinder-volume[94342]: DEBUG oslo_concurrency.processutils [None req-c4fed5a2-1e44-4905-9854-18f7c1a5ab99 tempest-GroupsV314Test-251356901 None] CMD "sudo cinder-rootwrap /etc/cinder/rootwrap.conf qemu-img convert -O qcow2 /opt/stack/data/cinder/mnt/2852bcb830ff2fcd78bd7a85c5e05cb8/volume-482a9ca9-0fc4-4cce-bf5c-ee5f3d6dce91 /opt/stack/data/cinder/mnt/2852bcb830ff2fcd78bd7a85c5e05cb8/volume-aa2e30f5-7e85-4fd1-9611-3b796bdaca7f" returned: 0 in 8.082s {{(pid=94342) execute /opt/stack/data/venv/lib/python3.12/site-packages/oslo_concurrency/processutils.py:468}}
Aug 16 21:23:48 devstack cinder-volume[94342]: DEBUG oslo.privsep.daemon [-] privsep: reply[36c88a03-d9f2-46f3-9406-4b79a0ddb448]: (4, 'qcow2') {{(pid=95998) _call_back /opt/stack/data/venv/lib/python3.12/site-packages/oslo_privsep/daemon.py:580}}
Aug 16 21:23:48 devstack cinder-volume[94342]: DEBUG oslo_concurrency.processutils [None req-c4fed5a2-1e44-4905-9854-18f7c1a5ab99 tempest-GroupsV314Test-251356901 None] Running cmd (subprocess): /opt/stack/data/venv/bin/python3.12 -m oslo_concurrency.prlimit --as=1073741824 --cpu=60 -- sudo cinder-rootwrap /etc/cinder/rootwrap.conf env LC_ALL=C qemu-img info -f qcow2 --output=json /opt/stack/data/cinder/mnt/2852bcb830ff2fcd78bd7a85c5e05cb8/volume-482a9ca9-0fc4-4cce-bf5c-ee5f3d6dce91 {{(pid=94342) execute /opt/stack/data/venv/lib/python3.12/site-packages/oslo_concurrency/processutils.py:440}}
Aug 16 21:23:48 devstack sudo[102586]: quobyte : PWD=/ ; USER=root ; COMMAND=/opt/stack/data/venv/bin/cinder-rootwrap /etc/cinder/rootwrap.conf env LC_ALL=C qemu-img info -f qcow2 --output=json /opt/stack/data/cinder/mnt/2852bcb830ff2fcd78bd7a85c5e05cb8/volume-482a9ca9-0fc4-4cce-bf5c-ee5f3d6dce91
Aug 16 21:23:48 devstack sudo[102586]: pam_unix(sudo:session): session opened for user root(uid=0) by (uid=1000)
Aug 16 21:23:49 devstack sudo[102586]: pam_unix(sudo:session): session closed for user root
Aug 16 21:23:49 devstack cinder-volume[94342]: DEBUG oslo_concurrency.processutils [None req-c4fed5a2-1e44-4905-9854-18f7c1a5ab99 tempest-GroupsV314Test-251356901 None] CMD "/opt/stack/data/venv/bin/python3.12 -m oslo_concurrency.prlimit --as=1073741824 --cpu=60 -- sudo cinder-rootwrap /etc/cinder/rootwrap.conf env LC_ALL=C qemu-img info -f qcow2 --output=json /opt/stack/data/cinder/mnt/2852bcb830ff2fcd78bd7a85c5e05cb8/volume-482a9ca9-0fc4-4cce-bf5c-ee5f3d6dce91" returned: 0 in 0.623s {{(pid=94342) execute /opt/stack/data/venv/lib/python3.12/site-packages/oslo_concurrency/processutils.py:468}}
Aug 16 21:23:49 devstack cinder-volume[94342]: DEBUG cinder.image.image_utils [None req-c4fed5a2-1e44-4905-9854-18f7c1a5ab99 tempest-GroupsV314Test-251356901 None] Image conversion details: src /opt/stack/data/cinder/mnt/2852bcb830ff2fcd78bd7a85c5e05cb8/volume-482a9ca9-0fc4-4cce-bf5c-ee5f3d6dce91, size 1024.00 MB, duration 8.09 sec, destination /opt/stack/data/cinder/mnt/2852bcb830ff2fcd78bd7a85c5e05cb8/volume-aa2e30f5-7e85-4fd1-9611-3b796bdaca7f {{(pid=94342) _convert_image /opt/stack/cinder/cinder/image/image_utils.py:536}}
Aug 16 21:23:49 devstack cinder-volume[94342]: INFO cinder.image.image_utils [None req-c4fed5a2-1e44-4905-9854-18f7c1a5ab99 tempest-GroupsV314Test-251356901 None] Converted 1024.00 MB image at 126.65 MB/s
Aug 16 21:23:49 devstack cinder-volume[94342]: WARNING cinder.volume.drivers.remotefs [None req-c4fed5a2-1e44-4905-9854-18f7c1a5ab99 tempest-GroupsV314Test-251356901 None] /opt/stack/data/cinder/mnt/2852bcb830ff2fcd78bd7a85c5e05cb8/volume-aa2e30f5-7e85-4fd1-9611-3b796bdaca7f is being set with open permissions: ugo+rw: NotImplementedError
Aug 16 21:23:49 devstack cinder-volume[94342]: DEBUG oslo_concurrency.processutils [None req-c4fed5a2-1e44-4905-9854-18f7c1a5ab99 tempest-GroupsV314Test-251356901 None] Running cmd (subprocess): sudo cinder-rootwrap /etc/cinder/rootwrap.conf chmod ugo+rw /opt/stack/data/cinder/mnt/2852bcb830ff2fcd78bd7a85c5e05cb8/volume-aa2e30f5-7e85-4fd1-9611-3b796bdaca7f {{(pid=94342) execute /opt/stack/data/venv/lib/python3.12/site-packages/oslo_concurrency/processutils.py:440}}
Aug 16 21:23:49 devstack sudo[102592]: quobyte : PWD=/ ; USER=root ; COMMAND=/opt/stack/data/venv/bin/cinder-rootwrap /etc/cinder/rootwrap.conf chmod ugo+rw /opt/stack/data/cinder/mnt/2852bcb830ff2fcd78bd7a85c5e05cb8/volume-aa2e30f5-7e85-4fd1-9611-3b796bdaca7f
Aug 16 21:23:49 devstack sudo[102592]: pam_unix(sudo:session): session opened for user root(uid=0) by (uid=1000)
Aug 16 21:23:49 devstack sudo[102592]: pam_unix(sudo:session): session closed for user root
Aug 16 21:23:49 devstack cinder-volume[94342]: DEBUG oslo_concurrency.processutils [None req-c4fed5a2-1e44-4905-9854-18f7c1a5ab99 tempest-GroupsV314Test-251356901 None] CMD "sudo cinder-rootwrap /etc/cinder/rootwrap.conf chmod ugo+rw /opt/stack/data/cinder/mnt/2852bcb830ff2fcd78bd7a85c5e05cb8/volume-aa2e30f5-7e85-4fd1-9611-3b796bdaca7f" returned: 0 in 0.355s {{(pid=94342) execute /opt/stack/data/venv/lib/python3.12/site-packages/oslo_concurrency/processutils.py:468}}
Aug 16 21:23:49 devstack cinder-volume[94342]: DEBUG cinder.coordination [None req-c4fed5a2-1e44-4905-9854-18f7c1a5ab99 tempest-GroupsV314Test-251356901 None] Lock "cinder-quobyte-aa2e30f5-7e85-4fd1-9611-3b796bdaca7f" released by "_copy_volume_from_snapshot" :: held 10.793s {{(pid=94342) __release /opt/stack/cinder/cinder/coordination.py:152}}
Aug 16 21:23:49 devstack cinder-volume[94342]: DEBUG cinder.coordination [None req-c4fed5a2-1e44-4905-9854-18f7c1a5ab99 tempest-GroupsV314Test-251356901 None] Acquiring lock "cinder-quobyte-3499fb2d-adad-4579-ad2d-4ba93d3a5eb3" by "_delete_snapshot" {{(pid=94342) __acquire /opt/stack/cinder/cinder/coordination.py:138}}
Aug 16 21:23:49 devstack cinder-volume[94342]: DEBUG cinder.coordination [None req-c4fed5a2-1e44-4905-9854-18f7c1a5ab99 tempest-GroupsV314Test-251356901 None] Lock "cinder-quobyte-3499fb2d-adad-4579-ad2d-4ba93d3a5eb3" acquired by "_delete_snapshot" :: waited 0.025s {{(pid=94342) __acquire /opt/stack/cinder/cinder/coordination.py:141}}
Aug 16 21:23:49 devstack cinder-volume[94342]: DEBUG cinder.volume.drivers.remotefs [None req-c4fed5a2-1e44-4905-9854-18f7c1a5ab99 tempest-GroupsV314Test-251356901 None] Deleting offline snapshot 3499fb2d-adad-4579-ad2d-4ba93d3a5eb3 of volume 482a9ca9-0fc4-4cce-bf5c-ee5f3d6dce91 {{(pid=94342) _delete_snapshot /opt/stack/cinder/cinder/volume/drivers/remotefs.py:1288}}
Aug 16 21:23:49 devstack cinder-volume[94342]: DEBUG cinder.volume.drivers.remotefs [None req-c4fed5a2-1e44-4905-9854-18f7c1a5ab99 tempest-GroupsV314Test-251356901 None] snapshot_file for this snap is: volume-482a9ca9-0fc4-4cce-bf5c-ee5f3d6dce91.3499fb2d-adad-4579-ad2d-4ba93d3a5eb3 {{(pid=94342) _delete_snapshot /opt/stack/cinder/cinder/volume/drivers/remotefs.py:1317}}
Aug 16 21:23:49 devstack cinder-volume[94342]: DEBUG oslo.privsep.daemon [-] privsep: reply[15a963a9-c620-4136-8f57-8a802c18ec79]: (4, 'qcow2') {{(pid=95998) _call_back /opt/stack/data/venv/lib/python3.12/site-packages/oslo_privsep/daemon.py:580}}
Aug 16 21:23:49 devstack cinder-volume[94342]: DEBUG oslo_concurrency.processutils [None req-c4fed5a2-1e44-4905-9854-18f7c1a5ab99 tempest-GroupsV314Test-251356901 None] Running cmd (subprocess): /opt/stack/data/venv/bin/python3.12 -m oslo_concurrency.prlimit --as=1073741824 --cpu=60 -- sudo cinder-rootwrap /etc/cinder/rootwrap.conf env LC_ALL=C qemu-img info -f qcow2 --output=json --force-share /opt/stack/data/cinder/mnt/2852bcb830ff2fcd78bd7a85c5e05cb8/volume-482a9ca9-0fc4-4cce-bf5c-ee5f3d6dce91.3499fb2d-adad-4579-ad2d-4ba93d3a5eb3 {{(pid=94342) execute /opt/stack/data/venv/lib/python3.12/site-packages/oslo_concurrency/processutils.py:440}}
Aug 16 21:23:50 devstack sudo[102598]: quobyte : PWD=/ ; USER=root ; COMMAND=/opt/stack/data/venv/bin/cinder-rootwrap /etc/cinder/rootwrap.conf env LC_ALL=C qemu-img info -f qcow2 --output=json --force-share /opt/stack/data/cinder/mnt/2852bcb830ff2fcd78bd7a85c5e05cb8/volume-482a9ca9-0fc4-4cce-bf5c-ee5f3d6dce91.3499fb2d-adad-4579-ad2d-4ba93d3a5eb3
Aug 16 21:23:50 devstack sudo[102598]: pam_unix(sudo:session): session opened for user root(uid=0) by (uid=1000)
Aug 16 21:23:50 devstack cinder-volume[94342]: DEBUG cinder.coordination [None req-3884d745-5e78-4714-b8fe-09c87cf1642a tempest-ServerRescueNegativeTestJSON-941339547 None] Acquiring lock "cinder-4970f5c4-218a-4708-bce3-e59849788155-delete_volume" by "delete_volume" {{(pid=94342) __acquire /opt/stack/cinder/cinder/coordination.py:138}}
Aug 16 21:23:50 devstack cinder-volume[94342]: DEBUG cinder.coordination [None req-3884d745-5e78-4714-b8fe-09c87cf1642a tempest-ServerRescueNegativeTestJSON-941339547 None] Lock "cinder-4970f5c4-218a-4708-bce3-e59849788155-delete_volume" acquired by "delete_volume" :: waited 0.049s {{(pid=94342) __acquire /opt/stack/cinder/cinder/coordination.py:141}}
Aug 16 21:23:50 devstack cinder-volume[94342]: DEBUG cinder.coordination [None req-3884d745-5e78-4714-b8fe-09c87cf1642a tempest-ServerRescueNegativeTestJSON-941339547 None] Acquiring lock "cinder-quobyte-4970f5c4-218a-4708-bce3-e59849788155" by "delete_volume" {{(pid=94342) __acquire /opt/stack/cinder/cinder/coordination.py:138}}
Aug 16 21:23:50 devstack cinder-volume[94342]: DEBUG cinder.coordination [None req-3884d745-5e78-4714-b8fe-09c87cf1642a tempest-ServerRescueNegativeTestJSON-941339547 None] Lock "cinder-quobyte-4970f5c4-218a-4708-bce3-e59849788155" acquired by "delete_volume" :: waited 0.039s {{(pid=94342) __acquire /opt/stack/cinder/cinder/coordination.py:141}}
Aug 16 21:23:50 devstack cinder-volume[94342]: DEBUG oslo.privsep.daemon [-] privsep: reply[2b500707-801d-4beb-8daa-33a7f7e1ae77]: (4, 'qcow2') {{(pid=95998) _call_back /opt/stack/data/venv/lib/python3.12/site-packages/oslo_privsep/daemon.py:580}}
Aug 16 21:23:50 devstack cinder-volume[94342]: DEBUG oslo_concurrency.processutils [None req-3884d745-5e78-4714-b8fe-09c87cf1642a tempest-ServerRescueNegativeTestJSON-941339547 None] Running cmd (subprocess): /opt/stack/data/venv/bin/python3.12 -m oslo_concurrency.prlimit --as=1073741824 --cpu=60 -- sudo cinder-rootwrap /etc/cinder/rootwrap.conf env LC_ALL=C qemu-img info -f qcow2 --output=json --force-share /opt/stack/data/cinder/mnt/2852bcb830ff2fcd78bd7a85c5e05cb8/volume-4970f5c4-218a-4708-bce3-e59849788155 {{(pid=94342) execute /opt/stack/data/venv/lib/python3.12/site-packages/oslo_concurrency/processutils.py:440}}
Aug 16 21:23:50 devstack sudo[102598]: pam_unix(sudo:session): session closed for user root
Aug 16 21:23:50 devstack cinder-volume[94342]: DEBUG oslo_concurrency.processutils [None req-c4fed5a2-1e44-4905-9854-18f7c1a5ab99 tempest-GroupsV314Test-251356901 None] CMD "/opt/stack/data/venv/bin/python3.12 -m oslo_concurrency.prlimit --as=1073741824 --cpu=60 -- sudo cinder-rootwrap /etc/cinder/rootwrap.conf env LC_ALL=C qemu-img info -f qcow2 --output=json --force-share /opt/stack/data/cinder/mnt/2852bcb830ff2fcd78bd7a85c5e05cb8/volume-482a9ca9-0fc4-4cce-bf5c-ee5f3d6dce91.3499fb2d-adad-4579-ad2d-4ba93d3a5eb3" returned: 0 in 0.913s {{(pid=94342) execute /opt/stack/data/venv/lib/python3.12/site-packages/oslo_concurrency/processutils.py:468}}
Aug 16 21:23:50 devstack cinder-volume[94342]: DEBUG cinder.volume.drivers.remotefs [None req-c4fed5a2-1e44-4905-9854-18f7c1a5ab99 tempest-GroupsV314Test-251356901 None] Fetching qemu-img info with special backing_file_template: (/opt/stack/data/cinder/mnt/[0-9a-f]+/)?(volume-482a9ca9-0fc4-4cce-bf5c-ee5f3d6dce91(.(tmp-snap-)?[0-9a-f-]+)?|volume_from_snapshot_cache/(tmp-snap-)?[0-9a-f-]+(.(child-|parent-)[0-9a-f-]+)?)$ {{(pid=94342) _qemu_img_info_base /opt/stack/cinder/cinder/volume/drivers/remotefs.py:896}}
Aug 16 21:23:50 devstack cinder-volume[94342]: DEBUG oslo.privsep.daemon [-] privsep: reply[808c06d2-dc15-4f40-940a-21a6e4ee2b52]: (4, 'qcow2') {{(pid=95998) _call_back /opt/stack/data/venv/lib/python3.12/site-packages/oslo_privsep/daemon.py:580}}
Aug 16 21:23:50 devstack cinder-volume[94342]: DEBUG oslo_concurrency.processutils [None req-c4fed5a2-1e44-4905-9854-18f7c1a5ab99 tempest-GroupsV314Test-251356901 None] Running cmd (subprocess): /opt/stack/data/venv/bin/python3.12 -m oslo_concurrency.prlimit --as=1073741824 --cpu=60 -- sudo cinder-rootwrap /etc/cinder/rootwrap.conf env LC_ALL=C qemu-img info -f qcow2 --output=json --force-share /opt/stack/data/cinder/mnt/2852bcb830ff2fcd78bd7a85c5e05cb8/volume-482a9ca9-0fc4-4cce-bf5c-ee5f3d6dce91 {{(pid=94342) execute /opt/stack/data/venv/lib/python3.12/site-packages/oslo_concurrency/processutils.py:440}}
Aug 16 21:23:50 devstack sudo[102606]: quobyte : PWD=/ ; USER=root ; COMMAND=/opt/stack/data/venv/bin/cinder-rootwrap /etc/cinder/rootwrap.conf env LC_ALL=C qemu-img info -f qcow2 --output=json --force-share /opt/stack/data/cinder/mnt/2852bcb830ff2fcd78bd7a85c5e05cb8/volume-4970f5c4-218a-4708-bce3-e59849788155
Aug 16 21:23:50 devstack sudo[102606]: pam_unix(sudo:session): session opened for user root(uid=0) by (uid=1000)
Aug 16 21:23:51 devstack sudo[102607]: quobyte : PWD=/ ; USER=root ; COMMAND=/opt/stack/data/venv/bin/cinder-rootwrap /etc/cinder/rootwrap.conf env LC_ALL=C qemu-img info -f qcow2 --output=json --force-share /opt/stack/data/cinder/mnt/2852bcb830ff2fcd78bd7a85c5e05cb8/volume-482a9ca9-0fc4-4cce-bf5c-ee5f3d6dce91
Aug 16 21:23:51 devstack sudo[102607]: pam_unix(sudo:session): session opened for user root(uid=0) by (uid=1000)
Aug 16 21:23:51 devstack sudo[102607]: pam_unix(sudo:session): session closed for user root
Aug 16 21:23:51 devstack cinder-volume[94342]: DEBUG oslo_concurrency.processutils [None req-c4fed5a2-1e44-4905-9854-18f7c1a5ab99 tempest-GroupsV314Test-251356901 None] CMD "/opt/stack/data/venv/bin/python3.12 -m oslo_concurrency.prlimit --as=1073741824 --cpu=60 -- sudo cinder-rootwrap /etc/cinder/rootwrap.conf env LC_ALL=C qemu-img info -f qcow2 --output=json --force-share /opt/stack/data/cinder/mnt/2852bcb830ff2fcd78bd7a85c5e05cb8/volume-482a9ca9-0fc4-4cce-bf5c-ee5f3d6dce91" returned: 0 in 0.805s {{(pid=94342) execute /opt/stack/data/venv/lib/python3.12/site-packages/oslo_concurrency/processutils.py:468}}
Aug 16 21:23:51 devstack cinder-volume[94342]: DEBUG oslo_concurrency.processutils [None req-c4fed5a2-1e44-4905-9854-18f7c1a5ab99 tempest-GroupsV314Test-251356901 None] Running cmd (subprocess): sudo cinder-rootwrap /etc/cinder/rootwrap.conf qemu-img commit -d /opt/stack/data/cinder/mnt/2852bcb830ff2fcd78bd7a85c5e05cb8/volume-482a9ca9-0fc4-4cce-bf5c-ee5f3d6dce91.3499fb2d-adad-4579-ad2d-4ba93d3a5eb3 {{(pid=94342) execute /opt/stack/data/venv/lib/python3.12/site-packages/oslo_concurrency/processutils.py:440}}
Aug 16 21:23:51 devstack sudo[102613]: quobyte : PWD=/ ; USER=root ; COMMAND=/opt/stack/data/venv/bin/cinder-rootwrap /etc/cinder/rootwrap.conf qemu-img commit -d /opt/stack/data/cinder/mnt/2852bcb830ff2fcd78bd7a85c5e05cb8/volume-482a9ca9-0fc4-4cce-bf5c-ee5f3d6dce91.3499fb2d-adad-4579-ad2d-4ba93d3a5eb3
Aug 16 21:23:51 devstack sudo[102613]: pam_unix(sudo:session): session opened for user root(uid=0) by (uid=1000)
Aug 16 21:23:51 devstack sudo[102606]: pam_unix(sudo:session): session closed for user root
Aug 16 21:23:51 devstack cinder-volume[94342]: DEBUG oslo_concurrency.processutils [None req-3884d745-5e78-4714-b8fe-09c87cf1642a tempest-ServerRescueNegativeTestJSON-941339547 None] CMD "/opt/stack/data/venv/bin/python3.12 -m oslo_concurrency.prlimit --as=1073741824 --cpu=60 -- sudo cinder-rootwrap /etc/cinder/rootwrap.conf env LC_ALL=C qemu-img info -f qcow2 --output=json --force-share /opt/stack/data/cinder/mnt/2852bcb830ff2fcd78bd7a85c5e05cb8/volume-4970f5c4-218a-4708-bce3-e59849788155" returned: 0 in 1.194s {{(pid=94342) execute /opt/stack/data/venv/lib/python3.12/site-packages/oslo_concurrency/processutils.py:468}}
Aug 16 21:23:51 devstack cinder-volume[94342]: DEBUG oslo_concurrency.processutils [None req-3884d745-5e78-4714-b8fe-09c87cf1642a tempest-ServerRescueNegativeTestJSON-941339547 None] Running cmd (subprocess): sudo cinder-rootwrap /etc/cinder/rootwrap.conf rm -f /opt/stack/data/cinder/mnt/2852bcb830ff2fcd78bd7a85c5e05cb8/volume-4970f5c4-218a-4708-bce3-e59849788155 {{(pid=94342) execute /opt/stack/data/venv/lib/python3.12/site-packages/oslo_concurrency/processutils.py:440}}
Aug 16 21:23:51 devstack sudo[102618]: quobyte : PWD=/ ; USER=root ; COMMAND=/opt/stack/data/venv/bin/cinder-rootwrap /etc/cinder/rootwrap.conf rm -f /opt/stack/data/cinder/mnt/2852bcb830ff2fcd78bd7a85c5e05cb8/volume-4970f5c4-218a-4708-bce3-e59849788155
Aug 16 21:23:51 devstack sudo[102618]: pam_unix(sudo:session): session opened for user root(uid=0) by (uid=1000)
Aug 16 21:23:52 devstack sudo[102618]: pam_unix(sudo:session): session closed for user root
Aug 16 21:23:52 devstack cinder-volume[94342]: DEBUG oslo_concurrency.processutils [None req-3884d745-5e78-4714-b8fe-09c87cf1642a tempest-ServerRescueNegativeTestJSON-941339547 None] CMD "sudo cinder-rootwrap /etc/cinder/rootwrap.conf rm -f /opt/stack/data/cinder/mnt/2852bcb830ff2fcd78bd7a85c5e05cb8/volume-4970f5c4-218a-4708-bce3-e59849788155" returned: 0 in 0.346s {{(pid=94342) execute /opt/stack/data/venv/lib/python3.12/site-packages/oslo_concurrency/processutils.py:468}}
Aug 16 21:23:52 devstack sudo[102613]: pam_unix(sudo:session): session closed for user root
Aug 16 21:23:52 devstack cinder-volume[94342]: DEBUG oslo_concurrency.processutils [None req-c4fed5a2-1e44-4905-9854-18f7c1a5ab99 tempest-GroupsV314Test-251356901 None] CMD "sudo cinder-rootwrap /etc/cinder/rootwrap.conf qemu-img commit -d /opt/stack/data/cinder/mnt/2852bcb830ff2fcd78bd7a85c5e05cb8/volume-482a9ca9-0fc4-4cce-bf5c-ee5f3d6dce91.3499fb2d-adad-4579-ad2d-4ba93d3a5eb3" returned: 0 in 0.634s {{(pid=94342) execute /opt/stack/data/venv/lib/python3.12/site-packages/oslo_concurrency/processutils.py:468}}
Aug 16 21:23:52 devstack cinder-volume[94342]: DEBUG oslo_concurrency.processutils [None req-c4fed5a2-1e44-4905-9854-18f7c1a5ab99 tempest-GroupsV314Test-251356901 None] Running cmd (subprocess): sudo cinder-rootwrap /etc/cinder/rootwrap.conf rm -f /opt/stack/data/cinder/mnt/2852bcb830ff2fcd78bd7a85c5e05cb8/volume-482a9ca9-0fc4-4cce-bf5c-ee5f3d6dce91.3499fb2d-adad-4579-ad2d-4ba93d3a5eb3 {{(pid=94342) execute /opt/stack/data/venv/lib/python3.12/site-packages/oslo_concurrency/processutils.py:440}}
Aug 16 21:23:52 devstack cinder-volume[94342]: DEBUG cinder.coordination [None req-3884d745-5e78-4714-b8fe-09c87cf1642a tempest-ServerRescueNegativeTestJSON-941339547 None] Lock "cinder-quobyte-4970f5c4-218a-4708-bce3-e59849788155" released by "delete_volume" :: held 1.666s {{(pid=94342) __release /opt/stack/cinder/cinder/coordination.py:152}}
Aug 16 21:23:52 devstack sudo[102624]: quobyte : PWD=/ ; USER=root ; COMMAND=/opt/stack/data/venv/bin/cinder-rootwrap /etc/cinder/rootwrap.conf rm -f /opt/stack/data/cinder/mnt/2852bcb830ff2fcd78bd7a85c5e05cb8/volume-482a9ca9-0fc4-4cce-bf5c-ee5f3d6dce91.3499fb2d-adad-4579-ad2d-4ba93d3a5eb3
Aug 16 21:23:52 devstack sudo[102624]: pam_unix(sudo:session): session opened for user root(uid=0) by (uid=1000)
Aug 16 21:23:52 devstack cinder-volume[94342]: DEBUG cinder.quota [None req-3884d745-5e78-4714-b8fe-09c87cf1642a tempest-ServerRescueNegativeTestJSON-941339547 None] Created reservations ['0817dc3d-6634-426a-a7b3-81ea054931f2', 'a37cb137-047b-4e39-8572-f3491c960884', 'd6faea5d-5c85-4427-8263-026382e38083', 'ecc35a09-1e55-4a62-9542-425b3dea4f1d'] {{(pid=94342) reserve /opt/stack/cinder/cinder/quota.py:752}}
Aug 16 21:23:52 devstack cinder-volume[94342]: DEBUG oslo_concurrency.lockutils [None req-3884d745-5e78-4714-b8fe-09c87cf1642a tempest-ServerRescueNegativeTestJSON-941339547 None] Acquiring lock "quobyte_ensure" by "cinder.volume.drivers.quobyte.QuobyteDriver._ensure_shares_mounted" {{(pid=94342) inner /opt/stack/data/venv/lib/python3.12/site-packages/oslo_concurrency/lockutils.py:512}}
Aug 16 21:23:52 devstack cinder-volume[94342]: DEBUG oslo_concurrency.lockutils [None req-3884d745-5e78-4714-b8fe-09c87cf1642a tempest-ServerRescueNegativeTestJSON-941339547 None] Lock "quobyte_ensure" acquired by "cinder.volume.drivers.quobyte.QuobyteDriver._ensure_shares_mounted" :: waited 0.007s {{(pid=94342) inner /opt/stack/data/venv/lib/python3.12/site-packages/oslo_concurrency/lockutils.py:525}}
Aug 16 21:23:52 devstack cinder-volume[94342]: DEBUG cinder.volume.drivers.quobyte [None req-3884d745-5e78-4714-b8fe-09c87cf1642a tempest-ServerRescueNegativeTestJSON-941339547 None] Quobyte Volume URL set to: {'osci02.corp.quobyte.com/cinder-vol-af271d9e-7a7d-4d7b-8c22-6c94d00dd2ec': None} {{(pid=94342) _load_shares_config /opt/stack/cinder/cinder/volume/drivers/quobyte.py:651}}
