Aug 16 21:22:09 devstack cinder-volume[94342]: DEBUG oslo_service.periodic_task [None req-fcca59cc-2f68-46c6-a391-0590f5f0ddfc None None] Running periodic task VolumeManager.publish_service_capabilities {{(pid=94342) run_periodic_tasks /opt/stack/data/venv/lib/python3.12/site-packages/oslo_service/periodic_task.py:254}}
Aug 16 21:22:09 devstack cinder-volume[94342]: DEBUG oslo_concurrency.lockutils [None req-fcca59cc-2f68-46c6-a391-0590f5f0ddfc None None] Acquiring lock "quobyte_ensure" by "cinder.volume.drivers.quobyte.QuobyteDriver._ensure_shares_mounted" {{(pid=94342) inner /opt/stack/data/venv/lib/python3.12/site-packages/oslo_concurrency/lockutils.py:512}}
Aug 16 21:22:09 devstack cinder-volume[94342]: DEBUG oslo_concurrency.lockutils [None req-fcca59cc-2f68-46c6-a391-0590f5f0ddfc None None] Lock "quobyte_ensure" acquired by "cinder.volume.drivers.quobyte.QuobyteDriver._ensure_shares_mounted" :: waited 0.000s {{(pid=94342) inner /opt/stack/data/venv/lib/python3.12/site-packages/oslo_concurrency/lockutils.py:525}}
Aug 16 21:22:09 devstack cinder-volume[94342]: DEBUG cinder.volume.drivers.quobyte [None req-fcca59cc-2f68-46c6-a391-0590f5f0ddfc None None] Quobyte Volume URL set to: {'osci02.corp.quobyte.com/cinder-vol-af271d9e-7a7d-4d7b-8c22-6c94d00dd2ec': None} {{(pid=94342) _load_shares_config /opt/stack/cinder/cinder/volume/drivers/quobyte.py:651}}
Aug 16 21:22:09 devstack cinder-volume[94342]: DEBUG cinder.volume.drivers.quobyte [None req-fcca59cc-2f68-46c6-a391-0590f5f0ddfc None None] Available shares ['osci02.corp.quobyte.com/cinder-vol-af271d9e-7a7d-4d7b-8c22-6c94d00dd2ec'] {{(pid=94342) _ensure_shares_mounted /opt/stack/cinder/cinder/volume/drivers/quobyte.py:681}}
Aug 16 21:22:09 devstack cinder-volume[94342]: DEBUG oslo_concurrency.lockutils [None req-fcca59cc-2f68-46c6-a391-0590f5f0ddfc None None] Lock "quobyte_ensure" "released" by "cinder.volume.drivers.quobyte.QuobyteDriver._ensure_shares_mounted" :: held 0.010s {{(pid=94342) inner /opt/stack/data/venv/lib/python3.12/site-packages/oslo_concurrency/lockutils.py:544}}
Aug 16 21:22:09 devstack cinder-volume[94342]: DEBUG oslo_concurrency.processutils [None req-fcca59cc-2f68-46c6-a391-0590f5f0ddfc None None] Running cmd (subprocess): sudo cinder-rootwrap /etc/cinder/rootwrap.conf df --portability --block-size 1 /opt/stack/data/cinder/mnt/2852bcb830ff2fcd78bd7a85c5e05cb8 {{(pid=94342) execute /opt/stack/data/venv/lib/python3.12/site-packages/oslo_concurrency/processutils.py:440}}
Aug 16 21:22:09 devstack sudo[100796]: quobyte : PWD=/ ; USER=root ; COMMAND=/opt/stack/data/venv/bin/cinder-rootwrap /etc/cinder/rootwrap.conf df --portability --block-size 1 /opt/stack/data/cinder/mnt/2852bcb830ff2fcd78bd7a85c5e05cb8
Aug 16 21:22:09 devstack sudo[100796]: pam_unix(sudo:session): session opened for user root(uid=0) by (uid=1000)
Aug 16 21:22:09 devstack sudo[100793]: pam_unix(sudo:session): session closed for user root
Aug 16 21:22:09 devstack cinder-volume[94342]: DEBUG oslo_concurrency.processutils [None req-1813a87c-799b-4d32-84a8-b1170f9f69df tempest-AttachVolumeTestJSON-638489269 None] CMD "sudo cinder-rootwrap /etc/cinder/rootwrap.conf rm -f /opt/stack/data/cinder/mnt/2852bcb830ff2fcd78bd7a85c5e05cb8/volume-2c2e7431-d2b4-4592-91ac-f2f7768b8319" returned: 0 in 0.309s {{(pid=94342) execute /opt/stack/data/venv/lib/python3.12/site-packages/oslo_concurrency/processutils.py:468}}
Aug 16 21:22:09 devstack cinder-volume[94342]: DEBUG cinder.coordination [None req-1813a87c-799b-4d32-84a8-b1170f9f69df tempest-AttachVolumeTestJSON-638489269 None] Lock "cinder-quobyte-2c2e7431-d2b4-4592-91ac-f2f7768b8319" released by "delete_volume" :: held 0.826s {{(pid=94342) __release /opt/stack/cinder/cinder/coordination.py:152}}
Aug 16 21:22:09 devstack sudo[100787]: pam_unix(sudo:session): session closed for user root
Aug 16 21:22:09 devstack cinder-volume[94342]: DEBUG oslo_concurrency.processutils [None req-36f39d43-98d6-4fae-b669-b96974ce9516 tempest-GroupSnapshotsTest-1750466764 None] CMD "/opt/stack/data/venv/bin/python3.12 -m oslo_concurrency.prlimit --as=1073741824 --cpu=60 -- sudo cinder-rootwrap /etc/cinder/rootwrap.conf env LC_ALL=C qemu-img info -f qcow2 --output=json --force-share /opt/stack/data/cinder/mnt/2852bcb830ff2fcd78bd7a85c5e05cb8/volume-79aa7f69-17d2-4778-aa22-e740582dcdd0" returned: 0 in 0.437s {{(pid=94342) execute /opt/stack/data/venv/lib/python3.12/site-packages/oslo_concurrency/processutils.py:468}}
Aug 16 21:22:09 devstack cinder-volume[94342]: DEBUG oslo_concurrency.processutils [None req-36f39d43-98d6-4fae-b669-b96974ce9516 tempest-GroupSnapshotsTest-1750466764 None] Running cmd (subprocess): sudo cinder-rootwrap /etc/cinder/rootwrap.conf qemu-img create -f qcow2 -o backing_file=/opt/stack/data/cinder/mnt/2852bcb830ff2fcd78bd7a85c5e05cb8/volume-79aa7f69-17d2-4778-aa22-e740582dcdd0,backing_fmt=qcow2 /opt/stack/data/cinder/mnt/2852bcb830ff2fcd78bd7a85c5e05cb8/volume-79aa7f69-17d2-4778-aa22-e740582dcdd0.1a498e40-213e-40fc-95b9-a8e761ec4abb 1G {{(pid=94342) execute /opt/stack/data/venv/lib/python3.12/site-packages/oslo_concurrency/processutils.py:440}}
Aug 16 21:22:09 devstack cinder-volume[94342]: DEBUG cinder.quota [None req-1813a87c-799b-4d32-84a8-b1170f9f69df tempest-AttachVolumeTestJSON-638489269 None] Created reservations ['ca58c332-59c7-4bfd-a864-c4c58c30c732', 'a7e52319-0598-4ff8-9dfe-dfe4489bebba', 'b9e4d35e-bbfd-4119-a0e0-efe94a044b77', 'f483c154-0301-4e7f-b502-a5d717f6802f'] {{(pid=94342) reserve /opt/stack/cinder/cinder/quota.py:752}}
Aug 16 21:22:09 devstack sudo[100802]: quobyte : PWD=/ ; USER=root ; COMMAND=/opt/stack/data/venv/bin/cinder-rootwrap /etc/cinder/rootwrap.conf qemu-img create -f qcow2 -o backing_file=/opt/stack/data/cinder/mnt/2852bcb830ff2fcd78bd7a85c5e05cb8/volume-79aa7f69-17d2-4778-aa22-e740582dcdd0,backing_fmt=qcow2 /opt/stack/data/cinder/mnt/2852bcb830ff2fcd78bd7a85c5e05cb8/volume-79aa7f69-17d2-4778-aa22-e740582dcdd0.1a498e40-213e-40fc-95b9-a8e761ec4abb 1G
Aug 16 21:22:09 devstack sudo[100802]: pam_unix(sudo:session): session opened for user root(uid=0) by (uid=1000)
Aug 16 21:22:09 devstack cinder-volume[94342]: DEBUG oslo_concurrency.lockutils [None req-1813a87c-799b-4d32-84a8-b1170f9f69df tempest-AttachVolumeTestJSON-638489269 None] Acquiring lock "quobyte_ensure" by "cinder.volume.drivers.quobyte.QuobyteDriver._ensure_shares_mounted" {{(pid=94342) inner /opt/stack/data/venv/lib/python3.12/site-packages/oslo_concurrency/lockutils.py:512}}
Aug 16 21:22:09 devstack cinder-volume[94342]: DEBUG oslo_concurrency.lockutils [None req-1813a87c-799b-4d32-84a8-b1170f9f69df tempest-AttachVolumeTestJSON-638489269 None] Lock "quobyte_ensure" acquired by "cinder.volume.drivers.quobyte.QuobyteDriver._ensure_shares_mounted" :: waited 0.001s {{(pid=94342) inner /opt/stack/data/venv/lib/python3.12/site-packages/oslo_concurrency/lockutils.py:525}}
Aug 16 21:22:09 devstack cinder-volume[94342]: DEBUG cinder.volume.drivers.quobyte [None req-1813a87c-799b-4d32-84a8-b1170f9f69df tempest-AttachVolumeTestJSON-638489269 None] Quobyte Volume URL set to: {'osci02.corp.quobyte.com/cinder-vol-af271d9e-7a7d-4d7b-8c22-6c94d00dd2ec': None} {{(pid=94342) _load_shares_config /opt/stack/cinder/cinder/volume/drivers/quobyte.py:651}}
Aug 16 21:22:09 devstack cinder-volume[94342]: DEBUG cinder.volume.drivers.quobyte [None req-1813a87c-799b-4d32-84a8-b1170f9f69df tempest-AttachVolumeTestJSON-638489269 None] Available shares ['osci02.corp.quobyte.com/cinder-vol-af271d9e-7a7d-4d7b-8c22-6c94d00dd2ec'] {{(pid=94342) _ensure_shares_mounted /opt/stack/cinder/cinder/volume/drivers/quobyte.py:681}}
Aug 16 21:22:09 devstack cinder-volume[94342]: DEBUG oslo_concurrency.lockutils [None req-1813a87c-799b-4d32-84a8-b1170f9f69df tempest-AttachVolumeTestJSON-638489269 None] Lock "quobyte_ensure" "released" by "cinder.volume.drivers.quobyte.QuobyteDriver._ensure_shares_mounted" :: held 0.009s {{(pid=94342) inner /opt/stack/data/venv/lib/python3.12/site-packages/oslo_concurrency/lockutils.py:544}}
Aug 16 21:22:09 devstack cinder-volume[94342]: DEBUG oslo_concurrency.processutils [None req-1813a87c-799b-4d32-84a8-b1170f9f69df tempest-AttachVolumeTestJSON-638489269 None] Running cmd (subprocess): sudo cinder-rootwrap /etc/cinder/rootwrap.conf df --portability --block-size 1 /opt/stack/data/cinder/mnt/2852bcb830ff2fcd78bd7a85c5e05cb8 {{(pid=94342) execute /opt/stack/data/venv/lib/python3.12/site-packages/oslo_concurrency/processutils.py:440}}
Aug 16 21:22:09 devstack sudo[100796]: pam_unix(sudo:session): session closed for user root
Aug 16 21:22:09 devstack cinder-volume[94342]: DEBUG oslo_concurrency.processutils [None req-fcca59cc-2f68-46c6-a391-0590f5f0ddfc None None] CMD "sudo cinder-rootwrap /etc/cinder/rootwrap.conf df --portability --block-size 1 /opt/stack/data/cinder/mnt/2852bcb830ff2fcd78bd7a85c5e05cb8" returned: 0 in 0.337s {{(pid=94342) execute /opt/stack/data/venv/lib/python3.12/site-packages/oslo_concurrency/processutils.py:468}}
Aug 16 21:22:09 devstack cinder-volume[94342]: DEBUG cinder.manager [None req-fcca59cc-2f68-46c6-a391-0590f5f0ddfc None None] Notifying Schedulers of capabilities ... {{(pid=94342) _publish_service_capabilities /opt/stack/cinder/cinder/manager.py:219}}
Aug 16 21:22:09 devstack cinder-volume[94342]: DEBUG oslo_service.periodic_task [None req-fcca59cc-2f68-46c6-a391-0590f5f0ddfc None None] Running periodic task VolumeManager._thread_info {{(pid=94342) run_periodic_tasks /opt/stack/data/venv/lib/python3.12/site-packages/oslo_service/periodic_task.py:254}}
Aug 16 21:22:09 devstack cinder-volume[94342]: DEBUG cinder.volume.manager [None req-fcca59cc-2f68-46c6-a391-0590f5f0ddfc None None] thread count: 28 {{(pid=94342) _thread_info /opt/stack/cinder/cinder/volume/manager.py:5472}}
Aug 16 21:22:09 devstack cinder-volume[94342]: DEBUG cinder.volume.manager [None req-fcca59cc-2f68-46c6-a391-0590f5f0ddfc None None] thread info: [<_MainThread(MainThread, started 140145850327168)>, , , , , , , , , , , , , , , , , , , , , , , , , , , ] {{(pid=94342) _thread_info /opt/stack/cinder/cinder/volume/manager.py:5473}}
Aug 16 21:22:10 devstack sudo[100805]: quobyte : PWD=/ ; USER=root ; COMMAND=/opt/stack/data/venv/bin/cinder-rootwrap /etc/cinder/rootwrap.conf df --portability --block-size 1 /opt/stack/data/cinder/mnt/2852bcb830ff2fcd78bd7a85c5e05cb8
Aug 16 21:22:10 devstack sudo[100805]: pam_unix(sudo:session): session opened for user root(uid=0) by (uid=1000)
Aug 16 21:22:10 devstack cinder-volume[94342]: DEBUG cinder.coordination [None req-57fff547-2a81-44f5-b6ac-2c4bbf0d49bb tempest-AttachVolumeTestJSON-638489269 None] Acquiring lock "cinder-45b1073a-192d-4044-972d-f11372804783-delete_volume" by "delete_volume" {{(pid=94342) __acquire /opt/stack/cinder/cinder/coordination.py:138}}
Aug 16 21:22:10 devstack cinder-volume[94342]: DEBUG cinder.coordination [None req-57fff547-2a81-44f5-b6ac-2c4bbf0d49bb tempest-AttachVolumeTestJSON-638489269 None] Lock "cinder-45b1073a-192d-4044-972d-f11372804783-delete_volume" acquired by "delete_volume" :: waited 0.025s {{(pid=94342) __acquire /opt/stack/cinder/cinder/coordination.py:141}}
Aug 16 21:22:10 devstack cinder-volume[94342]: DEBUG cinder.coordination [None req-57fff547-2a81-44f5-b6ac-2c4bbf0d49bb tempest-AttachVolumeTestJSON-638489269 None] Acquiring lock "cinder-quobyte-45b1073a-192d-4044-972d-f11372804783" by "delete_volume" {{(pid=94342) __acquire /opt/stack/cinder/cinder/coordination.py:138}}
Aug 16 21:22:10 devstack sudo[100805]: pam_unix(sudo:session): session closed for user root
Aug 16 21:22:10 devstack cinder-volume[94342]: DEBUG cinder.coordination [None req-57fff547-2a81-44f5-b6ac-2c4bbf0d49bb tempest-AttachVolumeTestJSON-638489269 None] Lock "cinder-quobyte-45b1073a-192d-4044-972d-f11372804783" acquired by "delete_volume" :: waited 0.021s {{(pid=94342) __acquire /opt/stack/cinder/cinder/coordination.py:141}}
Aug 16 21:22:10 devstack cinder-volume[94342]: DEBUG oslo_concurrency.processutils [None req-1813a87c-799b-4d32-84a8-b1170f9f69df tempest-AttachVolumeTestJSON-638489269 None] CMD "sudo cinder-rootwrap /etc/cinder/rootwrap.conf df --portability --block-size 1 /opt/stack/data/cinder/mnt/2852bcb830ff2fcd78bd7a85c5e05cb8" returned: 0 in 0.326s {{(pid=94342) execute /opt/stack/data/venv/lib/python3.12/site-packages/oslo_concurrency/processutils.py:468}}
Aug 16 21:22:10 devstack cinder-volume[94342]: DEBUG cinder.manager [None req-1813a87c-799b-4d32-84a8-b1170f9f69df tempest-AttachVolumeTestJSON-638489269 None] Notifying Schedulers of capabilities ... {{(pid=94342) _publish_service_capabilities /opt/stack/cinder/cinder/manager.py:219}}
Aug 16 21:22:10 devstack cinder-volume[94342]: INFO cinder.volume.manager [None req-1813a87c-799b-4d32-84a8-b1170f9f69df tempest-AttachVolumeTestJSON-638489269 None] Deleted volume successfully.
Aug 16 21:22:10 devstack cinder-volume[94342]: DEBUG oslo.privsep.daemon [-] privsep: reply[5dee112a-bff8-4766-983e-5803b4b8a14f]: (4, 'qcow2') {{(pid=95998) _call_back /opt/stack/data/venv/lib/python3.12/site-packages/oslo_privsep/daemon.py:580}}
Aug 16 21:22:10 devstack cinder-volume[94342]: DEBUG oslo_concurrency.processutils [None req-57fff547-2a81-44f5-b6ac-2c4bbf0d49bb tempest-AttachVolumeTestJSON-638489269 None] Running cmd (subprocess): /opt/stack/data/venv/bin/python3.12 -m oslo_concurrency.prlimit --as=1073741824 --cpu=60 -- sudo cinder-rootwrap /etc/cinder/rootwrap.conf env LC_ALL=C qemu-img info -f qcow2 --output=json --force-share /opt/stack/data/cinder/mnt/2852bcb830ff2fcd78bd7a85c5e05cb8/volume-45b1073a-192d-4044-972d-f11372804783 {{(pid=94342) execute /opt/stack/data/venv/lib/python3.12/site-packages/oslo_concurrency/processutils.py:440}}
Aug 16 21:22:10 devstack cinder-volume[94342]: DEBUG cinder.coordination [None req-1813a87c-799b-4d32-84a8-b1170f9f69df tempest-AttachVolumeTestJSON-638489269 None] Lock "cinder-2c2e7431-d2b4-4592-91ac-f2f7768b8319-delete_volume" released by "delete_volume" :: held 1.447s {{(pid=94342) __release /opt/stack/cinder/cinder/coordination.py:152}}
Aug 16 21:22:10 devstack sudo[100802]: pam_unix(sudo:session): session closed for user root
Aug 16 21:22:10 devstack cinder-volume[94342]: DEBUG oslo_concurrency.processutils [None req-36f39d43-98d6-4fae-b669-b96974ce9516 tempest-GroupSnapshotsTest-1750466764 None] CMD "sudo cinder-rootwrap /etc/cinder/rootwrap.conf qemu-img create -f qcow2 -o backing_file=/opt/stack/data/cinder/mnt/2852bcb830ff2fcd78bd7a85c5e05cb8/volume-79aa7f69-17d2-4778-aa22-e740582dcdd0,backing_fmt=qcow2 /opt/stack/data/cinder/mnt/2852bcb830ff2fcd78bd7a85c5e05cb8/volume-79aa7f69-17d2-4778-aa22-e740582dcdd0.1a498e40-213e-40fc-95b9-a8e761ec4abb 1G" returned: 0 in 0.544s {{(pid=94342) execute /opt/stack/data/venv/lib/python3.12/site-packages/oslo_concurrency/processutils.py:468}}
Aug 16 21:22:10 devstack cinder-volume[94342]: DEBUG oslo_concurrency.processutils [None req-36f39d43-98d6-4fae-b669-b96974ce9516 tempest-GroupSnapshotsTest-1750466764 None] Running cmd (subprocess): sudo cinder-rootwrap /etc/cinder/rootwrap.conf qemu-img rebase -u -b volume-79aa7f69-17d2-4778-aa22-e740582dcdd0 -F qcow2 /opt/stack/data/cinder/mnt/2852bcb830ff2fcd78bd7a85c5e05cb8/volume-79aa7f69-17d2-4778-aa22-e740582dcdd0.1a498e40-213e-40fc-95b9-a8e761ec4abb {{(pid=94342) execute /opt/stack/data/venv/lib/python3.12/site-packages/oslo_concurrency/processutils.py:440}}
Aug 16 21:22:10 devstack sudo[100813]: quobyte : PWD=/ ; USER=root ; COMMAND=/opt/stack/data/venv/bin/cinder-rootwrap /etc/cinder/rootwrap.conf qemu-img rebase -u -b volume-79aa7f69-17d2-4778-aa22-e740582dcdd0 -F qcow2 /opt/stack/data/cinder/mnt/2852bcb830ff2fcd78bd7a85c5e05cb8/volume-79aa7f69-17d2-4778-aa22-e740582dcdd0.1a498e40-213e-40fc-95b9-a8e761ec4abb
Aug 16 21:22:10 devstack sudo[100813]: pam_unix(sudo:session): session opened for user root(uid=0) by (uid=1000)
Aug 16 21:22:10 devstack sudo[100811]: quobyte : PWD=/ ; USER=root ; COMMAND=/opt/stack/data/venv/bin/cinder-rootwrap /etc/cinder/rootwrap.conf env LC_ALL=C qemu-img info -f qcow2 --output=json --force-share /opt/stack/data/cinder/mnt/2852bcb830ff2fcd78bd7a85c5e05cb8/volume-45b1073a-192d-4044-972d-f11372804783
Aug 16 21:22:10 devstack sudo[100811]: pam_unix(sudo:session): session opened for user root(uid=0) by (uid=1000)
Aug 16 21:22:10 devstack sudo[100813]: pam_unix(sudo:session): session closed for user root
Aug 16 21:22:10 devstack cinder-volume[94342]: DEBUG oslo_concurrency.processutils [None req-36f39d43-98d6-4fae-b669-b96974ce9516 tempest-GroupSnapshotsTest-1750466764 None] CMD "sudo cinder-rootwrap /etc/cinder/rootwrap.conf qemu-img rebase -u -b volume-79aa7f69-17d2-4778-aa22-e740582dcdd0 -F qcow2 /opt/stack/data/cinder/mnt/2852bcb830ff2fcd78bd7a85c5e05cb8/volume-79aa7f69-17d2-4778-aa22-e740582dcdd0.1a498e40-213e-40fc-95b9-a8e761ec4abb" returned: 0 in 0.291s {{(pid=94342) execute /opt/stack/data/venv/lib/python3.12/site-packages/oslo_concurrency/processutils.py:468}}
Aug 16 21:22:10 devstack cinder-volume[94342]: WARNING cinder.volume.drivers.remotefs [None req-36f39d43-98d6-4fae-b669-b96974ce9516 tempest-GroupSnapshotsTest-1750466764 None] /opt/stack/data/cinder/mnt/2852bcb830ff2fcd78bd7a85c5e05cb8/volume-79aa7f69-17d2-4778-aa22-e740582dcdd0.1a498e40-213e-40fc-95b9-a8e761ec4abb is being set with open permissions: ugo+rw: NotImplementedError
Aug 16 21:22:10 devstack cinder-volume[94342]: DEBUG oslo_concurrency.processutils [None req-36f39d43-98d6-4fae-b669-b96974ce9516 tempest-GroupSnapshotsTest-1750466764 None] Running cmd (subprocess): sudo cinder-rootwrap /etc/cinder/rootwrap.conf chmod ugo+rw /opt/stack/data/cinder/mnt/2852bcb830ff2fcd78bd7a85c5e05cb8/volume-79aa7f69-17d2-4778-aa22-e740582dcdd0.1a498e40-213e-40fc-95b9-a8e761ec4abb {{(pid=94342) execute /opt/stack/data/venv/lib/python3.12/site-packages/oslo_concurrency/processutils.py:440}}
Aug 16 21:22:10 devstack sudo[100811]: pam_unix(sudo:session): session closed for user root
Aug 16 21:22:10 devstack cinder-volume[94342]: DEBUG oslo_concurrency.processutils [None req-57fff547-2a81-44f5-b6ac-2c4bbf0d49bb tempest-AttachVolumeTestJSON-638489269 None] CMD "/opt/stack/data/venv/bin/python3.12 -m oslo_concurrency.prlimit --as=1073741824 --cpu=60 -- sudo cinder-rootwrap /etc/cinder/rootwrap.conf env LC_ALL=C qemu-img info -f qcow2 --output=json --force-share /opt/stack/data/cinder/mnt/2852bcb830ff2fcd78bd7a85c5e05cb8/volume-45b1073a-192d-4044-972d-f11372804783" returned: 0 in 0.374s {{(pid=94342) execute /opt/stack/data/venv/lib/python3.12/site-packages/oslo_concurrency/processutils.py:468}}
Aug 16 21:22:10 devstack cinder-volume[94342]: DEBUG oslo_concurrency.processutils [None req-57fff547-2a81-44f5-b6ac-2c4bbf0d49bb tempest-AttachVolumeTestJSON-638489269 None] Running cmd (subprocess): sudo cinder-rootwrap /etc/cinder/rootwrap.conf rm -f /opt/stack/data/cinder/mnt/2852bcb830ff2fcd78bd7a85c5e05cb8/volume-45b1073a-192d-4044-972d-f11372804783 {{(pid=94342) execute /opt/stack/data/venv/lib/python3.12/site-packages/oslo_concurrency/processutils.py:440}}
Aug 16 21:22:10 devstack sudo[100822]: quobyte : PWD=/ ; USER=root ; COMMAND=/opt/stack/data/venv/bin/cinder-rootwrap /etc/cinder/rootwrap.conf chmod ugo+rw /opt/stack/data/cinder/mnt/2852bcb830ff2fcd78bd7a85c5e05cb8/volume-79aa7f69-17d2-4778-aa22-e740582dcdd0.1a498e40-213e-40fc-95b9-a8e761ec4abb
Aug 16 21:22:10 devstack sudo[100822]: pam_unix(sudo:session): session opened for user root(uid=0) by (uid=1000)
Aug 16 21:22:10 devstack sudo[100823]: quobyte : PWD=/ ; USER=root ; COMMAND=/opt/stack/data/venv/bin/cinder-rootwrap /etc/cinder/rootwrap.conf rm -f /opt/stack/data/cinder/mnt/2852bcb830ff2fcd78bd7a85c5e05cb8/volume-45b1073a-192d-4044-972d-f11372804783
Aug 16 21:22:10 devstack sudo[100823]: pam_unix(sudo:session): session opened for user root(uid=0) by (uid=1000)
Aug 16 21:22:10 devstack sudo[100822]: pam_unix(sudo:session): session closed for user root
Aug 16 21:22:10 devstack cinder-volume[94342]: DEBUG oslo_concurrency.processutils [None req-36f39d43-98d6-4fae-b669-b96974ce9516 tempest-GroupSnapshotsTest-1750466764 None] CMD "sudo cinder-rootwrap /etc/cinder/rootwrap.conf chmod ugo+rw /opt/stack/data/cinder/mnt/2852bcb830ff2fcd78bd7a85c5e05cb8/volume-79aa7f69-17d2-4778-aa22-e740582dcdd0.1a498e40-213e-40fc-95b9-a8e761ec4abb" returned: 0 in 0.244s {{(pid=94342) execute /opt/stack/data/venv/lib/python3.12/site-packages/oslo_concurrency/processutils.py:468}}
Aug 16 21:22:10 devstack sudo[100823]: pam_unix(sudo:session): session closed for user root
Aug 16 21:22:10 devstack cinder-volume[94342]: DEBUG oslo_concurrency.processutils [None req-57fff547-2a81-44f5-b6ac-2c4bbf0d49bb tempest-AttachVolumeTestJSON-638489269 None] CMD "sudo cinder-rootwrap /etc/cinder/rootwrap.conf rm -f /opt/stack/data/cinder/mnt/2852bcb830ff2fcd78bd7a85c5e05cb8/volume-45b1073a-192d-4044-972d-f11372804783" returned: 0 in 0.248s {{(pid=94342) execute /opt/stack/data/venv/lib/python3.12/site-packages/oslo_concurrency/processutils.py:468}}
Aug 16 21:22:10 devstack cinder-volume[94342]: DEBUG oslo_concurrency.processutils [None req-36f39d43-98d6-4fae-b669-b96974ce9516 tempest-GroupSnapshotsTest-1750466764 None] Running cmd (subprocess): sudo cinder-rootwrap /etc/cinder/rootwrap.conf truncate -s0 /opt/stack/data/cinder/mnt/2852bcb830ff2fcd78bd7a85c5e05cb8/volume-79aa7f69-17d2-4778-aa22-e740582dcdd0.info {{(pid=94342) execute /opt/stack/data/venv/lib/python3.12/site-packages/oslo_concurrency/processutils.py:440}}
Aug 16 21:22:10 devstack cinder-volume[94342]: DEBUG cinder.coordination [None req-57fff547-2a81-44f5-b6ac-2c4bbf0d49bb tempest-AttachVolumeTestJSON-638489269 None] Lock "cinder-quobyte-45b1073a-192d-4044-972d-f11372804783" released by "delete_volume" :: held 0.683s {{(pid=94342) __release /opt/stack/cinder/cinder/coordination.py:152}}
Aug 16 21:22:10 devstack sudo[100828]: quobyte : PWD=/ ; USER=root ; COMMAND=/opt/stack/data/venv/bin/cinder-rootwrap /etc/cinder/rootwrap.conf truncate -s0 /opt/stack/data/cinder/mnt/2852bcb830ff2fcd78bd7a85c5e05cb8/volume-79aa7f69-17d2-4778-aa22-e740582dcdd0.info
Aug 16 21:22:10 devstack sudo[100828]: pam_unix(sudo:session): session opened for user root(uid=0) by (uid=1000)
Aug 16 21:22:10 devstack cinder-volume[94342]: DEBUG cinder.quota [None req-57fff547-2a81-44f5-b6ac-2c4bbf0d49bb tempest-AttachVolumeTestJSON-638489269 None] Created reservations ['d609c519-7465-4f73-a295-c78e5a69ba82', 'd9dfda3d-22bb-4631-91bb-979c4a2672fa', '11fdc4fb-c1a2-4302-b18a-f45da5347855', '6ad92309-7f93-41bd-bc07-7ac43710e2b1'] {{(pid=94342) reserve /opt/stack/cinder/cinder/quota.py:752}}
Aug 16 21:22:11 devstack cinder-volume[94342]: DEBUG oslo_concurrency.lockutils [None req-57fff547-2a81-44f5-b6ac-2c4bbf0d49bb tempest-AttachVolumeTestJSON-638489269 None] Acquiring lock "quobyte_ensure" by "cinder.volume.drivers.quobyte.QuobyteDriver._ensure_shares_mounted" {{(pid=94342) inner /opt/stack/data/venv/lib/python3.12/site-packages/oslo_concurrency/lockutils.py:512}}
Aug 16 21:22:11 devstack cinder-volume[94342]: DEBUG oslo_concurrency.lockutils [None req-57fff547-2a81-44f5-b6ac-2c4bbf0d49bb tempest-AttachVolumeTestJSON-638489269 None] Lock "quobyte_ensure" acquired by "cinder.volume.drivers.quobyte.QuobyteDriver._ensure_shares_mounted" :: waited 0.001s {{(pid=94342) inner /opt/stack/data/venv/lib/python3.12/site-packages/oslo_concurrency/lockutils.py:525}}
Aug 16 21:22:11 devstack cinder-volume[94342]: DEBUG cinder.volume.drivers.quobyte [None req-57fff547-2a81-44f5-b6ac-2c4bbf0d49bb tempest-AttachVolumeTestJSON-638489269 None] Quobyte Volume URL set to: {'osci02.corp.quobyte.com/cinder-vol-af271d9e-7a7d-4d7b-8c22-6c94d00dd2ec': None} {{(pid=94342) _load_shares_config /opt/stack/cinder/cinder/volume/drivers/quobyte.py:651}}
Aug 16 21:22:11 devstack cinder-volume[94342]: DEBUG cinder.volume.drivers.quobyte [None req-57fff547-2a81-44f5-b6ac-2c4bbf0d49bb tempest-AttachVolumeTestJSON-638489269 None] Available shares ['osci02.corp.quobyte.com/cinder-vol-af271d9e-7a7d-4d7b-8c22-6c94d00dd2ec'] {{(pid=94342) _ensure_shares_mounted /opt/stack/cinder/cinder/volume/drivers/quobyte.py:681}}
Aug 16 21:22:11 devstack cinder-volume[94342]: DEBUG oslo_concurrency.lockutils [None req-57fff547-2a81-44f5-b6ac-2c4bbf0d49bb tempest-AttachVolumeTestJSON-638489269 None] Lock "quobyte_ensure" "released" by "cinder.volume.drivers.quobyte.QuobyteDriver._ensure_shares_mounted" :: held 0.008s {{(pid=94342) inner /opt/stack/data/venv/lib/python3.12/site-packages/oslo_concurrency/lockutils.py:544}}
Aug 16 21:22:11 devstack cinder-volume[94342]: DEBUG oslo_concurrency.processutils [None req-57fff547-2a81-44f5-b6ac-2c4bbf0d49bb tempest-AttachVolumeTestJSON-638489269 None] Running cmd (subprocess): sudo cinder-rootwrap /etc/cinder/rootwrap.conf df --portability --block-size 1 /opt/stack/data/cinder/mnt/2852bcb830ff2fcd78bd7a85c5e05cb8 {{(pid=94342) execute /opt/stack/data/venv/lib/python3.12/site-packages/oslo_concurrency/processutils.py:440}}
Aug 16 21:22:11 devstack sudo[100830]: quobyte : PWD=/ ; USER=root ; COMMAND=/opt/stack/data/venv/bin/cinder-rootwrap /etc/cinder/rootwrap.conf df --portability --block-size 1 /opt/stack/data/cinder/mnt/2852bcb830ff2fcd78bd7a85c5e05cb8
Aug 16 21:22:11 devstack sudo[100830]: pam_unix(sudo:session): session opened for user root(uid=0) by (uid=1000)
Aug 16 21:22:11 devstack sudo[100828]: pam_unix(sudo:session): session closed for user root
Aug 16 21:22:11 devstack cinder-volume[94342]: DEBUG oslo_concurrency.processutils [None req-36f39d43-98d6-4fae-b669-b96974ce9516 tempest-GroupSnapshotsTest-1750466764 None] CMD "sudo cinder-rootwrap /etc/cinder/rootwrap.conf truncate -s0 /opt/stack/data/cinder/mnt/2852bcb830ff2fcd78bd7a85c5e05cb8/volume-79aa7f69-17d2-4778-aa22-e740582dcdd0.info" returned: 0 in 0.262s {{(pid=94342) execute /opt/stack/data/venv/lib/python3.12/site-packages/oslo_concurrency/processutils.py:468}}
Aug 16 21:22:11 devstack cinder-volume[94342]: WARNING cinder.volume.drivers.remotefs [None req-36f39d43-98d6-4fae-b669-b96974ce9516 tempest-GroupSnapshotsTest-1750466764 None] /opt/stack/data/cinder/mnt/2852bcb830ff2fcd78bd7a85c5e05cb8/volume-79aa7f69-17d2-4778-aa22-e740582dcdd0.info is being set with open permissions: ugo+rw: NotImplementedError
Aug 16 21:22:11 devstack cinder-volume[94342]: DEBUG oslo_concurrency.processutils [None req-36f39d43-98d6-4fae-b669-b96974ce9516 tempest-GroupSnapshotsTest-1750466764 None] Running cmd (subprocess): sudo cinder-rootwrap /etc/cinder/rootwrap.conf chmod ugo+rw /opt/stack/data/cinder/mnt/2852bcb830ff2fcd78bd7a85c5e05cb8/volume-79aa7f69-17d2-4778-aa22-e740582dcdd0.info {{(pid=94342) execute /opt/stack/data/venv/lib/python3.12/site-packages/oslo_concurrency/processutils.py:440}}
Aug 16 21:22:11 devstack sudo[100833]: quobyte : PWD=/ ; USER=root ; COMMAND=/opt/stack/data/venv/bin/cinder-rootwrap /etc/cinder/rootwrap.conf chmod ugo+rw /opt/stack/data/cinder/mnt/2852bcb830ff2fcd78bd7a85c5e05cb8/volume-79aa7f69-17d2-4778-aa22-e740582dcdd0.info
Aug 16 21:22:11 devstack sudo[100833]: pam_unix(sudo:session): session opened for user root(uid=0) by (uid=1000)
Aug 16 21:22:11 devstack sudo[100830]: pam_unix(sudo:session): session closed for user root
Aug 16 21:22:11 devstack cinder-volume[94342]: DEBUG oslo_concurrency.processutils [None req-57fff547-2a81-44f5-b6ac-2c4bbf0d49bb tempest-AttachVolumeTestJSON-638489269 None] CMD "sudo cinder-rootwrap /etc/cinder/rootwrap.conf df --portability --block-size 1 /opt/stack/data/cinder/mnt/2852bcb830ff2fcd78bd7a85c5e05cb8" returned: 0 in 0.256s {{(pid=94342) execute /opt/stack/data/venv/lib/python3.12/site-packages/oslo_concurrency/processutils.py:468}}
Aug 16 21:22:11 devstack cinder-volume[94342]: DEBUG cinder.manager [None req-57fff547-2a81-44f5-b6ac-2c4bbf0d49bb tempest-AttachVolumeTestJSON-638489269 None] Notifying Schedulers of capabilities ... {{(pid=94342) _publish_service_capabilities /opt/stack/cinder/cinder/manager.py:219}}
Aug 16 21:22:11 devstack cinder-volume[94342]: INFO cinder.volume.manager [None req-57fff547-2a81-44f5-b6ac-2c4bbf0d49bb tempest-AttachVolumeTestJSON-638489269 None] Deleted volume successfully.
Aug 16 21:22:11 devstack cinder-volume[94342]: DEBUG cinder.coordination [None req-57fff547-2a81-44f5-b6ac-2c4bbf0d49bb tempest-AttachVolumeTestJSON-638489269 None] Lock "cinder-45b1073a-192d-4044-972d-f11372804783-delete_volume" released by "delete_volume" :: held 1.152s {{(pid=94342) __release /opt/stack/cinder/cinder/coordination.py:152}}
Aug 16 21:22:11 devstack sudo[100833]: pam_unix(sudo:session): session closed for user root
Aug 16 21:22:11 devstack cinder-volume[94342]: DEBUG oslo_concurrency.processutils [None req-36f39d43-98d6-4fae-b669-b96974ce9516 tempest-GroupSnapshotsTest-1750466764 None] CMD "sudo cinder-rootwrap /etc/cinder/rootwrap.conf chmod ugo+rw /opt/stack/data/cinder/mnt/2852bcb830ff2fcd78bd7a85c5e05cb8/volume-79aa7f69-17d2-4778-aa22-e740582dcdd0.info" returned: 0 in 0.275s {{(pid=94342) execute /opt/stack/data/venv/lib/python3.12/site-packages/oslo_concurrency/processutils.py:468}}
Aug 16 21:22:11 devstack cinder-volume[94342]: DEBUG oslo_concurrency.lockutils [None req-36f39d43-98d6-4fae-b669-b96974ce9516 tempest-GroupSnapshotsTest-1750466764 None] Lock "quobyte" "released" by "cinder.volume.drivers.quobyte.QuobyteDriver.create_snapshot" :: held 2.139s {{(pid=94342) inner /opt/stack/data/venv/lib/python3.12/site-packages/oslo_concurrency/lockutils.py:544}}
Aug 16 21:22:11 devstack cinder-volume[94342]: DEBUG oslo_concurrency.lockutils [None req-36f39d43-98d6-4fae-b669-b96974ce9516 tempest-GroupSnapshotsTest-1750466764 None] Acquiring lock "quobyte" by "cinder.volume.drivers.quobyte.QuobyteDriver.create_snapshot" {{(pid=94342) inner /opt/stack/data/venv/lib/python3.12/site-packages/oslo_concurrency/lockutils.py:512}}
Aug 16 21:22:11 devstack cinder-volume[94342]: DEBUG oslo_concurrency.lockutils [None req-36f39d43-98d6-4fae-b669-b96974ce9516 tempest-GroupSnapshotsTest-1750466764 None] Lock "quobyte" acquired by "cinder.volume.drivers.quobyte.QuobyteDriver.create_snapshot" :: waited 0.000s {{(pid=94342) inner /opt/stack/data/venv/lib/python3.12/site-packages/oslo_concurrency/lockutils.py:525}}
Aug 16 21:22:11 devstack cinder-volume[94342]: DEBUG cinder.volume.drivers.remotefs [None req-36f39d43-98d6-4fae-b669-b96974ce9516 tempest-GroupSnapshotsTest-1750466764 None] Creating offline snapshot 2a9e6961-5a55-4fd3-9ebc-d2f623a89ba4 of volume 3dd818a0-950b-4717-848b-80c984937c4d {{(pid=94342) _create_snapshot /opt/stack/cinder/cinder/volume/drivers/remotefs.py:1816}}
Aug 16 21:22:11 devstack cinder-volume[94342]: DEBUG oslo.privsep.daemon [-] privsep: reply[2eb586ac-90a0-4ebe-82e1-69eabb540185]: (4, 'qcow2') {{(pid=95998) _call_back /opt/stack/data/venv/lib/python3.12/site-packages/oslo_privsep/daemon.py:580}}
Aug 16 21:22:11 devstack cinder-volume[94342]: DEBUG oslo_concurrency.processutils [None req-36f39d43-98d6-4fae-b669-b96974ce9516 tempest-GroupSnapshotsTest-1750466764 None] Running cmd (subprocess): /opt/stack/data/venv/bin/python3.12 -m oslo_concurrency.prlimit --as=1073741824 --cpu=60 -- sudo cinder-rootwrap /etc/cinder/rootwrap.conf env LC_ALL=C qemu-img info -f qcow2 --output=json --force-share /opt/stack/data/cinder/mnt/2852bcb830ff2fcd78bd7a85c5e05cb8/volume-3dd818a0-950b-4717-848b-80c984937c4d {{(pid=94342) execute /opt/stack/data/venv/lib/python3.12/site-packages/oslo_concurrency/processutils.py:440}}
Aug 16 21:22:11 devstack sudo[100837]: quobyte : PWD=/ ; USER=root ; COMMAND=/opt/stack/data/venv/bin/cinder-rootwrap /etc/cinder/rootwrap.conf env LC_ALL=C qemu-img info -f qcow2 --output=json --force-share /opt/stack/data/cinder/mnt/2852bcb830ff2fcd78bd7a85c5e05cb8/volume-3dd818a0-950b-4717-848b-80c984937c4d
Aug 16 21:22:11 devstack sudo[100837]: pam_unix(sudo:session): session opened for user root(uid=0) by (uid=1000)
Aug 16 21:22:11 devstack sudo[100837]: pam_unix(sudo:session): session closed for user root
Aug 16 21:22:11 devstack cinder-volume[94342]: DEBUG oslo_concurrency.processutils [None req-36f39d43-98d6-4fae-b669-b96974ce9516 tempest-GroupSnapshotsTest-1750466764 None] CMD "/opt/stack/data/venv/bin/python3.12 -m oslo_concurrency.prlimit --as=1073741824 --cpu=60 -- sudo cinder-rootwrap /etc/cinder/rootwrap.conf env LC_ALL=C qemu-img info -f qcow2 --output=json --force-share /opt/stack/data/cinder/mnt/2852bcb830ff2fcd78bd7a85c5e05cb8/volume-3dd818a0-950b-4717-848b-80c984937c4d" returned: 0 in 0.414s {{(pid=94342) execute /opt/stack/data/venv/lib/python3.12/site-packages/oslo_concurrency/processutils.py:468}}
Aug 16 21:22:11 devstack cinder-volume[94342]: DEBUG oslo_concurrency.processutils [None req-36f39d43-98d6-4fae-b669-b96974ce9516 tempest-GroupSnapshotsTest-1750466764 None] Running cmd (subprocess): sudo cinder-rootwrap /etc/cinder/rootwrap.conf qemu-img create -f qcow2 -o backing_file=/opt/stack/data/cinder/mnt/2852bcb830ff2fcd78bd7a85c5e05cb8/volume-3dd818a0-950b-4717-848b-80c984937c4d,backing_fmt=qcow2 /opt/stack/data/cinder/mnt/2852bcb830ff2fcd78bd7a85c5e05cb8/volume-3dd818a0-950b-4717-848b-80c984937c4d.2a9e6961-5a55-4fd3-9ebc-d2f623a89ba4 1G {{(pid=94342) execute /opt/stack/data/venv/lib/python3.12/site-packages/oslo_concurrency/processutils.py:440}}
Aug 16 21:22:11 devstack sudo[100842]: quobyte : PWD=/ ; USER=root ; COMMAND=/opt/stack/data/venv/bin/cinder-rootwrap /etc/cinder/rootwrap.conf qemu-img create -f qcow2 -o backing_file=/opt/stack/data/cinder/mnt/2852bcb830ff2fcd78bd7a85c5e05cb8/volume-3dd818a0-950b-4717-848b-80c984937c4d,backing_fmt=qcow2 /opt/stack/data/cinder/mnt/2852bcb830ff2fcd78bd7a85c5e05cb8/volume-3dd818a0-950b-4717-848b-80c984937c4d.2a9e6961-5a55-4fd3-9ebc-d2f623a89ba4 1G
Aug 16 21:22:11 devstack sudo[100842]: pam_unix(sudo:session): session opened for user root(uid=0) by (uid=1000)
Aug 16 21:22:12 devstack sudo[100842]: pam_unix(sudo:session): session closed for user root
Aug 16 21:22:12 devstack cinder-volume[94342]: DEBUG oslo_concurrency.processutils [None req-36f39d43-98d6-4fae-b669-b96974ce9516 tempest-GroupSnapshotsTest-1750466764 None] CMD "sudo cinder-rootwrap /etc/cinder/rootwrap.conf qemu-img create -f qcow2 -o backing_file=/opt/stack/data/cinder/mnt/2852bcb830ff2fcd78bd7a85c5e05cb8/volume-3dd818a0-950b-4717-848b-80c984937c4d,backing_fmt=qcow2 /opt/stack/data/cinder/mnt/2852bcb830ff2fcd78bd7a85c5e05cb8/volume-3dd818a0-950b-4717-848b-80c984937c4d.2a9e6961-5a55-4fd3-9ebc-d2f623a89ba4 1G" returned: 0 in 0.495s {{(pid=94342) execute /opt/stack/data/venv/lib/python3.12/site-packages/oslo_concurrency/processutils.py:468}}
Aug 16 21:22:12 devstack cinder-volume[94342]: DEBUG oslo_concurrency.processutils [None req-36f39d43-98d6-4fae-b669-b96974ce9516 tempest-GroupSnapshotsTest-1750466764 None] Running cmd (subprocess): sudo cinder-rootwrap /etc/cinder/rootwrap.conf qemu-img rebase -u -b volume-3dd818a0-950b-4717-848b-80c984937c4d -F qcow2 /opt/stack/data/cinder/mnt/2852bcb830ff2fcd78bd7a85c5e05cb8/volume-3dd818a0-950b-4717-848b-80c984937c4d.2a9e6961-5a55-4fd3-9ebc-d2f623a89ba4 {{(pid=94342) execute /opt/stack/data/venv/lib/python3.12/site-packages/oslo_concurrency/processutils.py:440}}
Aug 16 21:22:12 devstack sudo[100848]: quobyte : PWD=/ ; USER=root ; COMMAND=/opt/stack/data/venv/bin/cinder-rootwrap /etc/cinder/rootwrap.conf qemu-img rebase -u -b volume-3dd818a0-950b-4717-848b-80c984937c4d -F qcow2 /opt/stack/data/cinder/mnt/2852bcb830ff2fcd78bd7a85c5e05cb8/volume-3dd818a0-950b-4717-848b-80c984937c4d.2a9e6961-5a55-4fd3-9ebc-d2f623a89ba4
Aug 16 21:22:12 devstack sudo[100848]: pam_unix(sudo:session): session opened for user root(uid=0) by (uid=1000)
Aug 16 21:22:12 devstack sudo[100848]: pam_unix(sudo:session): session closed for user root
Aug 16 21:22:12 devstack cinder-volume[94342]: DEBUG oslo_concurrency.processutils [None req-36f39d43-98d6-4fae-b669-b96974ce9516 tempest-GroupSnapshotsTest-1750466764 None] CMD "sudo cinder-rootwrap /etc/cinder/rootwrap.conf qemu-img rebase -u -b volume-3dd818a0-950b-4717-848b-80c984937c4d -F qcow2 /opt/stack/data/cinder/mnt/2852bcb830ff2fcd78bd7a85c5e05cb8/volume-3dd818a0-950b-4717-848b-80c984937c4d.2a9e6961-5a55-4fd3-9ebc-d2f623a89ba4" returned: 0 in 0.384s {{(pid=94342) execute /opt/stack/data/venv/lib/python3.12/site-packages/oslo_concurrency/processutils.py:468}}
Aug 16 21:22:12 devstack cinder-volume[94342]: WARNING cinder.volume.drivers.remotefs [None req-36f39d43-98d6-4fae-b669-b96974ce9516 tempest-GroupSnapshotsTest-1750466764 None] /opt/stack/data/cinder/mnt/2852bcb830ff2fcd78bd7a85c5e05cb8/volume-3dd818a0-950b-4717-848b-80c984937c4d.2a9e6961-5a55-4fd3-9ebc-d2f623a89ba4 is being set with open permissions: ugo+rw: NotImplementedError
Aug 16 21:22:12 devstack cinder-volume[94342]: DEBUG oslo_concurrency.processutils [None req-36f39d43-98d6-4fae-b669-b96974ce9516 tempest-GroupSnapshotsTest-1750466764 None] Running cmd (subprocess): sudo cinder-rootwrap /etc/cinder/rootwrap.conf chmod ugo+rw /opt/stack/data/cinder/mnt/2852bcb830ff2fcd78bd7a85c5e05cb8/volume-3dd818a0-950b-4717-848b-80c984937c4d.2a9e6961-5a55-4fd3-9ebc-d2f623a89ba4 {{(pid=94342) execute /opt/stack/data/venv/lib/python3.12/site-packages/oslo_concurrency/processutils.py:440}}
Aug 16 21:22:12 devstack sudo[100854]: quobyte : PWD=/ ; USER=root ; COMMAND=/opt/stack/data/venv/bin/cinder-rootwrap /etc/cinder/rootwrap.conf chmod ugo+rw /opt/stack/data/cinder/mnt/2852bcb830ff2fcd78bd7a85c5e05cb8/volume-3dd818a0-950b-4717-848b-80c984937c4d.2a9e6961-5a55-4fd3-9ebc-d2f623a89ba4
Aug 16 21:22:12 devstack sudo[100854]: pam_unix(sudo:session): session opened for user root(uid=0) by (uid=1000)
Aug 16 21:22:13 devstack sudo[100854]: pam_unix(sudo:session): session closed for user root
Aug 16 21:22:13 devstack cinder-volume[94342]: DEBUG oslo_concurrency.processutils [None req-36f39d43-98d6-4fae-b669-b96974ce9516 tempest-GroupSnapshotsTest-1750466764 None] CMD "sudo cinder-rootwrap /etc/cinder/rootwrap.conf chmod ugo+rw /opt/stack/data/cinder/mnt/2852bcb830ff2fcd78bd7a85c5e05cb8/volume-3dd818a0-950b-4717-848b-80c984937c4d.2a9e6961-5a55-4fd3-9ebc-d2f623a89ba4" returned: 0 in 0.317s {{(pid=94342) execute /opt/stack/data/venv/lib/python3.12/site-packages/oslo_concurrency/processutils.py:468}}
Aug 16 21:22:13 devstack cinder-volume[94342]: DEBUG oslo_concurrency.processutils [None req-36f39d43-98d6-4fae-b669-b96974ce9516 tempest-GroupSnapshotsTest-1750466764 None] Running cmd (subprocess): sudo cinder-rootwrap /etc/cinder/rootwrap.conf truncate -s0 /opt/stack/data/cinder/mnt/2852bcb830ff2fcd78bd7a85c5e05cb8/volume-3dd818a0-950b-4717-848b-80c984937c4d.info {{(pid=94342) execute /opt/stack/data/venv/lib/python3.12/site-packages/oslo_concurrency/processutils.py:440}}
Aug 16 21:22:13 devstack sudo[100858]: quobyte : PWD=/ ; USER=root ; COMMAND=/opt/stack/data/venv/bin/cinder-rootwrap /etc/cinder/rootwrap.conf truncate -s0 /opt/stack/data/cinder/mnt/2852bcb830ff2fcd78bd7a85c5e05cb8/volume-3dd818a0-950b-4717-848b-80c984937c4d.info
Aug 16 21:22:13 devstack sudo[100858]: pam_unix(sudo:session): session opened for user root(uid=0) by (uid=1000)
Aug 16 21:22:13 devstack sudo[100858]: pam_unix(sudo:session): session closed for user root
Aug 16 21:22:13 devstack cinder-volume[94342]: DEBUG oslo_concurrency.processutils [None req-36f39d43-98d6-4fae-b669-b96974ce9516 tempest-GroupSnapshotsTest-1750466764 None] CMD "sudo cinder-rootwrap /etc/cinder/rootwrap.conf truncate -s0 /opt/stack/data/cinder/mnt/2852bcb830ff2fcd78bd7a85c5e05cb8/volume-3dd818a0-950b-4717-848b-80c984937c4d.info" returned: 0 in 0.285s {{(pid=94342) execute /opt/stack/data/venv/lib/python3.12/site-packages/oslo_concurrency/processutils.py:468}}
Aug 16 21:22:13 devstack cinder-volume[94342]: WARNING cinder.volume.drivers.remotefs [None req-36f39d43-98d6-4fae-b669-b96974ce9516 tempest-GroupSnapshotsTest-1750466764 None] /opt/stack/data/cinder/mnt/2852bcb830ff2fcd78bd7a85c5e05cb8/volume-3dd818a0-950b-4717-848b-80c984937c4d.info is being set with open permissions: ugo+rw: NotImplementedError
Aug 16 21:22:13 devstack cinder-volume[94342]: DEBUG oslo_concurrency.processutils [None req-36f39d43-98d6-4fae-b669-b96974ce9516 tempest-GroupSnapshotsTest-1750466764 None] Running cmd (subprocess): sudo cinder-rootwrap /etc/cinder/rootwrap.conf chmod ugo+rw /opt/stack/data/cinder/mnt/2852bcb830ff2fcd78bd7a85c5e05cb8/volume-3dd818a0-950b-4717-848b-80c984937c4d.info {{(pid=94342) execute /opt/stack/data/venv/lib/python3.12/site-packages/oslo_concurrency/processutils.py:440}}
Aug 16 21:22:13 devstack sudo[100861]: quobyte : PWD=/ ; USER=root ; COMMAND=/opt/stack/data/venv/bin/cinder-rootwrap /etc/cinder/rootwrap.conf chmod ugo+rw /opt/stack/data/cinder/mnt/2852bcb830ff2fcd78bd7a85c5e05cb8/volume-3dd818a0-950b-4717-848b-80c984937c4d.info
Aug 16 21:22:13 devstack sudo[100861]: pam_unix(sudo:session): session opened for user root(uid=0) by (uid=1000)
Aug 16 21:22:13 devstack sudo[100861]: pam_unix(sudo:session): session closed for user root
Aug 16 21:22:13 devstack cinder-volume[94342]: DEBUG oslo_concurrency.processutils [None req-36f39d43-98d6-4fae-b669-b96974ce9516 tempest-GroupSnapshotsTest-1750466764 None] CMD "sudo cinder-rootwrap /etc/cinder/rootwrap.conf chmod ugo+rw /opt/stack/data/cinder/mnt/2852bcb830ff2fcd78bd7a85c5e05cb8/volume-3dd818a0-950b-4717-848b-80c984937c4d.info" returned: 0 in 0.271s {{(pid=94342) execute /opt/stack/data/venv/lib/python3.12/site-packages/oslo_concurrency/processutils.py:468}}
Aug 16 21:22:13 devstack cinder-volume[94342]: DEBUG oslo_concurrency.lockutils [None req-36f39d43-98d6-4fae-b669-b96974ce9516 tempest-GroupSnapshotsTest-1750466764 None] Lock "quobyte" "released" by "cinder.volume.drivers.quobyte.QuobyteDriver.create_snapshot" :: held 2.250s {{(pid=94342) inner /opt/stack/data/venv/lib/python3.12/site-packages/oslo_concurrency/lockutils.py:544}}
Aug 16 21:22:13 devstack cinder-volume[94342]: INFO cinder.volume.manager [None req-36f39d43-98d6-4fae-b669-b96974ce9516 tempest-GroupSnapshotsTest-1750466764 None] group_snapshot 194e5e80-ff84-4647-baa7-1fc6c280eb12: created successfully
Aug 16 21:22:14 devstack cinder-volume[94342]: INFO cinder.volume.manager [None req-28c91986-f4c3-484a-b0e9-68963d1f4232 tempest-GroupSnapshotsTest-1750466764 None] group_snapshot 194e5e80-ff84-4647-baa7-1fc6c280eb12: deleting
Aug 16 21:22:14 devstack cinder-volume[94342]: DEBUG cinder.volume.manager [None req-28c91986-f4c3-484a-b0e9-68963d1f4232 tempest-GroupSnapshotsTest-1750466764 None] group_snapshot 194e5e80-ff84-4647-baa7-1fc6c280eb12: deleting {{(pid=94342) delete_group_snapshot /opt/stack/cinder/cinder/volume/manager.py:4350}}
Aug 16 21:22:14 devstack cinder-volume[94342]: DEBUG cinder.coordination [None req-28c91986-f4c3-484a-b0e9-68963d1f4232 tempest-GroupSnapshotsTest-1750466764 None] Acquiring lock "cinder-quobyte-79aa7f69-17d2-4778-aa22-e740582dcdd0" by "delete_snapshot" {{(pid=94342) __acquire /opt/stack/cinder/cinder/coordination.py:138}}
Aug 16 21:22:14 devstack cinder-volume[94342]: DEBUG cinder.coordination [None req-28c91986-f4c3-484a-b0e9-68963d1f4232 tempest-GroupSnapshotsTest-1750466764 None] Lock "cinder-quobyte-79aa7f69-17d2-4778-aa22-e740582dcdd0" acquired by "delete_snapshot" :: waited 0.029s {{(pid=94342) __acquire /opt/stack/cinder/cinder/coordination.py:141}}
Aug 16 21:22:14 devstack cinder-volume[94342]: DEBUG cinder.coordination [None req-28c91986-f4c3-484a-b0e9-68963d1f4232 tempest-GroupSnapshotsTest-1750466764 None] Acquiring lock "cinder-quobyte-1a498e40-213e-40fc-95b9-a8e761ec4abb" by "_delete_snapshot" {{(pid=94342) __acquire /opt/stack/cinder/cinder/coordination.py:138}}
Aug 16 21:22:14 devstack cinder-volume[94342]: DEBUG cinder.coordination [None req-28c91986-f4c3-484a-b0e9-68963d1f4232 tempest-GroupSnapshotsTest-1750466764 None] Lock "cinder-quobyte-1a498e40-213e-40fc-95b9-a8e761ec4abb" acquired by "_delete_snapshot" :: waited 0.026s {{(pid=94342) __acquire /opt/stack/cinder/cinder/coordination.py:141}}
Aug 16 21:22:14 devstack cinder-volume[94342]: DEBUG cinder.volume.drivers.remotefs [None req-28c91986-f4c3-484a-b0e9-68963d1f4232 tempest-GroupSnapshotsTest-1750466764 None] Deleting offline snapshot 1a498e40-213e-40fc-95b9-a8e761ec4abb of volume 79aa7f69-17d2-4778-aa22-e740582dcdd0 {{(pid=94342) _delete_snapshot /opt/stack/cinder/cinder/volume/drivers/remotefs.py:1288}}
Aug 16 21:22:14 devstack cinder-volume[94342]: DEBUG cinder.volume.drivers.remotefs [None req-28c91986-f4c3-484a-b0e9-68963d1f4232 tempest-GroupSnapshotsTest-1750466764 None] snapshot_file for this snap is: volume-79aa7f69-17d2-4778-aa22-e740582dcdd0.1a498e40-213e-40fc-95b9-a8e761ec4abb {{(pid=94342) _delete_snapshot /opt/stack/cinder/cinder/volume/drivers/remotefs.py:1317}}
Aug 16 21:22:14 devstack cinder-volume[94342]: DEBUG oslo.privsep.daemon [-] privsep: reply[f1c1f2e1-642d-4886-b472-0fbecb5476a5]: (4, 'qcow2') {{(pid=95998) _call_back /opt/stack/data/venv/lib/python3.12/site-packages/oslo_privsep/daemon.py:580}}
Aug 16 21:22:14 devstack cinder-volume[94342]: DEBUG oslo_concurrency.processutils [None req-28c91986-f4c3-484a-b0e9-68963d1f4232 tempest-GroupSnapshotsTest-1750466764 None] Running cmd (subprocess): /opt/stack/data/venv/bin/python3.12 -m oslo_concurrency.prlimit --as=1073741824 --cpu=60 -- sudo cinder-rootwrap /etc/cinder/rootwrap.conf env LC_ALL=C qemu-img info -f qcow2 --output=json --force-share /opt/stack/data/cinder/mnt/2852bcb830ff2fcd78bd7a85c5e05cb8/volume-79aa7f69-17d2-4778-aa22-e740582dcdd0.1a498e40-213e-40fc-95b9-a8e761ec4abb {{(pid=94342) execute /opt/stack/data/venv/lib/python3.12/site-packages/oslo_concurrency/processutils.py:440}}
Aug 16 21:22:15 devstack sudo[100868]: quobyte : PWD=/ ; USER=root ; COMMAND=/opt/stack/data/venv/bin/cinder-rootwrap /etc/cinder/rootwrap.conf env LC_ALL=C qemu-img info -f qcow2 --output=json --force-share /opt/stack/data/cinder/mnt/2852bcb830ff2fcd78bd7a85c5e05cb8/volume-79aa7f69-17d2-4778-aa22-e740582dcdd0.1a498e40-213e-40fc-95b9-a8e761ec4abb
Aug 16 21:22:15 devstack sudo[100868]: pam_unix(sudo:session): session opened for user root(uid=0) by (uid=1000)
Aug 16 21:22:15 devstack sudo[100868]: pam_unix(sudo:session): session closed for user root
Aug 16 21:22:15 devstack cinder-volume[94342]: DEBUG oslo_concurrency.processutils [None req-28c91986-f4c3-484a-b0e9-68963d1f4232 tempest-GroupSnapshotsTest-1750466764 None] CMD "/opt/stack/data/venv/bin/python3.12 -m oslo_concurrency.prlimit --as=1073741824 --cpu=60 -- sudo cinder-rootwrap /etc/cinder/rootwrap.conf env LC_ALL=C qemu-img info -f qcow2 --output=json --force-share /opt/stack/data/cinder/mnt/2852bcb830ff2fcd78bd7a85c5e05cb8/volume-79aa7f69-17d2-4778-aa22-e740582dcdd0.1a498e40-213e-40fc-95b9-a8e761ec4abb" returned: 0 in 0.738s {{(pid=94342) execute /opt/stack/data/venv/lib/python3.12/site-packages/oslo_concurrency/processutils.py:468}}
Aug 16 21:22:15 devstack cinder-volume[94342]: DEBUG cinder.volume.drivers.remotefs [None req-28c91986-f4c3-484a-b0e9-68963d1f4232 tempest-GroupSnapshotsTest-1750466764 None] Fetching qemu-img info with special backing_file_template: (/opt/stack/data/cinder/mnt/[0-9a-f]+/)?(volume-79aa7f69-17d2-4778-aa22-e740582dcdd0(.(tmp-snap-)?[0-9a-f-]+)?|volume_from_snapshot_cache/(tmp-snap-)?[0-9a-f-]+(.(child-|parent-)[0-9a-f-]+)?)$ {{(pid=94342) _qemu_img_info_base /opt/stack/cinder/cinder/volume/drivers/remotefs.py:896}}
Aug 16 21:22:15 devstack cinder-volume[94342]: DEBUG oslo.privsep.daemon [-] privsep: reply[bc15fbb4-aa2f-40af-87c3-8fbb42e3a143]: (4, 'qcow2') {{(pid=95998) _call_back /opt/stack/data/venv/lib/python3.12/site-packages/oslo_privsep/daemon.py:580}}
Aug 16 21:22:15 devstack cinder-volume[94342]: DEBUG oslo_concurrency.processutils [None req-28c91986-f4c3-484a-b0e9-68963d1f4232 tempest-GroupSnapshotsTest-1750466764 None] Running cmd (subprocess): /opt/stack/data/venv/bin/python3.12 -m oslo_concurrency.prlimit --as=1073741824 --cpu=60 -- sudo cinder-rootwrap /etc/cinder/rootwrap.conf env LC_ALL=C qemu-img info -f qcow2 --output=json --force-share /opt/stack/data/cinder/mnt/2852bcb830ff2fcd78bd7a85c5e05cb8/volume-79aa7f69-17d2-4778-aa22-e740582dcdd0 {{(pid=94342) execute /opt/stack/data/venv/lib/python3.12/site-packages/oslo_concurrency/processutils.py:440}}
Aug 16 21:22:15 devstack sudo[100899]: quobyte : PWD=/ ; USER=root ; COMMAND=/opt/stack/data/venv/bin/cinder-rootwrap /etc/cinder/rootwrap.conf env LC_ALL=C qemu-img info -f qcow2 --output=json --force-share /opt/stack/data/cinder/mnt/2852bcb830ff2fcd78bd7a85c5e05cb8/volume-79aa7f69-17d2-4778-aa22-e740582dcdd0
Aug 16 21:22:15 devstack sudo[100899]: pam_unix(sudo:session): session opened for user root(uid=0) by (uid=1000)
Aug 16 21:22:16 devstack sudo[100899]: pam_unix(sudo:session): session closed for user root
Aug 16 21:22:16 devstack cinder-volume[94342]: DEBUG oslo_concurrency.processutils [None req-28c91986-f4c3-484a-b0e9-68963d1f4232 tempest-GroupSnapshotsTest-1750466764 None] CMD "/opt/stack/data/venv/bin/python3.12 -m oslo_concurrency.prlimit --as=1073741824 --cpu=60 -- sudo cinder-rootwrap /etc/cinder/rootwrap.conf env LC_ALL=C qemu-img info -f qcow2 --output=json --force-share /opt/stack/data/cinder/mnt/2852bcb830ff2fcd78bd7a85c5e05cb8/volume-79aa7f69-17d2-4778-aa22-e740582dcdd0" returned: 0 in 0.444s {{(pid=94342) execute /opt/stack/data/venv/lib/python3.12/site-packages/oslo_concurrency/processutils.py:468}}
Aug 16 21:22:16 devstack cinder-volume[94342]: DEBUG oslo_concurrency.processutils [None req-28c91986-f4c3-484a-b0e9-68963d1f4232 tempest-GroupSnapshotsTest-1750466764 None] Running cmd (subprocess): sudo cinder-rootwrap /etc/cinder/rootwrap.conf qemu-img commit -d /opt/stack/data/cinder/mnt/2852bcb830ff2fcd78bd7a85c5e05cb8/volume-79aa7f69-17d2-4778-aa22-e740582dcdd0.1a498e40-213e-40fc-95b9-a8e761ec4abb {{(pid=94342) execute /opt/stack/data/venv/lib/python3.12/site-packages/oslo_concurrency/processutils.py:440}}
