Aug 17 16:17:28 devstack cinder-volume[94516]: DEBUG oslo_concurrency.processutils [None req-f1f6725b-bc6c-4823-8705-61d50ebec470 tempest-TaggedAttachmentsTest-2016164066 None] Running cmd (subprocess): sudo cinder-rootwrap /etc/cinder/rootwrap.conf df --portability --block-size 1 /opt/stack/data/cinder/mnt/e30976ab83ab4da8f39ef2705ba532ef {{(pid=94516) execute /opt/stack/data/venv/lib/python3.12/site-packages/oslo_concurrency/processutils.py:440}}
Aug 17 16:17:28 devstack sudo[98834]: quobyte : PWD=/ ; USER=root ; COMMAND=/opt/stack/data/venv/bin/cinder-rootwrap /etc/cinder/rootwrap.conf df --portability --block-size 1 /opt/stack/data/cinder/mnt/e30976ab83ab4da8f39ef2705ba532ef
Aug 17 16:17:28 devstack sudo[98834]: pam_unix(sudo:session): session opened for user root(uid=0) by (uid=1000)
Aug 17 16:17:28 devstack sudo[98834]: pam_unix(sudo:session): session closed for user root
Aug 17 16:17:28 devstack cinder-volume[94516]: DEBUG oslo_concurrency.processutils [None req-f1f6725b-bc6c-4823-8705-61d50ebec470 tempest-TaggedAttachmentsTest-2016164066 None] CMD "sudo cinder-rootwrap /etc/cinder/rootwrap.conf df --portability --block-size 1 /opt/stack/data/cinder/mnt/e30976ab83ab4da8f39ef2705ba532ef" returned: 0 in 0.327s {{(pid=94516) execute /opt/stack/data/venv/lib/python3.12/site-packages/oslo_concurrency/processutils.py:468}}
Aug 17 16:17:28 devstack cinder-volume[94516]: DEBUG cinder.manager [None req-f1f6725b-bc6c-4823-8705-61d50ebec470 tempest-TaggedAttachmentsTest-2016164066 None] Notifying Schedulers of capabilities ... {{(pid=94516) _publish_service_capabilities /opt/stack/cinder/cinder/manager.py:219}}
Aug 17 16:17:28 devstack cinder-volume[94516]: INFO cinder.volume.manager [None req-f1f6725b-bc6c-4823-8705-61d50ebec470 tempest-TaggedAttachmentsTest-2016164066 None] Deleted volume successfully.
Aug 17 16:17:28 devstack cinder-volume[94516]: DEBUG cinder.coordination [None req-f1f6725b-bc6c-4823-8705-61d50ebec470 tempest-TaggedAttachmentsTest-2016164066 None] Lock "cinder-80cca9e3-c6f6-42e2-977e-f3de57ceab16-delete_volume" released by "delete_volume" :: held 1.359s {{(pid=94516) __release /opt/stack/cinder/cinder/coordination.py:152}}
Aug 17 16:17:29 devstack cinder-volume[94516]: INFO cinder.volume.manager [None req-ffea9727-1868-4634-bbfb-4851277dcd5b tempest-GroupSnapshotsTest-2063527758 None] Update group completed successfully.
Aug 17 16:17:30 devstack cinder-volume[94516]: INFO cinder.volume.manager [None req-ca719b5e-fd60-42eb-980f-940cd8a4999a tempest-GroupSnapshotsTest-2063527758 None] Update group completed successfully.
Aug 17 16:17:32 devstack cinder-volume[94516]: INFO cinder.volume.manager [None req-81b63d04-3759-4f58-aeda-b43fe3b46c46 tempest-GroupSnapshotsTest-2063527758 None] Update group completed successfully.
Aug 17 16:17:33 devstack cinder-volume[94516]: INFO cinder.volume.manager [None req-77081e1b-67a8-4a2f-8b9b-123f3030d566 tempest-GroupSnapshotsTest-2063527758 None] GroupSnapshot f05d99fa-1673-46a8-8c73-ada335683f09: creating.
Aug 17 16:17:33 devstack cinder-volume[94516]: DEBUG cinder.volume.manager [None req-77081e1b-67a8-4a2f-8b9b-123f3030d566 tempest-GroupSnapshotsTest-2063527758 None] Group snapshot f05d99fa-1673-46a8-8c73-ada335683f09: creating. {{(pid=94516) create_group_snapshot /opt/stack/cinder/cinder/volume/manager.py:4175}}
Aug 17 16:17:34 devstack cinder-volume[94516]: DEBUG oslo_concurrency.lockutils [None req-77081e1b-67a8-4a2f-8b9b-123f3030d566 tempest-GroupSnapshotsTest-2063527758 None] Acquiring lock "quobyte" by "cinder.volume.drivers.quobyte.QuobyteDriver.create_snapshot" {{(pid=94516) inner /opt/stack/data/venv/lib/python3.12/site-packages/oslo_concurrency/lockutils.py:512}}
Aug 17 16:17:34 devstack cinder-volume[94516]: DEBUG oslo_concurrency.lockutils [None req-77081e1b-67a8-4a2f-8b9b-123f3030d566 tempest-GroupSnapshotsTest-2063527758 None] Lock "quobyte" acquired by "cinder.volume.drivers.quobyte.QuobyteDriver.create_snapshot" :: waited 0.001s {{(pid=94516) inner /opt/stack/data/venv/lib/python3.12/site-packages/oslo_concurrency/lockutils.py:525}}
Aug 17 16:17:34 devstack cinder-volume[94516]: DEBUG cinder.volume.drivers.remotefs [None req-77081e1b-67a8-4a2f-8b9b-123f3030d566 tempest-GroupSnapshotsTest-2063527758 None] Creating offline snapshot a49ac2d6-bc5b-441b-a4d2-90d91826653f of volume 4fd7c96f-fc1a-4046-9f1a-c637c37d2669 {{(pid=94516) _create_snapshot /opt/stack/cinder/cinder/volume/drivers/remotefs.py:1816}}
Aug 17 16:17:34 devstack cinder-volume[94516]: DEBUG oslo.privsep.daemon [-] privsep: reply[340d337e-4d8f-484a-ab12-6774514b67e6]: (4, 'qcow2') {{(pid=95613) _call_back /opt/stack/data/venv/lib/python3.12/site-packages/oslo_privsep/daemon.py:580}}
Aug 17 16:17:34 devstack cinder-volume[94516]: DEBUG oslo_concurrency.processutils [None req-77081e1b-67a8-4a2f-8b9b-123f3030d566 tempest-GroupSnapshotsTest-2063527758 None] Running cmd (subprocess): /opt/stack/data/venv/bin/python3.12 -m oslo_concurrency.prlimit --as=1073741824 --cpu=60 -- sudo cinder-rootwrap /etc/cinder/rootwrap.conf env LC_ALL=C qemu-img info -f qcow2 --output=json --force-share /opt/stack/data/cinder/mnt/e30976ab83ab4da8f39ef2705ba532ef/volume-4fd7c96f-fc1a-4046-9f1a-c637c37d2669 {{(pid=94516) execute /opt/stack/data/venv/lib/python3.12/site-packages/oslo_concurrency/processutils.py:440}}
Aug 17 16:17:34 devstack sudo[98867]: quobyte : PWD=/ ; USER=root ; COMMAND=/opt/stack/data/venv/bin/cinder-rootwrap /etc/cinder/rootwrap.conf env LC_ALL=C qemu-img info -f qcow2 --output=json --force-share /opt/stack/data/cinder/mnt/e30976ab83ab4da8f39ef2705ba532ef/volume-4fd7c96f-fc1a-4046-9f1a-c637c37d2669
Aug 17 16:17:34 devstack sudo[98867]: pam_unix(sudo:session): session opened for user root(uid=0) by (uid=1000)
Aug 17 16:17:34 devstack sudo[98867]: pam_unix(sudo:session): session closed for user root
Aug 17 16:17:34 devstack cinder-volume[94516]: DEBUG oslo_concurrency.processutils [None req-77081e1b-67a8-4a2f-8b9b-123f3030d566 tempest-GroupSnapshotsTest-2063527758 None] CMD "/opt/stack/data/venv/bin/python3.12 -m oslo_concurrency.prlimit --as=1073741824 --cpu=60 -- sudo cinder-rootwrap /etc/cinder/rootwrap.conf env LC_ALL=C qemu-img info -f qcow2 --output=json --force-share /opt/stack/data/cinder/mnt/e30976ab83ab4da8f39ef2705ba532ef/volume-4fd7c96f-fc1a-4046-9f1a-c637c37d2669" returned: 0 in 0.624s {{(pid=94516) execute /opt/stack/data/venv/lib/python3.12/site-packages/oslo_concurrency/processutils.py:468}}
Aug 17 16:17:34 devstack cinder-volume[94516]: DEBUG oslo_concurrency.processutils [None req-77081e1b-67a8-4a2f-8b9b-123f3030d566 tempest-GroupSnapshotsTest-2063527758 None] Running cmd (subprocess): sudo cinder-rootwrap /etc/cinder/rootwrap.conf qemu-img create -f qcow2 -o backing_file=/opt/stack/data/cinder/mnt/e30976ab83ab4da8f39ef2705ba532ef/volume-4fd7c96f-fc1a-4046-9f1a-c637c37d2669,backing_fmt=qcow2 /opt/stack/data/cinder/mnt/e30976ab83ab4da8f39ef2705ba532ef/volume-4fd7c96f-fc1a-4046-9f1a-c637c37d2669.a49ac2d6-bc5b-441b-a4d2-90d91826653f 1G {{(pid=94516) execute /opt/stack/data/venv/lib/python3.12/site-packages/oslo_concurrency/processutils.py:440}}
Aug 17 16:17:34 devstack sudo[98873]: quobyte : PWD=/ ; USER=root ; COMMAND=/opt/stack/data/venv/bin/cinder-rootwrap /etc/cinder/rootwrap.conf qemu-img create -f qcow2 -o backing_file=/opt/stack/data/cinder/mnt/e30976ab83ab4da8f39ef2705ba532ef/volume-4fd7c96f-fc1a-4046-9f1a-c637c37d2669,backing_fmt=qcow2 /opt/stack/data/cinder/mnt/e30976ab83ab4da8f39ef2705ba532ef/volume-4fd7c96f-fc1a-4046-9f1a-c637c37d2669.a49ac2d6-bc5b-441b-a4d2-90d91826653f 1G
Aug 17 16:17:34 devstack sudo[98873]: pam_unix(sudo:session): session opened for user root(uid=0) by (uid=1000)
Aug 17 16:17:35 devstack sudo[98873]: pam_unix(sudo:session): session closed for user root
Aug 17 16:17:35 devstack cinder-volume[94516]: DEBUG oslo_concurrency.processutils [None req-77081e1b-67a8-4a2f-8b9b-123f3030d566 tempest-GroupSnapshotsTest-2063527758 None] CMD "sudo cinder-rootwrap /etc/cinder/rootwrap.conf qemu-img create -f qcow2 -o backing_file=/opt/stack/data/cinder/mnt/e30976ab83ab4da8f39ef2705ba532ef/volume-4fd7c96f-fc1a-4046-9f1a-c637c37d2669,backing_fmt=qcow2 /opt/stack/data/cinder/mnt/e30976ab83ab4da8f39ef2705ba532ef/volume-4fd7c96f-fc1a-4046-9f1a-c637c37d2669.a49ac2d6-bc5b-441b-a4d2-90d91826653f 1G" returned: 0 in 0.506s {{(pid=94516) execute /opt/stack/data/venv/lib/python3.12/site-packages/oslo_concurrency/processutils.py:468}}
Aug 17 16:17:35 devstack cinder-volume[94516]: DEBUG oslo_concurrency.processutils [None req-77081e1b-67a8-4a2f-8b9b-123f3030d566 tempest-GroupSnapshotsTest-2063527758 None] Running cmd (subprocess): sudo cinder-rootwrap /etc/cinder/rootwrap.conf qemu-img rebase -u -b volume-4fd7c96f-fc1a-4046-9f1a-c637c37d2669 -F qcow2 /opt/stack/data/cinder/mnt/e30976ab83ab4da8f39ef2705ba532ef/volume-4fd7c96f-fc1a-4046-9f1a-c637c37d2669.a49ac2d6-bc5b-441b-a4d2-90d91826653f {{(pid=94516) execute /opt/stack/data/venv/lib/python3.12/site-packages/oslo_concurrency/processutils.py:440}}
Aug 17 16:17:35 devstack sudo[98880]: quobyte : PWD=/ ; USER=root ; COMMAND=/opt/stack/data/venv/bin/cinder-rootwrap /etc/cinder/rootwrap.conf qemu-img rebase -u -b volume-4fd7c96f-fc1a-4046-9f1a-c637c37d2669 -F qcow2 /opt/stack/data/cinder/mnt/e30976ab83ab4da8f39ef2705ba532ef/volume-4fd7c96f-fc1a-4046-9f1a-c637c37d2669.a49ac2d6-bc5b-441b-a4d2-90d91826653f
Aug 17 16:17:35 devstack sudo[98880]: pam_unix(sudo:session): session opened for user root(uid=0) by (uid=1000)
Aug 17 16:17:35 devstack sudo[98880]: pam_unix(sudo:session): session closed for user root
Aug 17 16:17:35 devstack cinder-volume[94516]: DEBUG oslo_concurrency.processutils [None req-77081e1b-67a8-4a2f-8b9b-123f3030d566 tempest-GroupSnapshotsTest-2063527758 None] CMD "sudo cinder-rootwrap /etc/cinder/rootwrap.conf qemu-img rebase -u -b volume-4fd7c96f-fc1a-4046-9f1a-c637c37d2669 -F qcow2 /opt/stack/data/cinder/mnt/e30976ab83ab4da8f39ef2705ba532ef/volume-4fd7c96f-fc1a-4046-9f1a-c637c37d2669.a49ac2d6-bc5b-441b-a4d2-90d91826653f" returned: 0 in 0.383s {{(pid=94516) execute /opt/stack/data/venv/lib/python3.12/site-packages/oslo_concurrency/processutils.py:468}}
Aug 17 16:17:35 devstack cinder-volume[94516]: WARNING cinder.volume.drivers.remotefs [None req-77081e1b-67a8-4a2f-8b9b-123f3030d566 tempest-GroupSnapshotsTest-2063527758 None] /opt/stack/data/cinder/mnt/e30976ab83ab4da8f39ef2705ba532ef/volume-4fd7c96f-fc1a-4046-9f1a-c637c37d2669.a49ac2d6-bc5b-441b-a4d2-90d91826653f is being set with open permissions: ugo+rw: NotImplementedError
Aug 17 16:17:35 devstack cinder-volume[94516]: DEBUG oslo_concurrency.processutils [None req-77081e1b-67a8-4a2f-8b9b-123f3030d566 tempest-GroupSnapshotsTest-2063527758 None] Running cmd (subprocess): sudo cinder-rootwrap /etc/cinder/rootwrap.conf chmod ugo+rw /opt/stack/data/cinder/mnt/e30976ab83ab4da8f39ef2705ba532ef/volume-4fd7c96f-fc1a-4046-9f1a-c637c37d2669.a49ac2d6-bc5b-441b-a4d2-90d91826653f {{(pid=94516) execute /opt/stack/data/venv/lib/python3.12/site-packages/oslo_concurrency/processutils.py:440}}
Aug 17 16:17:35 devstack sudo[98885]: quobyte : PWD=/ ; USER=root ; COMMAND=/opt/stack/data/venv/bin/cinder-rootwrap /etc/cinder/rootwrap.conf chmod ugo+rw /opt/stack/data/cinder/mnt/e30976ab83ab4da8f39ef2705ba532ef/volume-4fd7c96f-fc1a-4046-9f1a-c637c37d2669.a49ac2d6-bc5b-441b-a4d2-90d91826653f
Aug 17 16:17:35 devstack sudo[98885]: pam_unix(sudo:session): session opened for user root(uid=0) by (uid=1000)
Aug 17 16:17:35 devstack sudo[98885]: pam_unix(sudo:session): session closed for user root
Aug 17 16:17:35 devstack cinder-volume[94516]: DEBUG oslo_concurrency.processutils [None req-77081e1b-67a8-4a2f-8b9b-123f3030d566 tempest-GroupSnapshotsTest-2063527758 None] CMD "sudo cinder-rootwrap /etc/cinder/rootwrap.conf chmod ugo+rw /opt/stack/data/cinder/mnt/e30976ab83ab4da8f39ef2705ba532ef/volume-4fd7c96f-fc1a-4046-9f1a-c637c37d2669.a49ac2d6-bc5b-441b-a4d2-90d91826653f" returned: 0 in 0.298s {{(pid=94516) execute /opt/stack/data/venv/lib/python3.12/site-packages/oslo_concurrency/processutils.py:468}}
Aug 17 16:17:35 devstack cinder-volume[94516]: DEBUG dbcounter [-] [94516] Writing DB stats cinder:SELECT=141,cinder:INSERT=24,cinder:UPDATE=129,cinder:DELETE=3 {{(pid=94516) stat_writer /opt/stack/data/venv/lib/python3.12/site-packages/dbcounter.py:115}}
Aug 17 16:17:35 devstack cinder-volume[94516]: DEBUG dbcounter [-] [94516] Writing DB stats cinder:UPDATE=116,cinder:SELECT=121,cinder:INSERT=26,cinder:DELETE=7 {{(pid=94516) stat_writer /opt/stack/data/venv/lib/python3.12/site-packages/dbcounter.py:115}}
Aug 17 16:17:35 devstack cinder-volume[94516]: DEBUG oslo_concurrency.processutils [None req-77081e1b-67a8-4a2f-8b9b-123f3030d566 tempest-GroupSnapshotsTest-2063527758 None] Running cmd (subprocess): sudo cinder-rootwrap /etc/cinder/rootwrap.conf truncate -s0 /opt/stack/data/cinder/mnt/e30976ab83ab4da8f39ef2705ba532ef/volume-4fd7c96f-fc1a-4046-9f1a-c637c37d2669.info {{(pid=94516) execute /opt/stack/data/venv/lib/python3.12/site-packages/oslo_concurrency/processutils.py:440}}
Aug 17 16:17:35 devstack sudo[98888]: quobyte : PWD=/ ; USER=root ; COMMAND=/opt/stack/data/venv/bin/cinder-rootwrap /etc/cinder/rootwrap.conf truncate -s0 /opt/stack/data/cinder/mnt/e30976ab83ab4da8f39ef2705ba532ef/volume-4fd7c96f-fc1a-4046-9f1a-c637c37d2669.info
Aug 17 16:17:35 devstack sudo[98888]: pam_unix(sudo:session): session opened for user root(uid=0) by (uid=1000)
Aug 17 16:17:36 devstack sudo[98888]: pam_unix(sudo:session): session closed for user root
Aug 17 16:17:36 devstack cinder-volume[94516]: DEBUG oslo_concurrency.processutils [None req-77081e1b-67a8-4a2f-8b9b-123f3030d566 tempest-GroupSnapshotsTest-2063527758 None] CMD "sudo cinder-rootwrap /etc/cinder/rootwrap.conf truncate -s0 /opt/stack/data/cinder/mnt/e30976ab83ab4da8f39ef2705ba532ef/volume-4fd7c96f-fc1a-4046-9f1a-c637c37d2669.info" returned: 0 in 0.334s {{(pid=94516) execute /opt/stack/data/venv/lib/python3.12/site-packages/oslo_concurrency/processutils.py:468}}
Aug 17 16:17:36 devstack cinder-volume[94516]: WARNING cinder.volume.drivers.remotefs [None req-77081e1b-67a8-4a2f-8b9b-123f3030d566 tempest-GroupSnapshotsTest-2063527758 None] /opt/stack/data/cinder/mnt/e30976ab83ab4da8f39ef2705ba532ef/volume-4fd7c96f-fc1a-4046-9f1a-c637c37d2669.info is being set with open permissions: ugo+rw: NotImplementedError
Aug 17 16:17:36 devstack cinder-volume[94516]: DEBUG oslo_concurrency.processutils [None req-77081e1b-67a8-4a2f-8b9b-123f3030d566 tempest-GroupSnapshotsTest-2063527758 None] Running cmd (subprocess): sudo cinder-rootwrap /etc/cinder/rootwrap.conf chmod ugo+rw /opt/stack/data/cinder/mnt/e30976ab83ab4da8f39ef2705ba532ef/volume-4fd7c96f-fc1a-4046-9f1a-c637c37d2669.info {{(pid=94516) execute /opt/stack/data/venv/lib/python3.12/site-packages/oslo_concurrency/processutils.py:440}}
Aug 17 16:17:36 devstack sudo[98892]: quobyte : PWD=/ ; USER=root ; COMMAND=/opt/stack/data/venv/bin/cinder-rootwrap /etc/cinder/rootwrap.conf chmod ugo+rw /opt/stack/data/cinder/mnt/e30976ab83ab4da8f39ef2705ba532ef/volume-4fd7c96f-fc1a-4046-9f1a-c637c37d2669.info
Aug 17 16:17:36 devstack sudo[98892]: pam_unix(sudo:session): session opened for user root(uid=0) by (uid=1000)
Aug 17 16:17:36 devstack sudo[98892]: pam_unix(sudo:session): session closed for user root
Aug 17 16:17:36 devstack cinder-volume[94516]: DEBUG oslo_concurrency.processutils [None req-77081e1b-67a8-4a2f-8b9b-123f3030d566 tempest-GroupSnapshotsTest-2063527758 None] CMD "sudo cinder-rootwrap /etc/cinder/rootwrap.conf chmod ugo+rw /opt/stack/data/cinder/mnt/e30976ab83ab4da8f39ef2705ba532ef/volume-4fd7c96f-fc1a-4046-9f1a-c637c37d2669.info" returned: 0 in 0.357s {{(pid=94516) execute /opt/stack/data/venv/lib/python3.12/site-packages/oslo_concurrency/processutils.py:468}}
Aug 17 16:17:36 devstack cinder-volume[94516]: DEBUG oslo_concurrency.lockutils [None req-77081e1b-67a8-4a2f-8b9b-123f3030d566 tempest-GroupSnapshotsTest-2063527758 None] Lock "quobyte" "released" by "cinder.volume.drivers.quobyte.QuobyteDriver.create_snapshot" :: held 2.648s {{(pid=94516) inner /opt/stack/data/venv/lib/python3.12/site-packages/oslo_concurrency/lockutils.py:544}}
Aug 17 16:17:36 devstack cinder-volume[94516]: DEBUG oslo_concurrency.lockutils [None req-77081e1b-67a8-4a2f-8b9b-123f3030d566 tempest-GroupSnapshotsTest-2063527758 None] Acquiring lock "quobyte" by "cinder.volume.drivers.quobyte.QuobyteDriver.create_snapshot" {{(pid=94516) inner /opt/stack/data/venv/lib/python3.12/site-packages/oslo_concurrency/lockutils.py:512}}
Aug 17 16:17:36 devstack cinder-volume[94516]: DEBUG oslo_concurrency.lockutils [None req-77081e1b-67a8-4a2f-8b9b-123f3030d566 tempest-GroupSnapshotsTest-2063527758 None] Lock "quobyte" acquired by "cinder.volume.drivers.quobyte.QuobyteDriver.create_snapshot" :: waited 0.000s {{(pid=94516) inner /opt/stack/data/venv/lib/python3.12/site-packages/oslo_concurrency/lockutils.py:525}}
Aug 17 16:17:36 devstack cinder-volume[94516]: DEBUG cinder.volume.drivers.remotefs [None req-77081e1b-67a8-4a2f-8b9b-123f3030d566 tempest-GroupSnapshotsTest-2063527758 None] Creating offline snapshot eebc8a65-98a4-4740-b6f8-9efcdecc4a32 of volume d33eeab1-378d-42bd-9766-2d0958477503 {{(pid=94516) _create_snapshot /opt/stack/cinder/cinder/volume/drivers/remotefs.py:1816}}
Aug 17 16:17:36 devstack cinder-volume[94516]: DEBUG oslo.privsep.daemon [-] privsep: reply[e336c822-fc80-4e78-81df-9b2632c46fd2]: (4, 'qcow2') {{(pid=95613) _call_back /opt/stack/data/venv/lib/python3.12/site-packages/oslo_privsep/daemon.py:580}}
Aug 17 16:17:36 devstack cinder-volume[94516]: DEBUG oslo_concurrency.processutils [None req-77081e1b-67a8-4a2f-8b9b-123f3030d566 tempest-GroupSnapshotsTest-2063527758 None] Running cmd (subprocess): /opt/stack/data/venv/bin/python3.12 -m oslo_concurrency.prlimit --as=1073741824 --cpu=60 -- sudo cinder-rootwrap /etc/cinder/rootwrap.conf env LC_ALL=C qemu-img info -f qcow2 --output=json --force-share /opt/stack/data/cinder/mnt/e30976ab83ab4da8f39ef2705ba532ef/volume-d33eeab1-378d-42bd-9766-2d0958477503 {{(pid=94516) execute /opt/stack/data/venv/lib/python3.12/site-packages/oslo_concurrency/processutils.py:440}}
Aug 17 16:17:36 devstack sudo[98929]: quobyte : PWD=/ ; USER=root ; COMMAND=/opt/stack/data/venv/bin/cinder-rootwrap /etc/cinder/rootwrap.conf env LC_ALL=C qemu-img info -f qcow2 --output=json --force-share /opt/stack/data/cinder/mnt/e30976ab83ab4da8f39ef2705ba532ef/volume-d33eeab1-378d-42bd-9766-2d0958477503
Aug 17 16:17:36 devstack sudo[98929]: pam_unix(sudo:session): session opened for user root(uid=0) by (uid=1000)
Aug 17 16:17:36 devstack cinder-volume[94516]: DEBUG cinder.volume.flows.manager.create_volume [None req-9596a11a-dd33-4913-96cc-e0495814f3e0 tempest-VolumeQuotasNegativeTestJSON-222075582 None] Volume reschedule parameters: True retry: {'num_attempts': 1, 'backends': ['devstack@QuobyteHD#QuobyteHD'], 'hosts': ['devstack@QuobyteHD#QuobyteHD']} {{(pid=94516) get_flow /opt/stack/cinder/cinder/volume/flows/manager/create_volume.py:1397}}
Aug 17 16:17:36 devstack cinder-volume[94516]: DEBUG cinder.volume.manager [None req-9596a11a-dd33-4913-96cc-e0495814f3e0 tempest-VolumeQuotasNegativeTestJSON-222075582 None] Flow 'volume_create_manager' (8cd0fdec-0b56-4003-8353-a978780659c7) transitioned into state 'RUNNING' from state 'PENDING' {{(pid=94516) _flow_receiver /opt/stack/data/venv/lib/python3.12/site-packages/taskflow/listeners/logging.py:160}}
Aug 17 16:17:36 devstack cinder-volume[94516]: DEBUG cinder.volume.manager [None req-9596a11a-dd33-4913-96cc-e0495814f3e0 tempest-VolumeQuotasNegativeTestJSON-222075582 None] Task 'cinder.volume.flows.manager.create_volume.ExtractVolumeRefTask;volume:create' (8fbe9afd-d47b-442d-bc50-adaade92dcd1) transitioned into state 'RUNNING' from state 'PENDING' {{(pid=94516) _task_receiver /opt/stack/data/venv/lib/python3.12/site-packages/taskflow/listeners/logging.py:242}}
Aug 17 16:17:36 devstack cinder-volume[94516]: DEBUG cinder.volume.manager [None req-9596a11a-dd33-4913-96cc-e0495814f3e0 tempest-VolumeQuotasNegativeTestJSON-222075582 None] Task 'cinder.volume.flows.manager.create_volume.ExtractVolumeRefTask;volume:create' (8fbe9afd-d47b-442d-bc50-adaade92dcd1) transitioned into state 'SUCCESS' from state 'RUNNING' with result 'Volume(_name_id=None,admin_metadata=,attach_status='detached',availability_zone='nova',bootable=False,cluster=,cluster_name=None,consistencygroup=,consistencygroup_id=None,created_at=2026-08-17T14:17:36Z,deleted=False,deleted_at=None,display_description=None,display_name='tempest-VolumeQuotasNegativeTestJSON-Volume-646378094',ec2_id=None,encryption_key_id=None,glance_metadata=,group=,group_id=None,host='devstack@QuobyteHD#QuobyteHD',id=ce33ea71-1356-4eef-866d-3f801da006d4,launched_at=None,metadata={},migration_status=None,multiattach=False,previous_status=None,project_id='52d480da262f4970a1bbad4c9bc344ac',provider_auth=None,provider_geometry=None,provider_id=None,provider_location=None,replication_driver_data=None,replication_extended_status=None,replication_status=None,scheduled_at=2026-08-17T14:17:37Z,service_uuid=None,shared_targets=True,size=1,snapshot_id=None,snapshots=,source_volid=None,status='creating',terminated_at=None,updated_at=2026-08-17T14:17:37Z,use_quota=True,user_id='4c86e900f0ca4df59c0c6ebed75e6d6c',volume_attachment=VolumeAttachmentList,volume_type=VolumeType(4fe5b04e-56e2-469f-9ed6-a0f2356bfb57),volume_type_id=4fe5b04e-56e2-469f-9ed6-a0f2356bfb57)' {{(pid=94516) _task_receiver /opt/stack/data/venv/lib/python3.12/site-packages/taskflow/listeners/logging.py:218}}
Aug 17 16:17:36 devstack cinder-volume[94516]: DEBUG cinder.volume.manager [None req-9596a11a-dd33-4913-96cc-e0495814f3e0 tempest-VolumeQuotasNegativeTestJSON-222075582 None] Task 'cinder.volume.flows.manager.create_volume.OnFailureRescheduleTask;volume:create' (e7128183-141b-41b4-bbf4-ba363946f83b) transitioned into state 'RUNNING' from state 'PENDING' {{(pid=94516) _task_receiver /opt/stack/data/venv/lib/python3.12/site-packages/taskflow/listeners/logging.py:242}}
Aug 17 16:17:36 devstack cinder-volume[94516]: DEBUG cinder.volume.manager [None req-9596a11a-dd33-4913-96cc-e0495814f3e0 tempest-VolumeQuotasNegativeTestJSON-222075582 None] Task 'cinder.volume.flows.manager.create_volume.OnFailureRescheduleTask;volume:create' (e7128183-141b-41b4-bbf4-ba363946f83b) transitioned into state 'SUCCESS' from state 'RUNNING' with result 'None' {{(pid=94516) _task_receiver /opt/stack/data/venv/lib/python3.12/site-packages/taskflow/listeners/logging.py:218}}
Aug 17 16:17:36 devstack cinder-volume[94516]: DEBUG cinder.volume.manager [None req-9596a11a-dd33-4913-96cc-e0495814f3e0 tempest-VolumeQuotasNegativeTestJSON-222075582 None] Task 'cinder.volume.flows.manager.create_volume.ExtractVolumeSpecTask;volume:create' (7f8dca57-a78f-470f-8d2d-97d45da3acee) transitioned into state 'RUNNING' from state 'PENDING' {{(pid=94516) _task_receiver /opt/stack/data/venv/lib/python3.12/site-packages/taskflow/listeners/logging.py:242}}
Aug 17 16:17:36 devstack cinder-volume[94516]: DEBUG cinder.volume.manager [None req-9596a11a-dd33-4913-96cc-e0495814f3e0 tempest-VolumeQuotasNegativeTestJSON-222075582 None] Task 'cinder.volume.flows.manager.create_volume.ExtractVolumeSpecTask;volume:create' (7f8dca57-a78f-470f-8d2d-97d45da3acee) transitioned into state 'SUCCESS' from state 'RUNNING' with result '{'status': 'creating', 'type': 'raw', 'volume_id': 'ce33ea71-1356-4eef-866d-3f801da006d4', 'volume_name': 'volume-ce33ea71-1356-4eef-866d-3f801da006d4', 'volume_size': 1}' {{(pid=94516) _task_receiver /opt/stack/data/venv/lib/python3.12/site-packages/taskflow/listeners/logging.py:218}}
Aug 17 16:17:36 devstack cinder-volume[94516]: DEBUG cinder.volume.manager [None req-9596a11a-dd33-4913-96cc-e0495814f3e0 tempest-VolumeQuotasNegativeTestJSON-222075582 None] Task 'cinder.volume.flows.manager.create_volume.NotifyVolumeActionTask;volume:create, create.start' (df6798aa-1f1d-42f4-9bb0-d79db041237a) transitioned into state 'RUNNING' from state 'PENDING' {{(pid=94516) _task_receiver /opt/stack/data/venv/lib/python3.12/site-packages/taskflow/listeners/logging.py:242}}
Aug 17 16:17:36 devstack cinder-volume[94516]: DEBUG cinder.volume.manager [None req-9596a11a-dd33-4913-96cc-e0495814f3e0 tempest-VolumeQuotasNegativeTestJSON-222075582 None] Task 'cinder.volume.flows.manager.create_volume.NotifyVolumeActionTask;volume:create, create.start' (df6798aa-1f1d-42f4-9bb0-d79db041237a) transitioned into state 'SUCCESS' from state 'RUNNING' with result 'None' {{(pid=94516) _task_receiver /opt/stack/data/venv/lib/python3.12/site-packages/taskflow/listeners/logging.py:218}}
Aug 17 16:17:36 devstack cinder-volume[94516]: DEBUG cinder.volume.manager [None req-9596a11a-dd33-4913-96cc-e0495814f3e0 tempest-VolumeQuotasNegativeTestJSON-222075582 None] Task 'cinder.volume.flows.manager.create_volume.CreateVolumeFromSpecTask;volume:create' (4393430a-a4e3-482f-8af5-ac1cb0bd5955) transitioned into state 'RUNNING' from state 'PENDING' {{(pid=94516) _task_receiver /opt/stack/data/venv/lib/python3.12/site-packages/taskflow/listeners/logging.py:242}}
Aug 17 16:17:36 devstack cinder-volume[94516]: INFO cinder.volume.flows.manager.create_volume [None req-9596a11a-dd33-4913-96cc-e0495814f3e0 tempest-VolumeQuotasNegativeTestJSON-222075582 None] Volume ce33ea71-1356-4eef-866d-3f801da006d4: being created as raw with specification: {'status': 'creating', 'volume_name': 'volume-ce33ea71-1356-4eef-866d-3f801da006d4', 'volume_size': 1}
Aug 17 16:17:36 devstack cinder-volume[94516]: DEBUG oslo_concurrency.lockutils [None req-9596a11a-dd33-4913-96cc-e0495814f3e0 tempest-VolumeQuotasNegativeTestJSON-222075582 None] Acquiring lock "quobyte" by "cinder.volume.drivers.quobyte.QuobyteDriver.create_volume" {{(pid=94516) inner /opt/stack/data/venv/lib/python3.12/site-packages/oslo_concurrency/lockutils.py:512}}
Aug 17 16:17:37 devstack sudo[98929]: pam_unix(sudo:session): session closed for user root
Aug 17 16:17:37 devstack cinder-volume[94516]: DEBUG oslo_concurrency.processutils [None req-77081e1b-67a8-4a2f-8b9b-123f3030d566 tempest-GroupSnapshotsTest-2063527758 None] CMD "/opt/stack/data/venv/bin/python3.12 -m oslo_concurrency.prlimit --as=1073741824 --cpu=60 -- sudo cinder-rootwrap /etc/cinder/rootwrap.conf env LC_ALL=C qemu-img info -f qcow2 --output=json --force-share /opt/stack/data/cinder/mnt/e30976ab83ab4da8f39ef2705ba532ef/volume-d33eeab1-378d-42bd-9766-2d0958477503" returned: 0 in 0.420s {{(pid=94516) execute /opt/stack/data/venv/lib/python3.12/site-packages/oslo_concurrency/processutils.py:468}}
Aug 17 16:17:37 devstack cinder-volume[94516]: DEBUG oslo_concurrency.processutils [None req-77081e1b-67a8-4a2f-8b9b-123f3030d566 tempest-GroupSnapshotsTest-2063527758 None] Running cmd (subprocess): sudo cinder-rootwrap /etc/cinder/rootwrap.conf qemu-img create -f qcow2 -o backing_file=/opt/stack/data/cinder/mnt/e30976ab83ab4da8f39ef2705ba532ef/volume-d33eeab1-378d-42bd-9766-2d0958477503,backing_fmt=qcow2 /opt/stack/data/cinder/mnt/e30976ab83ab4da8f39ef2705ba532ef/volume-d33eeab1-378d-42bd-9766-2d0958477503.eebc8a65-98a4-4740-b6f8-9efcdecc4a32 1G {{(pid=94516) execute /opt/stack/data/venv/lib/python3.12/site-packages/oslo_concurrency/processutils.py:440}}
Aug 17 16:17:37 devstack sudo[98936]: quobyte : PWD=/ ; USER=root ; COMMAND=/opt/stack/data/venv/bin/cinder-rootwrap /etc/cinder/rootwrap.conf qemu-img create -f qcow2 -o backing_file=/opt/stack/data/cinder/mnt/e30976ab83ab4da8f39ef2705ba532ef/volume-d33eeab1-378d-42bd-9766-2d0958477503,backing_fmt=qcow2 /opt/stack/data/cinder/mnt/e30976ab83ab4da8f39ef2705ba532ef/volume-d33eeab1-378d-42bd-9766-2d0958477503.eebc8a65-98a4-4740-b6f8-9efcdecc4a32 1G
Aug 17 16:17:37 devstack sudo[98936]: pam_unix(sudo:session): session opened for user root(uid=0) by (uid=1000)
Aug 17 16:17:37 devstack sudo[98936]: pam_unix(sudo:session): session closed for user root
Aug 17 16:17:37 devstack cinder-volume[94516]: DEBUG oslo_concurrency.processutils [None req-77081e1b-67a8-4a2f-8b9b-123f3030d566 tempest-GroupSnapshotsTest-2063527758 None] CMD "sudo cinder-rootwrap /etc/cinder/rootwrap.conf qemu-img create -f qcow2 -o backing_file=/opt/stack/data/cinder/mnt/e30976ab83ab4da8f39ef2705ba532ef/volume-d33eeab1-378d-42bd-9766-2d0958477503,backing_fmt=qcow2 /opt/stack/data/cinder/mnt/e30976ab83ab4da8f39ef2705ba532ef/volume-d33eeab1-378d-42bd-9766-2d0958477503.eebc8a65-98a4-4740-b6f8-9efcdecc4a32 1G" returned: 0 in 0.437s {{(pid=94516) execute /opt/stack/data/venv/lib/python3.12/site-packages/oslo_concurrency/processutils.py:468}}
Aug 17 16:17:37 devstack cinder-volume[94516]: DEBUG oslo_concurrency.processutils [None req-77081e1b-67a8-4a2f-8b9b-123f3030d566 tempest-GroupSnapshotsTest-2063527758 None] Running cmd (subprocess): sudo cinder-rootwrap /etc/cinder/rootwrap.conf qemu-img rebase -u -b volume-d33eeab1-378d-42bd-9766-2d0958477503 -F qcow2 /opt/stack/data/cinder/mnt/e30976ab83ab4da8f39ef2705ba532ef/volume-d33eeab1-378d-42bd-9766-2d0958477503.eebc8a65-98a4-4740-b6f8-9efcdecc4a32 {{(pid=94516) execute /opt/stack/data/venv/lib/python3.12/site-packages/oslo_concurrency/processutils.py:440}}
Aug 17 16:17:37 devstack sudo[98966]: quobyte : PWD=/ ; USER=root ; COMMAND=/opt/stack/data/venv/bin/cinder-rootwrap /etc/cinder/rootwrap.conf qemu-img rebase -u -b volume-d33eeab1-378d-42bd-9766-2d0958477503 -F qcow2 /opt/stack/data/cinder/mnt/e30976ab83ab4da8f39ef2705ba532ef/volume-d33eeab1-378d-42bd-9766-2d0958477503.eebc8a65-98a4-4740-b6f8-9efcdecc4a32
Aug 17 16:17:37 devstack sudo[98966]: pam_unix(sudo:session): session opened for user root(uid=0) by (uid=1000)
Aug 17 16:17:37 devstack sudo[98966]: pam_unix(sudo:session): session closed for user root
Aug 17 16:17:37 devstack cinder-volume[94516]: DEBUG oslo_concurrency.processutils [None req-77081e1b-67a8-4a2f-8b9b-123f3030d566 tempest-GroupSnapshotsTest-2063527758 None] CMD "sudo cinder-rootwrap /etc/cinder/rootwrap.conf qemu-img rebase -u -b volume-d33eeab1-378d-42bd-9766-2d0958477503 -F qcow2 /opt/stack/data/cinder/mnt/e30976ab83ab4da8f39ef2705ba532ef/volume-d33eeab1-378d-42bd-9766-2d0958477503.eebc8a65-98a4-4740-b6f8-9efcdecc4a32" returned: 0 in 0.315s {{(pid=94516) execute /opt/stack/data/venv/lib/python3.12/site-packages/oslo_concurrency/processutils.py:468}}
Aug 17 16:17:37 devstack cinder-volume[94516]: WARNING cinder.volume.drivers.remotefs [None req-77081e1b-67a8-4a2f-8b9b-123f3030d566 tempest-GroupSnapshotsTest-2063527758 None] /opt/stack/data/cinder/mnt/e30976ab83ab4da8f39ef2705ba532ef/volume-d33eeab1-378d-42bd-9766-2d0958477503.eebc8a65-98a4-4740-b6f8-9efcdecc4a32 is being set with open permissions: ugo+rw: NotImplementedError
Aug 17 16:17:37 devstack cinder-volume[94516]: DEBUG oslo_concurrency.processutils [None req-77081e1b-67a8-4a2f-8b9b-123f3030d566 tempest-GroupSnapshotsTest-2063527758 None] Running cmd (subprocess): sudo cinder-rootwrap /etc/cinder/rootwrap.conf chmod ugo+rw /opt/stack/data/cinder/mnt/e30976ab83ab4da8f39ef2705ba532ef/volume-d33eeab1-378d-42bd-9766-2d0958477503.eebc8a65-98a4-4740-b6f8-9efcdecc4a32 {{(pid=94516) execute /opt/stack/data/venv/lib/python3.12/site-packages/oslo_concurrency/processutils.py:440}}
Aug 17 16:17:37 devstack sudo[98971]: quobyte : PWD=/ ; USER=root ; COMMAND=/opt/stack/data/venv/bin/cinder-rootwrap /etc/cinder/rootwrap.conf chmod ugo+rw /opt/stack/data/cinder/mnt/e30976ab83ab4da8f39ef2705ba532ef/volume-d33eeab1-378d-42bd-9766-2d0958477503.eebc8a65-98a4-4740-b6f8-9efcdecc4a32
Aug 17 16:17:37 devstack sudo[98971]: pam_unix(sudo:session): session opened for user root(uid=0) by (uid=1000)
Aug 17 16:17:38 devstack sudo[98971]: pam_unix(sudo:session): session closed for user root
Aug 17 16:17:38 devstack cinder-volume[94516]: DEBUG oslo_concurrency.processutils [None req-77081e1b-67a8-4a2f-8b9b-123f3030d566 tempest-GroupSnapshotsTest-2063527758 None] CMD "sudo cinder-rootwrap /etc/cinder/rootwrap.conf chmod ugo+rw /opt/stack/data/cinder/mnt/e30976ab83ab4da8f39ef2705ba532ef/volume-d33eeab1-378d-42bd-9766-2d0958477503.eebc8a65-98a4-4740-b6f8-9efcdecc4a32" returned: 0 in 0.274s {{(pid=94516) execute /opt/stack/data/venv/lib/python3.12/site-packages/oslo_concurrency/processutils.py:468}}
Aug 17 16:17:38 devstack cinder-volume[94516]: DEBUG oslo_concurrency.processutils [None req-77081e1b-67a8-4a2f-8b9b-123f3030d566 tempest-GroupSnapshotsTest-2063527758 None] Running cmd (subprocess): sudo cinder-rootwrap /etc/cinder/rootwrap.conf truncate -s0 /opt/stack/data/cinder/mnt/e30976ab83ab4da8f39ef2705ba532ef/volume-d33eeab1-378d-42bd-9766-2d0958477503.info {{(pid=94516) execute /opt/stack/data/venv/lib/python3.12/site-packages/oslo_concurrency/processutils.py:440}}
Aug 17 16:17:38 devstack sudo[98974]: quobyte : PWD=/ ; USER=root ; COMMAND=/opt/stack/data/venv/bin/cinder-rootwrap /etc/cinder/rootwrap.conf truncate -s0 /opt/stack/data/cinder/mnt/e30976ab83ab4da8f39ef2705ba532ef/volume-d33eeab1-378d-42bd-9766-2d0958477503.info
Aug 17 16:17:38 devstack sudo[98974]: pam_unix(sudo:session): session opened for user root(uid=0) by (uid=1000)
Aug 17 16:17:38 devstack sudo[98974]: pam_unix(sudo:session): session closed for user root
Aug 17 16:17:38 devstack cinder-volume[94516]: DEBUG oslo_concurrency.processutils [None req-77081e1b-67a8-4a2f-8b9b-123f3030d566 tempest-GroupSnapshotsTest-2063527758 None] CMD "sudo cinder-rootwrap /etc/cinder/rootwrap.conf truncate -s0 /opt/stack/data/cinder/mnt/e30976ab83ab4da8f39ef2705ba532ef/volume-d33eeab1-378d-42bd-9766-2d0958477503.info" returned: 0 in 0.276s {{(pid=94516) execute /opt/stack/data/venv/lib/python3.12/site-packages/oslo_concurrency/processutils.py:468}}
Aug 17 16:17:38 devstack cinder-volume[94516]: WARNING cinder.volume.drivers.remotefs [None req-77081e1b-67a8-4a2f-8b9b-123f3030d566 tempest-GroupSnapshotsTest-2063527758 None] /opt/stack/data/cinder/mnt/e30976ab83ab4da8f39ef2705ba532ef/volume-d33eeab1-378d-42bd-9766-2d0958477503.info is being set with open permissions: ugo+rw: NotImplementedError
Aug 17 16:17:38 devstack cinder-volume[94516]: DEBUG oslo_concurrency.processutils [None req-77081e1b-67a8-4a2f-8b9b-123f3030d566 tempest-GroupSnapshotsTest-2063527758 None] Running cmd (subprocess): sudo cinder-rootwrap /etc/cinder/rootwrap.conf chmod ugo+rw /opt/stack/data/cinder/mnt/e30976ab83ab4da8f39ef2705ba532ef/volume-d33eeab1-378d-42bd-9766-2d0958477503.info {{(pid=94516) execute /opt/stack/data/venv/lib/python3.12/site-packages/oslo_concurrency/processutils.py:440}}
Aug 17 16:17:38 devstack sudo[98977]: quobyte : PWD=/ ; USER=root ; COMMAND=/opt/stack/data/venv/bin/cinder-rootwrap /etc/cinder/rootwrap.conf chmod ugo+rw /opt/stack/data/cinder/mnt/e30976ab83ab4da8f39ef2705ba532ef/volume-d33eeab1-378d-42bd-9766-2d0958477503.info
Aug 17 16:17:38 devstack sudo[98977]: pam_unix(sudo:session): session opened for user root(uid=0) by (uid=1000)
Aug 17 16:17:38 devstack sudo[98977]: pam_unix(sudo:session): session closed for user root
Aug 17 16:17:38 devstack cinder-volume[94516]: DEBUG oslo_concurrency.processutils [None req-77081e1b-67a8-4a2f-8b9b-123f3030d566 tempest-GroupSnapshotsTest-2063527758 None] CMD "sudo cinder-rootwrap /etc/cinder/rootwrap.conf chmod ugo+rw /opt/stack/data/cinder/mnt/e30976ab83ab4da8f39ef2705ba532ef/volume-d33eeab1-378d-42bd-9766-2d0958477503.info" returned: 0 in 0.241s {{(pid=94516) execute /opt/stack/data/venv/lib/python3.12/site-packages/oslo_concurrency/processutils.py:468}}
Aug 17 16:17:38 devstack cinder-volume[94516]: DEBUG oslo_concurrency.lockutils [None req-77081e1b-67a8-4a2f-8b9b-123f3030d566 tempest-GroupSnapshotsTest-2063527758 None] Lock "quobyte" "released" by "cinder.volume.drivers.quobyte.QuobyteDriver.create_snapshot" :: held 2.071s {{(pid=94516) inner /opt/stack/data/venv/lib/python3.12/site-packages/oslo_concurrency/lockutils.py:544}}
Aug 17 16:17:38 devstack cinder-volume[94516]: DEBUG oslo_concurrency.lockutils [None req-9596a11a-dd33-4913-96cc-e0495814f3e0 tempest-VolumeQuotasNegativeTestJSON-222075582 None] Lock "quobyte" acquired by "cinder.volume.drivers.quobyte.QuobyteDriver.create_volume" :: waited 1.759s {{(pid=94516) inner /opt/stack/data/venv/lib/python3.12/site-packages/oslo_concurrency/lockutils.py:525}}
Aug 17 16:17:38 devstack cinder-volume[94516]: DEBUG cinder.volume.drivers.quobyte [None req-9596a11a-dd33-4913-96cc-e0495814f3e0 tempest-VolumeQuotasNegativeTestJSON-222075582 None] ==> create_volume: call "{'self': , 'volume': Volume(_name_id=None,admin_metadata=,attach_status='detached',availability_zone='nova',bootable=False,cluster=,cluster_name=None,consistencygroup=,consistencygroup_id=None,created_at=2026-08-17T14:17:36Z,deleted=False,deleted_at=None,display_description=None,display_name='tempest-VolumeQuotasNegativeTestJSON-Volume-646378094',ec2_id=None,encryption_key_id=None,glance_metadata=,group=,group_id=None,host='devstack@QuobyteHD#QuobyteHD',id=ce33ea71-1356-4eef-866d-3f801da006d4,launched_at=None,metadata={},migration_status=None,multiattach=False,previous_status=None,project_id='52d480da262f4970a1bbad4c9bc344ac',provider_auth=None,provider_geometry=None,provider_id=None,provider_location=None,replication_driver_data=None,replication_extended_status=None,replication_status=None,scheduled_at=2026-08-17T14:17:37Z,service_uuid=None,shared_targets=True,size=1,snapshot_id=None,snapshots=,source_volid=None,status='creating',terminated_at=None,updated_at=2026-08-17T14:17:37Z,use_quota=True,user_id='4c86e900f0ca4df59c0c6ebed75e6d6c',volume_attachment=VolumeAttachmentList,volume_type=VolumeType(4fe5b04e-56e2-469f-9ed6-a0f2356bfb57),volume_type_id=4fe5b04e-56e2-469f-9ed6-a0f2356bfb57)}" {{(pid=94516) trace_logging_wrapper /opt/stack/cinder/cinder/volume/volume_utils.py:1497}}
Aug 17 16:17:38 devstack cinder-volume[94516]: DEBUG cinder.volume.drivers.remotefs [None req-9596a11a-dd33-4913-96cc-e0495814f3e0 tempest-VolumeQuotasNegativeTestJSON-222075582 None] Creating volume ce33ea71-1356-4eef-866d-3f801da006d4 {{(pid=94516) create_volume /opt/stack/cinder/cinder/volume/drivers/remotefs.py:292}}
Aug 17 16:17:38 devstack cinder-volume[94516]: DEBUG oslo_concurrency.lockutils [None req-9596a11a-dd33-4913-96cc-e0495814f3e0 tempest-VolumeQuotasNegativeTestJSON-222075582 None] Acquiring lock "quobyte_ensure" by "cinder.volume.drivers.quobyte.QuobyteDriver._ensure_shares_mounted" {{(pid=94516) inner /opt/stack/data/venv/lib/python3.12/site-packages/oslo_concurrency/lockutils.py:512}}
Aug 17 16:17:38 devstack cinder-volume[94516]: DEBUG oslo_concurrency.lockutils [None req-9596a11a-dd33-4913-96cc-e0495814f3e0 tempest-VolumeQuotasNegativeTestJSON-222075582 None] Lock "quobyte_ensure" acquired by "cinder.volume.drivers.quobyte.QuobyteDriver._ensure_shares_mounted" :: waited 0.000s {{(pid=94516) inner /opt/stack/data/venv/lib/python3.12/site-packages/oslo_concurrency/lockutils.py:525}}
Aug 17 16:17:38 devstack cinder-volume[94516]: DEBUG cinder.volume.drivers.quobyte [None req-9596a11a-dd33-4913-96cc-e0495814f3e0 tempest-VolumeQuotasNegativeTestJSON-222075582 None] Quobyte Volume URL set to: {'osci02.corp.quobyte.com/cinder-vol-d7504e5f-da64-46b5-878d-22cdc8ba07f8': None} {{(pid=94516) _load_shares_config /opt/stack/cinder/cinder/volume/drivers/quobyte.py:665}}
Aug 17 16:17:38 devstack cinder-volume[94516]: DEBUG cinder.volume.drivers.quobyte [None req-9596a11a-dd33-4913-96cc-e0495814f3e0 tempest-VolumeQuotasNegativeTestJSON-222075582 None] Available shares ['osci02.corp.quobyte.com/cinder-vol-d7504e5f-da64-46b5-878d-22cdc8ba07f8'] {{(pid=94516) _ensure_shares_mounted /opt/stack/cinder/cinder/volume/drivers/quobyte.py:695}}
Aug 17 16:17:38 devstack cinder-volume[94516]: DEBUG oslo_concurrency.lockutils [None req-9596a11a-dd33-4913-96cc-e0495814f3e0 tempest-VolumeQuotasNegativeTestJSON-222075582 None] Lock "quobyte_ensure" "released" by "cinder.volume.drivers.quobyte.QuobyteDriver._ensure_shares_mounted" :: held 0.005s {{(pid=94516) inner /opt/stack/data/venv/lib/python3.12/site-packages/oslo_concurrency/lockutils.py:544}}
Aug 17 16:17:38 devstack cinder-volume[94516]: DEBUG cinder.volume.drivers.quobyte [None req-9596a11a-dd33-4913-96cc-e0495814f3e0 tempest-VolumeQuotasNegativeTestJSON-222075582 None] Selected osci02.corp.quobyte.com/cinder-vol-d7504e5f-da64-46b5-878d-22cdc8ba07f8 as target Quobyte volume. {{(pid=94516) _find_share /opt/stack/cinder/cinder/volume/drivers/quobyte.py:716}}
Aug 17 16:17:38 devstack cinder-volume[94516]: INFO cinder.volume.drivers.remotefs [None req-9596a11a-dd33-4913-96cc-e0495814f3e0 tempest-VolumeQuotasNegativeTestJSON-222075582 None] casted to osci02.corp.quobyte.com/cinder-vol-d7504e5f-da64-46b5-878d-22cdc8ba07f8
Aug 17 16:17:38 devstack cinder-volume[94516]: DEBUG oslo_concurrency.processutils [None req-9596a11a-dd33-4913-96cc-e0495814f3e0 tempest-VolumeQuotasNegativeTestJSON-222075582 None] Running cmd (subprocess): sudo cinder-rootwrap /etc/cinder/rootwrap.conf qemu-img create -f qcow2 -o preallocation=metadata /opt/stack/data/cinder/mnt/e30976ab83ab4da8f39ef2705ba532ef/volume-ce33ea71-1356-4eef-866d-3f801da006d4 1073741824 {{(pid=94516) execute /opt/stack/data/venv/lib/python3.12/site-packages/oslo_concurrency/processutils.py:440}}
Aug 17 16:17:38 devstack sudo[98980]: quobyte : PWD=/ ; USER=root ; COMMAND=/opt/stack/data/venv/bin/cinder-rootwrap /etc/cinder/rootwrap.conf qemu-img create -f qcow2 -o preallocation=metadata /opt/stack/data/cinder/mnt/e30976ab83ab4da8f39ef2705ba532ef/volume-ce33ea71-1356-4eef-866d-3f801da006d4 1073741824
Aug 17 16:17:38 devstack sudo[98980]: pam_unix(sudo:session): session opened for user root(uid=0) by (uid=1000)
Aug 17 16:17:38 devstack cinder-volume[94516]: INFO cinder.volume.manager [None req-77081e1b-67a8-4a2f-8b9b-123f3030d566 tempest-GroupSnapshotsTest-2063527758 None] group_snapshot f05d99fa-1673-46a8-8c73-ada335683f09: created successfully
Aug 17 16:17:39 devstack sudo[98980]: pam_unix(sudo:session): session closed for user root
Aug 17 16:17:39 devstack cinder-volume[94516]: DEBUG oslo_concurrency.processutils [None req-9596a11a-dd33-4913-96cc-e0495814f3e0 tempest-VolumeQuotasNegativeTestJSON-222075582 None] CMD "sudo cinder-rootwrap /etc/cinder/rootwrap.conf qemu-img create -f qcow2 -o preallocation=metadata /opt/stack/data/cinder/mnt/e30976ab83ab4da8f39ef2705ba532ef/volume-ce33ea71-1356-4eef-866d-3f801da006d4 1073741824" returned: 0 in 0.574s {{(pid=94516) execute /opt/stack/data/venv/lib/python3.12/site-packages/oslo_concurrency/processutils.py:468}}
Aug 17 16:17:39 devstack cinder-volume[94516]: DEBUG oslo_concurrency.processutils [None req-9596a11a-dd33-4913-96cc-e0495814f3e0 tempest-VolumeQuotasNegativeTestJSON-222075582 None] Running cmd (subprocess): sudo cinder-rootwrap /etc/cinder/rootwrap.conf chmod ugo+rw /opt/stack/data/cinder/mnt/e30976ab83ab4da8f39ef2705ba532ef/volume-ce33ea71-1356-4eef-866d-3f801da006d4 {{(pid=94516) execute /opt/stack/data/venv/lib/python3.12/site-packages/oslo_concurrency/processutils.py:440}}
Aug 17 16:17:39 devstack sudo[98986]: quobyte : PWD=/ ; USER=root ; COMMAND=/opt/stack/data/venv/bin/cinder-rootwrap /etc/cinder/rootwrap.conf chmod ugo+rw /opt/stack/data/cinder/mnt/e30976ab83ab4da8f39ef2705ba532ef/volume-ce33ea71-1356-4eef-866d-3f801da006d4
Aug 17 16:17:39 devstack sudo[98986]: pam_unix(sudo:session): session opened for user root(uid=0) by (uid=1000)
Aug 17 16:17:39 devstack cinder-volume[94516]: INFO cinder.volume.manager [None req-8217dd59-ed94-44e8-a4a8-63922fd0ed57 tempest-GroupSnapshotsTest-2063527758 None] group_snapshot f05d99fa-1673-46a8-8c73-ada335683f09: deleting
Aug 17 16:17:39 devstack cinder-volume[94516]: DEBUG cinder.volume.manager [None req-8217dd59-ed94-44e8-a4a8-63922fd0ed57 tempest-GroupSnapshotsTest-2063527758 None] group_snapshot f05d99fa-1673-46a8-8c73-ada335683f09: deleting {{(pid=94516) delete_group_snapshot /opt/stack/cinder/cinder/volume/manager.py:4350}}
Aug 17 16:17:39 devstack cinder-volume[94516]: DEBUG cinder.coordination [None req-8217dd59-ed94-44e8-a4a8-63922fd0ed57 tempest-GroupSnapshotsTest-2063527758 None] Acquiring lock "cinder-quobyte-4fd7c96f-fc1a-4046-9f1a-c637c37d2669" by "delete_snapshot" {{(pid=94516) __acquire /opt/stack/cinder/cinder/coordination.py:138}}
Aug 17 16:17:39 devstack cinder-volume[94516]: DEBUG cinder.coordination [None req-8217dd59-ed94-44e8-a4a8-63922fd0ed57 tempest-GroupSnapshotsTest-2063527758 None] Lock "cinder-quobyte-4fd7c96f-fc1a-4046-9f1a-c637c37d2669" acquired by "delete_snapshot" :: waited 0.020s {{(pid=94516) __acquire /opt/stack/cinder/cinder/coordination.py:141}}
Aug 17 16:17:39 devstack cinder-volume[94516]: DEBUG cinder.coordination [None req-8217dd59-ed94-44e8-a4a8-63922fd0ed57 tempest-GroupSnapshotsTest-2063527758 None] Acquiring lock "cinder-quobyte-a49ac2d6-bc5b-441b-a4d2-90d91826653f" by "_delete_snapshot" {{(pid=94516) __acquire /opt/stack/cinder/cinder/coordination.py:138}}
Aug 17 16:17:39 devstack cinder-volume[94516]: DEBUG cinder.coordination [None req-8217dd59-ed94-44e8-a4a8-63922fd0ed57 tempest-GroupSnapshotsTest-2063527758 None] Lock "cinder-quobyte-a49ac2d6-bc5b-441b-a4d2-90d91826653f" acquired by "_delete_snapshot" :: waited 0.021s {{(pid=94516) __acquire /opt/stack/cinder/cinder/coordination.py:141}}
Aug 17 16:17:39 devstack cinder-volume[94516]: DEBUG cinder.volume.drivers.remotefs [None req-8217dd59-ed94-44e8-a4a8-63922fd0ed57 tempest-GroupSnapshotsTest-2063527758 None] Deleting offline snapshot a49ac2d6-bc5b-441b-a4d2-90d91826653f of volume 4fd7c96f-fc1a-4046-9f1a-c637c37d2669 {{(pid=94516) _delete_snapshot /opt/stack/cinder/cinder/volume/drivers/remotefs.py:1288}}
Aug 17 16:17:39 devstack cinder-volume[94516]: DEBUG cinder.volume.drivers.remotefs [None req-8217dd59-ed94-44e8-a4a8-63922fd0ed57 tempest-GroupSnapshotsTest-2063527758 None] snapshot_file for this snap is: volume-4fd7c96f-fc1a-4046-9f1a-c637c37d2669.a49ac2d6-bc5b-441b-a4d2-90d91826653f {{(pid=94516) _delete_snapshot /opt/stack/cinder/cinder/volume/drivers/remotefs.py:1317}}
Aug 17 16:17:39 devstack cinder-volume[94516]: DEBUG oslo.privsep.daemon [-] privsep: reply[9255499b-314e-4492-b05b-dc6ef5b7b1fe]: (4, 'qcow2') {{(pid=95613) _call_back /opt/stack/data/venv/lib/python3.12/site-packages/oslo_privsep/daemon.py:580}}
Aug 17 16:17:39 devstack cinder-volume[94516]: DEBUG oslo_concurrency.processutils [None req-8217dd59-ed94-44e8-a4a8-63922fd0ed57 tempest-GroupSnapshotsTest-2063527758 None] Running cmd (subprocess): /opt/stack/data/venv/bin/python3.12 -m oslo_concurrency.prlimit --as=1073741824 --cpu=60 -- sudo cinder-rootwrap /etc/cinder/rootwrap.conf env LC_ALL=C qemu-img info -f qcow2 --output=json --force-share /opt/stack/data/cinder/mnt/e30976ab83ab4da8f39ef2705ba532ef/volume-4fd7c96f-fc1a-4046-9f1a-c637c37d2669.a49ac2d6-bc5b-441b-a4d2-90d91826653f {{(pid=94516) execute /opt/stack/data/venv/lib/python3.12/site-packages/oslo_concurrency/processutils.py:440}}
Aug 17 16:17:39 devstack sudo[98986]: pam_unix(sudo:session): session closed for user root
Aug 17 16:17:39 devstack cinder-volume[94516]: DEBUG oslo_concurrency.processutils [None req-9596a11a-dd33-4913-96cc-e0495814f3e0 tempest-VolumeQuotasNegativeTestJSON-222075582 None] CMD "sudo cinder-rootwrap /etc/cinder/rootwrap.conf chmod ugo+rw /opt/stack/data/cinder/mnt/e30976ab83ab4da8f39ef2705ba532ef/volume-ce33ea71-1356-4eef-866d-3f801da006d4" returned: 0 in 0.287s {{(pid=94516) execute /opt/stack/data/venv/lib/python3.12/site-packages/oslo_concurrency/processutils.py:468}}
Aug 17 16:17:39 devstack cinder-volume[94516]: DEBUG cinder.volume.drivers.quobyte [None req-9596a11a-dd33-4913-96cc-e0495814f3e0 tempest-VolumeQuotasNegativeTestJSON-222075582 None] <== create_volume: return (913ms) {'provider_location': 'osci02.corp.quobyte.com/cinder-vol-d7504e5f-da64-46b5-878d-22cdc8ba07f8'} {{(pid=94516) trace_logging_wrapper /opt/stack/cinder/cinder/volume/volume_utils.py:1522}}
Aug 17 16:17:39 devstack cinder-volume[94516]: DEBUG oslo_concurrency.lockutils [None req-9596a11a-dd33-4913-96cc-e0495814f3e0 tempest-VolumeQuotasNegativeTestJSON-222075582 None] Lock "quobyte" "released" by "cinder.volume.drivers.quobyte.QuobyteDriver.create_volume" :: held 0.916s {{(pid=94516) inner /opt/stack/data/venv/lib/python3.12/site-packages/oslo_concurrency/lockutils.py:544}}
Aug 17 16:17:39 devstack cinder-volume[94516]: DEBUG cinder.volume.manager [None req-9596a11a-dd33-4913-96cc-e0495814f3e0 tempest-VolumeQuotasNegativeTestJSON-222075582 None] Task 'cinder.volume.flows.manager.create_volume.CreateVolumeFromSpecTask;volume:create' (4393430a-a4e3-482f-8af5-ac1cb0bd5955) transitioned into state 'SUCCESS' from state 'RUNNING' with result '{'status': 'creating', 'volume_name': 'volume-ce33ea71-1356-4eef-866d-3f801da006d4', 'volume_size': 1}' {{(pid=94516) _task_receiver /opt/stack/data/venv/lib/python3.12/site-packages/taskflow/listeners/logging.py:218}}
Aug 17 16:17:39 devstack cinder-volume[94516]: DEBUG cinder.volume.manager [None req-9596a11a-dd33-4913-96cc-e0495814f3e0 tempest-VolumeQuotasNegativeTestJSON-222075582 None] Task 'cinder.volume.flows.manager.create_volume.CreateVolumeOnFinishTask;volume:create, create.end' (e8b5110a-03e4-4d45-8363-1ee1d235684a) transitioned into state 'RUNNING' from state 'PENDING' {{(pid=94516) _task_receiver /opt/stack/data/venv/lib/python3.12/site-packages/taskflow/listeners/logging.py:242}}
Aug 17 16:17:39 devstack cinder-volume[94516]: INFO cinder.volume.flows.manager.create_volume [None req-9596a11a-dd33-4913-96cc-e0495814f3e0 tempest-VolumeQuotasNegativeTestJSON-222075582 None] Volume volume-ce33ea71-1356-4eef-866d-3f801da006d4 (ce33ea71-1356-4eef-866d-3f801da006d4): created successfully
