Aug 17 16:17:39 devstack cinder-volume[94516]: DEBUG cinder.volume.manager [None req-9596a11a-dd33-4913-96cc-e0495814f3e0 tempest-VolumeQuotasNegativeTestJSON-222075582 None] Task 'cinder.volume.flows.manager.create_volume.CreateVolumeOnFinishTask;volume:create, create.end' (e8b5110a-03e4-4d45-8363-1ee1d235684a) transitioned into state 'SUCCESS' from state 'RUNNING' with result 'None' {{(pid=94516) _task_receiver /opt/stack/data/venv/lib/python3.12/site-packages/taskflow/listeners/logging.py:218}}
Aug 17 16:17:39 devstack cinder-volume[94516]: DEBUG cinder.volume.manager [None req-9596a11a-dd33-4913-96cc-e0495814f3e0 tempest-VolumeQuotasNegativeTestJSON-222075582 None] Flow 'volume_create_manager' (8cd0fdec-0b56-4003-8353-a978780659c7) transitioned into state 'SUCCESS' from state 'RUNNING' {{(pid=94516) _flow_receiver /opt/stack/data/venv/lib/python3.12/site-packages/taskflow/listeners/logging.py:160}}
Aug 17 16:17:39 devstack sudo[98989]: quobyte : PWD=/ ; USER=root ; COMMAND=/opt/stack/data/venv/bin/cinder-rootwrap /etc/cinder/rootwrap.conf env LC_ALL=C qemu-img info -f qcow2 --output=json --force-share /opt/stack/data/cinder/mnt/e30976ab83ab4da8f39ef2705ba532ef/volume-4fd7c96f-fc1a-4046-9f1a-c637c37d2669.a49ac2d6-bc5b-441b-a4d2-90d91826653f
Aug 17 16:17:39 devstack sudo[98989]: pam_unix(sudo:session): session opened for user root(uid=0) by (uid=1000)
Aug 17 16:17:39 devstack cinder-volume[94516]: INFO cinder.volume.manager [None req-9596a11a-dd33-4913-96cc-e0495814f3e0 tempest-VolumeQuotasNegativeTestJSON-222075582 None] Created volume successfully.
Aug 17 16:17:40 devstack sudo[98989]: pam_unix(sudo:session): session closed for user root
Aug 17 16:17:40 devstack cinder-volume[94516]: DEBUG oslo_concurrency.processutils [None req-8217dd59-ed94-44e8-a4a8-63922fd0ed57 tempest-GroupSnapshotsTest-2063527758 None] CMD "/opt/stack/data/venv/bin/python3.12 -m oslo_concurrency.prlimit --as=1073741824 --cpu=60 -- sudo cinder-rootwrap /etc/cinder/rootwrap.conf env LC_ALL=C qemu-img info -f qcow2 --output=json --force-share /opt/stack/data/cinder/mnt/e30976ab83ab4da8f39ef2705ba532ef/volume-4fd7c96f-fc1a-4046-9f1a-c637c37d2669.a49ac2d6-bc5b-441b-a4d2-90d91826653f" returned: 0 in 0.505s {{(pid=94516) execute /opt/stack/data/venv/lib/python3.12/site-packages/oslo_concurrency/processutils.py:468}}
Aug 17 16:17:40 devstack cinder-volume[94516]: DEBUG cinder.volume.drivers.remotefs [None req-8217dd59-ed94-44e8-a4a8-63922fd0ed57 tempest-GroupSnapshotsTest-2063527758 None] Fetching qemu-img info with special backing_file_template: (/opt/stack/data/cinder/mnt/[0-9a-f]+/)?(volume-4fd7c96f-fc1a-4046-9f1a-c637c37d2669(.(tmp-snap-)?[0-9a-f-]+)?|volume_from_snapshot_cache/(tmp-snap-)?[0-9a-f-]+(.(child-|parent-)[0-9a-f-]+)?)$ {{(pid=94516) _qemu_img_info_base /opt/stack/cinder/cinder/volume/drivers/remotefs.py:896}}
Aug 17 16:17:40 devstack cinder-volume[94516]: DEBUG oslo.privsep.daemon [-] privsep: reply[9de0489a-704a-47ce-974a-14aab088adf9]: (4, 'qcow2') {{(pid=95613) _call_back /opt/stack/data/venv/lib/python3.12/site-packages/oslo_privsep/daemon.py:580}}
Aug 17 16:17:40 devstack cinder-volume[94516]: DEBUG oslo_concurrency.processutils [None req-8217dd59-ed94-44e8-a4a8-63922fd0ed57 tempest-GroupSnapshotsTest-2063527758 None] Running cmd (subprocess): /opt/stack/data/venv/bin/python3.12 -m oslo_concurrency.prlimit --as=1073741824 --cpu=60 -- sudo cinder-rootwrap /etc/cinder/rootwrap.conf env LC_ALL=C qemu-img info -f qcow2 --output=json --force-share /opt/stack/data/cinder/mnt/e30976ab83ab4da8f39ef2705ba532ef/volume-4fd7c96f-fc1a-4046-9f1a-c637c37d2669 {{(pid=94516) execute /opt/stack/data/venv/lib/python3.12/site-packages/oslo_concurrency/processutils.py:440}}
Aug 17 16:17:40 devstack sudo[98997]: quobyte : PWD=/ ; USER=root ; COMMAND=/opt/stack/data/venv/bin/cinder-rootwrap /etc/cinder/rootwrap.conf env LC_ALL=C qemu-img info -f qcow2 --output=json --force-share /opt/stack/data/cinder/mnt/e30976ab83ab4da8f39ef2705ba532ef/volume-4fd7c96f-fc1a-4046-9f1a-c637c37d2669
Aug 17 16:17:40 devstack sudo[98997]: pam_unix(sudo:session): session opened for user root(uid=0) by (uid=1000)
Aug 17 16:17:40 devstack sudo[98997]: pam_unix(sudo:session): session closed for user root
Aug 17 16:17:40 devstack cinder-volume[94516]: DEBUG oslo_concurrency.processutils [None req-8217dd59-ed94-44e8-a4a8-63922fd0ed57 tempest-GroupSnapshotsTest-2063527758 None] CMD "/opt/stack/data/venv/bin/python3.12 -m oslo_concurrency.prlimit --as=1073741824 --cpu=60 -- sudo cinder-rootwrap /etc/cinder/rootwrap.conf env LC_ALL=C qemu-img info -f qcow2 --output=json --force-share /opt/stack/data/cinder/mnt/e30976ab83ab4da8f39ef2705ba532ef/volume-4fd7c96f-fc1a-4046-9f1a-c637c37d2669" returned: 0 in 0.411s {{(pid=94516) execute /opt/stack/data/venv/lib/python3.12/site-packages/oslo_concurrency/processutils.py:468}}
Aug 17 16:17:40 devstack cinder-volume[94516]: DEBUG oslo_concurrency.processutils [None req-8217dd59-ed94-44e8-a4a8-63922fd0ed57 tempest-GroupSnapshotsTest-2063527758 None] Running cmd (subprocess): sudo cinder-rootwrap /etc/cinder/rootwrap.conf qemu-img commit -d /opt/stack/data/cinder/mnt/e30976ab83ab4da8f39ef2705ba532ef/volume-4fd7c96f-fc1a-4046-9f1a-c637c37d2669.a49ac2d6-bc5b-441b-a4d2-90d91826653f {{(pid=94516) execute /opt/stack/data/venv/lib/python3.12/site-packages/oslo_concurrency/processutils.py:440}}
Aug 17 16:17:40 devstack sudo[99002]: quobyte : PWD=/ ; USER=root ; COMMAND=/opt/stack/data/venv/bin/cinder-rootwrap /etc/cinder/rootwrap.conf qemu-img commit -d /opt/stack/data/cinder/mnt/e30976ab83ab4da8f39ef2705ba532ef/volume-4fd7c96f-fc1a-4046-9f1a-c637c37d2669.a49ac2d6-bc5b-441b-a4d2-90d91826653f
Aug 17 16:17:40 devstack sudo[99002]: pam_unix(sudo:session): session opened for user root(uid=0) by (uid=1000)
Aug 17 16:17:41 devstack sudo[99002]: pam_unix(sudo:session): session closed for user root
Aug 17 16:17:41 devstack cinder-volume[94516]: DEBUG oslo_concurrency.processutils [None req-8217dd59-ed94-44e8-a4a8-63922fd0ed57 tempest-GroupSnapshotsTest-2063527758 None] CMD "sudo cinder-rootwrap /etc/cinder/rootwrap.conf qemu-img commit -d /opt/stack/data/cinder/mnt/e30976ab83ab4da8f39ef2705ba532ef/volume-4fd7c96f-fc1a-4046-9f1a-c637c37d2669.a49ac2d6-bc5b-441b-a4d2-90d91826653f" returned: 0 in 0.503s {{(pid=94516) execute /opt/stack/data/venv/lib/python3.12/site-packages/oslo_concurrency/processutils.py:468}}
Aug 17 16:17:41 devstack cinder-volume[94516]: DEBUG oslo_concurrency.processutils [None req-8217dd59-ed94-44e8-a4a8-63922fd0ed57 tempest-GroupSnapshotsTest-2063527758 None] Running cmd (subprocess): sudo cinder-rootwrap /etc/cinder/rootwrap.conf rm -f /opt/stack/data/cinder/mnt/e30976ab83ab4da8f39ef2705ba532ef/volume-4fd7c96f-fc1a-4046-9f1a-c637c37d2669.a49ac2d6-bc5b-441b-a4d2-90d91826653f {{(pid=94516) execute /opt/stack/data/venv/lib/python3.12/site-packages/oslo_concurrency/processutils.py:440}}
Aug 17 16:17:41 devstack sudo[99007]: quobyte : PWD=/ ; USER=root ; COMMAND=/opt/stack/data/venv/bin/cinder-rootwrap /etc/cinder/rootwrap.conf rm -f /opt/stack/data/cinder/mnt/e30976ab83ab4da8f39ef2705ba532ef/volume-4fd7c96f-fc1a-4046-9f1a-c637c37d2669.a49ac2d6-bc5b-441b-a4d2-90d91826653f
Aug 17 16:17:41 devstack sudo[99007]: pam_unix(sudo:session): session opened for user root(uid=0) by (uid=1000)
Aug 17 16:17:41 devstack cinder-volume[94516]: DEBUG cinder.coordination [None req-c3d5a598-8f2d-4de8-855a-b2014399b2b0 tempest-VolumeQuotasNegativeTestJSON-222075582 None] Acquiring lock "cinder-ce33ea71-1356-4eef-866d-3f801da006d4-delete_volume" by "delete_volume" {{(pid=94516) __acquire /opt/stack/cinder/cinder/coordination.py:138}}
Aug 17 16:17:41 devstack cinder-volume[94516]: DEBUG cinder.coordination [None req-c3d5a598-8f2d-4de8-855a-b2014399b2b0 tempest-VolumeQuotasNegativeTestJSON-222075582 None] Lock "cinder-ce33ea71-1356-4eef-866d-3f801da006d4-delete_volume" acquired by "delete_volume" :: waited 0.050s {{(pid=94516) __acquire /opt/stack/cinder/cinder/coordination.py:141}}
Aug 17 16:17:41 devstack cinder-volume[94516]: DEBUG cinder.coordination [None req-c3d5a598-8f2d-4de8-855a-b2014399b2b0 tempest-VolumeQuotasNegativeTestJSON-222075582 None] Acquiring lock "cinder-quobyte-ce33ea71-1356-4eef-866d-3f801da006d4" by "delete_volume" {{(pid=94516) __acquire /opt/stack/cinder/cinder/coordination.py:138}}
Aug 17 16:17:41 devstack cinder-volume[94516]: DEBUG cinder.coordination [None req-c3d5a598-8f2d-4de8-855a-b2014399b2b0 tempest-VolumeQuotasNegativeTestJSON-222075582 None] Lock "cinder-quobyte-ce33ea71-1356-4eef-866d-3f801da006d4" acquired by "delete_volume" :: waited 0.024s {{(pid=94516) __acquire /opt/stack/cinder/cinder/coordination.py:141}}
Aug 17 16:17:41 devstack sudo[99007]: pam_unix(sudo:session): session closed for user root
Aug 17 16:17:41 devstack cinder-volume[94516]: DEBUG oslo_concurrency.processutils [None req-8217dd59-ed94-44e8-a4a8-63922fd0ed57 tempest-GroupSnapshotsTest-2063527758 None] CMD "sudo cinder-rootwrap /etc/cinder/rootwrap.conf rm -f /opt/stack/data/cinder/mnt/e30976ab83ab4da8f39ef2705ba532ef/volume-4fd7c96f-fc1a-4046-9f1a-c637c37d2669.a49ac2d6-bc5b-441b-a4d2-90d91826653f" returned: 0 in 0.413s {{(pid=94516) execute /opt/stack/data/venv/lib/python3.12/site-packages/oslo_concurrency/processutils.py:468}}
Aug 17 16:17:41 devstack cinder-volume[94516]: DEBUG oslo.privsep.daemon [-] privsep: reply[e93cd235-2fde-402c-9c25-5a5448811945]: (4, 'qcow2') {{(pid=95613) _call_back /opt/stack/data/venv/lib/python3.12/site-packages/oslo_privsep/daemon.py:580}}
Aug 17 16:17:41 devstack cinder-volume[94516]: DEBUG oslo_concurrency.processutils [None req-c3d5a598-8f2d-4de8-855a-b2014399b2b0 tempest-VolumeQuotasNegativeTestJSON-222075582 None] Running cmd (subprocess): /opt/stack/data/venv/bin/python3.12 -m oslo_concurrency.prlimit --as=1073741824 --cpu=60 -- sudo cinder-rootwrap /etc/cinder/rootwrap.conf env LC_ALL=C qemu-img info -f qcow2 --output=json --force-share /opt/stack/data/cinder/mnt/e30976ab83ab4da8f39ef2705ba532ef/volume-ce33ea71-1356-4eef-866d-3f801da006d4 {{(pid=94516) execute /opt/stack/data/venv/lib/python3.12/site-packages/oslo_concurrency/processutils.py:440}}
Aug 17 16:17:41 devstack cinder-volume[94516]: DEBUG cinder.coordination [None req-8217dd59-ed94-44e8-a4a8-63922fd0ed57 tempest-GroupSnapshotsTest-2063527758 None] Lock "cinder-quobyte-a49ac2d6-bc5b-441b-a4d2-90d91826653f" released by "_delete_snapshot" :: held 2.006s {{(pid=94516) __release /opt/stack/cinder/cinder/coordination.py:152}}
Aug 17 16:17:41 devstack cinder-volume[94516]: DEBUG cinder.coordination [None req-8217dd59-ed94-44e8-a4a8-63922fd0ed57 tempest-GroupSnapshotsTest-2063527758 None] Lock "cinder-quobyte-4fd7c96f-fc1a-4046-9f1a-c637c37d2669" released by "delete_snapshot" :: held 2.040s {{(pid=94516) __release /opt/stack/cinder/cinder/coordination.py:152}}
Aug 17 16:17:41 devstack cinder-volume[94516]: DEBUG cinder.coordination [None req-8217dd59-ed94-44e8-a4a8-63922fd0ed57 tempest-GroupSnapshotsTest-2063527758 None] Acquiring lock "cinder-quobyte-d33eeab1-378d-42bd-9766-2d0958477503" by "delete_snapshot" {{(pid=94516) __acquire /opt/stack/cinder/cinder/coordination.py:138}}
Aug 17 16:17:41 devstack cinder-volume[94516]: DEBUG cinder.coordination [None req-8217dd59-ed94-44e8-a4a8-63922fd0ed57 tempest-GroupSnapshotsTest-2063527758 None] Lock "cinder-quobyte-d33eeab1-378d-42bd-9766-2d0958477503" acquired by "delete_snapshot" :: waited 0.019s {{(pid=94516) __acquire /opt/stack/cinder/cinder/coordination.py:141}}
Aug 17 16:17:41 devstack cinder-volume[94516]: DEBUG cinder.coordination [None req-8217dd59-ed94-44e8-a4a8-63922fd0ed57 tempest-GroupSnapshotsTest-2063527758 None] Acquiring lock "cinder-quobyte-eebc8a65-98a4-4740-b6f8-9efcdecc4a32" by "_delete_snapshot" {{(pid=94516) __acquire /opt/stack/cinder/cinder/coordination.py:138}}
Aug 17 16:17:41 devstack cinder-volume[94516]: DEBUG cinder.coordination [None req-8217dd59-ed94-44e8-a4a8-63922fd0ed57 tempest-GroupSnapshotsTest-2063527758 None] Lock "cinder-quobyte-eebc8a65-98a4-4740-b6f8-9efcdecc4a32" acquired by "_delete_snapshot" :: waited 0.028s {{(pid=94516) __acquire /opt/stack/cinder/cinder/coordination.py:141}}
Aug 17 16:17:41 devstack cinder-volume[94516]: DEBUG cinder.volume.drivers.remotefs [None req-8217dd59-ed94-44e8-a4a8-63922fd0ed57 tempest-GroupSnapshotsTest-2063527758 None] Deleting offline snapshot eebc8a65-98a4-4740-b6f8-9efcdecc4a32 of volume d33eeab1-378d-42bd-9766-2d0958477503 {{(pid=94516) _delete_snapshot /opt/stack/cinder/cinder/volume/drivers/remotefs.py:1288}}
Aug 17 16:17:41 devstack sudo[99011]: quobyte : PWD=/ ; USER=root ; COMMAND=/opt/stack/data/venv/bin/cinder-rootwrap /etc/cinder/rootwrap.conf env LC_ALL=C qemu-img info -f qcow2 --output=json --force-share /opt/stack/data/cinder/mnt/e30976ab83ab4da8f39ef2705ba532ef/volume-ce33ea71-1356-4eef-866d-3f801da006d4
Aug 17 16:17:41 devstack sudo[99011]: pam_unix(sudo:session): session opened for user root(uid=0) by (uid=1000)
Aug 17 16:17:41 devstack cinder-volume[94516]: DEBUG cinder.volume.drivers.remotefs [None req-8217dd59-ed94-44e8-a4a8-63922fd0ed57 tempest-GroupSnapshotsTest-2063527758 None] snapshot_file for this snap is: volume-d33eeab1-378d-42bd-9766-2d0958477503.eebc8a65-98a4-4740-b6f8-9efcdecc4a32 {{(pid=94516) _delete_snapshot /opt/stack/cinder/cinder/volume/drivers/remotefs.py:1317}}
Aug 17 16:17:41 devstack cinder-volume[94516]: DEBUG oslo.privsep.daemon [-] privsep: reply[4ef2530a-8fab-42d3-b7a8-364bca23a21b]: (4, 'qcow2') {{(pid=95613) _call_back /opt/stack/data/venv/lib/python3.12/site-packages/oslo_privsep/daemon.py:580}}
Aug 17 16:17:41 devstack cinder-volume[94516]: DEBUG oslo_concurrency.processutils [None req-8217dd59-ed94-44e8-a4a8-63922fd0ed57 tempest-GroupSnapshotsTest-2063527758 None] Running cmd (subprocess): /opt/stack/data/venv/bin/python3.12 -m oslo_concurrency.prlimit --as=1073741824 --cpu=60 -- sudo cinder-rootwrap /etc/cinder/rootwrap.conf env LC_ALL=C qemu-img info -f qcow2 --output=json --force-share /opt/stack/data/cinder/mnt/e30976ab83ab4da8f39ef2705ba532ef/volume-d33eeab1-378d-42bd-9766-2d0958477503.eebc8a65-98a4-4740-b6f8-9efcdecc4a32 {{(pid=94516) execute /opt/stack/data/venv/lib/python3.12/site-packages/oslo_concurrency/processutils.py:440}}
Aug 17 16:17:41 devstack sudo[99013]: quobyte : PWD=/ ; USER=root ; COMMAND=/opt/stack/data/venv/bin/cinder-rootwrap /etc/cinder/rootwrap.conf env LC_ALL=C qemu-img info -f qcow2 --output=json --force-share /opt/stack/data/cinder/mnt/e30976ab83ab4da8f39ef2705ba532ef/volume-d33eeab1-378d-42bd-9766-2d0958477503.eebc8a65-98a4-4740-b6f8-9efcdecc4a32
Aug 17 16:17:41 devstack sudo[99013]: pam_unix(sudo:session): session opened for user root(uid=0) by (uid=1000)
Aug 17 16:17:41 devstack sudo[99011]: pam_unix(sudo:session): session closed for user root
Aug 17 16:17:41 devstack cinder-volume[94516]: DEBUG oslo_concurrency.processutils [None req-c3d5a598-8f2d-4de8-855a-b2014399b2b0 tempest-VolumeQuotasNegativeTestJSON-222075582 None] CMD "/opt/stack/data/venv/bin/python3.12 -m oslo_concurrency.prlimit --as=1073741824 --cpu=60 -- sudo cinder-rootwrap /etc/cinder/rootwrap.conf env LC_ALL=C qemu-img info -f qcow2 --output=json --force-share /opt/stack/data/cinder/mnt/e30976ab83ab4da8f39ef2705ba532ef/volume-ce33ea71-1356-4eef-866d-3f801da006d4" returned: 0 in 0.413s {{(pid=94516) execute /opt/stack/data/venv/lib/python3.12/site-packages/oslo_concurrency/processutils.py:468}}
Aug 17 16:17:41 devstack cinder-volume[94516]: DEBUG oslo_concurrency.processutils [None req-c3d5a598-8f2d-4de8-855a-b2014399b2b0 tempest-VolumeQuotasNegativeTestJSON-222075582 None] Running cmd (subprocess): sudo cinder-rootwrap /etc/cinder/rootwrap.conf rm -f /opt/stack/data/cinder/mnt/e30976ab83ab4da8f39ef2705ba532ef/volume-ce33ea71-1356-4eef-866d-3f801da006d4 {{(pid=94516) execute /opt/stack/data/venv/lib/python3.12/site-packages/oslo_concurrency/processutils.py:440}}
Aug 17 16:17:41 devstack sudo[99019]: quobyte : PWD=/ ; USER=root ; COMMAND=/opt/stack/data/venv/bin/cinder-rootwrap /etc/cinder/rootwrap.conf rm -f /opt/stack/data/cinder/mnt/e30976ab83ab4da8f39ef2705ba532ef/volume-ce33ea71-1356-4eef-866d-3f801da006d4
Aug 17 16:17:41 devstack sudo[99019]: pam_unix(sudo:session): session opened for user root(uid=0) by (uid=1000)
Aug 17 16:17:42 devstack sudo[99013]: pam_unix(sudo:session): session closed for user root
Aug 17 16:17:42 devstack cinder-volume[94516]: DEBUG oslo_concurrency.processutils [None req-8217dd59-ed94-44e8-a4a8-63922fd0ed57 tempest-GroupSnapshotsTest-2063527758 None] CMD "/opt/stack/data/venv/bin/python3.12 -m oslo_concurrency.prlimit --as=1073741824 --cpu=60 -- sudo cinder-rootwrap /etc/cinder/rootwrap.conf env LC_ALL=C qemu-img info -f qcow2 --output=json --force-share /opt/stack/data/cinder/mnt/e30976ab83ab4da8f39ef2705ba532ef/volume-d33eeab1-378d-42bd-9766-2d0958477503.eebc8a65-98a4-4740-b6f8-9efcdecc4a32" returned: 0 in 0.497s {{(pid=94516) execute /opt/stack/data/venv/lib/python3.12/site-packages/oslo_concurrency/processutils.py:468}}
Aug 17 16:17:42 devstack cinder-volume[94516]: DEBUG cinder.volume.drivers.remotefs [None req-8217dd59-ed94-44e8-a4a8-63922fd0ed57 tempest-GroupSnapshotsTest-2063527758 None] Fetching qemu-img info with special backing_file_template: (/opt/stack/data/cinder/mnt/[0-9a-f]+/)?(volume-d33eeab1-378d-42bd-9766-2d0958477503(.(tmp-snap-)?[0-9a-f-]+)?|volume_from_snapshot_cache/(tmp-snap-)?[0-9a-f-]+(.(child-|parent-)[0-9a-f-]+)?)$ {{(pid=94516) _qemu_img_info_base /opt/stack/cinder/cinder/volume/drivers/remotefs.py:896}}
Aug 17 16:17:42 devstack cinder-volume[94516]: DEBUG oslo.privsep.daemon [-] privsep: reply[08ffbdfc-ad25-40f8-a268-3b2dc405b415]: (4, 'qcow2') {{(pid=95613) _call_back /opt/stack/data/venv/lib/python3.12/site-packages/oslo_privsep/daemon.py:580}}
Aug 17 16:17:42 devstack cinder-volume[94516]: DEBUG oslo_concurrency.processutils [None req-8217dd59-ed94-44e8-a4a8-63922fd0ed57 tempest-GroupSnapshotsTest-2063527758 None] Running cmd (subprocess): /opt/stack/data/venv/bin/python3.12 -m oslo_concurrency.prlimit --as=1073741824 --cpu=60 -- sudo cinder-rootwrap /etc/cinder/rootwrap.conf env LC_ALL=C qemu-img info -f qcow2 --output=json --force-share /opt/stack/data/cinder/mnt/e30976ab83ab4da8f39ef2705ba532ef/volume-d33eeab1-378d-42bd-9766-2d0958477503 {{(pid=94516) execute /opt/stack/data/venv/lib/python3.12/site-packages/oslo_concurrency/processutils.py:440}}
Aug 17 16:17:42 devstack sudo[99019]: pam_unix(sudo:session): session closed for user root
Aug 17 16:17:42 devstack cinder-volume[94516]: DEBUG oslo_concurrency.processutils [None req-c3d5a598-8f2d-4de8-855a-b2014399b2b0 tempest-VolumeQuotasNegativeTestJSON-222075582 None] CMD "sudo cinder-rootwrap /etc/cinder/rootwrap.conf rm -f /opt/stack/data/cinder/mnt/e30976ab83ab4da8f39ef2705ba532ef/volume-ce33ea71-1356-4eef-866d-3f801da006d4" returned: 0 in 0.323s {{(pid=94516) execute /opt/stack/data/venv/lib/python3.12/site-packages/oslo_concurrency/processutils.py:468}}
Aug 17 16:17:42 devstack cinder-volume[94516]: DEBUG cinder.coordination [None req-c3d5a598-8f2d-4de8-855a-b2014399b2b0 tempest-VolumeQuotasNegativeTestJSON-222075582 None] Lock "cinder-quobyte-ce33ea71-1356-4eef-866d-3f801da006d4" released by "delete_volume" :: held 0.811s {{(pid=94516) __release /opt/stack/cinder/cinder/coordination.py:152}}
Aug 17 16:17:42 devstack cinder-volume[94516]: DEBUG cinder.quota [None req-c3d5a598-8f2d-4de8-855a-b2014399b2b0 tempest-VolumeQuotasNegativeTestJSON-222075582 None] Created reservations ['d90bbfa1-59d7-40a7-b09a-6843c3d763b3', 'db993202-050b-4565-946b-a4fe07bf5547', '6d2dfec8-2b33-4e2d-8d61-a8aa635a84b5', 'e2f03fda-b1f4-47c6-b714-0536dbd0638b'] {{(pid=94516) reserve /opt/stack/cinder/cinder/quota.py:752}}
Aug 17 16:17:42 devstack sudo[99025]: quobyte : PWD=/ ; USER=root ; COMMAND=/opt/stack/data/venv/bin/cinder-rootwrap /etc/cinder/rootwrap.conf env LC_ALL=C qemu-img info -f qcow2 --output=json --force-share /opt/stack/data/cinder/mnt/e30976ab83ab4da8f39ef2705ba532ef/volume-d33eeab1-378d-42bd-9766-2d0958477503
Aug 17 16:17:42 devstack sudo[99025]: pam_unix(sudo:session): session opened for user root(uid=0) by (uid=1000)
Aug 17 16:17:42 devstack cinder-volume[94516]: DEBUG oslo_concurrency.lockutils [None req-c3d5a598-8f2d-4de8-855a-b2014399b2b0 tempest-VolumeQuotasNegativeTestJSON-222075582 None] Acquiring lock "quobyte_ensure" by "cinder.volume.drivers.quobyte.QuobyteDriver._ensure_shares_mounted" {{(pid=94516) inner /opt/stack/data/venv/lib/python3.12/site-packages/oslo_concurrency/lockutils.py:512}}
Aug 17 16:17:42 devstack cinder-volume[94516]: DEBUG oslo_concurrency.lockutils [None req-c3d5a598-8f2d-4de8-855a-b2014399b2b0 tempest-VolumeQuotasNegativeTestJSON-222075582 None] Lock "quobyte_ensure" acquired by "cinder.volume.drivers.quobyte.QuobyteDriver._ensure_shares_mounted" :: waited 0.001s {{(pid=94516) inner /opt/stack/data/venv/lib/python3.12/site-packages/oslo_concurrency/lockutils.py:525}}
Aug 17 16:17:42 devstack cinder-volume[94516]: DEBUG cinder.volume.drivers.quobyte [None req-c3d5a598-8f2d-4de8-855a-b2014399b2b0 tempest-VolumeQuotasNegativeTestJSON-222075582 None] Quobyte Volume URL set to: {'osci02.corp.quobyte.com/cinder-vol-d7504e5f-da64-46b5-878d-22cdc8ba07f8': None} {{(pid=94516) _load_shares_config /opt/stack/cinder/cinder/volume/drivers/quobyte.py:665}}
Aug 17 16:17:42 devstack cinder-volume[94516]: DEBUG cinder.volume.drivers.quobyte [None req-c3d5a598-8f2d-4de8-855a-b2014399b2b0 tempest-VolumeQuotasNegativeTestJSON-222075582 None] Available shares ['osci02.corp.quobyte.com/cinder-vol-d7504e5f-da64-46b5-878d-22cdc8ba07f8'] {{(pid=94516) _ensure_shares_mounted /opt/stack/cinder/cinder/volume/drivers/quobyte.py:695}}
Aug 17 16:17:42 devstack cinder-volume[94516]: DEBUG oslo_concurrency.lockutils [None req-c3d5a598-8f2d-4de8-855a-b2014399b2b0 tempest-VolumeQuotasNegativeTestJSON-222075582 None] Lock "quobyte_ensure" "released" by "cinder.volume.drivers.quobyte.QuobyteDriver._ensure_shares_mounted" :: held 0.007s {{(pid=94516) inner /opt/stack/data/venv/lib/python3.12/site-packages/oslo_concurrency/lockutils.py:544}}
Aug 17 16:17:42 devstack cinder-volume[94516]: DEBUG oslo_concurrency.processutils [None req-c3d5a598-8f2d-4de8-855a-b2014399b2b0 tempest-VolumeQuotasNegativeTestJSON-222075582 None] Running cmd (subprocess): sudo cinder-rootwrap /etc/cinder/rootwrap.conf df --portability --block-size 1 /opt/stack/data/cinder/mnt/e30976ab83ab4da8f39ef2705ba532ef {{(pid=94516) execute /opt/stack/data/venv/lib/python3.12/site-packages/oslo_concurrency/processutils.py:440}}
Aug 17 16:17:42 devstack sudo[99027]: quobyte : PWD=/ ; USER=root ; COMMAND=/opt/stack/data/venv/bin/cinder-rootwrap /etc/cinder/rootwrap.conf df --portability --block-size 1 /opt/stack/data/cinder/mnt/e30976ab83ab4da8f39ef2705ba532ef
Aug 17 16:17:42 devstack sudo[99027]: pam_unix(sudo:session): session opened for user root(uid=0) by (uid=1000)
Aug 17 16:17:42 devstack sudo[99027]: pam_unix(sudo:session): session closed for user root
Aug 17 16:17:42 devstack sudo[99025]: pam_unix(sudo:session): session closed for user root
Aug 17 16:17:42 devstack cinder-volume[94516]: DEBUG oslo_concurrency.processutils [None req-8217dd59-ed94-44e8-a4a8-63922fd0ed57 tempest-GroupSnapshotsTest-2063527758 None] CMD "/opt/stack/data/venv/bin/python3.12 -m oslo_concurrency.prlimit --as=1073741824 --cpu=60 -- sudo cinder-rootwrap /etc/cinder/rootwrap.conf env LC_ALL=C qemu-img info -f qcow2 --output=json --force-share /opt/stack/data/cinder/mnt/e30976ab83ab4da8f39ef2705ba532ef/volume-d33eeab1-378d-42bd-9766-2d0958477503" returned: 0 in 0.650s {{(pid=94516) execute /opt/stack/data/venv/lib/python3.12/site-packages/oslo_concurrency/processutils.py:468}}
Aug 17 16:17:42 devstack cinder-volume[94516]: DEBUG oslo_concurrency.processutils [None req-8217dd59-ed94-44e8-a4a8-63922fd0ed57 tempest-GroupSnapshotsTest-2063527758 None] Running cmd (subprocess): sudo cinder-rootwrap /etc/cinder/rootwrap.conf qemu-img commit -d /opt/stack/data/cinder/mnt/e30976ab83ab4da8f39ef2705ba532ef/volume-d33eeab1-378d-42bd-9766-2d0958477503.eebc8a65-98a4-4740-b6f8-9efcdecc4a32 {{(pid=94516) execute /opt/stack/data/venv/lib/python3.12/site-packages/oslo_concurrency/processutils.py:440}}
Aug 17 16:17:42 devstack cinder-volume[94516]: DEBUG oslo_concurrency.processutils [None req-c3d5a598-8f2d-4de8-855a-b2014399b2b0 tempest-VolumeQuotasNegativeTestJSON-222075582 None] CMD "sudo cinder-rootwrap /etc/cinder/rootwrap.conf df --portability --block-size 1 /opt/stack/data/cinder/mnt/e30976ab83ab4da8f39ef2705ba532ef" returned: 0 in 0.463s {{(pid=94516) execute /opt/stack/data/venv/lib/python3.12/site-packages/oslo_concurrency/processutils.py:468}}
Aug 17 16:17:42 devstack cinder-volume[94516]: DEBUG cinder.manager [None req-c3d5a598-8f2d-4de8-855a-b2014399b2b0 tempest-VolumeQuotasNegativeTestJSON-222075582 None] Notifying Schedulers of capabilities ... {{(pid=94516) _publish_service_capabilities /opt/stack/cinder/cinder/manager.py:219}}
Aug 17 16:17:42 devstack cinder-volume[94516]: INFO cinder.volume.manager [None req-c3d5a598-8f2d-4de8-855a-b2014399b2b0 tempest-VolumeQuotasNegativeTestJSON-222075582 None] Deleted volume successfully.
Aug 17 16:17:42 devstack sudo[99034]: quobyte : PWD=/ ; USER=root ; COMMAND=/opt/stack/data/venv/bin/cinder-rootwrap /etc/cinder/rootwrap.conf qemu-img commit -d /opt/stack/data/cinder/mnt/e30976ab83ab4da8f39ef2705ba532ef/volume-d33eeab1-378d-42bd-9766-2d0958477503.eebc8a65-98a4-4740-b6f8-9efcdecc4a32
Aug 17 16:17:42 devstack sudo[99034]: pam_unix(sudo:session): session opened for user root(uid=0) by (uid=1000)
Aug 17 16:17:42 devstack cinder-volume[94516]: DEBUG cinder.coordination [None req-c3d5a598-8f2d-4de8-855a-b2014399b2b0 tempest-VolumeQuotasNegativeTestJSON-222075582 None] Lock "cinder-ce33ea71-1356-4eef-866d-3f801da006d4-delete_volume" released by "delete_volume" :: held 1.556s {{(pid=94516) __release /opt/stack/cinder/cinder/coordination.py:152}}
Aug 17 16:17:43 devstack sudo[99034]: pam_unix(sudo:session): session closed for user root
Aug 17 16:17:43 devstack cinder-volume[94516]: DEBUG oslo_concurrency.processutils [None req-8217dd59-ed94-44e8-a4a8-63922fd0ed57 tempest-GroupSnapshotsTest-2063527758 None] CMD "sudo cinder-rootwrap /etc/cinder/rootwrap.conf qemu-img commit -d /opt/stack/data/cinder/mnt/e30976ab83ab4da8f39ef2705ba532ef/volume-d33eeab1-378d-42bd-9766-2d0958477503.eebc8a65-98a4-4740-b6f8-9efcdecc4a32" returned: 0 in 0.424s {{(pid=94516) execute /opt/stack/data/venv/lib/python3.12/site-packages/oslo_concurrency/processutils.py:468}}
Aug 17 16:17:43 devstack cinder-volume[94516]: DEBUG oslo_concurrency.processutils [None req-8217dd59-ed94-44e8-a4a8-63922fd0ed57 tempest-GroupSnapshotsTest-2063527758 None] Running cmd (subprocess): sudo cinder-rootwrap /etc/cinder/rootwrap.conf rm -f /opt/stack/data/cinder/mnt/e30976ab83ab4da8f39ef2705ba532ef/volume-d33eeab1-378d-42bd-9766-2d0958477503.eebc8a65-98a4-4740-b6f8-9efcdecc4a32 {{(pid=94516) execute /opt/stack/data/venv/lib/python3.12/site-packages/oslo_concurrency/processutils.py:440}}
Aug 17 16:17:43 devstack sudo[99039]: quobyte : PWD=/ ; USER=root ; COMMAND=/opt/stack/data/venv/bin/cinder-rootwrap /etc/cinder/rootwrap.conf rm -f /opt/stack/data/cinder/mnt/e30976ab83ab4da8f39ef2705ba532ef/volume-d33eeab1-378d-42bd-9766-2d0958477503.eebc8a65-98a4-4740-b6f8-9efcdecc4a32
Aug 17 16:17:43 devstack sudo[99039]: pam_unix(sudo:session): session opened for user root(uid=0) by (uid=1000)
Aug 17 16:17:43 devstack sudo[99039]: pam_unix(sudo:session): session closed for user root
Aug 17 16:17:43 devstack cinder-volume[94516]: DEBUG oslo_concurrency.processutils [None req-8217dd59-ed94-44e8-a4a8-63922fd0ed57 tempest-GroupSnapshotsTest-2063527758 None] CMD "sudo cinder-rootwrap /etc/cinder/rootwrap.conf rm -f /opt/stack/data/cinder/mnt/e30976ab83ab4da8f39ef2705ba532ef/volume-d33eeab1-378d-42bd-9766-2d0958477503.eebc8a65-98a4-4740-b6f8-9efcdecc4a32" returned: 0 in 0.383s {{(pid=94516) execute /opt/stack/data/venv/lib/python3.12/site-packages/oslo_concurrency/processutils.py:468}}
Aug 17 16:17:43 devstack cinder-volume[94516]: DEBUG cinder.coordination [None req-8217dd59-ed94-44e8-a4a8-63922fd0ed57 tempest-GroupSnapshotsTest-2063527758 None] Lock "cinder-quobyte-eebc8a65-98a4-4740-b6f8-9efcdecc4a32" released by "_delete_snapshot" :: held 2.112s {{(pid=94516) __release /opt/stack/cinder/cinder/coordination.py:152}}
Aug 17 16:17:43 devstack cinder-volume[94516]: DEBUG cinder.coordination [None req-8217dd59-ed94-44e8-a4a8-63922fd0ed57 tempest-GroupSnapshotsTest-2063527758 None] Lock "cinder-quobyte-d33eeab1-378d-42bd-9766-2d0958477503" released by "delete_snapshot" :: held 2.153s {{(pid=94516) __release /opt/stack/cinder/cinder/coordination.py:152}}
Aug 17 16:17:43 devstack cinder-volume[94516]: WARNING cinder.quota [None req-8217dd59-ed94-44e8-a4a8-63922fd0ed57 tempest-GroupSnapshotsTest-2063527758 None] Deprecated: Default quota for resource: gigabytes_tempest-GroupSnapshotsTest-volume-type-329585918 is set by the default quota flag: quota_gigabytes_tempest-GroupSnapshotsTest-volume-type-329585918, it is now deprecated. Please use the default quota class for default quota.
Aug 17 16:17:43 devstack cinder-volume[94516]: WARNING cinder.quota [None req-8217dd59-ed94-44e8-a4a8-63922fd0ed57 tempest-GroupSnapshotsTest-2063527758 None] Deprecated: Default quota for resource: snapshots_tempest-GroupSnapshotsTest-volume-type-329585918 is set by the default quota flag: quota_snapshots_tempest-GroupSnapshotsTest-volume-type-329585918, it is now deprecated. Please use the default quota class for default quota.
Aug 17 16:17:43 devstack cinder-volume[94516]: DEBUG cinder.quota [None req-8217dd59-ed94-44e8-a4a8-63922fd0ed57 tempest-GroupSnapshotsTest-2063527758 None] Created reservations ['6bba7c6f-e1cf-41c6-9204-80c18a048c1a', '1b68723c-3d7e-47ad-98ad-49bcff29190a', 'b0e273e5-ddbf-4550-ad3d-c128843a58c0', '9823b892-d51d-467b-b314-4b2bc200639a'] {{(pid=94516) reserve /opt/stack/cinder/cinder/quota.py:752}}
Aug 17 16:17:43 devstack cinder-volume[94516]: DEBUG cinder.quota [None req-8217dd59-ed94-44e8-a4a8-63922fd0ed57 tempest-GroupSnapshotsTest-2063527758 None] Created reservations ['e99a9d19-cbd6-43c8-bcff-99e46e920957', 'a5c5d779-a0f2-4229-aebe-2039da4da3d1', '2f9cb9e6-b281-42cb-8380-c15671335ad5', '46eeddc4-0bb4-424f-8c20-ca45f78dc76a'] {{(pid=94516) reserve /opt/stack/cinder/cinder/quota.py:752}}
Aug 17 16:17:44 devstack cinder-volume[94516]: INFO cinder.volume.manager [None req-8217dd59-ed94-44e8-a4a8-63922fd0ed57 tempest-GroupSnapshotsTest-2063527758 None] group_snapshot f05d99fa-1673-46a8-8c73-ada335683f09: deleted successfully
Aug 17 16:17:45 devstack cinder-volume[94516]: DEBUG cinder.coordination [None req-c4453d29-27d2-416f-8dff-beff626aa061 tempest-GroupSnapshotsTest-2063527758 None] Acquiring lock "cinder-quobyte-4fd7c96f-fc1a-4046-9f1a-c637c37d2669" by "delete_volume" {{(pid=94516) __acquire /opt/stack/cinder/cinder/coordination.py:138}}
Aug 17 16:17:45 devstack cinder-volume[94516]: DEBUG cinder.coordination [None req-c4453d29-27d2-416f-8dff-beff626aa061 tempest-GroupSnapshotsTest-2063527758 None] Lock "cinder-quobyte-4fd7c96f-fc1a-4046-9f1a-c637c37d2669" acquired by "delete_volume" :: waited 0.035s {{(pid=94516) __acquire /opt/stack/cinder/cinder/coordination.py:141}}
Aug 17 16:17:45 devstack cinder-volume[94516]: DEBUG oslo.privsep.daemon [-] privsep: reply[89f7dc03-9c32-41da-bc75-18906d88627c]: (4, 'qcow2') {{(pid=95613) _call_back /opt/stack/data/venv/lib/python3.12/site-packages/oslo_privsep/daemon.py:580}}
Aug 17 16:17:45 devstack cinder-volume[94516]: DEBUG oslo_concurrency.processutils [None req-c4453d29-27d2-416f-8dff-beff626aa061 tempest-GroupSnapshotsTest-2063527758 None] Running cmd (subprocess): /opt/stack/data/venv/bin/python3.12 -m oslo_concurrency.prlimit --as=1073741824 --cpu=60 -- sudo cinder-rootwrap /etc/cinder/rootwrap.conf env LC_ALL=C qemu-img info -f qcow2 --output=json --force-share /opt/stack/data/cinder/mnt/e30976ab83ab4da8f39ef2705ba532ef/volume-4fd7c96f-fc1a-4046-9f1a-c637c37d2669 {{(pid=94516) execute /opt/stack/data/venv/lib/python3.12/site-packages/oslo_concurrency/processutils.py:440}}
Aug 17 16:17:45 devstack sudo[99044]: quobyte : PWD=/ ; USER=root ; COMMAND=/opt/stack/data/venv/bin/cinder-rootwrap /etc/cinder/rootwrap.conf env LC_ALL=C qemu-img info -f qcow2 --output=json --force-share /opt/stack/data/cinder/mnt/e30976ab83ab4da8f39ef2705ba532ef/volume-4fd7c96f-fc1a-4046-9f1a-c637c37d2669
Aug 17 16:17:45 devstack sudo[99044]: pam_unix(sudo:session): session opened for user root(uid=0) by (uid=1000)
Aug 17 16:17:46 devstack sudo[99044]: pam_unix(sudo:session): session closed for user root
Aug 17 16:17:46 devstack cinder-volume[94516]: DEBUG oslo_concurrency.processutils [None req-c4453d29-27d2-416f-8dff-beff626aa061 tempest-GroupSnapshotsTest-2063527758 None] CMD "/opt/stack/data/venv/bin/python3.12 -m oslo_concurrency.prlimit --as=1073741824 --cpu=60 -- sudo cinder-rootwrap /etc/cinder/rootwrap.conf env LC_ALL=C qemu-img info -f qcow2 --output=json --force-share /opt/stack/data/cinder/mnt/e30976ab83ab4da8f39ef2705ba532ef/volume-4fd7c96f-fc1a-4046-9f1a-c637c37d2669" returned: 0 in 0.558s {{(pid=94516) execute /opt/stack/data/venv/lib/python3.12/site-packages/oslo_concurrency/processutils.py:468}}
Aug 17 16:17:46 devstack cinder-volume[94516]: DEBUG oslo_concurrency.processutils [None req-c4453d29-27d2-416f-8dff-beff626aa061 tempest-GroupSnapshotsTest-2063527758 None] Running cmd (subprocess): sudo cinder-rootwrap /etc/cinder/rootwrap.conf rm -f /opt/stack/data/cinder/mnt/e30976ab83ab4da8f39ef2705ba532ef/volume-4fd7c96f-fc1a-4046-9f1a-c637c37d2669 {{(pid=94516) execute /opt/stack/data/venv/lib/python3.12/site-packages/oslo_concurrency/processutils.py:440}}
Aug 17 16:17:46 devstack sudo[99050]: quobyte : PWD=/ ; USER=root ; COMMAND=/opt/stack/data/venv/bin/cinder-rootwrap /etc/cinder/rootwrap.conf rm -f /opt/stack/data/cinder/mnt/e30976ab83ab4da8f39ef2705ba532ef/volume-4fd7c96f-fc1a-4046-9f1a-c637c37d2669
Aug 17 16:17:46 devstack sudo[99050]: pam_unix(sudo:session): session opened for user root(uid=0) by (uid=1000)
Aug 17 16:17:46 devstack sudo[99050]: pam_unix(sudo:session): session closed for user root
Aug 17 16:17:46 devstack cinder-volume[94516]: DEBUG oslo_concurrency.processutils [None req-c4453d29-27d2-416f-8dff-beff626aa061 tempest-GroupSnapshotsTest-2063527758 None] CMD "sudo cinder-rootwrap /etc/cinder/rootwrap.conf rm -f /opt/stack/data/cinder/mnt/e30976ab83ab4da8f39ef2705ba532ef/volume-4fd7c96f-fc1a-4046-9f1a-c637c37d2669" returned: 0 in 0.334s {{(pid=94516) execute /opt/stack/data/venv/lib/python3.12/site-packages/oslo_concurrency/processutils.py:468}}
Aug 17 16:17:46 devstack cinder-volume[94516]: DEBUG cinder.coordination [None req-c4453d29-27d2-416f-8dff-beff626aa061 tempest-GroupSnapshotsTest-2063527758 None] Lock "cinder-quobyte-4fd7c96f-fc1a-4046-9f1a-c637c37d2669" released by "delete_volume" :: held 0.999s {{(pid=94516) __release /opt/stack/cinder/cinder/coordination.py:152}}
Aug 17 16:17:46 devstack cinder-volume[94516]: DEBUG cinder.coordination [None req-c4453d29-27d2-416f-8dff-beff626aa061 tempest-GroupSnapshotsTest-2063527758 None] Acquiring lock "cinder-quobyte-d33eeab1-378d-42bd-9766-2d0958477503" by "delete_volume" {{(pid=94516) __acquire /opt/stack/cinder/cinder/coordination.py:138}}
Aug 17 16:17:46 devstack cinder-volume[94516]: DEBUG cinder.coordination [None req-c4453d29-27d2-416f-8dff-beff626aa061 tempest-GroupSnapshotsTest-2063527758 None] Lock "cinder-quobyte-d33eeab1-378d-42bd-9766-2d0958477503" acquired by "delete_volume" :: waited 0.026s {{(pid=94516) __acquire /opt/stack/cinder/cinder/coordination.py:141}}
Aug 17 16:17:46 devstack cinder-volume[94516]: DEBUG oslo.privsep.daemon [-] privsep: reply[af7f405e-1c35-4474-9f09-3138e9d55669]: (4, 'qcow2') {{(pid=95613) _call_back /opt/stack/data/venv/lib/python3.12/site-packages/oslo_privsep/daemon.py:580}}
Aug 17 16:17:46 devstack cinder-volume[94516]: DEBUG oslo_concurrency.processutils [None req-c4453d29-27d2-416f-8dff-beff626aa061 tempest-GroupSnapshotsTest-2063527758 None] Running cmd (subprocess): /opt/stack/data/venv/bin/python3.12 -m oslo_concurrency.prlimit --as=1073741824 --cpu=60 -- sudo cinder-rootwrap /etc/cinder/rootwrap.conf env LC_ALL=C qemu-img info -f qcow2 --output=json --force-share /opt/stack/data/cinder/mnt/e30976ab83ab4da8f39ef2705ba532ef/volume-d33eeab1-378d-42bd-9766-2d0958477503 {{(pid=94516) execute /opt/stack/data/venv/lib/python3.12/site-packages/oslo_concurrency/processutils.py:440}}
Aug 17 16:17:47 devstack sudo[99057]: quobyte : PWD=/ ; USER=root ; COMMAND=/opt/stack/data/venv/bin/cinder-rootwrap /etc/cinder/rootwrap.conf env LC_ALL=C qemu-img info -f qcow2 --output=json --force-share /opt/stack/data/cinder/mnt/e30976ab83ab4da8f39ef2705ba532ef/volume-d33eeab1-378d-42bd-9766-2d0958477503
Aug 17 16:17:47 devstack sudo[99057]: pam_unix(sudo:session): session opened for user root(uid=0) by (uid=1000)
Aug 17 16:17:47 devstack cinder-volume[94516]: INFO cinder.volume.manager [req-5479d93d-a742-46d9-8c65-b0cba75646f3 req-bd387154-e532-433a-80a8-0252501ccbde tempest-ServerActionsTestOtherA-437774237 None] Terminate volume connection completed successfully.
Aug 17 16:17:47 devstack cinder-volume[94516]: DEBUG cinder.volume.manager [req-5479d93d-a742-46d9-8c65-b0cba75646f3 req-bd387154-e532-433a-80a8-0252501ccbde tempest-ServerActionsTestOtherA-437774237 None] Deleting attachment 3011b1da-2814-473a-a7bf-4bd9a51e2f74. {{(pid=94516) attachment_delete /opt/stack/cinder/cinder/volume/manager.py:5055}}
Aug 17 16:17:47 devstack sudo[99057]: pam_unix(sudo:session): session closed for user root
Aug 17 16:17:47 devstack cinder-volume[94516]: DEBUG oslo_concurrency.processutils [None req-c4453d29-27d2-416f-8dff-beff626aa061 tempest-GroupSnapshotsTest-2063527758 None] CMD "/opt/stack/data/venv/bin/python3.12 -m oslo_concurrency.prlimit --as=1073741824 --cpu=60 -- sudo cinder-rootwrap /etc/cinder/rootwrap.conf env LC_ALL=C qemu-img info -f qcow2 --output=json --force-share /opt/stack/data/cinder/mnt/e30976ab83ab4da8f39ef2705ba532ef/volume-d33eeab1-378d-42bd-9766-2d0958477503" returned: 0 in 0.564s {{(pid=94516) execute /opt/stack/data/venv/lib/python3.12/site-packages/oslo_concurrency/processutils.py:468}}
Aug 17 16:17:47 devstack cinder-volume[94516]: DEBUG oslo_concurrency.processutils [None req-c4453d29-27d2-416f-8dff-beff626aa061 tempest-GroupSnapshotsTest-2063527758 None] Running cmd (subprocess): sudo cinder-rootwrap /etc/cinder/rootwrap.conf rm -f /opt/stack/data/cinder/mnt/e30976ab83ab4da8f39ef2705ba532ef/volume-d33eeab1-378d-42bd-9766-2d0958477503 {{(pid=94516) execute /opt/stack/data/venv/lib/python3.12/site-packages/oslo_concurrency/processutils.py:440}}
Aug 17 16:17:47 devstack sudo[99065]: quobyte : PWD=/ ; USER=root ; COMMAND=/opt/stack/data/venv/bin/cinder-rootwrap /etc/cinder/rootwrap.conf rm -f /opt/stack/data/cinder/mnt/e30976ab83ab4da8f39ef2705ba532ef/volume-d33eeab1-378d-42bd-9766-2d0958477503
Aug 17 16:17:47 devstack sudo[99065]: pam_unix(sudo:session): session opened for user root(uid=0) by (uid=1000)
Aug 17 16:17:47 devstack sudo[99065]: pam_unix(sudo:session): session closed for user root
Aug 17 16:17:47 devstack cinder-volume[94516]: DEBUG oslo_concurrency.processutils [None req-c4453d29-27d2-416f-8dff-beff626aa061 tempest-GroupSnapshotsTest-2063527758 None] CMD "sudo cinder-rootwrap /etc/cinder/rootwrap.conf rm -f /opt/stack/data/cinder/mnt/e30976ab83ab4da8f39ef2705ba532ef/volume-d33eeab1-378d-42bd-9766-2d0958477503" returned: 0 in 0.349s {{(pid=94516) execute /opt/stack/data/venv/lib/python3.12/site-packages/oslo_concurrency/processutils.py:468}}
Aug 17 16:17:47 devstack cinder-volume[94516]: DEBUG cinder.coordination [None req-c4453d29-27d2-416f-8dff-beff626aa061 tempest-GroupSnapshotsTest-2063527758 None] Lock "cinder-quobyte-d33eeab1-378d-42bd-9766-2d0958477503" released by "delete_volume" :: held 1.032s {{(pid=94516) __release /opt/stack/cinder/cinder/coordination.py:152}}
Aug 17 16:17:48 devstack cinder-volume[94516]: DEBUG cinder.quota [None req-c4453d29-27d2-416f-8dff-beff626aa061 tempest-GroupSnapshotsTest-2063527758 None] Created reservations ['4698530b-a63d-4d4b-9045-7bac3633bf13'] {{(pid=94516) reserve /opt/stack/cinder/cinder/quota.py:752}}
Aug 17 16:17:48 devstack cinder-volume[94516]: WARNING cinder.quota [None req-c4453d29-27d2-416f-8dff-beff626aa061 tempest-GroupSnapshotsTest-2063527758 None] Deprecated: Default quota for resource: volumes_tempest-GroupSnapshotsTest-volume-type-329585918 is set by the default quota flag: quota_volumes_tempest-GroupSnapshotsTest-volume-type-329585918, it is now deprecated. Please use the default quota class for default quota.
Aug 17 16:17:48 devstack cinder-volume[94516]: DEBUG cinder.quota [None req-c4453d29-27d2-416f-8dff-beff626aa061 tempest-GroupSnapshotsTest-2063527758 None] Created reservations ['f99497db-6d4b-45a7-874b-0175702e203b', '9f1176ed-5b13-46c8-9083-fc6e933bc84f', '3fd8a994-d127-492f-8bb3-e2123f70006d', '6aa03e38-2f4e-4142-bd98-4b473c91ffe7'] {{(pid=94516) reserve /opt/stack/cinder/cinder/quota.py:752}}
Aug 17 16:17:48 devstack cinder-volume[94516]: DEBUG cinder.quota [None req-c4453d29-27d2-416f-8dff-beff626aa061 tempest-GroupSnapshotsTest-2063527758 None] Created reservations ['96b3e251-298f-4950-9a1b-f363188e38db', '0a60d3a7-e9d8-4578-8e78-497750a642b7', '4543e5c4-447e-4491-af11-9ac50e8f3433', '35c9cb01-e9dc-4825-83fa-acfc6801429a'] {{(pid=94516) reserve /opt/stack/cinder/cinder/quota.py:752}}
Aug 17 16:17:48 devstack cinder-volume[94516]: DEBUG oslo_concurrency.lockutils [None req-c4453d29-27d2-416f-8dff-beff626aa061 tempest-GroupSnapshotsTest-2063527758 None] Acquiring lock "quobyte_ensure" by "cinder.volume.drivers.quobyte.QuobyteDriver._ensure_shares_mounted" {{(pid=94516) inner /opt/stack/data/venv/lib/python3.12/site-packages/oslo_concurrency/lockutils.py:512}}
Aug 17 16:17:48 devstack cinder-volume[94516]: DEBUG oslo_concurrency.lockutils [None req-c4453d29-27d2-416f-8dff-beff626aa061 tempest-GroupSnapshotsTest-2063527758 None] Lock "quobyte_ensure" acquired by "cinder.volume.drivers.quobyte.QuobyteDriver._ensure_shares_mounted" :: waited 0.001s {{(pid=94516) inner /opt/stack/data/venv/lib/python3.12/site-packages/oslo_concurrency/lockutils.py:525}}
Aug 17 16:17:48 devstack cinder-volume[94516]: DEBUG cinder.volume.drivers.quobyte [None req-c4453d29-27d2-416f-8dff-beff626aa061 tempest-GroupSnapshotsTest-2063527758 None] Quobyte Volume URL set to: {'osci02.corp.quobyte.com/cinder-vol-d7504e5f-da64-46b5-878d-22cdc8ba07f8': None} {{(pid=94516) _load_shares_config /opt/stack/cinder/cinder/volume/drivers/quobyte.py:665}}
Aug 17 16:17:48 devstack cinder-volume[94516]: DEBUG cinder.volume.drivers.quobyte [None req-c4453d29-27d2-416f-8dff-beff626aa061 tempest-GroupSnapshotsTest-2063527758 None] Available shares ['osci02.corp.quobyte.com/cinder-vol-d7504e5f-da64-46b5-878d-22cdc8ba07f8'] {{(pid=94516) _ensure_shares_mounted /opt/stack/cinder/cinder/volume/drivers/quobyte.py:695}}
Aug 17 16:17:48 devstack cinder-volume[94516]: DEBUG oslo_concurrency.lockutils [None req-c4453d29-27d2-416f-8dff-beff626aa061 tempest-GroupSnapshotsTest-2063527758 None] Lock "quobyte_ensure" "released" by "cinder.volume.drivers.quobyte.QuobyteDriver._ensure_shares_mounted" :: held 0.030s {{(pid=94516) inner /opt/stack/data/venv/lib/python3.12/site-packages/oslo_concurrency/lockutils.py:544}}
Aug 17 16:17:48 devstack cinder-volume[94516]: DEBUG oslo_concurrency.processutils [None req-c4453d29-27d2-416f-8dff-beff626aa061 tempest-GroupSnapshotsTest-2063527758 None] Running cmd (subprocess): sudo cinder-rootwrap /etc/cinder/rootwrap.conf df --portability --block-size 1 /opt/stack/data/cinder/mnt/e30976ab83ab4da8f39ef2705ba532ef {{(pid=94516) execute /opt/stack/data/venv/lib/python3.12/site-packages/oslo_concurrency/processutils.py:440}}
Aug 17 16:17:48 devstack sudo[99083]: quobyte : PWD=/ ; USER=root ; COMMAND=/opt/stack/data/venv/bin/cinder-rootwrap /etc/cinder/rootwrap.conf df --portability --block-size 1 /opt/stack/data/cinder/mnt/e30976ab83ab4da8f39ef2705ba532ef
Aug 17 16:17:48 devstack sudo[99083]: pam_unix(sudo:session): session opened for user root(uid=0) by (uid=1000)
Aug 17 16:17:48 devstack sudo[99083]: pam_unix(sudo:session): session closed for user root
Aug 17 16:17:48 devstack cinder-volume[94516]: DEBUG oslo_concurrency.processutils [None req-c4453d29-27d2-416f-8dff-beff626aa061 tempest-GroupSnapshotsTest-2063527758 None] CMD "sudo cinder-rootwrap /etc/cinder/rootwrap.conf df --portability --block-size 1 /opt/stack/data/cinder/mnt/e30976ab83ab4da8f39ef2705ba532ef" returned: 0 in 0.400s {{(pid=94516) execute /opt/stack/data/venv/lib/python3.12/site-packages/oslo_concurrency/processutils.py:468}}
Aug 17 16:17:48 devstack cinder-volume[94516]: DEBUG cinder.manager [None req-c4453d29-27d2-416f-8dff-beff626aa061 tempest-GroupSnapshotsTest-2063527758 None] Notifying Schedulers of capabilities ... {{(pid=94516) _publish_service_capabilities /opt/stack/cinder/cinder/manager.py:219}}
Aug 17 16:17:48 devstack cinder-volume[94516]: INFO cinder.volume.manager [None req-c4453d29-27d2-416f-8dff-beff626aa061 tempest-GroupSnapshotsTest-2063527758 None] Delete group completed successfully.
Aug 17 16:17:50 devstack cinder-volume[94516]: INFO cinder.volume.manager [None req-29220071-596f-4cc4-a99a-75a4b2ef9446 tempest-GroupSnapshotsTest-2063527758 None] Group tempest-GroupSnapshotsTest-Group-1963719507: creating
Aug 17 16:17:50 devstack cinder-volume[94516]: INFO cinder.volume.manager [None req-29220071-596f-4cc4-a99a-75a4b2ef9446 tempest-GroupSnapshotsTest-2063527758 None] Group tempest-GroupSnapshotsTest-Group-1963719507: created successfully
Aug 17 16:17:50 devstack cinder-volume[94516]: INFO cinder.volume.manager [None req-29220071-596f-4cc4-a99a-75a4b2ef9446 tempest-GroupSnapshotsTest-2063527758 None] Create group completed successfully.
Aug 17 16:17:50 devstack cinder-volume[94516]: DEBUG cinder.volume.flows.manager.create_volume [None req-f78857b3-268f-4283-a418-9402d572ff58 tempest-VolumesServicesTestJSON-393478050 None] Volume reschedule parameters: True retry: {'num_attempts': 1, 'backends': ['devstack@QuobyteHD#QuobyteHD'], 'hosts': ['devstack@QuobyteHD#QuobyteHD']} {{(pid=94516) get_flow /opt/stack/cinder/cinder/volume/flows/manager/create_volume.py:1397}}
Aug 17 16:17:50 devstack cinder-volume[94516]: DEBUG cinder.volume.manager [None req-f78857b3-268f-4283-a418-9402d572ff58 tempest-VolumesServicesTestJSON-393478050 None] Flow 'volume_create_manager' (8e9a5670-1f75-45a2-99dc-2ffb8c50b56e) transitioned into state 'RUNNING' from state 'PENDING' {{(pid=94516) _flow_receiver /opt/stack/data/venv/lib/python3.12/site-packages/taskflow/listeners/logging.py:160}}
Aug 17 16:17:50 devstack cinder-volume[94516]: DEBUG cinder.volume.manager [None req-f78857b3-268f-4283-a418-9402d572ff58 tempest-VolumesServicesTestJSON-393478050 None] Task 'cinder.volume.flows.manager.create_volume.ExtractVolumeRefTask;volume:create' (5be5ab75-bb2d-48e1-9699-91585ea418d8) transitioned into state 'RUNNING' from state 'PENDING' {{(pid=94516) _task_receiver /opt/stack/data/venv/lib/python3.12/site-packages/taskflow/listeners/logging.py:242}}
Aug 17 16:17:50 devstack cinder-volume[94516]: DEBUG cinder.volume.manager [None req-f78857b3-268f-4283-a418-9402d572ff58 tempest-VolumesServicesTestJSON-393478050 None] Task 'cinder.volume.flows.manager.create_volume.ExtractVolumeRefTask;volume:create' (5be5ab75-bb2d-48e1-9699-91585ea418d8) transitioned into state 'SUCCESS' from state 'RUNNING' with result 'Volume(_name_id=None,admin_metadata=,attach_status='detached',availability_zone='nova',bootable=False,cluster=,cluster_name=None,consistencygroup=,consistencygroup_id=None,created_at=2026-08-17T14:17:50Z,deleted=False,deleted_at=None,display_description=None,display_name='tempest-VolumesServicesTestJSON-Volume-1734277239',ec2_id=None,encryption_key_id=None,glance_metadata=,group=,group_id=None,host='devstack@QuobyteHD#QuobyteHD',id=83055527-b3b8-42b5-ac32-2b139b06dccc,launched_at=None,metadata={},migration_status=None,multiattach=False,previous_status=None,project_id='0ac1ed792af943bc9f275b54258b6155',provider_auth=None,provider_geometry=None,provider_id=None,provider_location=None,replication_driver_data=None,replication_extended_status=None,replication_status=None,scheduled_at=2026-08-17T14:17:51Z,service_uuid=None,shared_targets=True,size=1,snapshot_id=None,snapshots=,source_volid=None,status='creating',terminated_at=None,updated_at=2026-08-17T14:17:51Z,use_quota=True,user_id='2e383ecc1eab4bcd8ec2ce423db83a33',volume_attachment=VolumeAttachmentList,volume_type=VolumeType(4fe5b04e-56e2-469f-9ed6-a0f2356bfb57),volume_type_id=4fe5b04e-56e2-469f-9ed6-a0f2356bfb57)' {{(pid=94516) _task_receiver /opt/stack/data/venv/lib/python3.12/site-packages/taskflow/listeners/logging.py:218}}
Aug 17 16:17:50 devstack cinder-volume[94516]: DEBUG cinder.volume.manager [None req-f78857b3-268f-4283-a418-9402d572ff58 tempest-VolumesServicesTestJSON-393478050 None] Task 'cinder.volume.flows.manager.create_volume.OnFailureRescheduleTask;volume:create' (4b65452d-f33c-441a-922a-2cd12dc4e4ff) transitioned into state 'RUNNING' from state 'PENDING' {{(pid=94516) _task_receiver /opt/stack/data/venv/lib/python3.12/site-packages/taskflow/listeners/logging.py:242}}
Aug 17 16:17:50 devstack cinder-volume[94516]: DEBUG cinder.volume.manager [None req-f78857b3-268f-4283-a418-9402d572ff58 tempest-VolumesServicesTestJSON-393478050 None] Task 'cinder.volume.flows.manager.create_volume.OnFailureRescheduleTask;volume:create' (4b65452d-f33c-441a-922a-2cd12dc4e4ff) transitioned into state 'SUCCESS' from state 'RUNNING' with result 'None' {{(pid=94516) _task_receiver /opt/stack/data/venv/lib/python3.12/site-packages/taskflow/listeners/logging.py:218}}
