Aug 17 16:19:35 devstack cinder-volume[94516]: DEBUG oslo_concurrency.lockutils [None req-ebec30e7-88d9-4d1f-8abf-4ff672fb9bcc tempest-VolumeSnapshotQuotasNegativeTestJSON-304606628 None] Acquiring lock "quobyte" by "cinder.volume.drivers.quobyte.QuobyteDriver.create_snapshot" {{(pid=94516) inner /opt/stack/data/venv/lib/python3.12/site-packages/oslo_concurrency/lockutils.py:512}}
Aug 17 16:19:35 devstack sudo[101000]: pam_unix(sudo:session): session closed for user root
Aug 17 16:19:35 devstack cinder-volume[94516]: DEBUG oslo_concurrency.processutils [None req-2b61f096-9687-40fc-a977-d452cc9fea6c tempest-VolumesActionsTest-1364534611 None] CMD "sudo cinder-rootwrap /etc/cinder/rootwrap.conf qemu-img create -f qcow2 -o preallocation=metadata /opt/stack/data/cinder/mnt/e30976ab83ab4da8f39ef2705ba532ef/volume-9a594dde-6e8f-49f9-9684-0d91c940d7c8 1073741824" returned: 0 in 0.547s {{(pid=94516) execute /opt/stack/data/venv/lib/python3.12/site-packages/oslo_concurrency/processutils.py:468}}
Aug 17 16:19:35 devstack cinder-volume[94516]: DEBUG oslo_concurrency.processutils [None req-2b61f096-9687-40fc-a977-d452cc9fea6c tempest-VolumesActionsTest-1364534611 None] Running cmd (subprocess): sudo cinder-rootwrap /etc/cinder/rootwrap.conf chmod ugo+rw /opt/stack/data/cinder/mnt/e30976ab83ab4da8f39ef2705ba532ef/volume-9a594dde-6e8f-49f9-9684-0d91c940d7c8 {{(pid=94516) execute /opt/stack/data/venv/lib/python3.12/site-packages/oslo_concurrency/processutils.py:440}}
Aug 17 16:19:35 devstack sudo[101006]: quobyte : PWD=/ ; USER=root ; COMMAND=/opt/stack/data/venv/bin/cinder-rootwrap /etc/cinder/rootwrap.conf chmod ugo+rw /opt/stack/data/cinder/mnt/e30976ab83ab4da8f39ef2705ba532ef/volume-9a594dde-6e8f-49f9-9684-0d91c940d7c8
Aug 17 16:19:35 devstack sudo[101006]: pam_unix(sudo:session): session opened for user root(uid=0) by (uid=1000)
Aug 17 16:19:36 devstack cinder-volume[94516]: INFO cinder.volume.manager [req-b1ed640a-54eb-410e-a5cc-a800f856d8bf req-d554b39d-7c70-477d-9a41-c831c5f10a84 tempest-ServerActionsTestOtherA-437774237 None] Terminate volume connection completed successfully.
Aug 17 16:19:36 devstack cinder-volume[94516]: DEBUG cinder.volume.manager [req-b1ed640a-54eb-410e-a5cc-a800f856d8bf req-d554b39d-7c70-477d-9a41-c831c5f10a84 tempest-ServerActionsTestOtherA-437774237 None] Deleting attachment d68b6799-db6d-4c34-8f3c-394d7b93e1b2. {{(pid=94516) attachment_delete /opt/stack/cinder/cinder/volume/manager.py:5055}}
Aug 17 16:19:36 devstack sudo[101006]: pam_unix(sudo:session): session closed for user root
Aug 17 16:19:36 devstack cinder-volume[94516]: DEBUG oslo_concurrency.processutils [None req-2b61f096-9687-40fc-a977-d452cc9fea6c tempest-VolumesActionsTest-1364534611 None] CMD "sudo cinder-rootwrap /etc/cinder/rootwrap.conf chmod ugo+rw /opt/stack/data/cinder/mnt/e30976ab83ab4da8f39ef2705ba532ef/volume-9a594dde-6e8f-49f9-9684-0d91c940d7c8" returned: 0 in 0.358s {{(pid=94516) execute /opt/stack/data/venv/lib/python3.12/site-packages/oslo_concurrency/processutils.py:468}}
Aug 17 16:19:36 devstack cinder-volume[94516]: DEBUG cinder.volume.drivers.quobyte [None req-2b61f096-9687-40fc-a977-d452cc9fea6c tempest-VolumesActionsTest-1364534611 None] <== create_volume: return (966ms) {'provider_location': 'osci02.corp.quobyte.com/cinder-vol-d7504e5f-da64-46b5-878d-22cdc8ba07f8'} {{(pid=94516) trace_logging_wrapper /opt/stack/cinder/cinder/volume/volume_utils.py:1522}}
Aug 17 16:19:36 devstack cinder-volume[94516]: DEBUG oslo_concurrency.lockutils [None req-2b61f096-9687-40fc-a977-d452cc9fea6c tempest-VolumesActionsTest-1364534611 None] Lock "quobyte" "released" by "cinder.volume.drivers.quobyte.QuobyteDriver.create_volume" :: held 0.970s {{(pid=94516) inner /opt/stack/data/venv/lib/python3.12/site-packages/oslo_concurrency/lockutils.py:544}}
Aug 17 16:19:36 devstack cinder-volume[94516]: DEBUG oslo_concurrency.lockutils [None req-ebec30e7-88d9-4d1f-8abf-4ff672fb9bcc tempest-VolumeSnapshotQuotasNegativeTestJSON-304606628 None] Lock "quobyte" acquired by "cinder.volume.drivers.quobyte.QuobyteDriver.create_snapshot" :: waited 0.525s {{(pid=94516) inner /opt/stack/data/venv/lib/python3.12/site-packages/oslo_concurrency/lockutils.py:525}}
Aug 17 16:19:36 devstack cinder-volume[94516]: DEBUG cinder.volume.manager [None req-2b61f096-9687-40fc-a977-d452cc9fea6c tempest-VolumesActionsTest-1364534611 None] Task 'cinder.volume.flows.manager.create_volume.CreateVolumeFromSpecTask;volume:create' (8c4a12eb-e746-4d7a-bb51-93b7f7fd39eb) transitioned into state 'SUCCESS' from state 'RUNNING' with result '{'status': 'creating', 'volume_name': 'volume-9a594dde-6e8f-49f9-9684-0d91c940d7c8', 'volume_size': 1}' {{(pid=94516) _task_receiver /opt/stack/data/venv/lib/python3.12/site-packages/taskflow/listeners/logging.py:218}}
Aug 17 16:19:36 devstack cinder-volume[94516]: DEBUG cinder.volume.manager [None req-2b61f096-9687-40fc-a977-d452cc9fea6c tempest-VolumesActionsTest-1364534611 None] Task 'cinder.volume.flows.manager.create_volume.CreateVolumeOnFinishTask;volume:create, create.end' (1256c2d0-674e-4cde-be7c-835cf201150c) transitioned into state 'RUNNING' from state 'PENDING' {{(pid=94516) _task_receiver /opt/stack/data/venv/lib/python3.12/site-packages/taskflow/listeners/logging.py:242}}
Aug 17 16:19:36 devstack cinder-volume[94516]: DEBUG cinder.volume.drivers.remotefs [None req-ebec30e7-88d9-4d1f-8abf-4ff672fb9bcc tempest-VolumeSnapshotQuotasNegativeTestJSON-304606628 None] Creating offline snapshot 0818be75-92a3-4104-87ff-be31d03f1cd3 of volume b15d404e-66af-451d-b890-9d7d2f5f9ed6 {{(pid=94516) _create_snapshot /opt/stack/cinder/cinder/volume/drivers/remotefs.py:1816}}
Aug 17 16:19:36 devstack cinder-volume[94516]: INFO cinder.volume.flows.manager.create_volume [None req-2b61f096-9687-40fc-a977-d452cc9fea6c tempest-VolumesActionsTest-1364534611 None] Volume volume-9a594dde-6e8f-49f9-9684-0d91c940d7c8 (9a594dde-6e8f-49f9-9684-0d91c940d7c8): created successfully
Aug 17 16:19:36 devstack cinder-volume[94516]: DEBUG cinder.volume.manager [None req-2b61f096-9687-40fc-a977-d452cc9fea6c tempest-VolumesActionsTest-1364534611 None] Task 'cinder.volume.flows.manager.create_volume.CreateVolumeOnFinishTask;volume:create, create.end' (1256c2d0-674e-4cde-be7c-835cf201150c) transitioned into state 'SUCCESS' from state 'RUNNING' with result 'None' {{(pid=94516) _task_receiver /opt/stack/data/venv/lib/python3.12/site-packages/taskflow/listeners/logging.py:218}}
Aug 17 16:19:36 devstack cinder-volume[94516]: DEBUG cinder.volume.manager [None req-2b61f096-9687-40fc-a977-d452cc9fea6c tempest-VolumesActionsTest-1364534611 None] Flow 'volume_create_manager' (ea56f637-76ac-45e6-9292-48dabe6e0988) transitioned into state 'SUCCESS' from state 'RUNNING' {{(pid=94516) _flow_receiver /opt/stack/data/venv/lib/python3.12/site-packages/taskflow/listeners/logging.py:160}}
Aug 17 16:19:36 devstack cinder-volume[94516]: DEBUG oslo.privsep.daemon [-] privsep: reply[7fa54dcd-b0ed-404e-b0ad-b451ccaf9242]: (4, 'qcow2') {{(pid=95613) _call_back /opt/stack/data/venv/lib/python3.12/site-packages/oslo_privsep/daemon.py:580}}
Aug 17 16:19:36 devstack cinder-volume[94516]: DEBUG oslo_concurrency.processutils [None req-ebec30e7-88d9-4d1f-8abf-4ff672fb9bcc tempest-VolumeSnapshotQuotasNegativeTestJSON-304606628 None] Running cmd (subprocess): /opt/stack/data/venv/bin/python3.12 -m oslo_concurrency.prlimit --as=1073741824 --cpu=60 -- sudo cinder-rootwrap /etc/cinder/rootwrap.conf env LC_ALL=C qemu-img info -f qcow2 --output=json --force-share /opt/stack/data/cinder/mnt/e30976ab83ab4da8f39ef2705ba532ef/volume-b15d404e-66af-451d-b890-9d7d2f5f9ed6 {{(pid=94516) execute /opt/stack/data/venv/lib/python3.12/site-packages/oslo_concurrency/processutils.py:440}}
Aug 17 16:19:36 devstack cinder-volume[94516]: INFO cinder.volume.manager [None req-2b61f096-9687-40fc-a977-d452cc9fea6c tempest-VolumesActionsTest-1364534611 None] Created volume successfully.
Aug 17 16:19:36 devstack cinder-volume[94516]: DEBUG cinder.coordination [req-b1ed640a-54eb-410e-a5cc-a800f856d8bf req-7cd2a64e-de64-45d3-8884-babf93da7c6f tempest-ServerActionsTestOtherA-437774237 None] Acquiring lock "cinder-ecc63137-01b7-446a-b314-4508881b9d10-delete_volume" by "delete_volume" {{(pid=94516) __acquire /opt/stack/cinder/cinder/coordination.py:138}}
Aug 17 16:19:36 devstack cinder-volume[94516]: DEBUG cinder.coordination [req-b1ed640a-54eb-410e-a5cc-a800f856d8bf req-7cd2a64e-de64-45d3-8884-babf93da7c6f tempest-ServerActionsTestOtherA-437774237 None] Lock "cinder-ecc63137-01b7-446a-b314-4508881b9d10-delete_volume" acquired by "delete_volume" :: waited 0.024s {{(pid=94516) __acquire /opt/stack/cinder/cinder/coordination.py:141}}
Aug 17 16:19:36 devstack sudo[101010]: quobyte : PWD=/ ; USER=root ; COMMAND=/opt/stack/data/venv/bin/cinder-rootwrap /etc/cinder/rootwrap.conf env LC_ALL=C qemu-img info -f qcow2 --output=json --force-share /opt/stack/data/cinder/mnt/e30976ab83ab4da8f39ef2705ba532ef/volume-b15d404e-66af-451d-b890-9d7d2f5f9ed6
Aug 17 16:19:36 devstack sudo[101010]: pam_unix(sudo:session): session opened for user root(uid=0) by (uid=1000)
Aug 17 16:19:36 devstack cinder-volume[94516]: DEBUG cinder.coordination [req-b1ed640a-54eb-410e-a5cc-a800f856d8bf req-7cd2a64e-de64-45d3-8884-babf93da7c6f tempest-ServerActionsTestOtherA-437774237 None] Acquiring lock "cinder-quobyte-ecc63137-01b7-446a-b314-4508881b9d10" by "delete_volume" {{(pid=94516) __acquire /opt/stack/cinder/cinder/coordination.py:138}}
Aug 17 16:19:36 devstack cinder-volume[94516]: DEBUG cinder.coordination [req-b1ed640a-54eb-410e-a5cc-a800f856d8bf req-7cd2a64e-de64-45d3-8884-babf93da7c6f tempest-ServerActionsTestOtherA-437774237 None] Lock "cinder-quobyte-ecc63137-01b7-446a-b314-4508881b9d10" acquired by "delete_volume" :: waited 0.036s {{(pid=94516) __acquire /opt/stack/cinder/cinder/coordination.py:141}}
Aug 17 16:19:36 devstack cinder-volume[94516]: DEBUG oslo.privsep.daemon [-] privsep: reply[7e279f12-9cef-4fab-9476-adfcd05524a4]: (4, 'qcow2') {{(pid=95613) _call_back /opt/stack/data/venv/lib/python3.12/site-packages/oslo_privsep/daemon.py:580}}
Aug 17 16:19:36 devstack cinder-volume[94516]: DEBUG oslo_concurrency.processutils [req-b1ed640a-54eb-410e-a5cc-a800f856d8bf req-7cd2a64e-de64-45d3-8884-babf93da7c6f tempest-ServerActionsTestOtherA-437774237 None] Running cmd (subprocess): /opt/stack/data/venv/bin/python3.12 -m oslo_concurrency.prlimit --as=1073741824 --cpu=60 -- sudo cinder-rootwrap /etc/cinder/rootwrap.conf env LC_ALL=C qemu-img info -f qcow2 --output=json --force-share /opt/stack/data/cinder/mnt/e30976ab83ab4da8f39ef2705ba532ef/volume-ecc63137-01b7-446a-b314-4508881b9d10 {{(pid=94516) execute /opt/stack/data/venv/lib/python3.12/site-packages/oslo_concurrency/processutils.py:440}}
Aug 17 16:19:36 devstack sudo[101012]: quobyte : PWD=/ ; USER=root ; COMMAND=/opt/stack/data/venv/bin/cinder-rootwrap /etc/cinder/rootwrap.conf env LC_ALL=C qemu-img info -f qcow2 --output=json --force-share /opt/stack/data/cinder/mnt/e30976ab83ab4da8f39ef2705ba532ef/volume-ecc63137-01b7-446a-b314-4508881b9d10
Aug 17 16:19:36 devstack sudo[101012]: pam_unix(sudo:session): session opened for user root(uid=0) by (uid=1000)
Aug 17 16:19:36 devstack sudo[101010]: pam_unix(sudo:session): session closed for user root
Aug 17 16:19:36 devstack cinder-volume[94516]: DEBUG oslo_concurrency.processutils [None req-ebec30e7-88d9-4d1f-8abf-4ff672fb9bcc tempest-VolumeSnapshotQuotasNegativeTestJSON-304606628 None] CMD "/opt/stack/data/venv/bin/python3.12 -m oslo_concurrency.prlimit --as=1073741824 --cpu=60 -- sudo cinder-rootwrap /etc/cinder/rootwrap.conf env LC_ALL=C qemu-img info -f qcow2 --output=json --force-share /opt/stack/data/cinder/mnt/e30976ab83ab4da8f39ef2705ba532ef/volume-b15d404e-66af-451d-b890-9d7d2f5f9ed6" returned: 0 in 0.515s {{(pid=94516) execute /opt/stack/data/venv/lib/python3.12/site-packages/oslo_concurrency/processutils.py:468}}
Aug 17 16:19:36 devstack cinder-volume[94516]: DEBUG oslo_concurrency.processutils [None req-ebec30e7-88d9-4d1f-8abf-4ff672fb9bcc tempest-VolumeSnapshotQuotasNegativeTestJSON-304606628 None] Running cmd (subprocess): sudo cinder-rootwrap /etc/cinder/rootwrap.conf qemu-img create -f qcow2 -o backing_file=/opt/stack/data/cinder/mnt/e30976ab83ab4da8f39ef2705ba532ef/volume-b15d404e-66af-451d-b890-9d7d2f5f9ed6,backing_fmt=qcow2 /opt/stack/data/cinder/mnt/e30976ab83ab4da8f39ef2705ba532ef/volume-b15d404e-66af-451d-b890-9d7d2f5f9ed6.0818be75-92a3-4104-87ff-be31d03f1cd3 1G {{(pid=94516) execute /opt/stack/data/venv/lib/python3.12/site-packages/oslo_concurrency/processutils.py:440}}
Aug 17 16:19:36 devstack sudo[101017]: quobyte : PWD=/ ; USER=root ; COMMAND=/opt/stack/data/venv/bin/cinder-rootwrap /etc/cinder/rootwrap.conf qemu-img create -f qcow2 -o backing_file=/opt/stack/data/cinder/mnt/e30976ab83ab4da8f39ef2705ba532ef/volume-b15d404e-66af-451d-b890-9d7d2f5f9ed6,backing_fmt=qcow2 /opt/stack/data/cinder/mnt/e30976ab83ab4da8f39ef2705ba532ef/volume-b15d404e-66af-451d-b890-9d7d2f5f9ed6.0818be75-92a3-4104-87ff-be31d03f1cd3 1G
Aug 17 16:19:36 devstack sudo[101017]: pam_unix(sudo:session): session opened for user root(uid=0) by (uid=1000)
Aug 17 16:19:37 devstack sudo[101012]: pam_unix(sudo:session): session closed for user root
Aug 17 16:19:37 devstack cinder-volume[94516]: DEBUG oslo_concurrency.processutils [req-b1ed640a-54eb-410e-a5cc-a800f856d8bf req-7cd2a64e-de64-45d3-8884-babf93da7c6f tempest-ServerActionsTestOtherA-437774237 None] CMD "/opt/stack/data/venv/bin/python3.12 -m oslo_concurrency.prlimit --as=1073741824 --cpu=60 -- sudo cinder-rootwrap /etc/cinder/rootwrap.conf env LC_ALL=C qemu-img info -f qcow2 --output=json --force-share /opt/stack/data/cinder/mnt/e30976ab83ab4da8f39ef2705ba532ef/volume-ecc63137-01b7-446a-b314-4508881b9d10" returned: 0 in 0.527s {{(pid=94516) execute /opt/stack/data/venv/lib/python3.12/site-packages/oslo_concurrency/processutils.py:468}}
Aug 17 16:19:37 devstack cinder-volume[94516]: DEBUG oslo_concurrency.processutils [req-b1ed640a-54eb-410e-a5cc-a800f856d8bf req-7cd2a64e-de64-45d3-8884-babf93da7c6f tempest-ServerActionsTestOtherA-437774237 None] Running cmd (subprocess): sudo cinder-rootwrap /etc/cinder/rootwrap.conf rm -f /opt/stack/data/cinder/mnt/e30976ab83ab4da8f39ef2705ba532ef/volume-ecc63137-01b7-446a-b314-4508881b9d10 {{(pid=94516) execute /opt/stack/data/venv/lib/python3.12/site-packages/oslo_concurrency/processutils.py:440}}
Aug 17 16:19:37 devstack sudo[101023]: quobyte : PWD=/ ; USER=root ; COMMAND=/opt/stack/data/venv/bin/cinder-rootwrap /etc/cinder/rootwrap.conf rm -f /opt/stack/data/cinder/mnt/e30976ab83ab4da8f39ef2705ba532ef/volume-ecc63137-01b7-446a-b314-4508881b9d10
Aug 17 16:19:37 devstack sudo[101023]: pam_unix(sudo:session): session opened for user root(uid=0) by (uid=1000)
Aug 17 16:19:37 devstack sudo[101023]: pam_unix(sudo:session): session closed for user root
Aug 17 16:19:37 devstack cinder-volume[94516]: DEBUG oslo_concurrency.processutils [req-b1ed640a-54eb-410e-a5cc-a800f856d8bf req-7cd2a64e-de64-45d3-8884-babf93da7c6f tempest-ServerActionsTestOtherA-437774237 None] CMD "sudo cinder-rootwrap /etc/cinder/rootwrap.conf rm -f /opt/stack/data/cinder/mnt/e30976ab83ab4da8f39ef2705ba532ef/volume-ecc63137-01b7-446a-b314-4508881b9d10" returned: 0 in 0.338s {{(pid=94516) execute /opt/stack/data/venv/lib/python3.12/site-packages/oslo_concurrency/processutils.py:468}}
Aug 17 16:19:37 devstack sudo[101017]: pam_unix(sudo:session): session closed for user root
Aug 17 16:19:37 devstack cinder-volume[94516]: DEBUG oslo_concurrency.processutils [None req-ebec30e7-88d9-4d1f-8abf-4ff672fb9bcc tempest-VolumeSnapshotQuotasNegativeTestJSON-304606628 None] CMD "sudo cinder-rootwrap /etc/cinder/rootwrap.conf qemu-img create -f qcow2 -o backing_file=/opt/stack/data/cinder/mnt/e30976ab83ab4da8f39ef2705ba532ef/volume-b15d404e-66af-451d-b890-9d7d2f5f9ed6,backing_fmt=qcow2 /opt/stack/data/cinder/mnt/e30976ab83ab4da8f39ef2705ba532ef/volume-b15d404e-66af-451d-b890-9d7d2f5f9ed6.0818be75-92a3-4104-87ff-be31d03f1cd3 1G" returned: 0 in 0.606s {{(pid=94516) execute /opt/stack/data/venv/lib/python3.12/site-packages/oslo_concurrency/processutils.py:468}}
Aug 17 16:19:37 devstack cinder-volume[94516]: DEBUG oslo_concurrency.processutils [None req-ebec30e7-88d9-4d1f-8abf-4ff672fb9bcc tempest-VolumeSnapshotQuotasNegativeTestJSON-304606628 None] Running cmd (subprocess): sudo cinder-rootwrap /etc/cinder/rootwrap.conf qemu-img rebase -u -b volume-b15d404e-66af-451d-b890-9d7d2f5f9ed6 -F qcow2 /opt/stack/data/cinder/mnt/e30976ab83ab4da8f39ef2705ba532ef/volume-b15d404e-66af-451d-b890-9d7d2f5f9ed6.0818be75-92a3-4104-87ff-be31d03f1cd3 {{(pid=94516) execute /opt/stack/data/venv/lib/python3.12/site-packages/oslo_concurrency/processutils.py:440}}
Aug 17 16:19:37 devstack cinder-volume[94516]: DEBUG cinder.coordination [req-b1ed640a-54eb-410e-a5cc-a800f856d8bf req-7cd2a64e-de64-45d3-8884-babf93da7c6f tempest-ServerActionsTestOtherA-437774237 None] Lock "cinder-quobyte-ecc63137-01b7-446a-b314-4508881b9d10" released by "delete_volume" :: held 0.940s {{(pid=94516) __release /opt/stack/cinder/cinder/coordination.py:152}}
Aug 17 16:19:37 devstack sudo[101031]: quobyte : PWD=/ ; USER=root ; COMMAND=/opt/stack/data/venv/bin/cinder-rootwrap /etc/cinder/rootwrap.conf qemu-img rebase -u -b volume-b15d404e-66af-451d-b890-9d7d2f5f9ed6 -F qcow2 /opt/stack/data/cinder/mnt/e30976ab83ab4da8f39ef2705ba532ef/volume-b15d404e-66af-451d-b890-9d7d2f5f9ed6.0818be75-92a3-4104-87ff-be31d03f1cd3
Aug 17 16:19:37 devstack sudo[101031]: pam_unix(sudo:session): session opened for user root(uid=0) by (uid=1000)
Aug 17 16:19:37 devstack cinder-volume[94516]: DEBUG cinder.quota [req-b1ed640a-54eb-410e-a5cc-a800f856d8bf req-7cd2a64e-de64-45d3-8884-babf93da7c6f tempest-ServerActionsTestOtherA-437774237 None] Created reservations ['9ba0c38d-0fb4-441f-9329-6603c0bde6d2', '8bb64a90-5826-463b-a8ea-b3b6c529a541', '6cd63bdb-f6e4-4c47-80a0-5b9407b66905', '1681e859-ad70-41e3-aaf9-0dd0f91d49a5'] {{(pid=94516) reserve /opt/stack/cinder/cinder/quota.py:752}}
Aug 17 16:19:37 devstack cinder-volume[94516]: DEBUG oslo_concurrency.lockutils [req-b1ed640a-54eb-410e-a5cc-a800f856d8bf req-7cd2a64e-de64-45d3-8884-babf93da7c6f tempest-ServerActionsTestOtherA-437774237 None] Acquiring lock "quobyte_ensure" by "cinder.volume.drivers.quobyte.QuobyteDriver._ensure_shares_mounted" {{(pid=94516) inner /opt/stack/data/venv/lib/python3.12/site-packages/oslo_concurrency/lockutils.py:512}}
Aug 17 16:19:37 devstack cinder-volume[94516]: DEBUG oslo_concurrency.lockutils [req-b1ed640a-54eb-410e-a5cc-a800f856d8bf req-7cd2a64e-de64-45d3-8884-babf93da7c6f tempest-ServerActionsTestOtherA-437774237 None] Lock "quobyte_ensure" acquired by "cinder.volume.drivers.quobyte.QuobyteDriver._ensure_shares_mounted" :: waited 0.001s {{(pid=94516) inner /opt/stack/data/venv/lib/python3.12/site-packages/oslo_concurrency/lockutils.py:525}}
Aug 17 16:19:37 devstack cinder-volume[94516]: DEBUG cinder.volume.drivers.quobyte [req-b1ed640a-54eb-410e-a5cc-a800f856d8bf req-7cd2a64e-de64-45d3-8884-babf93da7c6f tempest-ServerActionsTestOtherA-437774237 None] Quobyte Volume URL set to: {'osci02.corp.quobyte.com/cinder-vol-d7504e5f-da64-46b5-878d-22cdc8ba07f8': None} {{(pid=94516) _load_shares_config /opt/stack/cinder/cinder/volume/drivers/quobyte.py:665}}
Aug 17 16:19:37 devstack cinder-volume[94516]: DEBUG cinder.volume.drivers.quobyte [req-b1ed640a-54eb-410e-a5cc-a800f856d8bf req-7cd2a64e-de64-45d3-8884-babf93da7c6f tempest-ServerActionsTestOtherA-437774237 None] Available shares ['osci02.corp.quobyte.com/cinder-vol-d7504e5f-da64-46b5-878d-22cdc8ba07f8'] {{(pid=94516) _ensure_shares_mounted /opt/stack/cinder/cinder/volume/drivers/quobyte.py:695}}
Aug 17 16:19:37 devstack cinder-volume[94516]: DEBUG oslo_concurrency.lockutils [req-b1ed640a-54eb-410e-a5cc-a800f856d8bf req-7cd2a64e-de64-45d3-8884-babf93da7c6f tempest-ServerActionsTestOtherA-437774237 None] Lock "quobyte_ensure" "released" by "cinder.volume.drivers.quobyte.QuobyteDriver._ensure_shares_mounted" :: held 0.007s {{(pid=94516) inner /opt/stack/data/venv/lib/python3.12/site-packages/oslo_concurrency/lockutils.py:544}}
Aug 17 16:19:37 devstack cinder-volume[94516]: DEBUG oslo_concurrency.processutils [req-b1ed640a-54eb-410e-a5cc-a800f856d8bf req-7cd2a64e-de64-45d3-8884-babf93da7c6f tempest-ServerActionsTestOtherA-437774237 None] Running cmd (subprocess): sudo cinder-rootwrap /etc/cinder/rootwrap.conf df --portability --block-size 1 /opt/stack/data/cinder/mnt/e30976ab83ab4da8f39ef2705ba532ef {{(pid=94516) execute /opt/stack/data/venv/lib/python3.12/site-packages/oslo_concurrency/processutils.py:440}}
Aug 17 16:19:37 devstack sudo[101033]: quobyte : PWD=/ ; USER=root ; COMMAND=/opt/stack/data/venv/bin/cinder-rootwrap /etc/cinder/rootwrap.conf df --portability --block-size 1 /opt/stack/data/cinder/mnt/e30976ab83ab4da8f39ef2705ba532ef
Aug 17 16:19:37 devstack sudo[101033]: pam_unix(sudo:session): session opened for user root(uid=0) by (uid=1000)
Aug 17 16:19:37 devstack sudo[101031]: pam_unix(sudo:session): session closed for user root
Aug 17 16:19:37 devstack cinder-volume[94516]: DEBUG oslo_concurrency.processutils [None req-ebec30e7-88d9-4d1f-8abf-4ff672fb9bcc tempest-VolumeSnapshotQuotasNegativeTestJSON-304606628 None] CMD "sudo cinder-rootwrap /etc/cinder/rootwrap.conf qemu-img rebase -u -b volume-b15d404e-66af-451d-b890-9d7d2f5f9ed6 -F qcow2 /opt/stack/data/cinder/mnt/e30976ab83ab4da8f39ef2705ba532ef/volume-b15d404e-66af-451d-b890-9d7d2f5f9ed6.0818be75-92a3-4104-87ff-be31d03f1cd3" returned: 0 in 0.356s {{(pid=94516) execute /opt/stack/data/venv/lib/python3.12/site-packages/oslo_concurrency/processutils.py:468}}
Aug 17 16:19:37 devstack cinder-volume[94516]: WARNING cinder.volume.drivers.remotefs [None req-ebec30e7-88d9-4d1f-8abf-4ff672fb9bcc tempest-VolumeSnapshotQuotasNegativeTestJSON-304606628 None] /opt/stack/data/cinder/mnt/e30976ab83ab4da8f39ef2705ba532ef/volume-b15d404e-66af-451d-b890-9d7d2f5f9ed6.0818be75-92a3-4104-87ff-be31d03f1cd3 is being set with open permissions: ugo+rw
Aug 17 16:19:37 devstack cinder-volume[94516]: DEBUG oslo_concurrency.processutils [None req-ebec30e7-88d9-4d1f-8abf-4ff672fb9bcc tempest-VolumeSnapshotQuotasNegativeTestJSON-304606628 None] Running cmd (subprocess): sudo cinder-rootwrap /etc/cinder/rootwrap.conf chmod ugo+rw /opt/stack/data/cinder/mnt/e30976ab83ab4da8f39ef2705ba532ef/volume-b15d404e-66af-451d-b890-9d7d2f5f9ed6.0818be75-92a3-4104-87ff-be31d03f1cd3 {{(pid=94516) execute /opt/stack/data/venv/lib/python3.12/site-packages/oslo_concurrency/processutils.py:440}}
Aug 17 16:19:37 devstack sudo[101049]: quobyte : PWD=/ ; USER=root ; COMMAND=/opt/stack/data/venv/bin/cinder-rootwrap /etc/cinder/rootwrap.conf chmod ugo+rw /opt/stack/data/cinder/mnt/e30976ab83ab4da8f39ef2705ba532ef/volume-b15d404e-66af-451d-b890-9d7d2f5f9ed6.0818be75-92a3-4104-87ff-be31d03f1cd3
Aug 17 16:19:37 devstack sudo[101049]: pam_unix(sudo:session): session opened for user root(uid=0) by (uid=1000)
Aug 17 16:19:37 devstack sudo[101033]: pam_unix(sudo:session): session closed for user root
Aug 17 16:19:37 devstack cinder-volume[94516]: DEBUG oslo_concurrency.processutils [req-b1ed640a-54eb-410e-a5cc-a800f856d8bf req-7cd2a64e-de64-45d3-8884-babf93da7c6f tempest-ServerActionsTestOtherA-437774237 None] CMD "sudo cinder-rootwrap /etc/cinder/rootwrap.conf df --portability --block-size 1 /opt/stack/data/cinder/mnt/e30976ab83ab4da8f39ef2705ba532ef" returned: 0 in 0.333s {{(pid=94516) execute /opt/stack/data/venv/lib/python3.12/site-packages/oslo_concurrency/processutils.py:468}}
Aug 17 16:19:37 devstack cinder-volume[94516]: DEBUG cinder.manager [req-b1ed640a-54eb-410e-a5cc-a800f856d8bf req-7cd2a64e-de64-45d3-8884-babf93da7c6f tempest-ServerActionsTestOtherA-437774237 None] Notifying Schedulers of capabilities ... {{(pid=94516) _publish_service_capabilities /opt/stack/cinder/cinder/manager.py:219}}
Aug 17 16:19:37 devstack cinder-volume[94516]: INFO cinder.volume.manager [req-b1ed640a-54eb-410e-a5cc-a800f856d8bf req-7cd2a64e-de64-45d3-8884-babf93da7c6f tempest-ServerActionsTestOtherA-437774237 None] Deleted volume successfully.
Aug 17 16:19:37 devstack cinder-volume[94516]: DEBUG cinder.coordination [req-b1ed640a-54eb-410e-a5cc-a800f856d8bf req-7cd2a64e-de64-45d3-8884-babf93da7c6f tempest-ServerActionsTestOtherA-437774237 None] Lock "cinder-ecc63137-01b7-446a-b314-4508881b9d10-delete_volume" released by "delete_volume" :: held 1.565s {{(pid=94516) __release /opt/stack/cinder/cinder/coordination.py:152}}
Aug 17 16:19:38 devstack sudo[101049]: pam_unix(sudo:session): session closed for user root
Aug 17 16:19:38 devstack cinder-volume[94516]: DEBUG oslo_concurrency.processutils [None req-ebec30e7-88d9-4d1f-8abf-4ff672fb9bcc tempest-VolumeSnapshotQuotasNegativeTestJSON-304606628 None] CMD "sudo cinder-rootwrap /etc/cinder/rootwrap.conf chmod ugo+rw /opt/stack/data/cinder/mnt/e30976ab83ab4da8f39ef2705ba532ef/volume-b15d404e-66af-451d-b890-9d7d2f5f9ed6.0818be75-92a3-4104-87ff-be31d03f1cd3" returned: 0 in 0.292s {{(pid=94516) execute /opt/stack/data/venv/lib/python3.12/site-packages/oslo_concurrency/processutils.py:468}}
Aug 17 16:19:38 devstack cinder-volume[94516]: DEBUG oslo_concurrency.processutils [None req-ebec30e7-88d9-4d1f-8abf-4ff672fb9bcc tempest-VolumeSnapshotQuotasNegativeTestJSON-304606628 None] Running cmd (subprocess): sudo cinder-rootwrap /etc/cinder/rootwrap.conf truncate -s0 /opt/stack/data/cinder/mnt/e30976ab83ab4da8f39ef2705ba532ef/volume-b15d404e-66af-451d-b890-9d7d2f5f9ed6.info {{(pid=94516) execute /opt/stack/data/venv/lib/python3.12/site-packages/oslo_concurrency/processutils.py:440}}
Aug 17 16:19:38 devstack sudo[101076]: quobyte : PWD=/ ; USER=root ; COMMAND=/opt/stack/data/venv/bin/cinder-rootwrap /etc/cinder/rootwrap.conf truncate -s0 /opt/stack/data/cinder/mnt/e30976ab83ab4da8f39ef2705ba532ef/volume-b15d404e-66af-451d-b890-9d7d2f5f9ed6.info
Aug 17 16:19:38 devstack sudo[101076]: pam_unix(sudo:session): session opened for user root(uid=0) by (uid=1000)
Aug 17 16:19:38 devstack sudo[101076]: pam_unix(sudo:session): session closed for user root
Aug 17 16:19:38 devstack cinder-volume[94516]: DEBUG oslo_concurrency.processutils [None req-ebec30e7-88d9-4d1f-8abf-4ff672fb9bcc tempest-VolumeSnapshotQuotasNegativeTestJSON-304606628 None] CMD "sudo cinder-rootwrap /etc/cinder/rootwrap.conf truncate -s0 /opt/stack/data/cinder/mnt/e30976ab83ab4da8f39ef2705ba532ef/volume-b15d404e-66af-451d-b890-9d7d2f5f9ed6.info" returned: 0 in 0.335s {{(pid=94516) execute /opt/stack/data/venv/lib/python3.12/site-packages/oslo_concurrency/processutils.py:468}}
Aug 17 16:19:38 devstack cinder-volume[94516]: WARNING cinder.volume.drivers.remotefs [None req-ebec30e7-88d9-4d1f-8abf-4ff672fb9bcc tempest-VolumeSnapshotQuotasNegativeTestJSON-304606628 None] /opt/stack/data/cinder/mnt/e30976ab83ab4da8f39ef2705ba532ef/volume-b15d404e-66af-451d-b890-9d7d2f5f9ed6.info is being set with open permissions: ugo+rw
Aug 17 16:19:38 devstack cinder-volume[94516]: DEBUG oslo_concurrency.processutils [None req-ebec30e7-88d9-4d1f-8abf-4ff672fb9bcc tempest-VolumeSnapshotQuotasNegativeTestJSON-304606628 None] Running cmd (subprocess): sudo cinder-rootwrap /etc/cinder/rootwrap.conf chmod ugo+rw /opt/stack/data/cinder/mnt/e30976ab83ab4da8f39ef2705ba532ef/volume-b15d404e-66af-451d-b890-9d7d2f5f9ed6.info {{(pid=94516) execute /opt/stack/data/venv/lib/python3.12/site-packages/oslo_concurrency/processutils.py:440}}
Aug 17 16:19:38 devstack sudo[101084]: quobyte : PWD=/ ; USER=root ; COMMAND=/opt/stack/data/venv/bin/cinder-rootwrap /etc/cinder/rootwrap.conf chmod ugo+rw /opt/stack/data/cinder/mnt/e30976ab83ab4da8f39ef2705ba532ef/volume-b15d404e-66af-451d-b890-9d7d2f5f9ed6.info
Aug 17 16:19:38 devstack sudo[101084]: pam_unix(sudo:session): session opened for user root(uid=0) by (uid=1000)
Aug 17 16:19:38 devstack cinder-volume[94516]: DEBUG cinder.coordination [None req-3186996f-eed9-467f-8a10-8de9d85343fb tempest-ServerActionsTestOtherA-437774237 None] Acquiring lock "cinder-75da8f0a-2fc2-47d0-8f75-5403fc07082e-delete_volume" by "delete_volume" {{(pid=94516) __acquire /opt/stack/cinder/cinder/coordination.py:138}}
Aug 17 16:19:38 devstack cinder-volume[94516]: DEBUG cinder.coordination [None req-3186996f-eed9-467f-8a10-8de9d85343fb tempest-ServerActionsTestOtherA-437774237 None] Lock "cinder-75da8f0a-2fc2-47d0-8f75-5403fc07082e-delete_volume" acquired by "delete_volume" :: waited 0.030s {{(pid=94516) __acquire /opt/stack/cinder/cinder/coordination.py:141}}
Aug 17 16:19:38 devstack cinder-volume[94516]: DEBUG cinder.coordination [None req-3186996f-eed9-467f-8a10-8de9d85343fb tempest-ServerActionsTestOtherA-437774237 None] Acquiring lock "cinder-quobyte-75da8f0a-2fc2-47d0-8f75-5403fc07082e" by "delete_volume" {{(pid=94516) __acquire /opt/stack/cinder/cinder/coordination.py:138}}
Aug 17 16:19:38 devstack cinder-volume[94516]: DEBUG cinder.coordination [None req-3186996f-eed9-467f-8a10-8de9d85343fb tempest-ServerActionsTestOtherA-437774237 None] Lock "cinder-quobyte-75da8f0a-2fc2-47d0-8f75-5403fc07082e" acquired by "delete_volume" :: waited 0.017s {{(pid=94516) __acquire /opt/stack/cinder/cinder/coordination.py:141}}
Aug 17 16:19:38 devstack cinder-volume[94516]: DEBUG oslo.privsep.daemon [-] privsep: reply[52ba4697-f8c0-480e-ad0b-c2bdd814a30e]: (4, 'qcow2') {{(pid=95613) _call_back /opt/stack/data/venv/lib/python3.12/site-packages/oslo_privsep/daemon.py:580}}
Aug 17 16:19:38 devstack cinder-volume[94516]: DEBUG oslo_concurrency.processutils [None req-3186996f-eed9-467f-8a10-8de9d85343fb tempest-ServerActionsTestOtherA-437774237 None] Running cmd (subprocess): /opt/stack/data/venv/bin/python3.12 -m oslo_concurrency.prlimit --as=1073741824 --cpu=60 -- sudo cinder-rootwrap /etc/cinder/rootwrap.conf env LC_ALL=C qemu-img info -f qcow2 --output=json --force-share /opt/stack/data/cinder/mnt/e30976ab83ab4da8f39ef2705ba532ef/volume-75da8f0a-2fc2-47d0-8f75-5403fc07082e {{(pid=94516) execute /opt/stack/data/venv/lib/python3.12/site-packages/oslo_concurrency/processutils.py:440}}
Aug 17 16:19:38 devstack sudo[101084]: pam_unix(sudo:session): session closed for user root
Aug 17 16:19:38 devstack cinder-volume[94516]: DEBUG oslo_concurrency.processutils [None req-ebec30e7-88d9-4d1f-8abf-4ff672fb9bcc tempest-VolumeSnapshotQuotasNegativeTestJSON-304606628 None] CMD "sudo cinder-rootwrap /etc/cinder/rootwrap.conf chmod ugo+rw /opt/stack/data/cinder/mnt/e30976ab83ab4da8f39ef2705ba532ef/volume-b15d404e-66af-451d-b890-9d7d2f5f9ed6.info" returned: 0 in 0.292s {{(pid=94516) execute /opt/stack/data/venv/lib/python3.12/site-packages/oslo_concurrency/processutils.py:468}}
Aug 17 16:19:38 devstack sudo[101086]: quobyte : PWD=/ ; USER=root ; COMMAND=/opt/stack/data/venv/bin/cinder-rootwrap /etc/cinder/rootwrap.conf env LC_ALL=C qemu-img info -f qcow2 --output=json --force-share /opt/stack/data/cinder/mnt/e30976ab83ab4da8f39ef2705ba532ef/volume-75da8f0a-2fc2-47d0-8f75-5403fc07082e
Aug 17 16:19:38 devstack sudo[101086]: pam_unix(sudo:session): session opened for user root(uid=0) by (uid=1000)
Aug 17 16:19:38 devstack cinder-volume[94516]: DEBUG oslo_concurrency.lockutils [None req-ebec30e7-88d9-4d1f-8abf-4ff672fb9bcc tempest-VolumeSnapshotQuotasNegativeTestJSON-304606628 None] Lock "quobyte" "released" by "cinder.volume.drivers.quobyte.QuobyteDriver.create_snapshot" :: held 2.542s {{(pid=94516) inner /opt/stack/data/venv/lib/python3.12/site-packages/oslo_concurrency/lockutils.py:544}}
Aug 17 16:19:38 devstack cinder-volume[94516]: INFO cinder.volume.manager [None req-ebec30e7-88d9-4d1f-8abf-4ff672fb9bcc tempest-VolumeSnapshotQuotasNegativeTestJSON-304606628 None] Create snapshot completed successfully
Aug 17 16:19:38 devstack sudo[101086]: pam_unix(sudo:session): session closed for user root
Aug 17 16:19:38 devstack cinder-volume[94516]: DEBUG oslo_concurrency.processutils [None req-3186996f-eed9-467f-8a10-8de9d85343fb tempest-ServerActionsTestOtherA-437774237 None] CMD "/opt/stack/data/venv/bin/python3.12 -m oslo_concurrency.prlimit --as=1073741824 --cpu=60 -- sudo cinder-rootwrap /etc/cinder/rootwrap.conf env LC_ALL=C qemu-img info -f qcow2 --output=json --force-share /opt/stack/data/cinder/mnt/e30976ab83ab4da8f39ef2705ba532ef/volume-75da8f0a-2fc2-47d0-8f75-5403fc07082e" returned: 0 in 0.445s {{(pid=94516) execute /opt/stack/data/venv/lib/python3.12/site-packages/oslo_concurrency/processutils.py:468}}
Aug 17 16:19:39 devstack cinder-volume[94516]: DEBUG oslo_concurrency.processutils [None req-3186996f-eed9-467f-8a10-8de9d85343fb tempest-ServerActionsTestOtherA-437774237 None] Running cmd (subprocess): sudo cinder-rootwrap /etc/cinder/rootwrap.conf rm -f /opt/stack/data/cinder/mnt/e30976ab83ab4da8f39ef2705ba532ef/volume-75da8f0a-2fc2-47d0-8f75-5403fc07082e {{(pid=94516) execute /opt/stack/data/venv/lib/python3.12/site-packages/oslo_concurrency/processutils.py:440}}
Aug 17 16:19:39 devstack sudo[101094]: quobyte : PWD=/ ; USER=root ; COMMAND=/opt/stack/data/venv/bin/cinder-rootwrap /etc/cinder/rootwrap.conf rm -f /opt/stack/data/cinder/mnt/e30976ab83ab4da8f39ef2705ba532ef/volume-75da8f0a-2fc2-47d0-8f75-5403fc07082e
Aug 17 16:19:39 devstack sudo[101094]: pam_unix(sudo:session): session opened for user root(uid=0) by (uid=1000)
Aug 17 16:19:39 devstack sudo[101094]: pam_unix(sudo:session): session closed for user root
Aug 17 16:19:39 devstack cinder-volume[94516]: DEBUG oslo_concurrency.processutils [None req-3186996f-eed9-467f-8a10-8de9d85343fb tempest-ServerActionsTestOtherA-437774237 None] CMD "sudo cinder-rootwrap /etc/cinder/rootwrap.conf rm -f /opt/stack/data/cinder/mnt/e30976ab83ab4da8f39ef2705ba532ef/volume-75da8f0a-2fc2-47d0-8f75-5403fc07082e" returned: 0 in 0.269s {{(pid=94516) execute /opt/stack/data/venv/lib/python3.12/site-packages/oslo_concurrency/processutils.py:468}}
Aug 17 16:19:39 devstack cinder-volume[94516]: DEBUG cinder.coordination [None req-3186996f-eed9-467f-8a10-8de9d85343fb tempest-ServerActionsTestOtherA-437774237 None] Lock "cinder-quobyte-75da8f0a-2fc2-47d0-8f75-5403fc07082e" released by "delete_volume" :: held 0.768s {{(pid=94516) __release /opt/stack/cinder/cinder/coordination.py:152}}
Aug 17 16:19:39 devstack cinder-volume[94516]: DEBUG cinder.quota [None req-3186996f-eed9-467f-8a10-8de9d85343fb tempest-ServerActionsTestOtherA-437774237 None] Created reservations ['e0be8158-900e-4144-8cb2-2fcf1e988935', '2ce5d498-b538-49d8-925e-8ee0b5b4f167', '69a2e843-8307-4011-9a16-75aca3b557e3', 'fd9a0c31-655f-4147-aa22-895bcc904f4e'] {{(pid=94516) reserve /opt/stack/cinder/cinder/quota.py:752}}
Aug 17 16:19:39 devstack cinder-volume[94516]: DEBUG oslo_concurrency.lockutils [None req-3186996f-eed9-467f-8a10-8de9d85343fb tempest-ServerActionsTestOtherA-437774237 None] Acquiring lock "quobyte_ensure" by "cinder.volume.drivers.quobyte.QuobyteDriver._ensure_shares_mounted" {{(pid=94516) inner /opt/stack/data/venv/lib/python3.12/site-packages/oslo_concurrency/lockutils.py:512}}
Aug 17 16:19:39 devstack cinder-volume[94516]: DEBUG oslo_concurrency.lockutils [None req-3186996f-eed9-467f-8a10-8de9d85343fb tempest-ServerActionsTestOtherA-437774237 None] Lock "quobyte_ensure" acquired by "cinder.volume.drivers.quobyte.QuobyteDriver._ensure_shares_mounted" :: waited 0.002s {{(pid=94516) inner /opt/stack/data/venv/lib/python3.12/site-packages/oslo_concurrency/lockutils.py:525}}
Aug 17 16:19:39 devstack cinder-volume[94516]: DEBUG cinder.volume.drivers.quobyte [None req-3186996f-eed9-467f-8a10-8de9d85343fb tempest-ServerActionsTestOtherA-437774237 None] Quobyte Volume URL set to: {'osci02.corp.quobyte.com/cinder-vol-d7504e5f-da64-46b5-878d-22cdc8ba07f8': None} {{(pid=94516) _load_shares_config /opt/stack/cinder/cinder/volume/drivers/quobyte.py:665}}
Aug 17 16:19:39 devstack cinder-volume[94516]: DEBUG cinder.volume.drivers.quobyte [None req-3186996f-eed9-467f-8a10-8de9d85343fb tempest-ServerActionsTestOtherA-437774237 None] Available shares ['osci02.corp.quobyte.com/cinder-vol-d7504e5f-da64-46b5-878d-22cdc8ba07f8'] {{(pid=94516) _ensure_shares_mounted /opt/stack/cinder/cinder/volume/drivers/quobyte.py:695}}
Aug 17 16:19:39 devstack cinder-volume[94516]: DEBUG oslo_concurrency.lockutils [None req-3186996f-eed9-467f-8a10-8de9d85343fb tempest-ServerActionsTestOtherA-437774237 None] Lock "quobyte_ensure" "released" by "cinder.volume.drivers.quobyte.QuobyteDriver._ensure_shares_mounted" :: held 0.009s {{(pid=94516) inner /opt/stack/data/venv/lib/python3.12/site-packages/oslo_concurrency/lockutils.py:544}}
Aug 17 16:19:39 devstack cinder-volume[94516]: DEBUG oslo_concurrency.processutils [None req-3186996f-eed9-467f-8a10-8de9d85343fb tempest-ServerActionsTestOtherA-437774237 None] Running cmd (subprocess): sudo cinder-rootwrap /etc/cinder/rootwrap.conf df --portability --block-size 1 /opt/stack/data/cinder/mnt/e30976ab83ab4da8f39ef2705ba532ef {{(pid=94516) execute /opt/stack/data/venv/lib/python3.12/site-packages/oslo_concurrency/processutils.py:440}}
Aug 17 16:19:39 devstack sudo[101097]: quobyte : PWD=/ ; USER=root ; COMMAND=/opt/stack/data/venv/bin/cinder-rootwrap /etc/cinder/rootwrap.conf df --portability --block-size 1 /opt/stack/data/cinder/mnt/e30976ab83ab4da8f39ef2705ba532ef
Aug 17 16:19:39 devstack sudo[101097]: pam_unix(sudo:session): session opened for user root(uid=0) by (uid=1000)
Aug 17 16:19:39 devstack sudo[101097]: pam_unix(sudo:session): session closed for user root
Aug 17 16:19:39 devstack cinder-volume[94516]: DEBUG oslo_concurrency.processutils [None req-3186996f-eed9-467f-8a10-8de9d85343fb tempest-ServerActionsTestOtherA-437774237 None] CMD "sudo cinder-rootwrap /etc/cinder/rootwrap.conf df --portability --block-size 1 /opt/stack/data/cinder/mnt/e30976ab83ab4da8f39ef2705ba532ef" returned: 0 in 0.541s {{(pid=94516) execute /opt/stack/data/venv/lib/python3.12/site-packages/oslo_concurrency/processutils.py:468}}
Aug 17 16:19:39 devstack cinder-volume[94516]: DEBUG cinder.manager [None req-3186996f-eed9-467f-8a10-8de9d85343fb tempest-ServerActionsTestOtherA-437774237 None] Notifying Schedulers of capabilities ... {{(pid=94516) _publish_service_capabilities /opt/stack/cinder/cinder/manager.py:219}}
Aug 17 16:19:40 devstack cinder-volume[94516]: INFO cinder.volume.manager [None req-3186996f-eed9-467f-8a10-8de9d85343fb tempest-ServerActionsTestOtherA-437774237 None] Deleted volume successfully.
Aug 17 16:19:40 devstack cinder-volume[94516]: DEBUG cinder.coordination [None req-3186996f-eed9-467f-8a10-8de9d85343fb tempest-ServerActionsTestOtherA-437774237 None] Lock "cinder-75da8f0a-2fc2-47d0-8f75-5403fc07082e-delete_volume" released by "delete_volume" :: held 1.613s {{(pid=94516) __release /opt/stack/cinder/cinder/coordination.py:152}}
Aug 17 16:19:40 devstack cinder-volume[94516]: DEBUG cinder.coordination [None req-d8eff0ca-3c27-480a-8b60-74dba0fafe98 tempest-VolumeSnapshotQuotasNegativeTestJSON-304606628 None] Acquiring lock "cinder-0818be75-92a3-4104-87ff-be31d03f1cd3-delete_snapshot" by "delete_snapshot" {{(pid=94516) __acquire /opt/stack/cinder/cinder/coordination.py:138}}
Aug 17 16:19:40 devstack cinder-volume[94516]: DEBUG cinder.coordination [None req-d8eff0ca-3c27-480a-8b60-74dba0fafe98 tempest-VolumeSnapshotQuotasNegativeTestJSON-304606628 None] Lock "cinder-0818be75-92a3-4104-87ff-be31d03f1cd3-delete_snapshot" acquired by "delete_snapshot" :: waited 0.029s {{(pid=94516) __acquire /opt/stack/cinder/cinder/coordination.py:141}}
Aug 17 16:19:40 devstack cinder-volume[94516]: DEBUG cinder.coordination [None req-d8eff0ca-3c27-480a-8b60-74dba0fafe98 tempest-VolumeSnapshotQuotasNegativeTestJSON-304606628 None] Acquiring lock "cinder-quobyte-b15d404e-66af-451d-b890-9d7d2f5f9ed6" by "delete_snapshot" {{(pid=94516) __acquire /opt/stack/cinder/cinder/coordination.py:138}}
Aug 17 16:19:41 devstack cinder-volume[94516]: DEBUG cinder.coordination [None req-d8eff0ca-3c27-480a-8b60-74dba0fafe98 tempest-VolumeSnapshotQuotasNegativeTestJSON-304606628 None] Lock "cinder-quobyte-b15d404e-66af-451d-b890-9d7d2f5f9ed6" acquired by "delete_snapshot" :: waited 0.026s {{(pid=94516) __acquire /opt/stack/cinder/cinder/coordination.py:141}}
Aug 17 16:19:41 devstack cinder-volume[94516]: DEBUG cinder.coordination [None req-d8eff0ca-3c27-480a-8b60-74dba0fafe98 tempest-VolumeSnapshotQuotasNegativeTestJSON-304606628 None] Acquiring lock "cinder-quobyte-0818be75-92a3-4104-87ff-be31d03f1cd3" by "_delete_snapshot" {{(pid=94516) __acquire /opt/stack/cinder/cinder/coordination.py:138}}
Aug 17 16:19:41 devstack cinder-volume[94516]: DEBUG cinder.coordination [None req-d8eff0ca-3c27-480a-8b60-74dba0fafe98 tempest-VolumeSnapshotQuotasNegativeTestJSON-304606628 None] Lock "cinder-quobyte-0818be75-92a3-4104-87ff-be31d03f1cd3" acquired by "_delete_snapshot" :: waited 0.037s {{(pid=94516) __acquire /opt/stack/cinder/cinder/coordination.py:141}}
Aug 17 16:19:41 devstack cinder-volume[94516]: DEBUG cinder.volume.drivers.remotefs [None req-d8eff0ca-3c27-480a-8b60-74dba0fafe98 tempest-VolumeSnapshotQuotasNegativeTestJSON-304606628 None] Deleting offline snapshot 0818be75-92a3-4104-87ff-be31d03f1cd3 of volume b15d404e-66af-451d-b890-9d7d2f5f9ed6 {{(pid=94516) _delete_snapshot /opt/stack/cinder/cinder/volume/drivers/remotefs.py:1288}}
Aug 17 16:19:41 devstack cinder-volume[94516]: DEBUG cinder.volume.drivers.remotefs [None req-d8eff0ca-3c27-480a-8b60-74dba0fafe98 tempest-VolumeSnapshotQuotasNegativeTestJSON-304606628 None] snapshot_file for this snap is: volume-b15d404e-66af-451d-b890-9d7d2f5f9ed6.0818be75-92a3-4104-87ff-be31d03f1cd3 {{(pid=94516) _delete_snapshot /opt/stack/cinder/cinder/volume/drivers/remotefs.py:1317}}
Aug 17 16:19:41 devstack cinder-volume[94516]: DEBUG oslo.privsep.daemon [-] privsep: reply[8e4882f9-596b-4179-98b7-286d5675d321]: (4, 'qcow2') {{(pid=95613) _call_back /opt/stack/data/venv/lib/python3.12/site-packages/oslo_privsep/daemon.py:580}}
Aug 17 16:19:41 devstack cinder-volume[94516]: DEBUG oslo_concurrency.processutils [None req-d8eff0ca-3c27-480a-8b60-74dba0fafe98 tempest-VolumeSnapshotQuotasNegativeTestJSON-304606628 None] Running cmd (subprocess): /opt/stack/data/venv/bin/python3.12 -m oslo_concurrency.prlimit --as=1073741824 --cpu=60 -- sudo cinder-rootwrap /etc/cinder/rootwrap.conf env LC_ALL=C qemu-img info -f qcow2 --output=json --force-share /opt/stack/data/cinder/mnt/e30976ab83ab4da8f39ef2705ba532ef/volume-b15d404e-66af-451d-b890-9d7d2f5f9ed6.0818be75-92a3-4104-87ff-be31d03f1cd3 {{(pid=94516) execute /opt/stack/data/venv/lib/python3.12/site-packages/oslo_concurrency/processutils.py:440}}
Aug 17 16:19:41 devstack sudo[101151]: quobyte : PWD=/ ; USER=root ; COMMAND=/opt/stack/data/venv/bin/cinder-rootwrap /etc/cinder/rootwrap.conf env LC_ALL=C qemu-img info -f qcow2 --output=json --force-share /opt/stack/data/cinder/mnt/e30976ab83ab4da8f39ef2705ba532ef/volume-b15d404e-66af-451d-b890-9d7d2f5f9ed6.0818be75-92a3-4104-87ff-be31d03f1cd3
Aug 17 16:19:41 devstack sudo[101151]: pam_unix(sudo:session): session opened for user root(uid=0) by (uid=1000)
Aug 17 16:19:41 devstack sudo[101151]: pam_unix(sudo:session): session closed for user root
Aug 17 16:19:41 devstack cinder-volume[94516]: DEBUG oslo_concurrency.processutils [None req-d8eff0ca-3c27-480a-8b60-74dba0fafe98 tempest-VolumeSnapshotQuotasNegativeTestJSON-304606628 None] CMD "/opt/stack/data/venv/bin/python3.12 -m oslo_concurrency.prlimit --as=1073741824 --cpu=60 -- sudo cinder-rootwrap /etc/cinder/rootwrap.conf env LC_ALL=C qemu-img info -f qcow2 --output=json --force-share /opt/stack/data/cinder/mnt/e30976ab83ab4da8f39ef2705ba532ef/volume-b15d404e-66af-451d-b890-9d7d2f5f9ed6.0818be75-92a3-4104-87ff-be31d03f1cd3" returned: 0 in 0.623s {{(pid=94516) execute /opt/stack/data/venv/lib/python3.12/site-packages/oslo_concurrency/processutils.py:468}}
Aug 17 16:19:41 devstack cinder-volume[94516]: DEBUG cinder.volume.drivers.remotefs [None req-d8eff0ca-3c27-480a-8b60-74dba0fafe98 tempest-VolumeSnapshotQuotasNegativeTestJSON-304606628 None] Fetching qemu-img info with special backing_file_template: (/opt/stack/data/cinder/mnt/[0-9a-f]+/)?(volume-b15d404e-66af-451d-b890-9d7d2f5f9ed6(.(tmp-snap-)?[0-9a-f-]+)?|volume_from_snapshot_cache/(tmp-snap-)?[0-9a-f-]+(.(child-|parent-)[0-9a-f-]+)?)$ {{(pid=94516) _qemu_img_info_base /opt/stack/cinder/cinder/volume/drivers/remotefs.py:896}}
Aug 17 16:19:41 devstack cinder-volume[94516]: DEBUG oslo.privsep.daemon [-] privsep: reply[39a41270-88fb-412f-9213-cdd74f0e0b93]: (4, 'qcow2') {{(pid=95613) _call_back /opt/stack/data/venv/lib/python3.12/site-packages/oslo_privsep/daemon.py:580}}
Aug 17 16:19:41 devstack cinder-volume[94516]: DEBUG oslo_concurrency.processutils [None req-d8eff0ca-3c27-480a-8b60-74dba0fafe98 tempest-VolumeSnapshotQuotasNegativeTestJSON-304606628 None] Running cmd (subprocess): /opt/stack/data/venv/bin/python3.12 -m oslo_concurrency.prlimit --as=1073741824 --cpu=60 -- sudo cinder-rootwrap /etc/cinder/rootwrap.conf env LC_ALL=C qemu-img info -f qcow2 --output=json --force-share /opt/stack/data/cinder/mnt/e30976ab83ab4da8f39ef2705ba532ef/volume-b15d404e-66af-451d-b890-9d7d2f5f9ed6 {{(pid=94516) execute /opt/stack/data/venv/lib/python3.12/site-packages/oslo_concurrency/processutils.py:440}}
Aug 17 16:19:41 devstack sudo[101172]: quobyte : PWD=/ ; USER=root ; COMMAND=/opt/stack/data/venv/bin/cinder-rootwrap /etc/cinder/rootwrap.conf env LC_ALL=C qemu-img info -f qcow2 --output=json --force-share /opt/stack/data/cinder/mnt/e30976ab83ab4da8f39ef2705ba532ef/volume-b15d404e-66af-451d-b890-9d7d2f5f9ed6
Aug 17 16:19:41 devstack sudo[101172]: pam_unix(sudo:session): session opened for user root(uid=0) by (uid=1000)
Aug 17 16:19:42 devstack sudo[101172]: pam_unix(sudo:session): session closed for user root
Aug 17 16:19:42 devstack cinder-volume[94516]: DEBUG oslo_concurrency.processutils [None req-d8eff0ca-3c27-480a-8b60-74dba0fafe98 tempest-VolumeSnapshotQuotasNegativeTestJSON-304606628 None] CMD "/opt/stack/data/venv/bin/python3.12 -m oslo_concurrency.prlimit --as=1073741824 --cpu=60 -- sudo cinder-rootwrap /etc/cinder/rootwrap.conf env LC_ALL=C qemu-img info -f qcow2 --output=json --force-share /opt/stack/data/cinder/mnt/e30976ab83ab4da8f39ef2705ba532ef/volume-b15d404e-66af-451d-b890-9d7d2f5f9ed6" returned: 0 in 0.475s {{(pid=94516) execute /opt/stack/data/venv/lib/python3.12/site-packages/oslo_concurrency/processutils.py:468}}
Aug 17 16:19:42 devstack cinder-volume[94516]: DEBUG oslo_concurrency.processutils [None req-d8eff0ca-3c27-480a-8b60-74dba0fafe98 tempest-VolumeSnapshotQuotasNegativeTestJSON-304606628 None] Running cmd (subprocess): sudo cinder-rootwrap /etc/cinder/rootwrap.conf qemu-img commit -d /opt/stack/data/cinder/mnt/e30976ab83ab4da8f39ef2705ba532ef/volume-b15d404e-66af-451d-b890-9d7d2f5f9ed6.0818be75-92a3-4104-87ff-be31d03f1cd3 {{(pid=94516) execute /opt/stack/data/venv/lib/python3.12/site-packages/oslo_concurrency/processutils.py:440}}
Aug 17 16:19:42 devstack sudo[101179]: quobyte : PWD=/ ; USER=root ; COMMAND=/opt/stack/data/venv/bin/cinder-rootwrap /etc/cinder/rootwrap.conf qemu-img commit -d /opt/stack/data/cinder/mnt/e30976ab83ab4da8f39ef2705ba532ef/volume-b15d404e-66af-451d-b890-9d7d2f5f9ed6.0818be75-92a3-4104-87ff-be31d03f1cd3
Aug 17 16:19:42 devstack sudo[101179]: pam_unix(sudo:session): session opened for user root(uid=0) by (uid=1000)
Aug 17 16:19:42 devstack sudo[101179]: pam_unix(sudo:session): session closed for user root
Aug 17 16:19:42 devstack cinder-volume[94516]: DEBUG oslo_concurrency.processutils [None req-d8eff0ca-3c27-480a-8b60-74dba0fafe98 tempest-VolumeSnapshotQuotasNegativeTestJSON-304606628 None] CMD "sudo cinder-rootwrap /etc/cinder/rootwrap.conf qemu-img commit -d /opt/stack/data/cinder/mnt/e30976ab83ab4da8f39ef2705ba532ef/volume-b15d404e-66af-451d-b890-9d7d2f5f9ed6.0818be75-92a3-4104-87ff-be31d03f1cd3" returned: 0 in 0.480s {{(pid=94516) execute /opt/stack/data/venv/lib/python3.12/site-packages/oslo_concurrency/processutils.py:468}}
Aug 17 16:19:42 devstack cinder-volume[94516]: DEBUG oslo_concurrency.processutils [None req-d8eff0ca-3c27-480a-8b60-74dba0fafe98 tempest-VolumeSnapshotQuotasNegativeTestJSON-304606628 None] Running cmd (subprocess): sudo cinder-rootwrap /etc/cinder/rootwrap.conf rm -f /opt/stack/data/cinder/mnt/e30976ab83ab4da8f39ef2705ba532ef/volume-b15d404e-66af-451d-b890-9d7d2f5f9ed6.0818be75-92a3-4104-87ff-be31d03f1cd3 {{(pid=94516) execute /opt/stack/data/venv/lib/python3.12/site-packages/oslo_concurrency/processutils.py:440}}
Aug 17 16:19:42 devstack sudo[101186]: quobyte : PWD=/ ; USER=root ; COMMAND=/opt/stack/data/venv/bin/cinder-rootwrap /etc/cinder/rootwrap.conf rm -f /opt/stack/data/cinder/mnt/e30976ab83ab4da8f39ef2705ba532ef/volume-b15d404e-66af-451d-b890-9d7d2f5f9ed6.0818be75-92a3-4104-87ff-be31d03f1cd3
Aug 17 16:19:42 devstack sudo[101186]: pam_unix(sudo:session): session opened for user root(uid=0) by (uid=1000)
Aug 17 16:19:43 devstack sudo[101186]: pam_unix(sudo:session): session closed for user root
Aug 17 16:19:43 devstack cinder-volume[94516]: DEBUG oslo_concurrency.processutils [None req-d8eff0ca-3c27-480a-8b60-74dba0fafe98 tempest-VolumeSnapshotQuotasNegativeTestJSON-304606628 None] CMD "sudo cinder-rootwrap /etc/cinder/rootwrap.conf rm -f /opt/stack/data/cinder/mnt/e30976ab83ab4da8f39ef2705ba532ef/volume-b15d404e-66af-451d-b890-9d7d2f5f9ed6.0818be75-92a3-4104-87ff-be31d03f1cd3" returned: 0 in 0.326s {{(pid=94516) execute /opt/stack/data/venv/lib/python3.12/site-packages/oslo_concurrency/processutils.py:468}}
Aug 17 16:19:43 devstack cinder-volume[94516]: DEBUG cinder.coordination [None req-d8eff0ca-3c27-480a-8b60-74dba0fafe98 tempest-VolumeSnapshotQuotasNegativeTestJSON-304606628 None] Lock "cinder-quobyte-0818be75-92a3-4104-87ff-be31d03f1cd3" released by "_delete_snapshot" :: held 2.094s {{(pid=94516) __release /opt/stack/cinder/cinder/coordination.py:152}}
