Aug 28 09:33:01 devstack cinder-volume[86081]: DEBUG oslo_concurrency.processutils [None req-8154950d-ffdc-42f0-944d-b3545953314c tempest-GroupSnapshotsTest-783586098 None] Running cmd (subprocess): sudo cinder-rootwrap /etc/cinder/rootwrap.conf chmod ugo+rw /opt/stack/data/cinder/mnt/475d2350dd66f1156e60fc66deb80356/volume-6b738b3f-9676-42c1-a236-89ee9988fe61.453c837c-03ec-4b5b-b5d2-bc4eea897ec5 {{(pid=86081) execute /opt/stack/data/venv/lib/python3.12/site-packages/oslo_concurrency/processutils.py:440}}
Aug 28 09:33:01 devstack sudo[89368]: quobyte : PWD=/ ; USER=root ; COMMAND=/opt/stack/data/venv/bin/cinder-rootwrap /etc/cinder/rootwrap.conf chmod ugo+rw /opt/stack/data/cinder/mnt/475d2350dd66f1156e60fc66deb80356/volume-6b738b3f-9676-42c1-a236-89ee9988fe61.453c837c-03ec-4b5b-b5d2-bc4eea897ec5
Aug 28 09:33:01 devstack sudo[89368]: pam_unix(sudo:session): session opened for user root(uid=0) by (uid=1000)
Aug 28 09:33:01 devstack sudo[89368]: pam_unix(sudo:session): session closed for user root
Aug 28 09:33:01 devstack cinder-volume[86081]: DEBUG oslo_concurrency.processutils [None req-8154950d-ffdc-42f0-944d-b3545953314c tempest-GroupSnapshotsTest-783586098 None] CMD "sudo cinder-rootwrap /etc/cinder/rootwrap.conf chmod ugo+rw /opt/stack/data/cinder/mnt/475d2350dd66f1156e60fc66deb80356/volume-6b738b3f-9676-42c1-a236-89ee9988fe61.453c837c-03ec-4b5b-b5d2-bc4eea897ec5" returned: 0 in 0.355s {{(pid=86081) execute /opt/stack/data/venv/lib/python3.12/site-packages/oslo_concurrency/processutils.py:468}}
Aug 28 09:33:01 devstack cinder-volume[86081]: DEBUG oslo_concurrency.processutils [None req-8154950d-ffdc-42f0-944d-b3545953314c tempest-GroupSnapshotsTest-783586098 None] Running cmd (subprocess): sudo cinder-rootwrap /etc/cinder/rootwrap.conf truncate -s0 /opt/stack/data/cinder/mnt/475d2350dd66f1156e60fc66deb80356/volume-6b738b3f-9676-42c1-a236-89ee9988fe61.info {{(pid=86081) execute /opt/stack/data/venv/lib/python3.12/site-packages/oslo_concurrency/processutils.py:440}}
Aug 28 09:33:01 devstack sudo[89372]: quobyte : PWD=/ ; USER=root ; COMMAND=/opt/stack/data/venv/bin/cinder-rootwrap /etc/cinder/rootwrap.conf truncate -s0 /opt/stack/data/cinder/mnt/475d2350dd66f1156e60fc66deb80356/volume-6b738b3f-9676-42c1-a236-89ee9988fe61.info
Aug 28 09:33:01 devstack sudo[89372]: pam_unix(sudo:session): session opened for user root(uid=0) by (uid=1000)
Aug 28 09:33:02 devstack cinder-volume[86081]: INFO cinder.volume.manager [req-3f01ea9e-564a-4703-a7fa-26086208c10a req-7cfa625a-ae55-4b46-96a6-bf519ef4e236 tempest-DeleteServersTestJSON-180782363 None] Terminate volume connection completed successfully.
Aug 28 09:33:02 devstack cinder-volume[86081]: DEBUG cinder.volume.manager [req-3f01ea9e-564a-4703-a7fa-26086208c10a req-7cfa625a-ae55-4b46-96a6-bf519ef4e236 tempest-DeleteServersTestJSON-180782363 None] Deleting attachment 484443e0-f404-4887-823a-f8893e2485f0. {{(pid=86081) attachment_delete /opt/stack/cinder/cinder/volume/manager.py:5055}}
Aug 28 09:33:02 devstack sudo[89372]: pam_unix(sudo:session): session closed for user root
Aug 28 09:33:02 devstack cinder-volume[86081]: DEBUG oslo_concurrency.processutils [None req-8154950d-ffdc-42f0-944d-b3545953314c tempest-GroupSnapshotsTest-783586098 None] CMD "sudo cinder-rootwrap /etc/cinder/rootwrap.conf truncate -s0 /opt/stack/data/cinder/mnt/475d2350dd66f1156e60fc66deb80356/volume-6b738b3f-9676-42c1-a236-89ee9988fe61.info" returned: 0 in 0.542s {{(pid=86081) execute /opt/stack/data/venv/lib/python3.12/site-packages/oslo_concurrency/processutils.py:468}}
Aug 28 09:33:02 devstack cinder-volume[86081]: WARNING cinder.volume.drivers.remotefs [None req-8154950d-ffdc-42f0-944d-b3545953314c tempest-GroupSnapshotsTest-783586098 None] /opt/stack/data/cinder/mnt/475d2350dd66f1156e60fc66deb80356/volume-6b738b3f-9676-42c1-a236-89ee9988fe61.info is being set with open permissions: ugo+rw: NotImplementedError
Aug 28 09:33:02 devstack cinder-volume[86081]: DEBUG oslo_concurrency.processutils [None req-8154950d-ffdc-42f0-944d-b3545953314c tempest-GroupSnapshotsTest-783586098 None] Running cmd (subprocess): sudo cinder-rootwrap /etc/cinder/rootwrap.conf chmod ugo+rw /opt/stack/data/cinder/mnt/475d2350dd66f1156e60fc66deb80356/volume-6b738b3f-9676-42c1-a236-89ee9988fe61.info {{(pid=86081) execute /opt/stack/data/venv/lib/python3.12/site-packages/oslo_concurrency/processutils.py:440}}
Aug 28 09:33:02 devstack sudo[89384]: quobyte : PWD=/ ; USER=root ; COMMAND=/opt/stack/data/venv/bin/cinder-rootwrap /etc/cinder/rootwrap.conf chmod ugo+rw /opt/stack/data/cinder/mnt/475d2350dd66f1156e60fc66deb80356/volume-6b738b3f-9676-42c1-a236-89ee9988fe61.info
Aug 28 09:33:02 devstack sudo[89384]: pam_unix(sudo:session): session opened for user root(uid=0) by (uid=1000)
Aug 28 09:33:03 devstack sudo[89384]: pam_unix(sudo:session): session closed for user root
Aug 28 09:33:03 devstack cinder-volume[86081]: DEBUG oslo_concurrency.processutils [None req-8154950d-ffdc-42f0-944d-b3545953314c tempest-GroupSnapshotsTest-783586098 None] CMD "sudo cinder-rootwrap /etc/cinder/rootwrap.conf chmod ugo+rw /opt/stack/data/cinder/mnt/475d2350dd66f1156e60fc66deb80356/volume-6b738b3f-9676-42c1-a236-89ee9988fe61.info" returned: 0 in 0.570s {{(pid=86081) execute /opt/stack/data/venv/lib/python3.12/site-packages/oslo_concurrency/processutils.py:468}}
Aug 28 09:33:03 devstack cinder-volume[86081]: DEBUG oslo_concurrency.lockutils [None req-8154950d-ffdc-42f0-944d-b3545953314c tempest-GroupSnapshotsTest-783586098 None] Lock "quobyte" "released" by "cinder.volume.drivers.quobyte.QuobyteDriver.create_snapshot" :: held 3.619s {{(pid=86081) inner /opt/stack/data/venv/lib/python3.12/site-packages/oslo_concurrency/lockutils.py:544}}
Aug 28 09:33:03 devstack cinder-volume[86081]: DEBUG oslo_concurrency.lockutils [None req-8154950d-ffdc-42f0-944d-b3545953314c tempest-GroupSnapshotsTest-783586098 None] Acquiring lock "quobyte" by "cinder.volume.drivers.quobyte.QuobyteDriver.create_snapshot" {{(pid=86081) inner /opt/stack/data/venv/lib/python3.12/site-packages/oslo_concurrency/lockutils.py:512}}
Aug 28 09:33:03 devstack cinder-volume[86081]: DEBUG oslo_concurrency.lockutils [None req-8154950d-ffdc-42f0-944d-b3545953314c tempest-GroupSnapshotsTest-783586098 None] Lock "quobyte" acquired by "cinder.volume.drivers.quobyte.QuobyteDriver.create_snapshot" :: waited 0.001s {{(pid=86081) inner /opt/stack/data/venv/lib/python3.12/site-packages/oslo_concurrency/lockutils.py:525}}
Aug 28 09:33:03 devstack cinder-volume[86081]: DEBUG cinder.volume.drivers.remotefs [None req-8154950d-ffdc-42f0-944d-b3545953314c tempest-GroupSnapshotsTest-783586098 None] Creating offline snapshot 5533b4d4-52e9-4395-8839-57a63457a144 of volume bb2e6a94-1869-4e93-840e-f3bd5c5c4914 {{(pid=86081) _create_snapshot /opt/stack/cinder/cinder/volume/drivers/remotefs.py:1816}}
Aug 28 09:33:03 devstack cinder-volume[86081]: DEBUG oslo.privsep.daemon [-] privsep: reply[89669219-f952-481a-add8-51daa82984a8]: (4, 'qcow2') {{(pid=87219) _call_back /opt/stack/data/venv/lib/python3.12/site-packages/oslo_privsep/daemon.py:580}}
Aug 28 09:33:03 devstack cinder-volume[86081]: DEBUG oslo_concurrency.processutils [None req-8154950d-ffdc-42f0-944d-b3545953314c tempest-GroupSnapshotsTest-783586098 None] Running cmd (subprocess): /opt/stack/data/venv/bin/python3.12 -m oslo_concurrency.prlimit --as=1073741824 --cpu=60 -- sudo cinder-rootwrap /etc/cinder/rootwrap.conf env LC_ALL=C qemu-img info -f qcow2 --output=json --force-share /opt/stack/data/cinder/mnt/475d2350dd66f1156e60fc66deb80356/volume-bb2e6a94-1869-4e93-840e-f3bd5c5c4914 {{(pid=86081) execute /opt/stack/data/venv/lib/python3.12/site-packages/oslo_concurrency/processutils.py:440}}
Aug 28 09:33:03 devstack sudo[89387]: quobyte : PWD=/ ; USER=root ; COMMAND=/opt/stack/data/venv/bin/cinder-rootwrap /etc/cinder/rootwrap.conf env LC_ALL=C qemu-img info -f qcow2 --output=json --force-share /opt/stack/data/cinder/mnt/475d2350dd66f1156e60fc66deb80356/volume-bb2e6a94-1869-4e93-840e-f3bd5c5c4914
Aug 28 09:33:03 devstack sudo[89387]: pam_unix(sudo:session): session opened for user root(uid=0) by (uid=1000)
Aug 28 09:33:03 devstack sudo[89387]: pam_unix(sudo:session): session closed for user root
Aug 28 09:33:03 devstack cinder-volume[86081]: DEBUG oslo_concurrency.processutils [None req-8154950d-ffdc-42f0-944d-b3545953314c tempest-GroupSnapshotsTest-783586098 None] CMD "/opt/stack/data/venv/bin/python3.12 -m oslo_concurrency.prlimit --as=1073741824 --cpu=60 -- sudo cinder-rootwrap /etc/cinder/rootwrap.conf env LC_ALL=C qemu-img info -f qcow2 --output=json --force-share /opt/stack/data/cinder/mnt/475d2350dd66f1156e60fc66deb80356/volume-bb2e6a94-1869-4e93-840e-f3bd5c5c4914" returned: 0 in 0.462s {{(pid=86081) execute /opt/stack/data/venv/lib/python3.12/site-packages/oslo_concurrency/processutils.py:468}}
Aug 28 09:33:03 devstack cinder-volume[86081]: DEBUG oslo_concurrency.processutils [None req-8154950d-ffdc-42f0-944d-b3545953314c tempest-GroupSnapshotsTest-783586098 None] Running cmd (subprocess): sudo cinder-rootwrap /etc/cinder/rootwrap.conf qemu-img create -f qcow2 -o backing_file=/opt/stack/data/cinder/mnt/475d2350dd66f1156e60fc66deb80356/volume-bb2e6a94-1869-4e93-840e-f3bd5c5c4914,backing_fmt=qcow2 /opt/stack/data/cinder/mnt/475d2350dd66f1156e60fc66deb80356/volume-bb2e6a94-1869-4e93-840e-f3bd5c5c4914.5533b4d4-52e9-4395-8839-57a63457a144 1G {{(pid=86081) execute /opt/stack/data/venv/lib/python3.12/site-packages/oslo_concurrency/processutils.py:440}}
Aug 28 09:33:03 devstack sudo[89392]: quobyte : PWD=/ ; USER=root ; COMMAND=/opt/stack/data/venv/bin/cinder-rootwrap /etc/cinder/rootwrap.conf qemu-img create -f qcow2 -o backing_file=/opt/stack/data/cinder/mnt/475d2350dd66f1156e60fc66deb80356/volume-bb2e6a94-1869-4e93-840e-f3bd5c5c4914,backing_fmt=qcow2 /opt/stack/data/cinder/mnt/475d2350dd66f1156e60fc66deb80356/volume-bb2e6a94-1869-4e93-840e-f3bd5c5c4914.5533b4d4-52e9-4395-8839-57a63457a144 1G
Aug 28 09:33:03 devstack sudo[89392]: pam_unix(sudo:session): session opened for user root(uid=0) by (uid=1000)
Aug 28 09:33:04 devstack sudo[89392]: pam_unix(sudo:session): session closed for user root
Aug 28 09:33:04 devstack cinder-volume[86081]: DEBUG oslo_concurrency.processutils [None req-8154950d-ffdc-42f0-944d-b3545953314c tempest-GroupSnapshotsTest-783586098 None] CMD "sudo cinder-rootwrap /etc/cinder/rootwrap.conf qemu-img create -f qcow2 -o backing_file=/opt/stack/data/cinder/mnt/475d2350dd66f1156e60fc66deb80356/volume-bb2e6a94-1869-4e93-840e-f3bd5c5c4914,backing_fmt=qcow2 /opt/stack/data/cinder/mnt/475d2350dd66f1156e60fc66deb80356/volume-bb2e6a94-1869-4e93-840e-f3bd5c5c4914.5533b4d4-52e9-4395-8839-57a63457a144 1G" returned: 0 in 0.484s {{(pid=86081) execute /opt/stack/data/venv/lib/python3.12/site-packages/oslo_concurrency/processutils.py:468}}
Aug 28 09:33:04 devstack cinder-volume[86081]: DEBUG oslo_concurrency.processutils [None req-8154950d-ffdc-42f0-944d-b3545953314c tempest-GroupSnapshotsTest-783586098 None] Running cmd (subprocess): sudo cinder-rootwrap /etc/cinder/rootwrap.conf qemu-img rebase -u -b volume-bb2e6a94-1869-4e93-840e-f3bd5c5c4914 -F qcow2 /opt/stack/data/cinder/mnt/475d2350dd66f1156e60fc66deb80356/volume-bb2e6a94-1869-4e93-840e-f3bd5c5c4914.5533b4d4-52e9-4395-8839-57a63457a144 {{(pid=86081) execute /opt/stack/data/venv/lib/python3.12/site-packages/oslo_concurrency/processutils.py:440}}
Aug 28 09:33:04 devstack sudo[89398]: quobyte : PWD=/ ; USER=root ; COMMAND=/opt/stack/data/venv/bin/cinder-rootwrap /etc/cinder/rootwrap.conf qemu-img rebase -u -b volume-bb2e6a94-1869-4e93-840e-f3bd5c5c4914 -F qcow2 /opt/stack/data/cinder/mnt/475d2350dd66f1156e60fc66deb80356/volume-bb2e6a94-1869-4e93-840e-f3bd5c5c4914.5533b4d4-52e9-4395-8839-57a63457a144
Aug 28 09:33:04 devstack sudo[89398]: pam_unix(sudo:session): session opened for user root(uid=0) by (uid=1000)
Aug 28 09:33:04 devstack sudo[89398]: pam_unix(sudo:session): session closed for user root
Aug 28 09:33:04 devstack cinder-volume[86081]: DEBUG oslo_concurrency.processutils [None req-8154950d-ffdc-42f0-944d-b3545953314c tempest-GroupSnapshotsTest-783586098 None] CMD "sudo cinder-rootwrap /etc/cinder/rootwrap.conf qemu-img rebase -u -b volume-bb2e6a94-1869-4e93-840e-f3bd5c5c4914 -F qcow2 /opt/stack/data/cinder/mnt/475d2350dd66f1156e60fc66deb80356/volume-bb2e6a94-1869-4e93-840e-f3bd5c5c4914.5533b4d4-52e9-4395-8839-57a63457a144" returned: 0 in 0.332s {{(pid=86081) execute /opt/stack/data/venv/lib/python3.12/site-packages/oslo_concurrency/processutils.py:468}}
Aug 28 09:33:04 devstack cinder-volume[86081]: WARNING cinder.volume.drivers.remotefs [None req-8154950d-ffdc-42f0-944d-b3545953314c tempest-GroupSnapshotsTest-783586098 None] /opt/stack/data/cinder/mnt/475d2350dd66f1156e60fc66deb80356/volume-bb2e6a94-1869-4e93-840e-f3bd5c5c4914.5533b4d4-52e9-4395-8839-57a63457a144 is being set with open permissions: ugo+rw: NotImplementedError
Aug 28 09:33:04 devstack cinder-volume[86081]: DEBUG oslo_concurrency.processutils [None req-8154950d-ffdc-42f0-944d-b3545953314c tempest-GroupSnapshotsTest-783586098 None] Running cmd (subprocess): sudo cinder-rootwrap /etc/cinder/rootwrap.conf chmod ugo+rw /opt/stack/data/cinder/mnt/475d2350dd66f1156e60fc66deb80356/volume-bb2e6a94-1869-4e93-840e-f3bd5c5c4914.5533b4d4-52e9-4395-8839-57a63457a144 {{(pid=86081) execute /opt/stack/data/venv/lib/python3.12/site-packages/oslo_concurrency/processutils.py:440}}
Aug 28 09:33:04 devstack sudo[89405]: quobyte : PWD=/ ; USER=root ; COMMAND=/opt/stack/data/venv/bin/cinder-rootwrap /etc/cinder/rootwrap.conf chmod ugo+rw /opt/stack/data/cinder/mnt/475d2350dd66f1156e60fc66deb80356/volume-bb2e6a94-1869-4e93-840e-f3bd5c5c4914.5533b4d4-52e9-4395-8839-57a63457a144
Aug 28 09:33:04 devstack sudo[89405]: pam_unix(sudo:session): session opened for user root(uid=0) by (uid=1000)
Aug 28 09:33:04 devstack sudo[89405]: pam_unix(sudo:session): session closed for user root
Aug 28 09:33:04 devstack cinder-volume[86081]: DEBUG oslo_concurrency.processutils [None req-8154950d-ffdc-42f0-944d-b3545953314c tempest-GroupSnapshotsTest-783586098 None] CMD "sudo cinder-rootwrap /etc/cinder/rootwrap.conf chmod ugo+rw /opt/stack/data/cinder/mnt/475d2350dd66f1156e60fc66deb80356/volume-bb2e6a94-1869-4e93-840e-f3bd5c5c4914.5533b4d4-52e9-4395-8839-57a63457a144" returned: 0 in 0.264s {{(pid=86081) execute /opt/stack/data/venv/lib/python3.12/site-packages/oslo_concurrency/processutils.py:468}}
Aug 28 09:33:04 devstack cinder-volume[86081]: DEBUG oslo_concurrency.processutils [None req-8154950d-ffdc-42f0-944d-b3545953314c tempest-GroupSnapshotsTest-783586098 None] Running cmd (subprocess): sudo cinder-rootwrap /etc/cinder/rootwrap.conf truncate -s0 /opt/stack/data/cinder/mnt/475d2350dd66f1156e60fc66deb80356/volume-bb2e6a94-1869-4e93-840e-f3bd5c5c4914.info {{(pid=86081) execute /opt/stack/data/venv/lib/python3.12/site-packages/oslo_concurrency/processutils.py:440}}
Aug 28 09:33:04 devstack sudo[89408]: quobyte : PWD=/ ; USER=root ; COMMAND=/opt/stack/data/venv/bin/cinder-rootwrap /etc/cinder/rootwrap.conf truncate -s0 /opt/stack/data/cinder/mnt/475d2350dd66f1156e60fc66deb80356/volume-bb2e6a94-1869-4e93-840e-f3bd5c5c4914.info
Aug 28 09:33:04 devstack sudo[89408]: pam_unix(sudo:session): session opened for user root(uid=0) by (uid=1000)
Aug 28 09:33:04 devstack cinder-volume[86081]: DEBUG cinder.coordination [None req-94c0bc11-0493-4916-a79c-13716564a918 tempest-DeleteServersTestJSON-180782363 None] Acquiring lock "cinder-e65ba20d-3dc7-481b-9e79-2bdd9673588f-delete_volume" by "delete_volume" {{(pid=86081) __acquire /opt/stack/cinder/cinder/coordination.py:138}}
Aug 28 09:33:05 devstack cinder-volume[86081]: DEBUG cinder.coordination [None req-94c0bc11-0493-4916-a79c-13716564a918 tempest-DeleteServersTestJSON-180782363 None] Lock "cinder-e65ba20d-3dc7-481b-9e79-2bdd9673588f-delete_volume" acquired by "delete_volume" :: waited 0.055s {{(pid=86081) __acquire /opt/stack/cinder/cinder/coordination.py:141}}
Aug 28 09:33:05 devstack cinder-volume[86081]: DEBUG cinder.coordination [None req-94c0bc11-0493-4916-a79c-13716564a918 tempest-DeleteServersTestJSON-180782363 None] Acquiring lock "cinder-quobyte-e65ba20d-3dc7-481b-9e79-2bdd9673588f" by "delete_volume" {{(pid=86081) __acquire /opt/stack/cinder/cinder/coordination.py:138}}
Aug 28 09:33:05 devstack cinder-volume[86081]: DEBUG cinder.coordination [None req-94c0bc11-0493-4916-a79c-13716564a918 tempest-DeleteServersTestJSON-180782363 None] Lock "cinder-quobyte-e65ba20d-3dc7-481b-9e79-2bdd9673588f" acquired by "delete_volume" :: waited 0.023s {{(pid=86081) __acquire /opt/stack/cinder/cinder/coordination.py:141}}
Aug 28 09:33:05 devstack cinder-volume[86081]: DEBUG oslo.privsep.daemon [-] privsep: reply[2593b3ff-bd22-4d48-bfa9-d53183499a7a]: (4, 'qcow2') {{(pid=87219) _call_back /opt/stack/data/venv/lib/python3.12/site-packages/oslo_privsep/daemon.py:580}}
Aug 28 09:33:05 devstack cinder-volume[86081]: DEBUG oslo_concurrency.processutils [None req-94c0bc11-0493-4916-a79c-13716564a918 tempest-DeleteServersTestJSON-180782363 None] Running cmd (subprocess): /opt/stack/data/venv/bin/python3.12 -m oslo_concurrency.prlimit --as=1073741824 --cpu=60 -- sudo cinder-rootwrap /etc/cinder/rootwrap.conf env LC_ALL=C qemu-img info -f qcow2 --output=json --force-share /opt/stack/data/cinder/mnt/475d2350dd66f1156e60fc66deb80356/volume-e65ba20d-3dc7-481b-9e79-2bdd9673588f {{(pid=86081) execute /opt/stack/data/venv/lib/python3.12/site-packages/oslo_concurrency/processutils.py:440}}
Aug 28 09:33:05 devstack sudo[89408]: pam_unix(sudo:session): session closed for user root
Aug 28 09:33:05 devstack cinder-volume[86081]: DEBUG oslo_concurrency.processutils [None req-8154950d-ffdc-42f0-944d-b3545953314c tempest-GroupSnapshotsTest-783586098 None] CMD "sudo cinder-rootwrap /etc/cinder/rootwrap.conf truncate -s0 /opt/stack/data/cinder/mnt/475d2350dd66f1156e60fc66deb80356/volume-bb2e6a94-1869-4e93-840e-f3bd5c5c4914.info" returned: 0 in 0.435s {{(pid=86081) execute /opt/stack/data/venv/lib/python3.12/site-packages/oslo_concurrency/processutils.py:468}}
Aug 28 09:33:05 devstack cinder-volume[86081]: WARNING cinder.volume.drivers.remotefs [None req-8154950d-ffdc-42f0-944d-b3545953314c tempest-GroupSnapshotsTest-783586098 None] /opt/stack/data/cinder/mnt/475d2350dd66f1156e60fc66deb80356/volume-bb2e6a94-1869-4e93-840e-f3bd5c5c4914.info is being set with open permissions: ugo+rw: NotImplementedError
Aug 28 09:33:05 devstack cinder-volume[86081]: DEBUG oslo_concurrency.processutils [None req-8154950d-ffdc-42f0-944d-b3545953314c tempest-GroupSnapshotsTest-783586098 None] Running cmd (subprocess): sudo cinder-rootwrap /etc/cinder/rootwrap.conf chmod ugo+rw /opt/stack/data/cinder/mnt/475d2350dd66f1156e60fc66deb80356/volume-bb2e6a94-1869-4e93-840e-f3bd5c5c4914.info {{(pid=86081) execute /opt/stack/data/venv/lib/python3.12/site-packages/oslo_concurrency/processutils.py:440}}
Aug 28 09:33:05 devstack sudo[89412]: quobyte : PWD=/ ; USER=root ; COMMAND=/opt/stack/data/venv/bin/cinder-rootwrap /etc/cinder/rootwrap.conf chmod ugo+rw /opt/stack/data/cinder/mnt/475d2350dd66f1156e60fc66deb80356/volume-bb2e6a94-1869-4e93-840e-f3bd5c5c4914.info
Aug 28 09:33:05 devstack sudo[89412]: pam_unix(sudo:session): session opened for user root(uid=0) by (uid=1000)
Aug 28 09:33:05 devstack sudo[89411]: quobyte : PWD=/ ; USER=root ; COMMAND=/opt/stack/data/venv/bin/cinder-rootwrap /etc/cinder/rootwrap.conf env LC_ALL=C qemu-img info -f qcow2 --output=json --force-share /opt/stack/data/cinder/mnt/475d2350dd66f1156e60fc66deb80356/volume-e65ba20d-3dc7-481b-9e79-2bdd9673588f
Aug 28 09:33:05 devstack sudo[89411]: pam_unix(sudo:session): session opened for user root(uid=0) by (uid=1000)
Aug 28 09:33:05 devstack sudo[89412]: pam_unix(sudo:session): session closed for user root
Aug 28 09:33:05 devstack cinder-volume[86081]: DEBUG oslo_concurrency.processutils [None req-8154950d-ffdc-42f0-944d-b3545953314c tempest-GroupSnapshotsTest-783586098 None] CMD "sudo cinder-rootwrap /etc/cinder/rootwrap.conf chmod ugo+rw /opt/stack/data/cinder/mnt/475d2350dd66f1156e60fc66deb80356/volume-bb2e6a94-1869-4e93-840e-f3bd5c5c4914.info" returned: 0 in 0.302s {{(pid=86081) execute /opt/stack/data/venv/lib/python3.12/site-packages/oslo_concurrency/processutils.py:468}}
Aug 28 09:33:05 devstack cinder-volume[86081]: DEBUG oslo_concurrency.lockutils [None req-8154950d-ffdc-42f0-944d-b3545953314c tempest-GroupSnapshotsTest-783586098 None] Lock "quobyte" "released" by "cinder.volume.drivers.quobyte.QuobyteDriver.create_snapshot" :: held 2.423s {{(pid=86081) inner /opt/stack/data/venv/lib/python3.12/site-packages/oslo_concurrency/lockutils.py:544}}
Aug 28 09:33:05 devstack sudo[89411]: pam_unix(sudo:session): session closed for user root
Aug 28 09:33:05 devstack cinder-volume[86081]: DEBUG oslo_concurrency.processutils [None req-94c0bc11-0493-4916-a79c-13716564a918 tempest-DeleteServersTestJSON-180782363 None] CMD "/opt/stack/data/venv/bin/python3.12 -m oslo_concurrency.prlimit --as=1073741824 --cpu=60 -- sudo cinder-rootwrap /etc/cinder/rootwrap.conf env LC_ALL=C qemu-img info -f qcow2 --output=json --force-share /opt/stack/data/cinder/mnt/475d2350dd66f1156e60fc66deb80356/volume-e65ba20d-3dc7-481b-9e79-2bdd9673588f" returned: 0 in 0.452s {{(pid=86081) execute /opt/stack/data/venv/lib/python3.12/site-packages/oslo_concurrency/processutils.py:468}}
Aug 28 09:33:05 devstack cinder-volume[86081]: DEBUG oslo_concurrency.processutils [None req-94c0bc11-0493-4916-a79c-13716564a918 tempest-DeleteServersTestJSON-180782363 None] Running cmd (subprocess): sudo cinder-rootwrap /etc/cinder/rootwrap.conf rm -f /opt/stack/data/cinder/mnt/475d2350dd66f1156e60fc66deb80356/volume-e65ba20d-3dc7-481b-9e79-2bdd9673588f {{(pid=86081) execute /opt/stack/data/venv/lib/python3.12/site-packages/oslo_concurrency/processutils.py:440}}
Aug 28 09:33:05 devstack sudo[89420]: quobyte : PWD=/ ; USER=root ; COMMAND=/opt/stack/data/venv/bin/cinder-rootwrap /etc/cinder/rootwrap.conf rm -f /opt/stack/data/cinder/mnt/475d2350dd66f1156e60fc66deb80356/volume-e65ba20d-3dc7-481b-9e79-2bdd9673588f
Aug 28 09:33:05 devstack sudo[89420]: pam_unix(sudo:session): session opened for user root(uid=0) by (uid=1000)
Aug 28 09:33:05 devstack cinder-volume[86081]: INFO cinder.volume.manager [None req-8154950d-ffdc-42f0-944d-b3545953314c tempest-GroupSnapshotsTest-783586098 None] group_snapshot a4d6d10d-58cb-456f-9b11-f5715ce51abf: created successfully
Aug 28 09:33:05 devstack cinder-volume[86081]: INFO cinder.volume.manager [None req-ba450693-a8f5-466d-b3d5-bcd902c23ea6 tempest-GroupSnapshotsTest-783586098 None] group_snapshot a4d6d10d-58cb-456f-9b11-f5715ce51abf: deleting
Aug 28 09:33:05 devstack sudo[89420]: pam_unix(sudo:session): session closed for user root
Aug 28 09:33:06 devstack cinder-volume[86081]: DEBUG oslo_concurrency.processutils [None req-94c0bc11-0493-4916-a79c-13716564a918 tempest-DeleteServersTestJSON-180782363 None] CMD "sudo cinder-rootwrap /etc/cinder/rootwrap.conf rm -f /opt/stack/data/cinder/mnt/475d2350dd66f1156e60fc66deb80356/volume-e65ba20d-3dc7-481b-9e79-2bdd9673588f" returned: 0 in 0.386s {{(pid=86081) execute /opt/stack/data/venv/lib/python3.12/site-packages/oslo_concurrency/processutils.py:468}}
Aug 28 09:33:06 devstack cinder-volume[86081]: DEBUG cinder.coordination [None req-94c0bc11-0493-4916-a79c-13716564a918 tempest-DeleteServersTestJSON-180782363 None] Lock "cinder-quobyte-e65ba20d-3dc7-481b-9e79-2bdd9673588f" released by "delete_volume" :: held 0.901s {{(pid=86081) __release /opt/stack/cinder/cinder/coordination.py:152}}
Aug 28 09:33:06 devstack cinder-volume[86081]: DEBUG cinder.volume.manager [None req-ba450693-a8f5-466d-b3d5-bcd902c23ea6 tempest-GroupSnapshotsTest-783586098 None] group_snapshot a4d6d10d-58cb-456f-9b11-f5715ce51abf: deleting {{(pid=86081) delete_group_snapshot /opt/stack/cinder/cinder/volume/manager.py:4350}}
Aug 28 09:33:06 devstack cinder-volume[86081]: DEBUG cinder.coordination [None req-ba450693-a8f5-466d-b3d5-bcd902c23ea6 tempest-GroupSnapshotsTest-783586098 None] Acquiring lock "cinder-quobyte-6b738b3f-9676-42c1-a236-89ee9988fe61" by "delete_snapshot" {{(pid=86081) __acquire /opt/stack/cinder/cinder/coordination.py:138}}
Aug 28 09:33:06 devstack cinder-volume[86081]: DEBUG cinder.coordination [None req-ba450693-a8f5-466d-b3d5-bcd902c23ea6 tempest-GroupSnapshotsTest-783586098 None] Lock "cinder-quobyte-6b738b3f-9676-42c1-a236-89ee9988fe61" acquired by "delete_snapshot" :: waited 0.024s {{(pid=86081) __acquire /opt/stack/cinder/cinder/coordination.py:141}}
Aug 28 09:33:06 devstack cinder-volume[86081]: DEBUG cinder.coordination [None req-ba450693-a8f5-466d-b3d5-bcd902c23ea6 tempest-GroupSnapshotsTest-783586098 None] Acquiring lock "cinder-quobyte-453c837c-03ec-4b5b-b5d2-bc4eea897ec5" by "_delete_snapshot" {{(pid=86081) __acquire /opt/stack/cinder/cinder/coordination.py:138}}
Aug 28 09:33:06 devstack cinder-volume[86081]: DEBUG cinder.coordination [None req-ba450693-a8f5-466d-b3d5-bcd902c23ea6 tempest-GroupSnapshotsTest-783586098 None] Lock "cinder-quobyte-453c837c-03ec-4b5b-b5d2-bc4eea897ec5" acquired by "_delete_snapshot" :: waited 0.035s {{(pid=86081) __acquire /opt/stack/cinder/cinder/coordination.py:141}}
Aug 28 09:33:06 devstack cinder-volume[86081]: DEBUG cinder.volume.drivers.remotefs [None req-ba450693-a8f5-466d-b3d5-bcd902c23ea6 tempest-GroupSnapshotsTest-783586098 None] Deleting offline snapshot 453c837c-03ec-4b5b-b5d2-bc4eea897ec5 of volume 6b738b3f-9676-42c1-a236-89ee9988fe61 {{(pid=86081) _delete_snapshot /opt/stack/cinder/cinder/volume/drivers/remotefs.py:1288}}
Aug 28 09:33:06 devstack cinder-volume[86081]: DEBUG cinder.volume.drivers.remotefs [None req-ba450693-a8f5-466d-b3d5-bcd902c23ea6 tempest-GroupSnapshotsTest-783586098 None] snapshot_file for this snap is: volume-6b738b3f-9676-42c1-a236-89ee9988fe61.453c837c-03ec-4b5b-b5d2-bc4eea897ec5 {{(pid=86081) _delete_snapshot /opt/stack/cinder/cinder/volume/drivers/remotefs.py:1317}}
Aug 28 09:33:06 devstack cinder-volume[86081]: DEBUG cinder.quota [None req-94c0bc11-0493-4916-a79c-13716564a918 tempest-DeleteServersTestJSON-180782363 None] Created reservations ['710a9701-3623-4f08-a0e1-a53af76cb8f0', '7730c6da-3a56-401a-a921-e58c7c3675ca', '7d2f3f08-b45f-48d5-bc82-c03cad4c0a87', 'ebb7282d-06e0-44f7-a7c8-50f2d7044a47'] {{(pid=86081) reserve /opt/stack/cinder/cinder/quota.py:752}}
Aug 28 09:33:06 devstack cinder-volume[86081]: DEBUG oslo.privsep.daemon [-] privsep: reply[30fee105-ac42-4fb3-a4ab-1ec2fdceef69]: (4, 'qcow2') {{(pid=87219) _call_back /opt/stack/data/venv/lib/python3.12/site-packages/oslo_privsep/daemon.py:580}}
Aug 28 09:33:06 devstack cinder-volume[86081]: DEBUG oslo_concurrency.processutils [None req-ba450693-a8f5-466d-b3d5-bcd902c23ea6 tempest-GroupSnapshotsTest-783586098 None] Running cmd (subprocess): /opt/stack/data/venv/bin/python3.12 -m oslo_concurrency.prlimit --as=1073741824 --cpu=60 -- sudo cinder-rootwrap /etc/cinder/rootwrap.conf env LC_ALL=C qemu-img info -f qcow2 --output=json --force-share /opt/stack/data/cinder/mnt/475d2350dd66f1156e60fc66deb80356/volume-6b738b3f-9676-42c1-a236-89ee9988fe61.453c837c-03ec-4b5b-b5d2-bc4eea897ec5 {{(pid=86081) execute /opt/stack/data/venv/lib/python3.12/site-packages/oslo_concurrency/processutils.py:440}}
Aug 28 09:33:06 devstack cinder-volume[86081]: DEBUG oslo_concurrency.lockutils [None req-94c0bc11-0493-4916-a79c-13716564a918 tempest-DeleteServersTestJSON-180782363 None] Acquiring lock "quobyte_ensure" by "cinder.volume.drivers.quobyte.QuobyteDriver._ensure_shares_mounted" {{(pid=86081) inner /opt/stack/data/venv/lib/python3.12/site-packages/oslo_concurrency/lockutils.py:512}}
Aug 28 09:33:06 devstack cinder-volume[86081]: DEBUG oslo_concurrency.lockutils [None req-94c0bc11-0493-4916-a79c-13716564a918 tempest-DeleteServersTestJSON-180782363 None] Lock "quobyte_ensure" acquired by "cinder.volume.drivers.quobyte.QuobyteDriver._ensure_shares_mounted" :: waited 0.002s {{(pid=86081) inner /opt/stack/data/venv/lib/python3.12/site-packages/oslo_concurrency/lockutils.py:525}}
Aug 28 09:33:06 devstack cinder-volume[86081]: DEBUG cinder.volume.drivers.quobyte [None req-94c0bc11-0493-4916-a79c-13716564a918 tempest-DeleteServersTestJSON-180782363 None] Quobyte Volume URL set to: {'osci02.corp.quobyte.com/cinder-vol-df5134ca-6c2f-416c-b699-91583cc4432b': None} {{(pid=86081) _load_shares_config /opt/stack/cinder/cinder/volume/drivers/quobyte.py:662}}
Aug 28 09:33:06 devstack cinder-volume[86081]: DEBUG cinder.volume.drivers.quobyte [None req-94c0bc11-0493-4916-a79c-13716564a918 tempest-DeleteServersTestJSON-180782363 None] Available shares ['osci02.corp.quobyte.com/cinder-vol-df5134ca-6c2f-416c-b699-91583cc4432b'] {{(pid=86081) _ensure_shares_mounted /opt/stack/cinder/cinder/volume/drivers/quobyte.py:692}}
Aug 28 09:33:06 devstack cinder-volume[86081]: DEBUG oslo_concurrency.lockutils [None req-94c0bc11-0493-4916-a79c-13716564a918 tempest-DeleteServersTestJSON-180782363 None] Lock "quobyte_ensure" "released" by "cinder.volume.drivers.quobyte.QuobyteDriver._ensure_shares_mounted" :: held 0.013s {{(pid=86081) inner /opt/stack/data/venv/lib/python3.12/site-packages/oslo_concurrency/lockutils.py:544}}
Aug 28 09:33:06 devstack cinder-volume[86081]: DEBUG oslo_concurrency.processutils [None req-94c0bc11-0493-4916-a79c-13716564a918 tempest-DeleteServersTestJSON-180782363 None] Running cmd (subprocess): sudo cinder-rootwrap /etc/cinder/rootwrap.conf df --portability --block-size 1 /opt/stack/data/cinder/mnt/475d2350dd66f1156e60fc66deb80356 {{(pid=86081) execute /opt/stack/data/venv/lib/python3.12/site-packages/oslo_concurrency/processutils.py:440}}
Aug 28 09:33:06 devstack sudo[89425]: quobyte : PWD=/ ; USER=root ; COMMAND=/opt/stack/data/venv/bin/cinder-rootwrap /etc/cinder/rootwrap.conf df --portability --block-size 1 /opt/stack/data/cinder/mnt/475d2350dd66f1156e60fc66deb80356
Aug 28 09:33:06 devstack sudo[89425]: pam_unix(sudo:session): session opened for user root(uid=0) by (uid=1000)
Aug 28 09:33:06 devstack sudo[89424]: quobyte : PWD=/ ; USER=root ; COMMAND=/opt/stack/data/venv/bin/cinder-rootwrap /etc/cinder/rootwrap.conf env LC_ALL=C qemu-img info -f qcow2 --output=json --force-share /opt/stack/data/cinder/mnt/475d2350dd66f1156e60fc66deb80356/volume-6b738b3f-9676-42c1-a236-89ee9988fe61.453c837c-03ec-4b5b-b5d2-bc4eea897ec5
Aug 28 09:33:06 devstack sudo[89424]: pam_unix(sudo:session): session opened for user root(uid=0) by (uid=1000)
Aug 28 09:33:06 devstack sudo[89425]: pam_unix(sudo:session): session closed for user root
Aug 28 09:33:06 devstack cinder-volume[86081]: DEBUG oslo_concurrency.processutils [None req-94c0bc11-0493-4916-a79c-13716564a918 tempest-DeleteServersTestJSON-180782363 None] CMD "sudo cinder-rootwrap /etc/cinder/rootwrap.conf df --portability --block-size 1 /opt/stack/data/cinder/mnt/475d2350dd66f1156e60fc66deb80356" returned: 0 in 0.292s {{(pid=86081) execute /opt/stack/data/venv/lib/python3.12/site-packages/oslo_concurrency/processutils.py:468}}
Aug 28 09:33:06 devstack cinder-volume[86081]: DEBUG cinder.manager [None req-94c0bc11-0493-4916-a79c-13716564a918 tempest-DeleteServersTestJSON-180782363 None] Notifying Schedulers of capabilities ... {{(pid=86081) _publish_service_capabilities /opt/stack/cinder/cinder/manager.py:219}}
Aug 28 09:33:06 devstack cinder-volume[86081]: INFO cinder.volume.manager [None req-94c0bc11-0493-4916-a79c-13716564a918 tempest-DeleteServersTestJSON-180782363 None] Deleted volume successfully.
Aug 28 09:33:06 devstack cinder-volume[86081]: DEBUG cinder.coordination [None req-94c0bc11-0493-4916-a79c-13716564a918 tempest-DeleteServersTestJSON-180782363 None] Lock "cinder-e65ba20d-3dc7-481b-9e79-2bdd9673588f-delete_volume" released by "delete_volume" :: held 1.605s {{(pid=86081) __release /opt/stack/cinder/cinder/coordination.py:152}}
Aug 28 09:33:06 devstack sudo[89424]: pam_unix(sudo:session): session closed for user root
Aug 28 09:33:06 devstack cinder-volume[86081]: DEBUG oslo_concurrency.processutils [None req-ba450693-a8f5-466d-b3d5-bcd902c23ea6 tempest-GroupSnapshotsTest-783586098 None] CMD "/opt/stack/data/venv/bin/python3.12 -m oslo_concurrency.prlimit --as=1073741824 --cpu=60 -- sudo cinder-rootwrap /etc/cinder/rootwrap.conf env LC_ALL=C qemu-img info -f qcow2 --output=json --force-share /opt/stack/data/cinder/mnt/475d2350dd66f1156e60fc66deb80356/volume-6b738b3f-9676-42c1-a236-89ee9988fe61.453c837c-03ec-4b5b-b5d2-bc4eea897ec5" returned: 0 in 0.573s {{(pid=86081) execute /opt/stack/data/venv/lib/python3.12/site-packages/oslo_concurrency/processutils.py:468}}
Aug 28 09:33:06 devstack cinder-volume[86081]: DEBUG cinder.volume.drivers.remotefs [None req-ba450693-a8f5-466d-b3d5-bcd902c23ea6 tempest-GroupSnapshotsTest-783586098 None] Fetching qemu-img info with special backing_file_template: (/opt/stack/data/cinder/mnt/[0-9a-f]+/)?(volume-6b738b3f-9676-42c1-a236-89ee9988fe61(.(tmp-snap-)?[0-9a-f-]+)?|volume_from_snapshot_cache/(tmp-snap-)?[0-9a-f-]+(.(child-|parent-)[0-9a-f-]+)?)$ {{(pid=86081) _qemu_img_info_base /opt/stack/cinder/cinder/volume/drivers/remotefs.py:896}}
Aug 28 09:33:06 devstack cinder-volume[86081]: DEBUG oslo.privsep.daemon [-] privsep: reply[a912daa5-a4fe-41e9-bad7-01f3d6550b1a]: (4, 'qcow2') {{(pid=87219) _call_back /opt/stack/data/venv/lib/python3.12/site-packages/oslo_privsep/daemon.py:580}}
Aug 28 09:33:06 devstack cinder-volume[86081]: DEBUG oslo_concurrency.processutils [None req-ba450693-a8f5-466d-b3d5-bcd902c23ea6 tempest-GroupSnapshotsTest-783586098 None] Running cmd (subprocess): /opt/stack/data/venv/bin/python3.12 -m oslo_concurrency.prlimit --as=1073741824 --cpu=60 -- sudo cinder-rootwrap /etc/cinder/rootwrap.conf env LC_ALL=C qemu-img info -f qcow2 --output=json --force-share /opt/stack/data/cinder/mnt/475d2350dd66f1156e60fc66deb80356/volume-6b738b3f-9676-42c1-a236-89ee9988fe61 {{(pid=86081) execute /opt/stack/data/venv/lib/python3.12/site-packages/oslo_concurrency/processutils.py:440}}
Aug 28 09:33:06 devstack sudo[89432]: quobyte : PWD=/ ; USER=root ; COMMAND=/opt/stack/data/venv/bin/cinder-rootwrap /etc/cinder/rootwrap.conf env LC_ALL=C qemu-img info -f qcow2 --output=json --force-share /opt/stack/data/cinder/mnt/475d2350dd66f1156e60fc66deb80356/volume-6b738b3f-9676-42c1-a236-89ee9988fe61
Aug 28 09:33:06 devstack sudo[89432]: pam_unix(sudo:session): session opened for user root(uid=0) by (uid=1000)
Aug 28 09:33:07 devstack sudo[89432]: pam_unix(sudo:session): session closed for user root
Aug 28 09:33:07 devstack cinder-volume[86081]: DEBUG oslo_concurrency.processutils [None req-ba450693-a8f5-466d-b3d5-bcd902c23ea6 tempest-GroupSnapshotsTest-783586098 None] CMD "/opt/stack/data/venv/bin/python3.12 -m oslo_concurrency.prlimit --as=1073741824 --cpu=60 -- sudo cinder-rootwrap /etc/cinder/rootwrap.conf env LC_ALL=C qemu-img info -f qcow2 --output=json --force-share /opt/stack/data/cinder/mnt/475d2350dd66f1156e60fc66deb80356/volume-6b738b3f-9676-42c1-a236-89ee9988fe61" returned: 0 in 0.455s {{(pid=86081) execute /opt/stack/data/venv/lib/python3.12/site-packages/oslo_concurrency/processutils.py:468}}
Aug 28 09:33:07 devstack cinder-volume[86081]: DEBUG oslo_concurrency.processutils [None req-ba450693-a8f5-466d-b3d5-bcd902c23ea6 tempest-GroupSnapshotsTest-783586098 None] Running cmd (subprocess): sudo cinder-rootwrap /etc/cinder/rootwrap.conf qemu-img commit -d /opt/stack/data/cinder/mnt/475d2350dd66f1156e60fc66deb80356/volume-6b738b3f-9676-42c1-a236-89ee9988fe61.453c837c-03ec-4b5b-b5d2-bc4eea897ec5 {{(pid=86081) execute /opt/stack/data/venv/lib/python3.12/site-packages/oslo_concurrency/processutils.py:440}}
Aug 28 09:33:07 devstack sudo[89437]: quobyte : PWD=/ ; USER=root ; COMMAND=/opt/stack/data/venv/bin/cinder-rootwrap /etc/cinder/rootwrap.conf qemu-img commit -d /opt/stack/data/cinder/mnt/475d2350dd66f1156e60fc66deb80356/volume-6b738b3f-9676-42c1-a236-89ee9988fe61.453c837c-03ec-4b5b-b5d2-bc4eea897ec5
Aug 28 09:33:07 devstack sudo[89437]: pam_unix(sudo:session): session opened for user root(uid=0) by (uid=1000)
Aug 28 09:33:07 devstack sudo[89437]: pam_unix(sudo:session): session closed for user root
Aug 28 09:33:07 devstack cinder-volume[86081]: DEBUG oslo_concurrency.processutils [None req-ba450693-a8f5-466d-b3d5-bcd902c23ea6 tempest-GroupSnapshotsTest-783586098 None] CMD "sudo cinder-rootwrap /etc/cinder/rootwrap.conf qemu-img commit -d /opt/stack/data/cinder/mnt/475d2350dd66f1156e60fc66deb80356/volume-6b738b3f-9676-42c1-a236-89ee9988fe61.453c837c-03ec-4b5b-b5d2-bc4eea897ec5" returned: 0 in 0.383s {{(pid=86081) execute /opt/stack/data/venv/lib/python3.12/site-packages/oslo_concurrency/processutils.py:468}}
Aug 28 09:33:07 devstack cinder-volume[86081]: DEBUG oslo_concurrency.processutils [None req-ba450693-a8f5-466d-b3d5-bcd902c23ea6 tempest-GroupSnapshotsTest-783586098 None] Running cmd (subprocess): sudo cinder-rootwrap /etc/cinder/rootwrap.conf rm -f /opt/stack/data/cinder/mnt/475d2350dd66f1156e60fc66deb80356/volume-6b738b3f-9676-42c1-a236-89ee9988fe61.453c837c-03ec-4b5b-b5d2-bc4eea897ec5 {{(pid=86081) execute /opt/stack/data/venv/lib/python3.12/site-packages/oslo_concurrency/processutils.py:440}}
Aug 28 09:33:07 devstack sudo[89443]: quobyte : PWD=/ ; USER=root ; COMMAND=/opt/stack/data/venv/bin/cinder-rootwrap /etc/cinder/rootwrap.conf rm -f /opt/stack/data/cinder/mnt/475d2350dd66f1156e60fc66deb80356/volume-6b738b3f-9676-42c1-a236-89ee9988fe61.453c837c-03ec-4b5b-b5d2-bc4eea897ec5
Aug 28 09:33:07 devstack sudo[89443]: pam_unix(sudo:session): session opened for user root(uid=0) by (uid=1000)
Aug 28 09:33:07 devstack sudo[89443]: pam_unix(sudo:session): session closed for user root
Aug 28 09:33:07 devstack cinder-volume[86081]: DEBUG oslo_concurrency.processutils [None req-ba450693-a8f5-466d-b3d5-bcd902c23ea6 tempest-GroupSnapshotsTest-783586098 None] CMD "sudo cinder-rootwrap /etc/cinder/rootwrap.conf rm -f /opt/stack/data/cinder/mnt/475d2350dd66f1156e60fc66deb80356/volume-6b738b3f-9676-42c1-a236-89ee9988fe61.453c837c-03ec-4b5b-b5d2-bc4eea897ec5" returned: 0 in 0.250s {{(pid=86081) execute /opt/stack/data/venv/lib/python3.12/site-packages/oslo_concurrency/processutils.py:468}}
Aug 28 09:33:07 devstack cinder-volume[86081]: DEBUG cinder.coordination [None req-ba450693-a8f5-466d-b3d5-bcd902c23ea6 tempest-GroupSnapshotsTest-783586098 None] Lock "cinder-quobyte-453c837c-03ec-4b5b-b5d2-bc4eea897ec5" released by "_delete_snapshot" :: held 1.814s {{(pid=86081) __release /opt/stack/cinder/cinder/coordination.py:152}}
Aug 28 09:33:07 devstack cinder-volume[86081]: DEBUG cinder.coordination [None req-ba450693-a8f5-466d-b3d5-bcd902c23ea6 tempest-GroupSnapshotsTest-783586098 None] Lock "cinder-quobyte-6b738b3f-9676-42c1-a236-89ee9988fe61" released by "delete_snapshot" :: held 1.860s {{(pid=86081) __release /opt/stack/cinder/cinder/coordination.py:152}}
Aug 28 09:33:07 devstack cinder-volume[86081]: DEBUG cinder.coordination [None req-ba450693-a8f5-466d-b3d5-bcd902c23ea6 tempest-GroupSnapshotsTest-783586098 None] Acquiring lock "cinder-quobyte-bb2e6a94-1869-4e93-840e-f3bd5c5c4914" by "delete_snapshot" {{(pid=86081) __acquire /opt/stack/cinder/cinder/coordination.py:138}}
Aug 28 09:33:08 devstack cinder-volume[86081]: DEBUG cinder.coordination [None req-ba450693-a8f5-466d-b3d5-bcd902c23ea6 tempest-GroupSnapshotsTest-783586098 None] Lock "cinder-quobyte-bb2e6a94-1869-4e93-840e-f3bd5c5c4914" acquired by "delete_snapshot" :: waited 0.022s {{(pid=86081) __acquire /opt/stack/cinder/cinder/coordination.py:141}}
Aug 28 09:33:08 devstack cinder-volume[86081]: DEBUG cinder.coordination [None req-ba450693-a8f5-466d-b3d5-bcd902c23ea6 tempest-GroupSnapshotsTest-783586098 None] Acquiring lock "cinder-quobyte-5533b4d4-52e9-4395-8839-57a63457a144" by "_delete_snapshot" {{(pid=86081) __acquire /opt/stack/cinder/cinder/coordination.py:138}}
Aug 28 09:33:08 devstack cinder-volume[86081]: DEBUG cinder.coordination [None req-ba450693-a8f5-466d-b3d5-bcd902c23ea6 tempest-GroupSnapshotsTest-783586098 None] Lock "cinder-quobyte-5533b4d4-52e9-4395-8839-57a63457a144" acquired by "_delete_snapshot" :: waited 0.025s {{(pid=86081) __acquire /opt/stack/cinder/cinder/coordination.py:141}}
Aug 28 09:33:08 devstack cinder-volume[86081]: DEBUG cinder.volume.drivers.remotefs [None req-ba450693-a8f5-466d-b3d5-bcd902c23ea6 tempest-GroupSnapshotsTest-783586098 None] Deleting offline snapshot 5533b4d4-52e9-4395-8839-57a63457a144 of volume bb2e6a94-1869-4e93-840e-f3bd5c5c4914 {{(pid=86081) _delete_snapshot /opt/stack/cinder/cinder/volume/drivers/remotefs.py:1288}}
Aug 28 09:33:08 devstack cinder-volume[86081]: DEBUG cinder.volume.drivers.remotefs [None req-ba450693-a8f5-466d-b3d5-bcd902c23ea6 tempest-GroupSnapshotsTest-783586098 None] snapshot_file for this snap is: volume-bb2e6a94-1869-4e93-840e-f3bd5c5c4914.5533b4d4-52e9-4395-8839-57a63457a144 {{(pid=86081) _delete_snapshot /opt/stack/cinder/cinder/volume/drivers/remotefs.py:1317}}
Aug 28 09:33:08 devstack cinder-volume[86081]: DEBUG oslo.privsep.daemon [-] privsep: reply[47a248d6-04d6-44e2-b989-17afa623d6ae]: (4, 'qcow2') {{(pid=87219) _call_back /opt/stack/data/venv/lib/python3.12/site-packages/oslo_privsep/daemon.py:580}}
Aug 28 09:33:08 devstack cinder-volume[86081]: DEBUG oslo_concurrency.processutils [None req-ba450693-a8f5-466d-b3d5-bcd902c23ea6 tempest-GroupSnapshotsTest-783586098 None] Running cmd (subprocess): /opt/stack/data/venv/bin/python3.12 -m oslo_concurrency.prlimit --as=1073741824 --cpu=60 -- sudo cinder-rootwrap /etc/cinder/rootwrap.conf env LC_ALL=C qemu-img info -f qcow2 --output=json --force-share /opt/stack/data/cinder/mnt/475d2350dd66f1156e60fc66deb80356/volume-bb2e6a94-1869-4e93-840e-f3bd5c5c4914.5533b4d4-52e9-4395-8839-57a63457a144 {{(pid=86081) execute /opt/stack/data/venv/lib/python3.12/site-packages/oslo_concurrency/processutils.py:440}}
Aug 28 09:33:08 devstack sudo[89446]: quobyte : PWD=/ ; USER=root ; COMMAND=/opt/stack/data/venv/bin/cinder-rootwrap /etc/cinder/rootwrap.conf env LC_ALL=C qemu-img info -f qcow2 --output=json --force-share /opt/stack/data/cinder/mnt/475d2350dd66f1156e60fc66deb80356/volume-bb2e6a94-1869-4e93-840e-f3bd5c5c4914.5533b4d4-52e9-4395-8839-57a63457a144
Aug 28 09:33:08 devstack sudo[89446]: pam_unix(sudo:session): session opened for user root(uid=0) by (uid=1000)
Aug 28 09:33:08 devstack sudo[89446]: pam_unix(sudo:session): session closed for user root
Aug 28 09:33:08 devstack cinder-volume[86081]: DEBUG oslo_concurrency.processutils [None req-ba450693-a8f5-466d-b3d5-bcd902c23ea6 tempest-GroupSnapshotsTest-783586098 None] CMD "/opt/stack/data/venv/bin/python3.12 -m oslo_concurrency.prlimit --as=1073741824 --cpu=60 -- sudo cinder-rootwrap /etc/cinder/rootwrap.conf env LC_ALL=C qemu-img info -f qcow2 --output=json --force-share /opt/stack/data/cinder/mnt/475d2350dd66f1156e60fc66deb80356/volume-bb2e6a94-1869-4e93-840e-f3bd5c5c4914.5533b4d4-52e9-4395-8839-57a63457a144" returned: 0 in 0.687s {{(pid=86081) execute /opt/stack/data/venv/lib/python3.12/site-packages/oslo_concurrency/processutils.py:468}}
Aug 28 09:33:08 devstack cinder-volume[86081]: DEBUG cinder.volume.drivers.remotefs [None req-ba450693-a8f5-466d-b3d5-bcd902c23ea6 tempest-GroupSnapshotsTest-783586098 None] Fetching qemu-img info with special backing_file_template: (/opt/stack/data/cinder/mnt/[0-9a-f]+/)?(volume-bb2e6a94-1869-4e93-840e-f3bd5c5c4914(.(tmp-snap-)?[0-9a-f-]+)?|volume_from_snapshot_cache/(tmp-snap-)?[0-9a-f-]+(.(child-|parent-)[0-9a-f-]+)?)$ {{(pid=86081) _qemu_img_info_base /opt/stack/cinder/cinder/volume/drivers/remotefs.py:896}}
Aug 28 09:33:08 devstack cinder-volume[86081]: DEBUG oslo.privsep.daemon [-] privsep: reply[afdeda9b-674a-42dc-be1c-94118770b753]: (4, 'qcow2') {{(pid=87219) _call_back /opt/stack/data/venv/lib/python3.12/site-packages/oslo_privsep/daemon.py:580}}
Aug 28 09:33:08 devstack cinder-volume[86081]: DEBUG oslo_concurrency.processutils [None req-ba450693-a8f5-466d-b3d5-bcd902c23ea6 tempest-GroupSnapshotsTest-783586098 None] Running cmd (subprocess): /opt/stack/data/venv/bin/python3.12 -m oslo_concurrency.prlimit --as=1073741824 --cpu=60 -- sudo cinder-rootwrap /etc/cinder/rootwrap.conf env LC_ALL=C qemu-img info -f qcow2 --output=json --force-share /opt/stack/data/cinder/mnt/475d2350dd66f1156e60fc66deb80356/volume-bb2e6a94-1869-4e93-840e-f3bd5c5c4914 {{(pid=86081) execute /opt/stack/data/venv/lib/python3.12/site-packages/oslo_concurrency/processutils.py:440}}
Aug 28 09:33:08 devstack sudo[89452]: quobyte : PWD=/ ; USER=root ; COMMAND=/opt/stack/data/venv/bin/cinder-rootwrap /etc/cinder/rootwrap.conf env LC_ALL=C qemu-img info -f qcow2 --output=json --force-share /opt/stack/data/cinder/mnt/475d2350dd66f1156e60fc66deb80356/volume-bb2e6a94-1869-4e93-840e-f3bd5c5c4914
Aug 28 09:33:08 devstack sudo[89452]: pam_unix(sudo:session): session opened for user root(uid=0) by (uid=1000)
Aug 28 09:33:09 devstack sudo[89452]: pam_unix(sudo:session): session closed for user root
Aug 28 09:33:09 devstack cinder-volume[86081]: DEBUG oslo_concurrency.processutils [None req-ba450693-a8f5-466d-b3d5-bcd902c23ea6 tempest-GroupSnapshotsTest-783586098 None] CMD "/opt/stack/data/venv/bin/python3.12 -m oslo_concurrency.prlimit --as=1073741824 --cpu=60 -- sudo cinder-rootwrap /etc/cinder/rootwrap.conf env LC_ALL=C qemu-img info -f qcow2 --output=json --force-share /opt/stack/data/cinder/mnt/475d2350dd66f1156e60fc66deb80356/volume-bb2e6a94-1869-4e93-840e-f3bd5c5c4914" returned: 0 in 0.535s {{(pid=86081) execute /opt/stack/data/venv/lib/python3.12/site-packages/oslo_concurrency/processutils.py:468}}
Aug 28 09:33:09 devstack cinder-volume[86081]: DEBUG oslo_concurrency.processutils [None req-ba450693-a8f5-466d-b3d5-bcd902c23ea6 tempest-GroupSnapshotsTest-783586098 None] Running cmd (subprocess): sudo cinder-rootwrap /etc/cinder/rootwrap.conf qemu-img commit -d /opt/stack/data/cinder/mnt/475d2350dd66f1156e60fc66deb80356/volume-bb2e6a94-1869-4e93-840e-f3bd5c5c4914.5533b4d4-52e9-4395-8839-57a63457a144 {{(pid=86081) execute /opt/stack/data/venv/lib/python3.12/site-packages/oslo_concurrency/processutils.py:440}}
Aug 28 09:33:09 devstack sudo[89458]: quobyte : PWD=/ ; USER=root ; COMMAND=/opt/stack/data/venv/bin/cinder-rootwrap /etc/cinder/rootwrap.conf qemu-img commit -d /opt/stack/data/cinder/mnt/475d2350dd66f1156e60fc66deb80356/volume-bb2e6a94-1869-4e93-840e-f3bd5c5c4914.5533b4d4-52e9-4395-8839-57a63457a144
Aug 28 09:33:09 devstack sudo[89458]: pam_unix(sudo:session): session opened for user root(uid=0) by (uid=1000)
Aug 28 09:33:09 devstack sudo[89458]: pam_unix(sudo:session): session closed for user root
Aug 28 09:33:09 devstack cinder-volume[86081]: DEBUG oslo_concurrency.processutils [None req-ba450693-a8f5-466d-b3d5-bcd902c23ea6 tempest-GroupSnapshotsTest-783586098 None] CMD "sudo cinder-rootwrap /etc/cinder/rootwrap.conf qemu-img commit -d /opt/stack/data/cinder/mnt/475d2350dd66f1156e60fc66deb80356/volume-bb2e6a94-1869-4e93-840e-f3bd5c5c4914.5533b4d4-52e9-4395-8839-57a63457a144" returned: 0 in 0.504s {{(pid=86081) execute /opt/stack/data/venv/lib/python3.12/site-packages/oslo_concurrency/processutils.py:468}}
Aug 28 09:33:09 devstack cinder-volume[86081]: DEBUG oslo_concurrency.processutils [None req-ba450693-a8f5-466d-b3d5-bcd902c23ea6 tempest-GroupSnapshotsTest-783586098 None] Running cmd (subprocess): sudo cinder-rootwrap /etc/cinder/rootwrap.conf rm -f /opt/stack/data/cinder/mnt/475d2350dd66f1156e60fc66deb80356/volume-bb2e6a94-1869-4e93-840e-f3bd5c5c4914.5533b4d4-52e9-4395-8839-57a63457a144 {{(pid=86081) execute /opt/stack/data/venv/lib/python3.12/site-packages/oslo_concurrency/processutils.py:440}}
Aug 28 09:33:09 devstack sudo[89464]: quobyte : PWD=/ ; USER=root ; COMMAND=/opt/stack/data/venv/bin/cinder-rootwrap /etc/cinder/rootwrap.conf rm -f /opt/stack/data/cinder/mnt/475d2350dd66f1156e60fc66deb80356/volume-bb2e6a94-1869-4e93-840e-f3bd5c5c4914.5533b4d4-52e9-4395-8839-57a63457a144
Aug 28 09:33:09 devstack sudo[89464]: pam_unix(sudo:session): session opened for user root(uid=0) by (uid=1000)
Aug 28 09:33:10 devstack sudo[89464]: pam_unix(sudo:session): session closed for user root
Aug 28 09:33:10 devstack cinder-volume[86081]: DEBUG oslo_concurrency.processutils [None req-ba450693-a8f5-466d-b3d5-bcd902c23ea6 tempest-GroupSnapshotsTest-783586098 None] CMD "sudo cinder-rootwrap /etc/cinder/rootwrap.conf rm -f /opt/stack/data/cinder/mnt/475d2350dd66f1156e60fc66deb80356/volume-bb2e6a94-1869-4e93-840e-f3bd5c5c4914.5533b4d4-52e9-4395-8839-57a63457a144" returned: 0 in 0.340s {{(pid=86081) execute /opt/stack/data/venv/lib/python3.12/site-packages/oslo_concurrency/processutils.py:468}}
Aug 28 09:33:10 devstack cinder-volume[86081]: DEBUG cinder.coordination [None req-ba450693-a8f5-466d-b3d5-bcd902c23ea6 tempest-GroupSnapshotsTest-783586098 None] Lock "cinder-quobyte-5533b4d4-52e9-4395-8839-57a63457a144" released by "_delete_snapshot" :: held 2.176s {{(pid=86081) __release /opt/stack/cinder/cinder/coordination.py:152}}
Aug 28 09:33:10 devstack cinder-volume[86081]: DEBUG cinder.coordination [None req-ba450693-a8f5-466d-b3d5-bcd902c23ea6 tempest-GroupSnapshotsTest-783586098 None] Lock "cinder-quobyte-bb2e6a94-1869-4e93-840e-f3bd5c5c4914" released by "delete_snapshot" :: held 2.218s {{(pid=86081) __release /opt/stack/cinder/cinder/coordination.py:152}}
Aug 28 09:33:10 devstack cinder-volume[86081]: WARNING cinder.quota [None req-ba450693-a8f5-466d-b3d5-bcd902c23ea6 tempest-GroupSnapshotsTest-783586098 None] Deprecated: Default quota for resource: gigabytes_tempest-GroupSnapshotsTest-volume-type-229743566 is set by the default quota flag: quota_gigabytes_tempest-GroupSnapshotsTest-volume-type-229743566, it is now deprecated. Please use the default quota class for default quota.
