Jul 08 11:15:36 devstack cinder-volume[86852]: DEBUG oslo_concurrency.processutils [None req-8bb0af68-9a85-4b95-9d38-c7a7aa790d4b tempest-ServerActionsTestOtherA-605180411 None] CMD "sudo cinder-rootwrap /etc/cinder/rootwrap.conf rm -f /opt/stack/data/cinder/mnt/065758a83a8e398868a8504406866b6b/volume-9cc22993-fd6a-451a-b417-315d388a9e3f" returned: 0 in 1.102s {{(pid=86852) execute /opt/stack/data/venv/lib/python3.12/site-packages/oslo_concurrency/processutils.py:468}}
Jul 08 11:15:36 devstack cinder-volume[86852]: DEBUG cinder.coordination [None req-8bb0af68-9a85-4b95-9d38-c7a7aa790d4b tempest-ServerActionsTestOtherA-605180411 None] Lock "cinder-quobyte-9cc22993-fd6a-451a-b417-315d388a9e3f" released by "delete_volume" :: held 2.245s {{(pid=86852) __release /opt/stack/cinder/cinder/coordination.py:152}}
Jul 08 11:15:36 devstack sudo[91388]: quobyte : PWD=/ ; USER=root ; COMMAND=/opt/stack/data/venv/bin/cinder-rootwrap /etc/cinder/rootwrap.conf env LC_ALL=C qemu-img info -f qcow2 --output=json --force-share /opt/stack/data/cinder/mnt/065758a83a8e398868a8504406866b6b/volume-111c17e0-ca2c-4f24-9a97-6d3eba099377.ec07bdf1-a0a3-4e22-9cfc-8ed41da50fe7
Jul 08 11:15:36 devstack sudo[91388]: pam_unix(sudo:session): session opened for user root(uid=0) by (uid=1000)
Jul 08 11:15:36 devstack cinder-volume[86852]: DEBUG cinder.quota [None req-8bb0af68-9a85-4b95-9d38-c7a7aa790d4b tempest-ServerActionsTestOtherA-605180411 None] Created reservations ['e6e40255-055d-4411-8eb6-77d8f49989d8', '52f688d6-e59e-4587-b586-2cba1ba59f1c', '17d0ed57-dc3b-482d-b714-2c1cd555808b', '4e1c3276-9336-4041-a05c-c6fc9fe9865f'] {{(pid=86852) reserve /opt/stack/cinder/cinder/quota.py:752}}
Jul 08 11:15:36 devstack cinder-volume[86852]: DEBUG oslo_concurrency.lockutils [None req-8bb0af68-9a85-4b95-9d38-c7a7aa790d4b tempest-ServerActionsTestOtherA-605180411 None] Acquiring lock "quobyte_ensure" by "cinder.volume.drivers.quobyte.QuobyteDriver._ensure_shares_mounted" {{(pid=86852) inner /opt/stack/data/venv/lib/python3.12/site-packages/oslo_concurrency/lockutils.py:511}}
Jul 08 11:15:36 devstack cinder-volume[86852]: DEBUG oslo_concurrency.lockutils [None req-8bb0af68-9a85-4b95-9d38-c7a7aa790d4b tempest-ServerActionsTestOtherA-605180411 None] Lock "quobyte_ensure" acquired by "cinder.volume.drivers.quobyte.QuobyteDriver._ensure_shares_mounted" :: waited 0.001s {{(pid=86852) inner /opt/stack/data/venv/lib/python3.12/site-packages/oslo_concurrency/lockutils.py:524}}
Jul 08 11:15:36 devstack cinder-volume[86852]: DEBUG cinder.volume.drivers.quobyte [None req-8bb0af68-9a85-4b95-9d38-c7a7aa790d4b tempest-ServerActionsTestOtherA-605180411 None] Quobyte Volume URL set to: {'osci02.corp.quobyte.com/cinder-vol-fddd3cec-e721-46d7-b289-35000d8a8d30': None} {{(pid=86852) _load_shares_config /opt/stack/cinder/cinder/volume/drivers/quobyte.py:617}}
Jul 08 11:15:36 devstack cinder-volume[86852]: DEBUG cinder.volume.drivers.quobyte [None req-8bb0af68-9a85-4b95-9d38-c7a7aa790d4b tempest-ServerActionsTestOtherA-605180411 None] Available shares ['osci02.corp.quobyte.com/cinder-vol-fddd3cec-e721-46d7-b289-35000d8a8d30'] {{(pid=86852) _ensure_shares_mounted /opt/stack/cinder/cinder/volume/drivers/quobyte.py:647}}
Jul 08 11:15:36 devstack cinder-volume[86852]: DEBUG oslo_concurrency.lockutils [None req-8bb0af68-9a85-4b95-9d38-c7a7aa790d4b tempest-ServerActionsTestOtherA-605180411 None] Lock "quobyte_ensure" "released" by "cinder.volume.drivers.quobyte.QuobyteDriver._ensure_shares_mounted" :: held 0.005s {{(pid=86852) inner /opt/stack/data/venv/lib/python3.12/site-packages/oslo_concurrency/lockutils.py:543}}
Jul 08 11:15:36 devstack cinder-volume[86852]: DEBUG oslo_concurrency.processutils [None req-8bb0af68-9a85-4b95-9d38-c7a7aa790d4b tempest-ServerActionsTestOtherA-605180411 None] Running cmd (subprocess): sudo cinder-rootwrap /etc/cinder/rootwrap.conf df --portability --block-size 1 /opt/stack/data/cinder/mnt/065758a83a8e398868a8504406866b6b {{(pid=86852) execute /opt/stack/data/venv/lib/python3.12/site-packages/oslo_concurrency/processutils.py:440}}
Jul 08 11:15:36 devstack sudo[91391]: quobyte : PWD=/ ; USER=root ; COMMAND=/opt/stack/data/venv/bin/cinder-rootwrap /etc/cinder/rootwrap.conf df --portability --block-size 1 /opt/stack/data/cinder/mnt/065758a83a8e398868a8504406866b6b
Jul 08 11:15:36 devstack sudo[91391]: pam_unix(sudo:session): session opened for user root(uid=0) by (uid=1000)
Jul 08 11:15:37 devstack sudo[91391]: pam_unix(sudo:session): session closed for user root
Jul 08 11:15:37 devstack cinder-volume[86852]: DEBUG oslo_concurrency.processutils [None req-8bb0af68-9a85-4b95-9d38-c7a7aa790d4b tempest-ServerActionsTestOtherA-605180411 None] CMD "sudo cinder-rootwrap /etc/cinder/rootwrap.conf df --portability --block-size 1 /opt/stack/data/cinder/mnt/065758a83a8e398868a8504406866b6b" returned: 0 in 0.711s {{(pid=86852) execute /opt/stack/data/venv/lib/python3.12/site-packages/oslo_concurrency/processutils.py:468}}
Jul 08 11:15:37 devstack cinder-volume[86852]: DEBUG cinder.manager [None req-8bb0af68-9a85-4b95-9d38-c7a7aa790d4b tempest-ServerActionsTestOtherA-605180411 None] Notifying Schedulers of capabilities ... {{(pid=86852) _publish_service_capabilities /opt/stack/cinder/cinder/manager.py:219}}
Jul 08 11:15:37 devstack cinder-volume[86852]: INFO cinder.volume.manager [None req-8bb0af68-9a85-4b95-9d38-c7a7aa790d4b tempest-ServerActionsTestOtherA-605180411 None] Deleted volume successfully.
Jul 08 11:15:37 devstack cinder-volume[86852]: DEBUG cinder.coordination [None req-8bb0af68-9a85-4b95-9d38-c7a7aa790d4b tempest-ServerActionsTestOtherA-605180411 None] Lock "cinder-9cc22993-fd6a-451a-b417-315d388a9e3f-delete_volume" released by "delete_volume" :: held 3.305s {{(pid=86852) __release /opt/stack/cinder/cinder/coordination.py:152}}
Jul 08 11:15:37 devstack sudo[91388]: pam_unix(sudo:session): session closed for user root
Jul 08 11:15:37 devstack cinder-volume[86852]: DEBUG oslo_concurrency.processutils [None req-08c87288-0d57-4168-8ae6-2a7b670fbe29 tempest-SnapshotsActionsTest-466289966 None] CMD "/opt/stack/data/venv/bin/python3.12 -m oslo_concurrency.prlimit --as=1073741824 --cpu=60 -- sudo cinder-rootwrap /etc/cinder/rootwrap.conf env LC_ALL=C qemu-img info -f qcow2 --output=json --force-share /opt/stack/data/cinder/mnt/065758a83a8e398868a8504406866b6b/volume-111c17e0-ca2c-4f24-9a97-6d3eba099377.ec07bdf1-a0a3-4e22-9cfc-8ed41da50fe7" returned: 0 in 1.179s {{(pid=86852) execute /opt/stack/data/venv/lib/python3.12/site-packages/oslo_concurrency/processutils.py:468}}
Jul 08 11:15:37 devstack cinder-volume[86852]: DEBUG cinder.volume.drivers.remotefs [None req-08c87288-0d57-4168-8ae6-2a7b670fbe29 tempest-SnapshotsActionsTest-466289966 None] Fetching qemu-img info with special backing_file_template: (/opt/stack/data/cinder/mnt/[0-9a-f]+/)?(volume-111c17e0-ca2c-4f24-9a97-6d3eba099377(.(tmp-snap-)?[0-9a-f-]+)?|volume_from_snapshot_cache/(tmp-snap-)?[0-9a-f-]+(.(child-|parent-)[0-9a-f-]+)?)$ {{(pid=86852) _qemu_img_info_base /opt/stack/cinder/cinder/volume/drivers/remotefs.py:896}}
Jul 08 11:15:37 devstack cinder-volume[86852]: DEBUG oslo_concurrency.processutils [None req-08c87288-0d57-4168-8ae6-2a7b670fbe29 tempest-SnapshotsActionsTest-466289966 None] Running cmd (subprocess): sudo cinder-rootwrap /etc/cinder/rootwrap.conf qemu-img commit -d /opt/stack/data/cinder/mnt/065758a83a8e398868a8504406866b6b/volume-111c17e0-ca2c-4f24-9a97-6d3eba099377.efd45aaf-bd36-4d72-b65f-17457fd8f303 {{(pid=86852) execute /opt/stack/data/venv/lib/python3.12/site-packages/oslo_concurrency/processutils.py:440}}
Jul 08 11:15:37 devstack sudo[91397]: quobyte : PWD=/ ; USER=root ; COMMAND=/opt/stack/data/venv/bin/cinder-rootwrap /etc/cinder/rootwrap.conf qemu-img commit -d /opt/stack/data/cinder/mnt/065758a83a8e398868a8504406866b6b/volume-111c17e0-ca2c-4f24-9a97-6d3eba099377.efd45aaf-bd36-4d72-b65f-17457fd8f303
Jul 08 11:15:37 devstack sudo[91397]: pam_unix(sudo:session): session opened for user root(uid=0) by (uid=1000)
Jul 08 11:15:38 devstack sudo[91397]: pam_unix(sudo:session): session closed for user root
Jul 08 11:15:38 devstack cinder-volume[86852]: DEBUG oslo_concurrency.processutils [None req-08c87288-0d57-4168-8ae6-2a7b670fbe29 tempest-SnapshotsActionsTest-466289966 None] CMD "sudo cinder-rootwrap /etc/cinder/rootwrap.conf qemu-img commit -d /opt/stack/data/cinder/mnt/065758a83a8e398868a8504406866b6b/volume-111c17e0-ca2c-4f24-9a97-6d3eba099377.efd45aaf-bd36-4d72-b65f-17457fd8f303" returned: 0 in 1.171s {{(pid=86852) execute /opt/stack/data/venv/lib/python3.12/site-packages/oslo_concurrency/processutils.py:468}}
Jul 08 11:15:38 devstack cinder-volume[86852]: DEBUG oslo_concurrency.processutils [None req-08c87288-0d57-4168-8ae6-2a7b670fbe29 tempest-SnapshotsActionsTest-466289966 None] Running cmd (subprocess): sudo cinder-rootwrap /etc/cinder/rootwrap.conf rm -f /opt/stack/data/cinder/mnt/065758a83a8e398868a8504406866b6b/volume-111c17e0-ca2c-4f24-9a97-6d3eba099377.efd45aaf-bd36-4d72-b65f-17457fd8f303 {{(pid=86852) execute /opt/stack/data/venv/lib/python3.12/site-packages/oslo_concurrency/processutils.py:440}}
Jul 08 11:15:38 devstack sudo[91409]: quobyte : PWD=/ ; USER=root ; COMMAND=/opt/stack/data/venv/bin/cinder-rootwrap /etc/cinder/rootwrap.conf rm -f /opt/stack/data/cinder/mnt/065758a83a8e398868a8504406866b6b/volume-111c17e0-ca2c-4f24-9a97-6d3eba099377.efd45aaf-bd36-4d72-b65f-17457fd8f303
Jul 08 11:15:38 devstack sudo[91409]: pam_unix(sudo:session): session opened for user root(uid=0) by (uid=1000)
Jul 08 11:15:40 devstack sudo[91409]: pam_unix(sudo:session): session closed for user root
Jul 08 11:15:40 devstack cinder-volume[86852]: DEBUG oslo_concurrency.processutils [None req-08c87288-0d57-4168-8ae6-2a7b670fbe29 tempest-SnapshotsActionsTest-466289966 None] CMD "sudo cinder-rootwrap /etc/cinder/rootwrap.conf rm -f /opt/stack/data/cinder/mnt/065758a83a8e398868a8504406866b6b/volume-111c17e0-ca2c-4f24-9a97-6d3eba099377.efd45aaf-bd36-4d72-b65f-17457fd8f303" returned: 0 in 1.142s {{(pid=86852) execute /opt/stack/data/venv/lib/python3.12/site-packages/oslo_concurrency/processutils.py:468}}
Jul 08 11:15:40 devstack cinder-volume[86852]: DEBUG cinder.coordination [None req-08c87288-0d57-4168-8ae6-2a7b670fbe29 tempest-SnapshotsActionsTest-466289966 None] Lock "cinder-quobyte-efd45aaf-bd36-4d72-b65f-17457fd8f303" released by "_delete_snapshot" :: held 4.580s {{(pid=86852) __release /opt/stack/cinder/cinder/coordination.py:152}}
Jul 08 11:15:40 devstack cinder-volume[86852]: DEBUG cinder.coordination [None req-08c87288-0d57-4168-8ae6-2a7b670fbe29 tempest-SnapshotsActionsTest-466289966 None] Lock "cinder-quobyte-111c17e0-ca2c-4f24-9a97-6d3eba099377" released by "delete_snapshot" :: held 4.638s {{(pid=86852) __release /opt/stack/cinder/cinder/coordination.py:152}}
Jul 08 11:15:40 devstack cinder-volume[86852]: WARNING cinder.quota [None req-08c87288-0d57-4168-8ae6-2a7b670fbe29 tempest-SnapshotsActionsTest-466289966 None] Deprecated: Default quota for resource: snapshots_QuobyteHD is set by the default quota flag: quota_snapshots_QuobyteHD, it is now deprecated. Please use the default quota class for default quota.
Jul 08 11:15:40 devstack cinder-volume[86852]: DEBUG cinder.quota [None req-08c87288-0d57-4168-8ae6-2a7b670fbe29 tempest-SnapshotsActionsTest-466289966 None] Created reservations ['875dad53-0f47-4bf9-b1dd-29fc730496d0', '910a51a4-292a-47b0-84d4-86bcd7be2971', 'b2b0e182-ad32-4cd4-aa52-3115b3206963', '230aaa44-6101-40db-832b-ff0312f2a528'] {{(pid=86852) reserve /opt/stack/cinder/cinder/quota.py:752}}
Jul 08 11:15:40 devstack cinder-volume[86852]: INFO cinder.volume.manager [None req-08c87288-0d57-4168-8ae6-2a7b670fbe29 tempest-SnapshotsActionsTest-466289966 None] Delete snapshot completed successfully.
Jul 08 11:15:40 devstack cinder-volume[86852]: DEBUG cinder.coordination [None req-08c87288-0d57-4168-8ae6-2a7b670fbe29 tempest-SnapshotsActionsTest-466289966 None] Lock "cinder-efd45aaf-bd36-4d72-b65f-17457fd8f303-delete_snapshot" released by "delete_snapshot" :: held 4.925s {{(pid=86852) __release /opt/stack/cinder/cinder/coordination.py:152}}
Jul 08 11:15:41 devstack cinder-volume[86852]: DEBUG oslo_concurrency.lockutils [None req-0d6c37c2-787c-409a-9bd3-165366444fa3 tempest-SnapshotsActionsTest-1432667262 None] Acquiring lock "quobyte" by "cinder.volume.drivers.quobyte.QuobyteDriver.create_snapshot" {{(pid=86852) inner /opt/stack/data/venv/lib/python3.12/site-packages/oslo_concurrency/lockutils.py:511}}
Jul 08 11:15:41 devstack cinder-volume[86852]: DEBUG oslo_concurrency.lockutils [None req-0d6c37c2-787c-409a-9bd3-165366444fa3 tempest-SnapshotsActionsTest-1432667262 None] Lock "quobyte" acquired by "cinder.volume.drivers.quobyte.QuobyteDriver.create_snapshot" :: waited 0.001s {{(pid=86852) inner /opt/stack/data/venv/lib/python3.12/site-packages/oslo_concurrency/lockutils.py:524}}
Jul 08 11:15:41 devstack cinder-volume[86852]: DEBUG cinder.volume.drivers.remotefs [None req-0d6c37c2-787c-409a-9bd3-165366444fa3 tempest-SnapshotsActionsTest-1432667262 None] Creating offline snapshot 7067b23a-88db-4e0b-a74b-74e51e1810eb of volume 111c17e0-ca2c-4f24-9a97-6d3eba099377 {{(pid=86852) _create_snapshot /opt/stack/cinder/cinder/volume/drivers/remotefs.py:1816}}
Jul 08 11:15:41 devstack cinder-volume[86852]: DEBUG oslo.privsep.daemon [-] privsep: reply[c477506d-5e1d-4333-bb24-b54f615f398e]: (4, 'qcow2') {{(pid=88694) _call_back /opt/stack/data/venv/lib/python3.12/site-packages/oslo_privsep/daemon.py:580}}
Jul 08 11:15:41 devstack cinder-volume[86852]: DEBUG oslo_concurrency.processutils [None req-0d6c37c2-787c-409a-9bd3-165366444fa3 tempest-SnapshotsActionsTest-1432667262 None] Running cmd (subprocess): /opt/stack/data/venv/bin/python3.12 -m oslo_concurrency.prlimit --as=1073741824 --cpu=60 -- sudo cinder-rootwrap /etc/cinder/rootwrap.conf env LC_ALL=C qemu-img info -f qcow2 --output=json --force-share /opt/stack/data/cinder/mnt/065758a83a8e398868a8504406866b6b/volume-111c17e0-ca2c-4f24-9a97-6d3eba099377.ec07bdf1-a0a3-4e22-9cfc-8ed41da50fe7 {{(pid=86852) execute /opt/stack/data/venv/lib/python3.12/site-packages/oslo_concurrency/processutils.py:440}}
Jul 08 11:15:41 devstack sudo[91438]: quobyte : PWD=/ ; USER=root ; COMMAND=/opt/stack/data/venv/bin/cinder-rootwrap /etc/cinder/rootwrap.conf env LC_ALL=C qemu-img info -f qcow2 --output=json --force-share /opt/stack/data/cinder/mnt/065758a83a8e398868a8504406866b6b/volume-111c17e0-ca2c-4f24-9a97-6d3eba099377.ec07bdf1-a0a3-4e22-9cfc-8ed41da50fe7
Jul 08 11:15:41 devstack sudo[91438]: pam_unix(sudo:session): session opened for user root(uid=0) by (uid=1000)
Jul 08 11:15:42 devstack sudo[91438]: pam_unix(sudo:session): session closed for user root
Jul 08 11:15:42 devstack cinder-volume[86852]: DEBUG oslo_concurrency.processutils [None req-0d6c37c2-787c-409a-9bd3-165366444fa3 tempest-SnapshotsActionsTest-1432667262 None] CMD "/opt/stack/data/venv/bin/python3.12 -m oslo_concurrency.prlimit --as=1073741824 --cpu=60 -- sudo cinder-rootwrap /etc/cinder/rootwrap.conf env LC_ALL=C qemu-img info -f qcow2 --output=json --force-share /opt/stack/data/cinder/mnt/065758a83a8e398868a8504406866b6b/volume-111c17e0-ca2c-4f24-9a97-6d3eba099377.ec07bdf1-a0a3-4e22-9cfc-8ed41da50fe7" returned: 0 in 1.020s {{(pid=86852) execute /opt/stack/data/venv/lib/python3.12/site-packages/oslo_concurrency/processutils.py:468}}
Jul 08 11:15:42 devstack cinder-volume[86852]: DEBUG cinder.volume.drivers.remotefs [None req-0d6c37c2-787c-409a-9bd3-165366444fa3 tempest-SnapshotsActionsTest-1432667262 None] Fetching qemu-img info with special backing_file_template: (/opt/stack/data/cinder/mnt/[0-9a-f]+/)?(volume-111c17e0-ca2c-4f24-9a97-6d3eba099377(.(tmp-snap-)?[0-9a-f-]+)?|volume_from_snapshot_cache/(tmp-snap-)?[0-9a-f-]+(.(child-|parent-)[0-9a-f-]+)?)$ {{(pid=86852) _qemu_img_info_base /opt/stack/cinder/cinder/volume/drivers/remotefs.py:896}}
Jul 08 11:15:42 devstack cinder-volume[86852]: DEBUG oslo_concurrency.processutils [None req-0d6c37c2-787c-409a-9bd3-165366444fa3 tempest-SnapshotsActionsTest-1432667262 None] Running cmd (subprocess): sudo cinder-rootwrap /etc/cinder/rootwrap.conf qemu-img create -f qcow2 -o backing_file=/opt/stack/data/cinder/mnt/065758a83a8e398868a8504406866b6b/volume-111c17e0-ca2c-4f24-9a97-6d3eba099377.ec07bdf1-a0a3-4e22-9cfc-8ed41da50fe7,backing_fmt=qcow2 /opt/stack/data/cinder/mnt/065758a83a8e398868a8504406866b6b/volume-111c17e0-ca2c-4f24-9a97-6d3eba099377.7067b23a-88db-4e0b-a74b-74e51e1810eb 1G {{(pid=86852) execute /opt/stack/data/venv/lib/python3.12/site-packages/oslo_concurrency/processutils.py:440}}
Jul 08 11:15:42 devstack sudo[91445]: quobyte : PWD=/ ; USER=root ; COMMAND=/opt/stack/data/venv/bin/cinder-rootwrap /etc/cinder/rootwrap.conf qemu-img create -f qcow2 -o backing_file=/opt/stack/data/cinder/mnt/065758a83a8e398868a8504406866b6b/volume-111c17e0-ca2c-4f24-9a97-6d3eba099377.ec07bdf1-a0a3-4e22-9cfc-8ed41da50fe7,backing_fmt=qcow2 /opt/stack/data/cinder/mnt/065758a83a8e398868a8504406866b6b/volume-111c17e0-ca2c-4f24-9a97-6d3eba099377.7067b23a-88db-4e0b-a74b-74e51e1810eb 1G
Jul 08 11:15:42 devstack sudo[91445]: pam_unix(sudo:session): session opened for user root(uid=0) by (uid=1000)
Jul 08 11:15:43 devstack sudo[91445]: pam_unix(sudo:session): session closed for user root
Jul 08 11:15:43 devstack cinder-volume[86852]: DEBUG oslo_concurrency.processutils [None req-0d6c37c2-787c-409a-9bd3-165366444fa3 tempest-SnapshotsActionsTest-1432667262 None] CMD "sudo cinder-rootwrap /etc/cinder/rootwrap.conf qemu-img create -f qcow2 -o backing_file=/opt/stack/data/cinder/mnt/065758a83a8e398868a8504406866b6b/volume-111c17e0-ca2c-4f24-9a97-6d3eba099377.ec07bdf1-a0a3-4e22-9cfc-8ed41da50fe7,backing_fmt=qcow2 /opt/stack/data/cinder/mnt/065758a83a8e398868a8504406866b6b/volume-111c17e0-ca2c-4f24-9a97-6d3eba099377.7067b23a-88db-4e0b-a74b-74e51e1810eb 1G" returned: 0 in 1.056s {{(pid=86852) execute /opt/stack/data/venv/lib/python3.12/site-packages/oslo_concurrency/processutils.py:468}}
Jul 08 11:15:43 devstack cinder-volume[86852]: DEBUG oslo_concurrency.processutils [None req-0d6c37c2-787c-409a-9bd3-165366444fa3 tempest-SnapshotsActionsTest-1432667262 None] Running cmd (subprocess): sudo cinder-rootwrap /etc/cinder/rootwrap.conf qemu-img rebase -u -b volume-111c17e0-ca2c-4f24-9a97-6d3eba099377.ec07bdf1-a0a3-4e22-9cfc-8ed41da50fe7 -F qcow2 /opt/stack/data/cinder/mnt/065758a83a8e398868a8504406866b6b/volume-111c17e0-ca2c-4f24-9a97-6d3eba099377.7067b23a-88db-4e0b-a74b-74e51e1810eb {{(pid=86852) execute /opt/stack/data/venv/lib/python3.12/site-packages/oslo_concurrency/processutils.py:440}}
Jul 08 11:15:43 devstack sudo[91474]: quobyte : PWD=/ ; USER=root ; COMMAND=/opt/stack/data/venv/bin/cinder-rootwrap /etc/cinder/rootwrap.conf qemu-img rebase -u -b volume-111c17e0-ca2c-4f24-9a97-6d3eba099377.ec07bdf1-a0a3-4e22-9cfc-8ed41da50fe7 -F qcow2 /opt/stack/data/cinder/mnt/065758a83a8e398868a8504406866b6b/volume-111c17e0-ca2c-4f24-9a97-6d3eba099377.7067b23a-88db-4e0b-a74b-74e51e1810eb
Jul 08 11:15:43 devstack sudo[91474]: pam_unix(sudo:session): session opened for user root(uid=0) by (uid=1000)
Jul 08 11:15:44 devstack sudo[91474]: pam_unix(sudo:session): session closed for user root
Jul 08 11:15:44 devstack cinder-volume[86852]: DEBUG oslo_concurrency.processutils [None req-0d6c37c2-787c-409a-9bd3-165366444fa3 tempest-SnapshotsActionsTest-1432667262 None] CMD "sudo cinder-rootwrap /etc/cinder/rootwrap.conf qemu-img rebase -u -b volume-111c17e0-ca2c-4f24-9a97-6d3eba099377.ec07bdf1-a0a3-4e22-9cfc-8ed41da50fe7 -F qcow2 /opt/stack/data/cinder/mnt/065758a83a8e398868a8504406866b6b/volume-111c17e0-ca2c-4f24-9a97-6d3eba099377.7067b23a-88db-4e0b-a74b-74e51e1810eb" returned: 0 in 0.789s {{(pid=86852) execute /opt/stack/data/venv/lib/python3.12/site-packages/oslo_concurrency/processutils.py:468}}
Jul 08 11:15:44 devstack cinder-volume[86852]: WARNING cinder.volume.drivers.remotefs [None req-0d6c37c2-787c-409a-9bd3-165366444fa3 tempest-SnapshotsActionsTest-1432667262 None] /opt/stack/data/cinder/mnt/065758a83a8e398868a8504406866b6b/volume-111c17e0-ca2c-4f24-9a97-6d3eba099377.7067b23a-88db-4e0b-a74b-74e51e1810eb is being set with open permissions: ugo+rw
Jul 08 11:15:44 devstack cinder-volume[86852]: DEBUG oslo_concurrency.processutils [None req-0d6c37c2-787c-409a-9bd3-165366444fa3 tempest-SnapshotsActionsTest-1432667262 None] Running cmd (subprocess): sudo cinder-rootwrap /etc/cinder/rootwrap.conf chmod ugo+rw /opt/stack/data/cinder/mnt/065758a83a8e398868a8504406866b6b/volume-111c17e0-ca2c-4f24-9a97-6d3eba099377.7067b23a-88db-4e0b-a74b-74e51e1810eb {{(pid=86852) execute /opt/stack/data/venv/lib/python3.12/site-packages/oslo_concurrency/processutils.py:440}}
Jul 08 11:15:44 devstack sudo[91479]: quobyte : PWD=/ ; USER=root ; COMMAND=/opt/stack/data/venv/bin/cinder-rootwrap /etc/cinder/rootwrap.conf chmod ugo+rw /opt/stack/data/cinder/mnt/065758a83a8e398868a8504406866b6b/volume-111c17e0-ca2c-4f24-9a97-6d3eba099377.7067b23a-88db-4e0b-a74b-74e51e1810eb
Jul 08 11:15:44 devstack sudo[91479]: pam_unix(sudo:session): session opened for user root(uid=0) by (uid=1000)
Jul 08 11:15:44 devstack sudo[91479]: pam_unix(sudo:session): session closed for user root
Jul 08 11:15:44 devstack cinder-volume[86852]: DEBUG oslo_concurrency.processutils [None req-0d6c37c2-787c-409a-9bd3-165366444fa3 tempest-SnapshotsActionsTest-1432667262 None] CMD "sudo cinder-rootwrap /etc/cinder/rootwrap.conf chmod ugo+rw /opt/stack/data/cinder/mnt/065758a83a8e398868a8504406866b6b/volume-111c17e0-ca2c-4f24-9a97-6d3eba099377.7067b23a-88db-4e0b-a74b-74e51e1810eb" returned: 0 in 0.678s {{(pid=86852) execute /opt/stack/data/venv/lib/python3.12/site-packages/oslo_concurrency/processutils.py:468}}
Jul 08 11:15:44 devstack cinder-volume[86852]: DEBUG dbcounter [-] [86852] Writing DB stats cinder:UPDATE=75,cinder:SELECT=68,cinder:INSERT=16,cinder:DELETE=5 {{(pid=86852) stat_writer /opt/stack/data/venv/lib/python3.12/site-packages/dbcounter.py:115}}
Jul 08 11:15:44 devstack cinder-volume[86852]: DEBUG dbcounter [-] [86852] Writing DB stats cinder:SELECT=82,cinder:UPDATE=80,cinder:INSERT=17,cinder:DELETE=4 {{(pid=86852) stat_writer /opt/stack/data/venv/lib/python3.12/site-packages/dbcounter.py:115}}
Jul 08 11:15:44 devstack cinder-volume[86852]: DEBUG oslo_concurrency.lockutils [None req-0d6c37c2-787c-409a-9bd3-165366444fa3 tempest-SnapshotsActionsTest-1432667262 None] Lock "quobyte" "released" by "cinder.volume.drivers.quobyte.QuobyteDriver.create_snapshot" :: held 3.669s {{(pid=86852) inner /opt/stack/data/venv/lib/python3.12/site-packages/oslo_concurrency/lockutils.py:543}}
Jul 08 11:15:44 devstack cinder-volume[86852]: INFO cinder.volume.manager [None req-0d6c37c2-787c-409a-9bd3-165366444fa3 tempest-SnapshotsActionsTest-1432667262 None] Create snapshot completed successfully
Jul 08 11:15:45 devstack cinder-volume[86852]: DEBUG cinder.coordination [None req-351d2e90-02bf-4a07-90cd-fa8fe439d5b2 tempest-SnapshotsActionsTest-466289966 None] Acquiring lock "cinder-7067b23a-88db-4e0b-a74b-74e51e1810eb-delete_snapshot" by "delete_snapshot" {{(pid=86852) __acquire /opt/stack/cinder/cinder/coordination.py:138}}
Jul 08 11:15:45 devstack cinder-volume[86852]: DEBUG cinder.coordination [None req-351d2e90-02bf-4a07-90cd-fa8fe439d5b2 tempest-SnapshotsActionsTest-466289966 None] Lock "cinder-7067b23a-88db-4e0b-a74b-74e51e1810eb-delete_snapshot" acquired by "delete_snapshot" :: waited 0.022s {{(pid=86852) __acquire /opt/stack/cinder/cinder/coordination.py:141}}
Jul 08 11:15:45 devstack cinder-volume[86852]: DEBUG cinder.coordination [None req-351d2e90-02bf-4a07-90cd-fa8fe439d5b2 tempest-SnapshotsActionsTest-466289966 None] Acquiring lock "cinder-quobyte-111c17e0-ca2c-4f24-9a97-6d3eba099377" by "delete_snapshot" {{(pid=86852) __acquire /opt/stack/cinder/cinder/coordination.py:138}}
Jul 08 11:15:45 devstack cinder-volume[86852]: DEBUG cinder.coordination [None req-351d2e90-02bf-4a07-90cd-fa8fe439d5b2 tempest-SnapshotsActionsTest-466289966 None] Lock "cinder-quobyte-111c17e0-ca2c-4f24-9a97-6d3eba099377" acquired by "delete_snapshot" :: waited 0.024s {{(pid=86852) __acquire /opt/stack/cinder/cinder/coordination.py:141}}
Jul 08 11:15:45 devstack cinder-volume[86852]: DEBUG cinder.coordination [None req-351d2e90-02bf-4a07-90cd-fa8fe439d5b2 tempest-SnapshotsActionsTest-466289966 None] Acquiring lock "cinder-quobyte-7067b23a-88db-4e0b-a74b-74e51e1810eb" by "_delete_snapshot" {{(pid=86852) __acquire /opt/stack/cinder/cinder/coordination.py:138}}
Jul 08 11:15:45 devstack cinder-volume[86852]: DEBUG cinder.coordination [None req-351d2e90-02bf-4a07-90cd-fa8fe439d5b2 tempest-SnapshotsActionsTest-466289966 None] Lock "cinder-quobyte-7067b23a-88db-4e0b-a74b-74e51e1810eb" acquired by "_delete_snapshot" :: waited 0.014s {{(pid=86852) __acquire /opt/stack/cinder/cinder/coordination.py:141}}
Jul 08 11:15:45 devstack cinder-volume[86852]: DEBUG cinder.volume.drivers.remotefs [None req-351d2e90-02bf-4a07-90cd-fa8fe439d5b2 tempest-SnapshotsActionsTest-466289966 None] Deleting offline snapshot 7067b23a-88db-4e0b-a74b-74e51e1810eb of volume 111c17e0-ca2c-4f24-9a97-6d3eba099377 {{(pid=86852) _delete_snapshot /opt/stack/cinder/cinder/volume/drivers/remotefs.py:1288}}
Jul 08 11:15:45 devstack cinder-volume[86852]: DEBUG cinder.volume.drivers.remotefs [None req-351d2e90-02bf-4a07-90cd-fa8fe439d5b2 tempest-SnapshotsActionsTest-466289966 None] snapshot_file for this snap is: volume-111c17e0-ca2c-4f24-9a97-6d3eba099377.7067b23a-88db-4e0b-a74b-74e51e1810eb {{(pid=86852) _delete_snapshot /opt/stack/cinder/cinder/volume/drivers/remotefs.py:1317}}
Jul 08 11:15:45 devstack cinder-volume[86852]: DEBUG oslo.privsep.daemon [-] privsep: reply[0983e689-b177-4983-a15d-da1843235feb]: (4, 'qcow2') {{(pid=88694) _call_back /opt/stack/data/venv/lib/python3.12/site-packages/oslo_privsep/daemon.py:580}}
Jul 08 11:15:45 devstack cinder-volume[86852]: DEBUG oslo_concurrency.processutils [None req-351d2e90-02bf-4a07-90cd-fa8fe439d5b2 tempest-SnapshotsActionsTest-466289966 None] Running cmd (subprocess): /opt/stack/data/venv/bin/python3.12 -m oslo_concurrency.prlimit --as=1073741824 --cpu=60 -- sudo cinder-rootwrap /etc/cinder/rootwrap.conf env LC_ALL=C qemu-img info -f qcow2 --output=json --force-share /opt/stack/data/cinder/mnt/065758a83a8e398868a8504406866b6b/volume-111c17e0-ca2c-4f24-9a97-6d3eba099377.7067b23a-88db-4e0b-a74b-74e51e1810eb {{(pid=86852) execute /opt/stack/data/venv/lib/python3.12/site-packages/oslo_concurrency/processutils.py:440}}
Jul 08 11:15:45 devstack sudo[91483]: quobyte : PWD=/ ; USER=root ; COMMAND=/opt/stack/data/venv/bin/cinder-rootwrap /etc/cinder/rootwrap.conf env LC_ALL=C qemu-img info -f qcow2 --output=json --force-share /opt/stack/data/cinder/mnt/065758a83a8e398868a8504406866b6b/volume-111c17e0-ca2c-4f24-9a97-6d3eba099377.7067b23a-88db-4e0b-a74b-74e51e1810eb
Jul 08 11:15:45 devstack sudo[91483]: pam_unix(sudo:session): session opened for user root(uid=0) by (uid=1000)
Jul 08 11:15:46 devstack sudo[91483]: pam_unix(sudo:session): session closed for user root
Jul 08 11:15:46 devstack cinder-volume[86852]: DEBUG oslo_concurrency.processutils [None req-351d2e90-02bf-4a07-90cd-fa8fe439d5b2 tempest-SnapshotsActionsTest-466289966 None] CMD "/opt/stack/data/venv/bin/python3.12 -m oslo_concurrency.prlimit --as=1073741824 --cpu=60 -- sudo cinder-rootwrap /etc/cinder/rootwrap.conf env LC_ALL=C qemu-img info -f qcow2 --output=json --force-share /opt/stack/data/cinder/mnt/065758a83a8e398868a8504406866b6b/volume-111c17e0-ca2c-4f24-9a97-6d3eba099377.7067b23a-88db-4e0b-a74b-74e51e1810eb" returned: 0 in 0.816s {{(pid=86852) execute /opt/stack/data/venv/lib/python3.12/site-packages/oslo_concurrency/processutils.py:468}}
Jul 08 11:15:46 devstack cinder-volume[86852]: DEBUG cinder.volume.drivers.remotefs [None req-351d2e90-02bf-4a07-90cd-fa8fe439d5b2 tempest-SnapshotsActionsTest-466289966 None] Fetching qemu-img info with special backing_file_template: (/opt/stack/data/cinder/mnt/[0-9a-f]+/)?(volume-111c17e0-ca2c-4f24-9a97-6d3eba099377(.(tmp-snap-)?[0-9a-f-]+)?|volume_from_snapshot_cache/(tmp-snap-)?[0-9a-f-]+(.(child-|parent-)[0-9a-f-]+)?)$ {{(pid=86852) _qemu_img_info_base /opt/stack/cinder/cinder/volume/drivers/remotefs.py:896}}
Jul 08 11:15:46 devstack cinder-volume[86852]: DEBUG oslo.privsep.daemon [-] privsep: reply[62e60231-ae9c-41d7-aa0d-f3fce9abdaa4]: (4, 'qcow2') {{(pid=88694) _call_back /opt/stack/data/venv/lib/python3.12/site-packages/oslo_privsep/daemon.py:580}}
Jul 08 11:15:46 devstack cinder-volume[86852]: DEBUG oslo_concurrency.processutils [None req-351d2e90-02bf-4a07-90cd-fa8fe439d5b2 tempest-SnapshotsActionsTest-466289966 None] Running cmd (subprocess): /opt/stack/data/venv/bin/python3.12 -m oslo_concurrency.prlimit --as=1073741824 --cpu=60 -- sudo cinder-rootwrap /etc/cinder/rootwrap.conf env LC_ALL=C qemu-img info -f qcow2 --output=json --force-share /opt/stack/data/cinder/mnt/065758a83a8e398868a8504406866b6b/volume-111c17e0-ca2c-4f24-9a97-6d3eba099377.ec07bdf1-a0a3-4e22-9cfc-8ed41da50fe7 {{(pid=86852) execute /opt/stack/data/venv/lib/python3.12/site-packages/oslo_concurrency/processutils.py:440}}
Jul 08 11:15:46 devstack sudo[91489]: quobyte : PWD=/ ; USER=root ; COMMAND=/opt/stack/data/venv/bin/cinder-rootwrap /etc/cinder/rootwrap.conf env LC_ALL=C qemu-img info -f qcow2 --output=json --force-share /opt/stack/data/cinder/mnt/065758a83a8e398868a8504406866b6b/volume-111c17e0-ca2c-4f24-9a97-6d3eba099377.ec07bdf1-a0a3-4e22-9cfc-8ed41da50fe7
Jul 08 11:15:46 devstack sudo[91489]: pam_unix(sudo:session): session opened for user root(uid=0) by (uid=1000)
Jul 08 11:15:47 devstack sudo[91489]: pam_unix(sudo:session): session closed for user root
Jul 08 11:15:47 devstack cinder-volume[86852]: DEBUG oslo_concurrency.processutils [None req-351d2e90-02bf-4a07-90cd-fa8fe439d5b2 tempest-SnapshotsActionsTest-466289966 None] CMD "/opt/stack/data/venv/bin/python3.12 -m oslo_concurrency.prlimit --as=1073741824 --cpu=60 -- sudo cinder-rootwrap /etc/cinder/rootwrap.conf env LC_ALL=C qemu-img info -f qcow2 --output=json --force-share /opt/stack/data/cinder/mnt/065758a83a8e398868a8504406866b6b/volume-111c17e0-ca2c-4f24-9a97-6d3eba099377.ec07bdf1-a0a3-4e22-9cfc-8ed41da50fe7" returned: 0 in 0.830s {{(pid=86852) execute /opt/stack/data/venv/lib/python3.12/site-packages/oslo_concurrency/processutils.py:468}}
Jul 08 11:15:47 devstack cinder-volume[86852]: DEBUG cinder.volume.drivers.remotefs [None req-351d2e90-02bf-4a07-90cd-fa8fe439d5b2 tempest-SnapshotsActionsTest-466289966 None] Fetching qemu-img info with special backing_file_template: (/opt/stack/data/cinder/mnt/[0-9a-f]+/)?(volume-111c17e0-ca2c-4f24-9a97-6d3eba099377(.(tmp-snap-)?[0-9a-f-]+)?|volume_from_snapshot_cache/(tmp-snap-)?[0-9a-f-]+(.(child-|parent-)[0-9a-f-]+)?)$ {{(pid=86852) _qemu_img_info_base /opt/stack/cinder/cinder/volume/drivers/remotefs.py:896}}
Jul 08 11:15:47 devstack cinder-volume[86852]: DEBUG oslo_concurrency.processutils [None req-351d2e90-02bf-4a07-90cd-fa8fe439d5b2 tempest-SnapshotsActionsTest-466289966 None] Running cmd (subprocess): sudo cinder-rootwrap /etc/cinder/rootwrap.conf qemu-img commit -d /opt/stack/data/cinder/mnt/065758a83a8e398868a8504406866b6b/volume-111c17e0-ca2c-4f24-9a97-6d3eba099377.7067b23a-88db-4e0b-a74b-74e51e1810eb {{(pid=86852) execute /opt/stack/data/venv/lib/python3.12/site-packages/oslo_concurrency/processutils.py:440}}
Jul 08 11:15:47 devstack sudo[91494]: quobyte : PWD=/ ; USER=root ; COMMAND=/opt/stack/data/venv/bin/cinder-rootwrap /etc/cinder/rootwrap.conf qemu-img commit -d /opt/stack/data/cinder/mnt/065758a83a8e398868a8504406866b6b/volume-111c17e0-ca2c-4f24-9a97-6d3eba099377.7067b23a-88db-4e0b-a74b-74e51e1810eb
Jul 08 11:15:47 devstack sudo[91494]: pam_unix(sudo:session): session opened for user root(uid=0) by (uid=1000)
Jul 08 11:15:48 devstack sudo[91494]: pam_unix(sudo:session): session closed for user root
Jul 08 11:15:48 devstack cinder-volume[86852]: DEBUG oslo_concurrency.processutils [None req-351d2e90-02bf-4a07-90cd-fa8fe439d5b2 tempest-SnapshotsActionsTest-466289966 None] CMD "sudo cinder-rootwrap /etc/cinder/rootwrap.conf qemu-img commit -d /opt/stack/data/cinder/mnt/065758a83a8e398868a8504406866b6b/volume-111c17e0-ca2c-4f24-9a97-6d3eba099377.7067b23a-88db-4e0b-a74b-74e51e1810eb" returned: 0 in 0.916s {{(pid=86852) execute /opt/stack/data/venv/lib/python3.12/site-packages/oslo_concurrency/processutils.py:468}}
Jul 08 11:15:48 devstack cinder-volume[86852]: DEBUG oslo_concurrency.processutils [None req-351d2e90-02bf-4a07-90cd-fa8fe439d5b2 tempest-SnapshotsActionsTest-466289966 None] Running cmd (subprocess): sudo cinder-rootwrap /etc/cinder/rootwrap.conf rm -f /opt/stack/data/cinder/mnt/065758a83a8e398868a8504406866b6b/volume-111c17e0-ca2c-4f24-9a97-6d3eba099377.7067b23a-88db-4e0b-a74b-74e51e1810eb {{(pid=86852) execute /opt/stack/data/venv/lib/python3.12/site-packages/oslo_concurrency/processutils.py:440}}
Jul 08 11:15:48 devstack sudo[91501]: quobyte : PWD=/ ; USER=root ; COMMAND=/opt/stack/data/venv/bin/cinder-rootwrap /etc/cinder/rootwrap.conf rm -f /opt/stack/data/cinder/mnt/065758a83a8e398868a8504406866b6b/volume-111c17e0-ca2c-4f24-9a97-6d3eba099377.7067b23a-88db-4e0b-a74b-74e51e1810eb
Jul 08 11:15:48 devstack sudo[91501]: pam_unix(sudo:session): session opened for user root(uid=0) by (uid=1000)
Jul 08 11:15:48 devstack sudo[91501]: pam_unix(sudo:session): session closed for user root
Jul 08 11:15:48 devstack cinder-volume[86852]: DEBUG oslo_concurrency.processutils [None req-351d2e90-02bf-4a07-90cd-fa8fe439d5b2 tempest-SnapshotsActionsTest-466289966 None] CMD "sudo cinder-rootwrap /etc/cinder/rootwrap.conf rm -f /opt/stack/data/cinder/mnt/065758a83a8e398868a8504406866b6b/volume-111c17e0-ca2c-4f24-9a97-6d3eba099377.7067b23a-88db-4e0b-a74b-74e51e1810eb" returned: 0 in 0.662s {{(pid=86852) execute /opt/stack/data/venv/lib/python3.12/site-packages/oslo_concurrency/processutils.py:468}}
Jul 08 11:15:49 devstack cinder-volume[86852]: DEBUG cinder.coordination [None req-351d2e90-02bf-4a07-90cd-fa8fe439d5b2 tempest-SnapshotsActionsTest-466289966 None] Lock "cinder-quobyte-7067b23a-88db-4e0b-a74b-74e51e1810eb" released by "_delete_snapshot" :: held 3.331s {{(pid=86852) __release /opt/stack/cinder/cinder/coordination.py:152}}
Jul 08 11:15:49 devstack cinder-volume[86852]: DEBUG cinder.coordination [None req-351d2e90-02bf-4a07-90cd-fa8fe439d5b2 tempest-SnapshotsActionsTest-466289966 None] Lock "cinder-quobyte-111c17e0-ca2c-4f24-9a97-6d3eba099377" released by "delete_snapshot" :: held 3.353s {{(pid=86852) __release /opt/stack/cinder/cinder/coordination.py:152}}
Jul 08 11:15:49 devstack cinder-volume[86852]: DEBUG cinder.quota [None req-351d2e90-02bf-4a07-90cd-fa8fe439d5b2 tempest-SnapshotsActionsTest-466289966 None] Created reservations ['146d257a-c1a6-4fb4-83cf-20b652f3b7ec', 'eda82abe-bd9a-452a-95c4-579c884e560d', 'e9076f6b-c6a4-4a2e-a44b-1069b9441b9c', 'a2bbc9a0-878c-425e-84e7-81fe48feea4e'] {{(pid=86852) reserve /opt/stack/cinder/cinder/quota.py:752}}
Jul 08 11:15:49 devstack cinder-volume[86852]: INFO cinder.volume.manager [None req-351d2e90-02bf-4a07-90cd-fa8fe439d5b2 tempest-SnapshotsActionsTest-466289966 None] Delete snapshot completed successfully.
Jul 08 11:15:49 devstack cinder-volume[86852]: DEBUG cinder.coordination [None req-351d2e90-02bf-4a07-90cd-fa8fe439d5b2 tempest-SnapshotsActionsTest-466289966 None] Lock "cinder-7067b23a-88db-4e0b-a74b-74e51e1810eb-delete_snapshot" released by "delete_snapshot" :: held 3.562s {{(pid=86852) __release /opt/stack/cinder/cinder/coordination.py:152}}
Jul 08 11:15:50 devstack cinder-volume[86852]: DEBUG oslo_concurrency.lockutils [None req-f9cf0f7d-da64-487c-bd83-b98c0619e6f4 tempest-SnapshotsActionsTest-1432667262 None] Acquiring lock "quobyte" by "cinder.volume.drivers.quobyte.QuobyteDriver.create_snapshot" {{(pid=86852) inner /opt/stack/data/venv/lib/python3.12/site-packages/oslo_concurrency/lockutils.py:511}}
Jul 08 11:15:50 devstack cinder-volume[86852]: DEBUG oslo_concurrency.lockutils [None req-f9cf0f7d-da64-487c-bd83-b98c0619e6f4 tempest-SnapshotsActionsTest-1432667262 None] Lock "quobyte" acquired by "cinder.volume.drivers.quobyte.QuobyteDriver.create_snapshot" :: waited 0.001s {{(pid=86852) inner /opt/stack/data/venv/lib/python3.12/site-packages/oslo_concurrency/lockutils.py:524}}
Jul 08 11:15:50 devstack cinder-volume[86852]: DEBUG cinder.volume.drivers.remotefs [None req-f9cf0f7d-da64-487c-bd83-b98c0619e6f4 tempest-SnapshotsActionsTest-1432667262 None] Creating offline snapshot f9f9f710-6e00-4718-b165-4739ed3d8ea2 of volume 111c17e0-ca2c-4f24-9a97-6d3eba099377 {{(pid=86852) _create_snapshot /opt/stack/cinder/cinder/volume/drivers/remotefs.py:1816}}
Jul 08 11:15:50 devstack cinder-volume[86852]: DEBUG oslo.privsep.daemon [-] privsep: reply[dfa057d5-de1f-457f-9b87-8888511e7007]: (4, 'qcow2') {{(pid=88694) _call_back /opt/stack/data/venv/lib/python3.12/site-packages/oslo_privsep/daemon.py:580}}
Jul 08 11:15:50 devstack cinder-volume[86852]: DEBUG oslo_concurrency.processutils [None req-f9cf0f7d-da64-487c-bd83-b98c0619e6f4 tempest-SnapshotsActionsTest-1432667262 None] Running cmd (subprocess): /opt/stack/data/venv/bin/python3.12 -m oslo_concurrency.prlimit --as=1073741824 --cpu=60 -- sudo cinder-rootwrap /etc/cinder/rootwrap.conf env LC_ALL=C qemu-img info -f qcow2 --output=json --force-share /opt/stack/data/cinder/mnt/065758a83a8e398868a8504406866b6b/volume-111c17e0-ca2c-4f24-9a97-6d3eba099377.ec07bdf1-a0a3-4e22-9cfc-8ed41da50fe7 {{(pid=86852) execute /opt/stack/data/venv/lib/python3.12/site-packages/oslo_concurrency/processutils.py:440}}
Jul 08 11:15:50 devstack sudo[91506]: quobyte : PWD=/ ; USER=root ; COMMAND=/opt/stack/data/venv/bin/cinder-rootwrap /etc/cinder/rootwrap.conf env LC_ALL=C qemu-img info -f qcow2 --output=json --force-share /opt/stack/data/cinder/mnt/065758a83a8e398868a8504406866b6b/volume-111c17e0-ca2c-4f24-9a97-6d3eba099377.ec07bdf1-a0a3-4e22-9cfc-8ed41da50fe7
Jul 08 11:15:50 devstack sudo[91506]: pam_unix(sudo:session): session opened for user root(uid=0) by (uid=1000)
Jul 08 11:15:51 devstack sudo[91506]: pam_unix(sudo:session): session closed for user root
Jul 08 11:15:51 devstack cinder-volume[86852]: DEBUG oslo_concurrency.processutils [None req-f9cf0f7d-da64-487c-bd83-b98c0619e6f4 tempest-SnapshotsActionsTest-1432667262 None] CMD "/opt/stack/data/venv/bin/python3.12 -m oslo_concurrency.prlimit --as=1073741824 --cpu=60 -- sudo cinder-rootwrap /etc/cinder/rootwrap.conf env LC_ALL=C qemu-img info -f qcow2 --output=json --force-share /opt/stack/data/cinder/mnt/065758a83a8e398868a8504406866b6b/volume-111c17e0-ca2c-4f24-9a97-6d3eba099377.ec07bdf1-a0a3-4e22-9cfc-8ed41da50fe7" returned: 0 in 0.945s {{(pid=86852) execute /opt/stack/data/venv/lib/python3.12/site-packages/oslo_concurrency/processutils.py:468}}
Jul 08 11:15:51 devstack cinder-volume[86852]: DEBUG cinder.volume.drivers.remotefs [None req-f9cf0f7d-da64-487c-bd83-b98c0619e6f4 tempest-SnapshotsActionsTest-1432667262 None] Fetching qemu-img info with special backing_file_template: (/opt/stack/data/cinder/mnt/[0-9a-f]+/)?(volume-111c17e0-ca2c-4f24-9a97-6d3eba099377(.(tmp-snap-)?[0-9a-f-]+)?|volume_from_snapshot_cache/(tmp-snap-)?[0-9a-f-]+(.(child-|parent-)[0-9a-f-]+)?)$ {{(pid=86852) _qemu_img_info_base /opt/stack/cinder/cinder/volume/drivers/remotefs.py:896}}
Jul 08 11:15:51 devstack cinder-volume[86852]: DEBUG oslo_concurrency.processutils [None req-f9cf0f7d-da64-487c-bd83-b98c0619e6f4 tempest-SnapshotsActionsTest-1432667262 None] Running cmd (subprocess): sudo cinder-rootwrap /etc/cinder/rootwrap.conf qemu-img create -f qcow2 -o backing_file=/opt/stack/data/cinder/mnt/065758a83a8e398868a8504406866b6b/volume-111c17e0-ca2c-4f24-9a97-6d3eba099377.ec07bdf1-a0a3-4e22-9cfc-8ed41da50fe7,backing_fmt=qcow2 /opt/stack/data/cinder/mnt/065758a83a8e398868a8504406866b6b/volume-111c17e0-ca2c-4f24-9a97-6d3eba099377.f9f9f710-6e00-4718-b165-4739ed3d8ea2 1G {{(pid=86852) execute /opt/stack/data/venv/lib/python3.12/site-packages/oslo_concurrency/processutils.py:440}}
Jul 08 11:15:51 devstack sudo[91511]: quobyte : PWD=/ ; USER=root ; COMMAND=/opt/stack/data/venv/bin/cinder-rootwrap /etc/cinder/rootwrap.conf qemu-img create -f qcow2 -o backing_file=/opt/stack/data/cinder/mnt/065758a83a8e398868a8504406866b6b/volume-111c17e0-ca2c-4f24-9a97-6d3eba099377.ec07bdf1-a0a3-4e22-9cfc-8ed41da50fe7,backing_fmt=qcow2 /opt/stack/data/cinder/mnt/065758a83a8e398868a8504406866b6b/volume-111c17e0-ca2c-4f24-9a97-6d3eba099377.f9f9f710-6e00-4718-b165-4739ed3d8ea2 1G
Jul 08 11:15:51 devstack sudo[91511]: pam_unix(sudo:session): session opened for user root(uid=0) by (uid=1000)
Jul 08 11:15:52 devstack cinder-volume[86852]: DEBUG oslo_service.periodic_task [None req-7c802d6e-3c1d-4855-a163-ece9c443866a None None] Running periodic task VolumeManager.publish_service_capabilities {{(pid=86852) run_periodic_tasks /opt/stack/data/venv/lib/python3.12/site-packages/oslo_service/periodic_task.py:225}}
Jul 08 11:15:52 devstack cinder-volume[86852]: DEBUG oslo_concurrency.lockutils [None req-7c802d6e-3c1d-4855-a163-ece9c443866a None None] Acquiring lock "quobyte_ensure" by "cinder.volume.drivers.quobyte.QuobyteDriver._ensure_shares_mounted" {{(pid=86852) inner /opt/stack/data/venv/lib/python3.12/site-packages/oslo_concurrency/lockutils.py:511}}
Jul 08 11:15:52 devstack cinder-volume[86852]: DEBUG oslo_concurrency.lockutils [None req-7c802d6e-3c1d-4855-a163-ece9c443866a None None] Lock "quobyte_ensure" acquired by "cinder.volume.drivers.quobyte.QuobyteDriver._ensure_shares_mounted" :: waited 0.001s {{(pid=86852) inner /opt/stack/data/venv/lib/python3.12/site-packages/oslo_concurrency/lockutils.py:524}}
Jul 08 11:15:52 devstack cinder-volume[86852]: DEBUG cinder.volume.drivers.quobyte [None req-7c802d6e-3c1d-4855-a163-ece9c443866a None None] Quobyte Volume URL set to: {'osci02.corp.quobyte.com/cinder-vol-fddd3cec-e721-46d7-b289-35000d8a8d30': None} {{(pid=86852) _load_shares_config /opt/stack/cinder/cinder/volume/drivers/quobyte.py:617}}
Jul 08 11:15:52 devstack cinder-volume[86852]: DEBUG cinder.volume.drivers.quobyte [None req-7c802d6e-3c1d-4855-a163-ece9c443866a None None] Available shares ['osci02.corp.quobyte.com/cinder-vol-fddd3cec-e721-46d7-b289-35000d8a8d30'] {{(pid=86852) _ensure_shares_mounted /opt/stack/cinder/cinder/volume/drivers/quobyte.py:647}}
Jul 08 11:15:52 devstack cinder-volume[86852]: DEBUG oslo_concurrency.lockutils [None req-7c802d6e-3c1d-4855-a163-ece9c443866a None None] Lock "quobyte_ensure" "released" by "cinder.volume.drivers.quobyte.QuobyteDriver._ensure_shares_mounted" :: held 0.018s {{(pid=86852) inner /opt/stack/data/venv/lib/python3.12/site-packages/oslo_concurrency/lockutils.py:543}}
Jul 08 11:15:52 devstack cinder-volume[86852]: DEBUG oslo_concurrency.processutils [None req-7c802d6e-3c1d-4855-a163-ece9c443866a None None] Running cmd (subprocess): sudo cinder-rootwrap /etc/cinder/rootwrap.conf df --portability --block-size 1 /opt/stack/data/cinder/mnt/065758a83a8e398868a8504406866b6b {{(pid=86852) execute /opt/stack/data/venv/lib/python3.12/site-packages/oslo_concurrency/processutils.py:440}}
Jul 08 11:15:52 devstack sudo[91517]: quobyte : PWD=/ ; USER=root ; COMMAND=/opt/stack/data/venv/bin/cinder-rootwrap /etc/cinder/rootwrap.conf df --portability --block-size 1 /opt/stack/data/cinder/mnt/065758a83a8e398868a8504406866b6b
Jul 08 11:15:52 devstack sudo[91517]: pam_unix(sudo:session): session opened for user root(uid=0) by (uid=1000)
Jul 08 11:15:52 devstack sudo[91511]: pam_unix(sudo:session): session closed for user root
Jul 08 11:15:52 devstack cinder-volume[86852]: DEBUG oslo_concurrency.processutils [None req-f9cf0f7d-da64-487c-bd83-b98c0619e6f4 tempest-SnapshotsActionsTest-1432667262 None] CMD "sudo cinder-rootwrap /etc/cinder/rootwrap.conf qemu-img create -f qcow2 -o backing_file=/opt/stack/data/cinder/mnt/065758a83a8e398868a8504406866b6b/volume-111c17e0-ca2c-4f24-9a97-6d3eba099377.ec07bdf1-a0a3-4e22-9cfc-8ed41da50fe7,backing_fmt=qcow2 /opt/stack/data/cinder/mnt/065758a83a8e398868a8504406866b6b/volume-111c17e0-ca2c-4f24-9a97-6d3eba099377.f9f9f710-6e00-4718-b165-4739ed3d8ea2 1G" returned: 0 in 1.270s {{(pid=86852) execute /opt/stack/data/venv/lib/python3.12/site-packages/oslo_concurrency/processutils.py:468}}
Jul 08 11:15:52 devstack cinder-volume[86852]: DEBUG oslo_concurrency.processutils [None req-f9cf0f7d-da64-487c-bd83-b98c0619e6f4 tempest-SnapshotsActionsTest-1432667262 None] Running cmd (subprocess): sudo cinder-rootwrap /etc/cinder/rootwrap.conf qemu-img rebase -u -b volume-111c17e0-ca2c-4f24-9a97-6d3eba099377.ec07bdf1-a0a3-4e22-9cfc-8ed41da50fe7 -F qcow2 /opt/stack/data/cinder/mnt/065758a83a8e398868a8504406866b6b/volume-111c17e0-ca2c-4f24-9a97-6d3eba099377.f9f9f710-6e00-4718-b165-4739ed3d8ea2 {{(pid=86852) execute /opt/stack/data/venv/lib/python3.12/site-packages/oslo_concurrency/processutils.py:440}}
Jul 08 11:15:52 devstack sudo[91519]: quobyte : PWD=/ ; USER=root ; COMMAND=/opt/stack/data/venv/bin/cinder-rootwrap /etc/cinder/rootwrap.conf qemu-img rebase -u -b volume-111c17e0-ca2c-4f24-9a97-6d3eba099377.ec07bdf1-a0a3-4e22-9cfc-8ed41da50fe7 -F qcow2 /opt/stack/data/cinder/mnt/065758a83a8e398868a8504406866b6b/volume-111c17e0-ca2c-4f24-9a97-6d3eba099377.f9f9f710-6e00-4718-b165-4739ed3d8ea2
Jul 08 11:15:52 devstack sudo[91519]: pam_unix(sudo:session): session opened for user root(uid=0) by (uid=1000)
Jul 08 11:15:53 devstack sudo[91517]: pam_unix(sudo:session): session closed for user root
Jul 08 11:15:53 devstack cinder-volume[86852]: DEBUG oslo_concurrency.processutils [None req-7c802d6e-3c1d-4855-a163-ece9c443866a None None] CMD "sudo cinder-rootwrap /etc/cinder/rootwrap.conf df --portability --block-size 1 /opt/stack/data/cinder/mnt/065758a83a8e398868a8504406866b6b" returned: 0 in 0.981s {{(pid=86852) execute /opt/stack/data/venv/lib/python3.12/site-packages/oslo_concurrency/processutils.py:468}}
Jul 08 11:15:53 devstack cinder-volume[86852]: DEBUG cinder.manager [None req-7c802d6e-3c1d-4855-a163-ece9c443866a None None] Notifying Schedulers of capabilities ... {{(pid=86852) _publish_service_capabilities /opt/stack/cinder/cinder/manager.py:219}}
Jul 08 11:15:53 devstack cinder-volume[86852]: DEBUG oslo_service.periodic_task [None req-7c802d6e-3c1d-4855-a163-ece9c443866a None None] Running periodic task VolumeManager._thread_info {{(pid=86852) run_periodic_tasks /opt/stack/data/venv/lib/python3.12/site-packages/oslo_service/periodic_task.py:225}}
Jul 08 11:15:53 devstack cinder-volume[86852]: DEBUG cinder.volume.manager [None req-7c802d6e-3c1d-4855-a163-ece9c443866a None None] thread count: 8 {{(pid=86852) _thread_info /opt/stack/cinder/cinder/volume/manager.py:5472}}
Jul 08 11:15:53 devstack cinder-volume[86852]: DEBUG cinder.volume.manager [None req-7c802d6e-3c1d-4855-a163-ece9c443866a None None] thread info: [<_MainThread(MainThread, started 132363756105856)>, , , , , , , ] {{(pid=86852) _thread_info /opt/stack/cinder/cinder/volume/manager.py:5473}}
Jul 08 11:15:53 devstack sudo[91519]: pam_unix(sudo:session): session closed for user root
Jul 08 11:15:53 devstack cinder-volume[86852]: DEBUG oslo_concurrency.processutils [None req-f9cf0f7d-da64-487c-bd83-b98c0619e6f4 tempest-SnapshotsActionsTest-1432667262 None] CMD "sudo cinder-rootwrap /etc/cinder/rootwrap.conf qemu-img rebase -u -b volume-111c17e0-ca2c-4f24-9a97-6d3eba099377.ec07bdf1-a0a3-4e22-9cfc-8ed41da50fe7 -F qcow2 /opt/stack/data/cinder/mnt/065758a83a8e398868a8504406866b6b/volume-111c17e0-ca2c-4f24-9a97-6d3eba099377.f9f9f710-6e00-4718-b165-4739ed3d8ea2" returned: 0 in 1.306s {{(pid=86852) execute /opt/stack/data/venv/lib/python3.12/site-packages/oslo_concurrency/processutils.py:468}}
Jul 08 11:15:53 devstack cinder-volume[86852]: WARNING cinder.volume.drivers.remotefs [None req-f9cf0f7d-da64-487c-bd83-b98c0619e6f4 tempest-SnapshotsActionsTest-1432667262 None] /opt/stack/data/cinder/mnt/065758a83a8e398868a8504406866b6b/volume-111c17e0-ca2c-4f24-9a97-6d3eba099377.f9f9f710-6e00-4718-b165-4739ed3d8ea2 is being set with open permissions: ugo+rw
Jul 08 11:15:53 devstack cinder-volume[86852]: DEBUG oslo_concurrency.processutils [None req-f9cf0f7d-da64-487c-bd83-b98c0619e6f4 tempest-SnapshotsActionsTest-1432667262 None] Running cmd (subprocess): sudo cinder-rootwrap /etc/cinder/rootwrap.conf chmod ugo+rw /opt/stack/data/cinder/mnt/065758a83a8e398868a8504406866b6b/volume-111c17e0-ca2c-4f24-9a97-6d3eba099377.f9f9f710-6e00-4718-b165-4739ed3d8ea2 {{(pid=86852) execute /opt/stack/data/venv/lib/python3.12/site-packages/oslo_concurrency/processutils.py:440}}
Jul 08 11:15:53 devstack sudo[91526]: quobyte : PWD=/ ; USER=root ; COMMAND=/opt/stack/data/venv/bin/cinder-rootwrap /etc/cinder/rootwrap.conf chmod ugo+rw /opt/stack/data/cinder/mnt/065758a83a8e398868a8504406866b6b/volume-111c17e0-ca2c-4f24-9a97-6d3eba099377.f9f9f710-6e00-4718-b165-4739ed3d8ea2
Jul 08 11:15:53 devstack sudo[91526]: pam_unix(sudo:session): session opened for user root(uid=0) by (uid=1000)
Jul 08 11:15:54 devstack sudo[91526]: pam_unix(sudo:session): session closed for user root
Jul 08 11:15:54 devstack cinder-volume[86852]: DEBUG oslo_concurrency.processutils [None req-f9cf0f7d-da64-487c-bd83-b98c0619e6f4 tempest-SnapshotsActionsTest-1432667262 None] CMD "sudo cinder-rootwrap /etc/cinder/rootwrap.conf chmod ugo+rw /opt/stack/data/cinder/mnt/065758a83a8e398868a8504406866b6b/volume-111c17e0-ca2c-4f24-9a97-6d3eba099377.f9f9f710-6e00-4718-b165-4739ed3d8ea2" returned: 0 in 0.844s {{(pid=86852) execute /opt/stack/data/venv/lib/python3.12/site-packages/oslo_concurrency/processutils.py:468}}
Jul 08 11:15:54 devstack cinder-volume[86852]: DEBUG oslo_concurrency.lockutils [None req-f9cf0f7d-da64-487c-bd83-b98c0619e6f4 tempest-SnapshotsActionsTest-1432667262 None] Lock "quobyte" "released" by "cinder.volume.drivers.quobyte.QuobyteDriver.create_snapshot" :: held 4.504s {{(pid=86852) inner /opt/stack/data/venv/lib/python3.12/site-packages/oslo_concurrency/lockutils.py:543}}
