Jul 08 11:05:17 devstack devstack@g-api.service[76817]: DEBUG glance.api.middleware.version_negotiation [None req-b65dac0b-6b73-4231-8a08-c6fdb9166fda None None] Using url versioning {{(pid=76817) process_request /opt/stack/glance/glance/api/middleware/version_negotiation.py:57}}
Jul 08 11:05:17 devstack devstack@g-api.service[76817]: DEBUG glance.api.middleware.version_negotiation [None req-b65dac0b-6b73-4231-8a08-c6fdb9166fda None None] Unknown version. Returning version choices. {{(pid=76817) process_request /opt/stack/glance/glance/api/middleware/version_negotiation.py:64}}
Jul 08 11:05:17 devstack devstack@g-api.service[76816]: DEBUG glance.common.config [None req-4388c0b0-c14c-4087-a264-7ac0559ed1e7 None None] database.asyncio_slave_connection = **** {{(pid=76816) log_opt_values /opt/stack/data/venv/lib/python3.12/site-packages/oslo_config/cfg.py:3253}}
Jul 08 11:05:17 devstack devstack@g-api.service[76816]: DEBUG glance.common.config [None req-4388c0b0-c14c-4087-a264-7ac0559ed1e7 None None] database.backend = sqlalchemy {{(pid=76816) log_opt_values /opt/stack/data/venv/lib/python3.12/site-packages/oslo_config/cfg.py:3253}}
Jul 08 11:05:17 devstack devstack@g-api.service[76816]: DEBUG glance.common.config [None req-4388c0b0-c14c-4087-a264-7ac0559ed1e7 None None] database.connection = **** {{(pid=76816) log_opt_values /opt/stack/data/venv/lib/python3.12/site-packages/oslo_config/cfg.py:3253}}
Jul 08 11:05:17 devstack devstack@g-api.service[76816]: DEBUG glance.common.config [None req-4388c0b0-c14c-4087-a264-7ac0559ed1e7 None None] database.connection_debug = 0 {{(pid=76816) log_opt_values /opt/stack/data/venv/lib/python3.12/site-packages/oslo_config/cfg.py:3253}}
Jul 08 11:05:17 devstack devstack@g-api.service[76816]: DEBUG glance.common.config [None req-4388c0b0-c14c-4087-a264-7ac0559ed1e7 None None] database.connection_parameters = {{(pid=76816) log_opt_values /opt/stack/data/venv/lib/python3.12/site-packages/oslo_config/cfg.py:3253}}
Jul 08 11:05:17 devstack devstack@g-api.service[76816]: DEBUG glance.common.config [None req-4388c0b0-c14c-4087-a264-7ac0559ed1e7 None None] database.connection_recycle_time = 3600 {{(pid=76816) log_opt_values /opt/stack/data/venv/lib/python3.12/site-packages/oslo_config/cfg.py:3253}}
Jul 08 11:05:17 devstack devstack@g-api.service[76816]: DEBUG glance.common.config [None req-4388c0b0-c14c-4087-a264-7ac0559ed1e7 None None] database.connection_trace = False {{(pid=76816) log_opt_values /opt/stack/data/venv/lib/python3.12/site-packages/oslo_config/cfg.py:3253}}
Jul 08 11:05:17 devstack devstack@g-api.service[76816]: DEBUG glance.common.config [None req-4388c0b0-c14c-4087-a264-7ac0559ed1e7 None None] database.db_inc_retry_interval = True {{(pid=76816) log_opt_values /opt/stack/data/venv/lib/python3.12/site-packages/oslo_config/cfg.py:3253}}
Jul 08 11:05:17 devstack devstack@g-api.service[76817]: [pid: 76817|app: 0|req: 1/1] 127.0.0.1 () {32 vars in 401 bytes} [Wed Jul 8 11:05:17 2026] GET / => generated 1571 bytes in 9 msecs (HTTP/1.1 300) 3 headers in 106 bytes (1 switches on core 0)
Jul 08 11:05:17 devstack devstack@g-api.service[76816]: DEBUG glance.common.config [None req-4388c0b0-c14c-4087-a264-7ac0559ed1e7 None None] database.db_max_retries = 20 {{(pid=76816) log_opt_values /opt/stack/data/venv/lib/python3.12/site-packages/oslo_config/cfg.py:3253}}
Jul 08 11:05:17 devstack devstack@g-api.service[76816]: DEBUG glance.common.config [None req-4388c0b0-c14c-4087-a264-7ac0559ed1e7 None None] database.db_max_retry_interval = 10 {{(pid=76816) log_opt_values /opt/stack/data/venv/lib/python3.12/site-packages/oslo_config/cfg.py:3253}}
Jul 08 11:05:17 devstack devstack@g-api.service[76816]: DEBUG glance.common.config [None req-4388c0b0-c14c-4087-a264-7ac0559ed1e7 None None] database.db_retry_interval = 1 {{(pid=76816) log_opt_values /opt/stack/data/venv/lib/python3.12/site-packages/oslo_config/cfg.py:3253}}
Jul 08 11:05:17 devstack devstack@g-api.service[76816]: DEBUG glance.common.config [None req-4388c0b0-c14c-4087-a264-7ac0559ed1e7 None None] database.max_overflow = 50 {{(pid=76816) log_opt_values /opt/stack/data/venv/lib/python3.12/site-packages/oslo_config/cfg.py:3253}}
Jul 08 11:05:17 devstack devstack@g-api.service[76816]: DEBUG glance.common.config [None req-4388c0b0-c14c-4087-a264-7ac0559ed1e7 None None] database.max_pool_size = 5 {{(pid=76816) log_opt_values /opt/stack/data/venv/lib/python3.12/site-packages/oslo_config/cfg.py:3253}}
Jul 08 11:05:17 devstack devstack@g-api.service[76816]: DEBUG glance.common.config [None req-4388c0b0-c14c-4087-a264-7ac0559ed1e7 None None] database.max_retries = 10 {{(pid=76816) log_opt_values /opt/stack/data/venv/lib/python3.12/site-packages/oslo_config/cfg.py:3253}}
Jul 08 11:05:17 devstack devstack@g-api.service[76816]: DEBUG glance.common.config [None req-4388c0b0-c14c-4087-a264-7ac0559ed1e7 None None] database.mysql_sql_mode = TRADITIONAL {{(pid=76816) log_opt_values /opt/stack/data/venv/lib/python3.12/site-packages/oslo_config/cfg.py:3253}}
Jul 08 11:05:17 devstack devstack@g-api.service[76816]: DEBUG glance.common.config [None req-4388c0b0-c14c-4087-a264-7ac0559ed1e7 None None] database.mysql_wsrep_sync_wait = None {{(pid=76816) log_opt_values /opt/stack/data/venv/lib/python3.12/site-packages/oslo_config/cfg.py:3253}}
Jul 08 11:05:17 devstack devstack@g-api.service[76816]: DEBUG glance.common.config [None req-4388c0b0-c14c-4087-a264-7ac0559ed1e7 None None] database.pool_timeout = None {{(pid=76816) log_opt_values /opt/stack/data/venv/lib/python3.12/site-packages/oslo_config/cfg.py:3253}}
Jul 08 11:05:17 devstack devstack@g-api.service[76816]: DEBUG glance.common.config [None req-4388c0b0-c14c-4087-a264-7ac0559ed1e7 None None] database.retry_interval = 10 {{(pid=76816) log_opt_values /opt/stack/data/venv/lib/python3.12/site-packages/oslo_config/cfg.py:3253}}
Jul 08 11:05:17 devstack devstack@g-api.service[76816]: DEBUG glance.common.config [None req-4388c0b0-c14c-4087-a264-7ac0559ed1e7 None None] database.slave_connection = **** {{(pid=76816) log_opt_values /opt/stack/data/venv/lib/python3.12/site-packages/oslo_config/cfg.py:3253}}
Jul 08 11:05:17 devstack devstack@g-api.service[76816]: DEBUG glance.common.config [None req-4388c0b0-c14c-4087-a264-7ac0559ed1e7 None None] database.sqlite_synchronous = True {{(pid=76816) log_opt_values /opt/stack/data/venv/lib/python3.12/site-packages/oslo_config/cfg.py:3253}}
Jul 08 11:05:17 devstack devstack@g-api.service[76816]: DEBUG glance.common.config [None req-4388c0b0-c14c-4087-a264-7ac0559ed1e7 None None] database.synchronous_reader = True {{(pid=76816) log_opt_values /opt/stack/data/venv/lib/python3.12/site-packages/oslo_config/cfg.py:3253}}
Jul 08 11:05:17 devstack devstack@g-api.service[76816]: DEBUG glance.common.config [None req-4388c0b0-c14c-4087-a264-7ac0559ed1e7 None None] database.use_db_reconnect = False {{(pid=76816) log_opt_values /opt/stack/data/venv/lib/python3.12/site-packages/oslo_config/cfg.py:3253}}
Jul 08 11:05:17 devstack devstack@g-api.service[76816]: DEBUG glance.common.config [None req-4388c0b0-c14c-4087-a264-7ac0559ed1e7 None None] healthcheck.allowed_source_ranges = [] {{(pid=76816) log_opt_values /opt/stack/data/venv/lib/python3.12/site-packages/oslo_config/cfg.py:3253}}
Jul 08 11:05:17 devstack devstack@g-api.service[76816]: DEBUG glance.common.config [None req-4388c0b0-c14c-4087-a264-7ac0559ed1e7 None None] healthcheck.backends = ['disable_by_file'] {{(pid=76816) log_opt_values /opt/stack/data/venv/lib/python3.12/site-packages/oslo_config/cfg.py:3253}}
Jul 08 11:05:17 devstack devstack@g-api.service[76816]: DEBUG glance.common.config [None req-4388c0b0-c14c-4087-a264-7ac0559ed1e7 None None] healthcheck.detailed = False {{(pid=76816) log_opt_values /opt/stack/data/venv/lib/python3.12/site-packages/oslo_config/cfg.py:3253}}
Jul 08 11:05:17 devstack devstack@g-api.service[76816]: DEBUG glance.common.config [None req-4388c0b0-c14c-4087-a264-7ac0559ed1e7 None None] healthcheck.disable_by_file_path = None {{(pid=76816) log_opt_values /opt/stack/data/venv/lib/python3.12/site-packages/oslo_config/cfg.py:3253}}
Jul 08 11:05:17 devstack devstack@g-api.service[76816]: DEBUG glance.common.config [None req-4388c0b0-c14c-4087-a264-7ac0559ed1e7 None None] healthcheck.ignore_proxied_requests = False {{(pid=76816) log_opt_values /opt/stack/data/venv/lib/python3.12/site-packages/oslo_config/cfg.py:3253}}
Jul 08 11:05:17 devstack devstack@g-api.service[76816]: DEBUG glance.common.config [None req-4388c0b0-c14c-4087-a264-7ac0559ed1e7 None None] ******************************************************************************** {{(pid=76816) log_opt_values /opt/stack/data/venv/lib/python3.12/site-packages/oslo_config/cfg.py:3260}}
Jul 08 11:05:17 devstack devstack@g-api.service[76816]: WSGI app 0 (mountpoint='') ready in 6 seconds on interpreter 0x75d8c22a4668 pid: 76816 (default app)
Jul 08 11:05:21 devstack devstack@g-api.service[76817]: DEBUG glance.api.middleware.version_negotiation [None req-b65dac0b-6b73-4231-8a08-c6fdb9166fda None None] Determining version of request: GET / Accept: application/json {{(pid=76817) process_request /opt/stack/glance/glance/api/middleware/version_negotiation.py:44}}
Jul 08 11:05:21 devstack devstack@g-api.service[76817]: DEBUG glance.api.middleware.version_negotiation [None req-b65dac0b-6b73-4231-8a08-c6fdb9166fda None None] Using url versioning {{(pid=76817) process_request /opt/stack/glance/glance/api/middleware/version_negotiation.py:57}}
Jul 08 11:05:21 devstack devstack@g-api.service[76817]: DEBUG glance.api.middleware.version_negotiation [None req-b65dac0b-6b73-4231-8a08-c6fdb9166fda None None] Unknown version. Returning version choices. {{(pid=76817) process_request /opt/stack/glance/glance/api/middleware/version_negotiation.py:64}}
Jul 08 11:05:21 devstack devstack@g-api.service[76817]: [pid: 76817|app: 0|req: 2/2] 127.0.0.1 () {34 vars in 519 bytes} [Wed Jul 8 11:05:21 2026] GET / => generated 1571 bytes in 6 msecs (HTTP/1.1 300) 3 headers in 106 bytes (1 switches on core 0)
Jul 08 11:05:21 devstack devstack@g-api.service[76816]: DEBUG glance.api.middleware.version_negotiation [None req-4388c0b0-c14c-4087-a264-7ac0559ed1e7 None None] Determining version of request: POST /v2/images Accept: */* {{(pid=76816) process_request /opt/stack/glance/glance/api/middleware/version_negotiation.py:44}}
Jul 08 11:05:21 devstack devstack@g-api.service[76816]: DEBUG glance.api.middleware.version_negotiation [None req-4388c0b0-c14c-4087-a264-7ac0559ed1e7 None None] Using url versioning {{(pid=76816) process_request /opt/stack/glance/glance/api/middleware/version_negotiation.py:57}}
Jul 08 11:05:21 devstack devstack@g-api.service[76816]: DEBUG glance.api.middleware.version_negotiation [None req-4388c0b0-c14c-4087-a264-7ac0559ed1e7 None None] Matched version: v2 {{(pid=76816) process_request /opt/stack/glance/glance/api/middleware/version_negotiation.py:69}}
Jul 08 11:05:21 devstack devstack@g-api.service[76816]: DEBUG glance.api.middleware.version_negotiation [None req-4388c0b0-c14c-4087-a264-7ac0559ed1e7 None None] new path /v2/images {{(pid=76816) process_request /opt/stack/glance/glance/api/middleware/version_negotiation.py:70}}
Jul 08 11:05:22 devstack devstack@g-api.service[76816]: [pid: 76816|app: 0|req: 1/3] 127.0.0.1 () {40 vars in 782 bytes} [Wed Jul 8 11:05:21 2026] POST /v2/images => generated 807 bytes in 1203 msecs (HTTP/1.1 201) 6 headers in 314 bytes (1 switches on core 0)
Jul 08 11:05:22 devstack devstack@g-api.service[76817]: DEBUG glance.api.middleware.version_negotiation [None req-b65dac0b-6b73-4231-8a08-c6fdb9166fda None None] Determining version of request: PUT /v2/images/9c13436c-39fd-4e1e-9478-9ae05ec64994/file Accept: {{(pid=76817) process_request /opt/stack/glance/glance/api/middleware/version_negotiation.py:44}}
Jul 08 11:05:22 devstack devstack@g-api.service[76817]: DEBUG glance.api.middleware.version_negotiation [None req-b65dac0b-6b73-4231-8a08-c6fdb9166fda None None] Using url versioning {{(pid=76817) process_request /opt/stack/glance/glance/api/middleware/version_negotiation.py:57}}
Jul 08 11:05:22 devstack devstack@g-api.service[76817]: DEBUG glance.api.middleware.version_negotiation [None req-b65dac0b-6b73-4231-8a08-c6fdb9166fda None None] Matched version: v2 {{(pid=76817) process_request /opt/stack/glance/glance/api/middleware/version_negotiation.py:69}}
Jul 08 11:05:22 devstack devstack@g-api.service[76817]: DEBUG glance.api.middleware.version_negotiation [None req-b65dac0b-6b73-4231-8a08-c6fdb9166fda None None] new path /v2/images/9c13436c-39fd-4e1e-9478-9ae05ec64994/file {{(pid=76817) process_request /opt/stack/glance/glance/api/middleware/version_negotiation.py:70}}
Jul 08 11:05:23 devstack devstack@g-api.service[76817]: INFO glance.api.v2.image_data [None req-e5baa2ac-12aa-4191-9cad-3012df67d348 admin admin] Unable to create trust: no such option collect_timing in group [keystone_authtoken] Use the existing user token.
Jul 08 11:05:23 devstack devstack@g-api.service[76817]: DEBUG glance.location [None req-e5baa2ac-12aa-4191-9cad-3012df67d348 admin admin] Enabling in-flight format inspection for qcow2 {{(pid=76817) set_data /opt/stack/glance/glance/location.py:596}}
Jul 08 11:05:23 devstack devstack@g-api.service[76817]: DEBUG oslo_utils.imageutils.format_inspector [None req-e5baa2ac-12aa-4191-9cad-3012df67d348 admin admin] Format inspector for vmdk does not match, excluding from consideration (Signature KDMV not found: b'QFI\xfb') {{(pid=76817) _process_chunk /opt/stack/data/venv/lib/python3.12/site-packages/oslo_utils/imageutils/format_inspector.py:1758}}
Jul 08 11:05:23 devstack devstack@g-api.service[76817]: DEBUG oslo_utils.imageutils.format_inspector [None req-e5baa2ac-12aa-4191-9cad-3012df67d348 admin admin] Format inspector for vhdx does not match, excluding from consideration (Region signature not found at 30000) {{(pid=76817) _process_chunk /opt/stack/data/venv/lib/python3.12/site-packages/oslo_utils/imageutils/format_inspector.py:1758}}
Jul 08 11:05:24 devstack devstack@g-api.service[76817]: DEBUG glance_store._drivers.filesystem [None req-e5baa2ac-12aa-4191-9cad-3012df67d348 admin admin] Wrote 21692416 bytes to /opt/stack/data/glance/images/9c13436c-39fd-4e1e-9478-9ae05ec64994 with checksum 87617e24a5e30cb3b87fda8c0764838f and multihash 9a9bce0083a00939ec17c11febbfc767aa211aaa54f51e75c5a8b271a9b5637c77205a518b7a2007cb391d23cceb01e0e4e8d64832317151bc85b734b92a7be0 {{(pid=76817) add /opt/stack/data/venv/lib/python3.12/site-packages/glance_store/_drivers/filesystem.py:899}}
Jul 08 11:05:24 devstack devstack@g-api.service[76817]: INFO glance.location [None req-e5baa2ac-12aa-4191-9cad-3012df67d348 admin admin] Image format matched and virtual size computed: 117440512
Jul 08 11:05:24 devstack devstack@g-api.service[76817]: DEBUG glance_store.backend [None req-e5baa2ac-12aa-4191-9cad-3012df67d348 admin admin] Skipping store.set_acls... not implemented. {{(pid=76817) set_acls /opt/stack/data/venv/lib/python3.12/site-packages/glance_store/backend.py:507}}
Jul 08 11:05:24 devstack devstack@g-api.service[76817]: [pid: 76817|app: 0|req: 3/4] 127.0.0.1 () {40 vars in 875 bytes} [Wed Jul 8 11:05:22 2026] PUT /v2/images/9c13436c-39fd-4e1e-9478-9ae05ec64994/file => generated 0 bytes in 1821 msecs (HTTP/1.1 204) 4 headers in 171 bytes (1 switches on core 0)
Jul 08 11:05:24 devstack devstack@g-api.service[76816]: DEBUG glance.api.middleware.version_negotiation [None req-e99725b6-108e-4bcf-aeff-beb0accfa71f admin admin] Determining version of request: GET /v2/images/9c13436c-39fd-4e1e-9478-9ae05ec64994 Accept: */* {{(pid=76816) process_request /opt/stack/glance/glance/api/middleware/version_negotiation.py:44}}
Jul 08 11:05:24 devstack devstack@g-api.service[76816]: DEBUG glance.api.middleware.version_negotiation [None req-e99725b6-108e-4bcf-aeff-beb0accfa71f admin admin] Using url versioning {{(pid=76816) process_request /opt/stack/glance/glance/api/middleware/version_negotiation.py:57}}
Jul 08 11:05:24 devstack devstack@g-api.service[76816]: DEBUG glance.api.middleware.version_negotiation [None req-e99725b6-108e-4bcf-aeff-beb0accfa71f admin admin] Matched version: v2 {{(pid=76816) process_request /opt/stack/glance/glance/api/middleware/version_negotiation.py:69}}
Jul 08 11:05:24 devstack devstack@g-api.service[76816]: DEBUG glance.api.middleware.version_negotiation [None req-e99725b6-108e-4bcf-aeff-beb0accfa71f admin admin] new path /v2/images/9c13436c-39fd-4e1e-9478-9ae05ec64994 {{(pid=76816) process_request /opt/stack/glance/glance/api/middleware/version_negotiation.py:70}}
Jul 08 11:05:24 devstack devstack@g-api.service[76816]: [pid: 76816|app: 0|req: 2/5] 127.0.0.1 () {36 vars in 802 bytes} [Wed Jul 8 11:05:24 2026] GET /v2/images/9c13436c-39fd-4e1e-9478-9ae05ec64994 => generated 976 bytes in 26 msecs (HTTP/1.1 200) 4 headers in 157 bytes (1 switches on core 0)
Jul 08 11:05:34 devstack devstack@g-api.service[76817]: DEBUG dbcounter [-] [76817] Writing DB stats glance:INSERT=5,glance:SELECT=16,glance:UPDATE=2 {{(pid=76817) stat_writer /opt/stack/data/venv/lib/python3.12/site-packages/dbcounter.py:115}}
Jul 08 11:05:34 devstack devstack@g-api.service[76816]: DEBUG dbcounter [-] [76816] Writing DB stats glance:INSERT=9,glance:SELECT=6 {{(pid=76816) stat_writer /opt/stack/data/venv/lib/python3.12/site-packages/dbcounter.py:115}}
Jul 08 11:06:10 devstack devstack@g-api.service[76817]: DEBUG glance.api.middleware.version_negotiation [None req-e5baa2ac-12aa-4191-9cad-3012df67d348 admin admin] Determining version of request: GET / Accept: application/json {{(pid=76817) process_request /opt/stack/glance/glance/api/middleware/version_negotiation.py:44}}
Jul 08 11:06:10 devstack devstack@g-api.service[76817]: DEBUG glance.api.middleware.version_negotiation [None req-e5baa2ac-12aa-4191-9cad-3012df67d348 admin admin] Using url versioning {{(pid=76817) process_request /opt/stack/glance/glance/api/middleware/version_negotiation.py:57}}
Jul 08 11:06:10 devstack devstack@g-api.service[76817]: DEBUG glance.api.middleware.version_negotiation [None req-e5baa2ac-12aa-4191-9cad-3012df67d348 admin admin] Unknown version. Returning version choices. {{(pid=76817) process_request /opt/stack/glance/glance/api/middleware/version_negotiation.py:64}}
Jul 08 11:06:10 devstack devstack@g-api.service[76817]: [pid: 76817|app: 0|req: 4/6] 127.0.0.1 () {34 vars in 519 bytes} [Wed Jul 8 11:06:10 2026] GET / => generated 1571 bytes in 2 msecs (HTTP/1.1 300) 3 headers in 106 bytes (1 switches on core 0)
Jul 08 11:06:10 devstack devstack@g-api.service[76816]: DEBUG glance.api.middleware.version_negotiation [None req-5f93049e-df50-422d-940f-82477713e800 admin admin] Determining version of request: GET /v2/images Accept: application/json {{(pid=76816) process_request /opt/stack/glance/glance/api/middleware/version_negotiation.py:44}}
Jul 08 11:06:10 devstack devstack@g-api.service[76816]: DEBUG glance.api.middleware.version_negotiation [None req-5f93049e-df50-422d-940f-82477713e800 admin admin] Using url versioning {{(pid=76816) process_request /opt/stack/glance/glance/api/middleware/version_negotiation.py:57}}
Jul 08 11:06:10 devstack devstack@g-api.service[76816]: DEBUG glance.api.middleware.version_negotiation [None req-5f93049e-df50-422d-940f-82477713e800 admin admin] Matched version: v2 {{(pid=76816) process_request /opt/stack/glance/glance/api/middleware/version_negotiation.py:69}}
Jul 08 11:06:10 devstack devstack@g-api.service[76816]: DEBUG glance.api.middleware.version_negotiation [None req-5f93049e-df50-422d-940f-82477713e800 admin admin] new path /v2/images {{(pid=76816) process_request /opt/stack/glance/glance/api/middleware/version_negotiation.py:70}}
Jul 08 11:06:10 devstack devstack@g-api.service[76816]: [pid: 76816|app: 0|req: 3/7] 127.0.0.1 () {36 vars in 741 bytes} [Wed Jul 8 11:06:10 2026] GET /v2/images => generated 1045 bytes in 88 msecs (HTTP/1.1 200) 4 headers in 158 bytes (1 switches on core 0)
Jul 08 11:06:20 devstack devstack@g-api.service[76816]: DEBUG dbcounter [-] [76816] Writing DB stats glance:SELECT=1 {{(pid=76816) stat_writer /opt/stack/data/venv/lib/python3.12/site-packages/dbcounter.py:115}}
Jul 08 11:06:20 devstack devstack@g-api.service[76817]: DEBUG glance.api.middleware.version_negotiation [None req-e5baa2ac-12aa-4191-9cad-3012df67d348 admin admin] Determining version of request: GET / Accept: application/json {{(pid=76817) process_request /opt/stack/glance/glance/api/middleware/version_negotiation.py:44}}
Jul 08 11:06:20 devstack devstack@g-api.service[76817]: DEBUG glance.api.middleware.version_negotiation [None req-e5baa2ac-12aa-4191-9cad-3012df67d348 admin admin] Using url versioning {{(pid=76817) process_request /opt/stack/glance/glance/api/middleware/version_negotiation.py:57}}
Jul 08 11:06:20 devstack devstack@g-api.service[76817]: DEBUG glance.api.middleware.version_negotiation [None req-e5baa2ac-12aa-4191-9cad-3012df67d348 admin admin] Unknown version. Returning version choices. {{(pid=76817) process_request /opt/stack/glance/glance/api/middleware/version_negotiation.py:64}}
Jul 08 11:06:20 devstack devstack@g-api.service[76817]: [pid: 76817|app: 0|req: 5/8] 127.0.0.1 () {34 vars in 519 bytes} [Wed Jul 8 11:06:20 2026] GET / => generated 1571 bytes in 3 msecs (HTTP/1.1 300) 3 headers in 106 bytes (1 switches on core 0)
Jul 08 11:06:20 devstack devstack@g-api.service[76816]: DEBUG glance.api.middleware.version_negotiation [None req-c716f737-873b-40ca-964a-30f8aa649652 admin admin] Determining version of request: GET /v2/images/9c13436c-39fd-4e1e-9478-9ae05ec64994 Accept: */* {{(pid=76816) process_request /opt/stack/glance/glance/api/middleware/version_negotiation.py:44}}
Jul 08 11:06:20 devstack devstack@g-api.service[76816]: DEBUG glance.api.middleware.version_negotiation [None req-c716f737-873b-40ca-964a-30f8aa649652 admin admin] Using url versioning {{(pid=76816) process_request /opt/stack/glance/glance/api/middleware/version_negotiation.py:57}}
Jul 08 11:06:20 devstack devstack@g-api.service[76816]: DEBUG glance.api.middleware.version_negotiation [None req-c716f737-873b-40ca-964a-30f8aa649652 admin admin] Matched version: v2 {{(pid=76816) process_request /opt/stack/glance/glance/api/middleware/version_negotiation.py:69}}
Jul 08 11:06:20 devstack devstack@g-api.service[76816]: DEBUG glance.api.middleware.version_negotiation [None req-c716f737-873b-40ca-964a-30f8aa649652 admin admin] new path /v2/images/9c13436c-39fd-4e1e-9478-9ae05ec64994 {{(pid=76816) process_request /opt/stack/glance/glance/api/middleware/version_negotiation.py:70}}
Jul 08 11:06:20 devstack devstack@g-api.service[76816]: [pid: 76816|app: 0|req: 4/9] 127.0.0.1 () {36 vars in 802 bytes} [Wed Jul 8 11:06:20 2026] GET /v2/images/9c13436c-39fd-4e1e-9478-9ae05ec64994 => generated 976 bytes in 69 msecs (HTTP/1.1 200) 4 headers in 157 bytes (1 switches on core 0)
Jul 08 11:06:27 devstack devstack@g-api.service[76817]: DEBUG glance.api.middleware.version_negotiation [None req-e5baa2ac-12aa-4191-9cad-3012df67d348 admin admin] Determining version of request: GET / Accept: application/json {{(pid=76817) process_request /opt/stack/glance/glance/api/middleware/version_negotiation.py:44}}
Jul 08 11:06:27 devstack devstack@g-api.service[76817]: DEBUG glance.api.middleware.version_negotiation [None req-e5baa2ac-12aa-4191-9cad-3012df67d348 admin admin] Using url versioning {{(pid=76817) process_request /opt/stack/glance/glance/api/middleware/version_negotiation.py:57}}
Jul 08 11:06:27 devstack devstack@g-api.service[76817]: DEBUG glance.api.middleware.version_negotiation [None req-e5baa2ac-12aa-4191-9cad-3012df67d348 admin admin] Unknown version. Returning version choices. {{(pid=76817) process_request /opt/stack/glance/glance/api/middleware/version_negotiation.py:64}}
Jul 08 11:06:27 devstack devstack@g-api.service[76817]: [pid: 76817|app: 0|req: 6/10] 127.0.0.1 () {34 vars in 519 bytes} [Wed Jul 8 11:06:27 2026] GET / => generated 1571 bytes in 3 msecs (HTTP/1.1 300) 3 headers in 106 bytes (1 switches on core 0)
Jul 08 11:06:27 devstack devstack@g-api.service[76816]: DEBUG glance.api.middleware.version_negotiation [None req-016e126d-c491-4067-bcc9-95e4a6c85129 admin admin] Determining version of request: GET /v2/images/9c13436c-39fd-4e1e-9478-9ae05ec64994 Accept: */* {{(pid=76816) process_request /opt/stack/glance/glance/api/middleware/version_negotiation.py:44}}
Jul 08 11:06:27 devstack devstack@g-api.service[76816]: DEBUG glance.api.middleware.version_negotiation [None req-016e126d-c491-4067-bcc9-95e4a6c85129 admin admin] Using url versioning {{(pid=76816) process_request /opt/stack/glance/glance/api/middleware/version_negotiation.py:57}}
Jul 08 11:06:27 devstack devstack@g-api.service[76816]: DEBUG glance.api.middleware.version_negotiation [None req-016e126d-c491-4067-bcc9-95e4a6c85129 admin admin] Matched version: v2 {{(pid=76816) process_request /opt/stack/glance/glance/api/middleware/version_negotiation.py:69}}
Jul 08 11:06:27 devstack devstack@g-api.service[76816]: DEBUG glance.api.middleware.version_negotiation [None req-016e126d-c491-4067-bcc9-95e4a6c85129 admin admin] new path /v2/images/9c13436c-39fd-4e1e-9478-9ae05ec64994 {{(pid=76816) process_request /opt/stack/glance/glance/api/middleware/version_negotiation.py:70}}
Jul 08 11:06:27 devstack devstack@g-api.service[76816]: [pid: 76816|app: 0|req: 5/11] 127.0.0.1 () {36 vars in 802 bytes} [Wed Jul 8 11:06:27 2026] GET /v2/images/9c13436c-39fd-4e1e-9478-9ae05ec64994 => generated 976 bytes in 81 msecs (HTTP/1.1 200) 4 headers in 157 bytes (1 switches on core 0)
Jul 08 11:06:37 devstack devstack@g-api.service[76816]: DEBUG dbcounter [-] [76816] Writing DB stats glance:SELECT=4 {{(pid=76816) stat_writer /opt/stack/data/venv/lib/python3.12/site-packages/dbcounter.py:115}}
Jul 08 11:07:43 devstack devstack@g-api.service[76817]: DEBUG glance.api.middleware.version_negotiation [None req-e5baa2ac-12aa-4191-9cad-3012df67d348 admin admin] Determining version of request: GET / Accept: application/json {{(pid=76817) process_request /opt/stack/glance/glance/api/middleware/version_negotiation.py:44}}
Jul 08 11:07:43 devstack devstack@g-api.service[76817]: DEBUG glance.api.middleware.version_negotiation [None req-e5baa2ac-12aa-4191-9cad-3012df67d348 admin admin] Using url versioning {{(pid=76817) process_request /opt/stack/glance/glance/api/middleware/version_negotiation.py:57}}
Jul 08 11:07:43 devstack devstack@g-api.service[76817]: DEBUG glance.api.middleware.version_negotiation [None req-e5baa2ac-12aa-4191-9cad-3012df67d348 admin admin] Unknown version. Returning version choices. {{(pid=76817) process_request /opt/stack/glance/glance/api/middleware/version_negotiation.py:64}}
Jul 08 11:07:43 devstack devstack@g-api.service[76817]: [pid: 76817|app: 0|req: 7/12] 127.0.0.1 () {36 vars in 488 bytes} [Wed Jul 8 11:07:43 2026] GET / => generated 1571 bytes in 2 msecs (HTTP/1.1 300) 3 headers in 106 bytes (1 switches on core 0)
Jul 08 11:12:00 devstack devstack@g-api.service[76816]: DEBUG glance.api.middleware.version_negotiation [None req-623f164f-6488-4d4e-8dec-a65fe97d8b91 admin admin] Determining version of request: GET / Accept: application/json {{(pid=76816) process_request /opt/stack/glance/glance/api/middleware/version_negotiation.py:44}}
Jul 08 11:12:00 devstack devstack@g-api.service[76816]: DEBUG glance.api.middleware.version_negotiation [None req-623f164f-6488-4d4e-8dec-a65fe97d8b91 admin admin] Using url versioning {{(pid=76816) process_request /opt/stack/glance/glance/api/middleware/version_negotiation.py:57}}
Jul 08 11:12:00 devstack devstack@g-api.service[76816]: DEBUG glance.api.middleware.version_negotiation [None req-623f164f-6488-4d4e-8dec-a65fe97d8b91 admin admin] Unknown version. Returning version choices. {{(pid=76816) process_request /opt/stack/glance/glance/api/middleware/version_negotiation.py:64}}
Jul 08 11:12:00 devstack devstack@g-api.service[76816]: [pid: 76816|app: 0|req: 6/13] 127.0.0.1 () {34 vars in 505 bytes} [Wed Jul 8 11:12:00 2026] GET / => generated 1571 bytes in 15 msecs (HTTP/1.1 300) 3 headers in 106 bytes (1 switches on core 0)
Jul 08 11:12:00 devstack devstack@g-api.service[76817]: DEBUG glance.api.middleware.version_negotiation [None req-e5baa2ac-12aa-4191-9cad-3012df67d348 admin admin] Determining version of request: GET /v2/images/9c13436c-39fd-4e1e-9478-9ae05ec64994 Accept: */* {{(pid=76817) process_request /opt/stack/glance/glance/api/middleware/version_negotiation.py:44}}
Jul 08 11:12:00 devstack devstack@g-api.service[76817]: DEBUG glance.api.middleware.version_negotiation [None req-e5baa2ac-12aa-4191-9cad-3012df67d348 admin admin] Using url versioning {{(pid=76817) process_request /opt/stack/glance/glance/api/middleware/version_negotiation.py:57}}
Jul 08 11:12:00 devstack devstack@g-api.service[76817]: DEBUG glance.api.middleware.version_negotiation [None req-e5baa2ac-12aa-4191-9cad-3012df67d348 admin admin] Matched version: v2 {{(pid=76817) process_request /opt/stack/glance/glance/api/middleware/version_negotiation.py:69}}
Jul 08 11:12:00 devstack devstack@g-api.service[76817]: DEBUG glance.api.middleware.version_negotiation [None req-e5baa2ac-12aa-4191-9cad-3012df67d348 admin admin] new path /v2/images/9c13436c-39fd-4e1e-9478-9ae05ec64994 {{(pid=76817) process_request /opt/stack/glance/glance/api/middleware/version_negotiation.py:70}}
Jul 08 11:12:01 devstack devstack@g-api.service[76817]: [pid: 76817|app: 0|req: 8/14] 127.0.0.1 () {42 vars in 1061 bytes} [Wed Jul 8 11:12:00 2026] GET /v2/images/9c13436c-39fd-4e1e-9478-9ae05ec64994 => generated 976 bytes in 456 msecs (HTTP/1.1 200) 4 headers in 157 bytes (1 switches on core 0)
Jul 08 11:12:01 devstack devstack@g-api.service[76816]: DEBUG glance.api.middleware.version_negotiation [None req-623f164f-6488-4d4e-8dec-a65fe97d8b91 admin admin] Determining version of request: GET /v2/schemas/image Accept: */* {{(pid=76816) process_request /opt/stack/glance/glance/api/middleware/version_negotiation.py:44}}
Jul 08 11:12:01 devstack devstack@g-api.service[76816]: DEBUG glance.api.middleware.version_negotiation [None req-623f164f-6488-4d4e-8dec-a65fe97d8b91 admin admin] Using url versioning {{(pid=76816) process_request /opt/stack/glance/glance/api/middleware/version_negotiation.py:57}}
Jul 08 11:12:01 devstack devstack@g-api.service[76816]: DEBUG glance.api.middleware.version_negotiation [None req-623f164f-6488-4d4e-8dec-a65fe97d8b91 admin admin] Matched version: v2 {{(pid=76816) process_request /opt/stack/glance/glance/api/middleware/version_negotiation.py:69}}
Jul 08 11:12:01 devstack devstack@g-api.service[76816]: DEBUG glance.api.middleware.version_negotiation [None req-623f164f-6488-4d4e-8dec-a65fe97d8b91 admin admin] new path /v2/schemas/image {{(pid=76816) process_request /opt/stack/glance/glance/api/middleware/version_negotiation.py:70}}
Jul 08 11:12:01 devstack devstack@g-api.service[76816]: [pid: 76816|app: 0|req: 7/15] 127.0.0.1 () {42 vars in 1001 bytes} [Wed Jul 8 11:12:01 2026] GET /v2/schemas/image => generated 6083 bytes in 15 msecs (HTTP/1.1 200) 4 headers in 158 bytes (1 switches on core 0)
Jul 08 11:12:09 devstack devstack@g-api.service[76817]: DEBUG glance.api.middleware.version_negotiation [None req-31619d08-3d78-4670-bd13-e2a57f13c6ba tempest-ServerRescueNegativeTestJSON-1641960888 tempest-ServerRescueNegativeTestJSON-1641960888-project-member] Determining version of request: GET /v2/images/9c13436c-39fd-4e1e-9478-9ae05ec64994 Accept: */* {{(pid=76817) process_request /opt/stack/glance/glance/api/middleware/version_negotiation.py:44}}
Jul 08 11:12:09 devstack devstack@g-api.service[76817]: DEBUG glance.api.middleware.version_negotiation [None req-31619d08-3d78-4670-bd13-e2a57f13c6ba tempest-ServerRescueNegativeTestJSON-1641960888 tempest-ServerRescueNegativeTestJSON-1641960888-project-member] Using url versioning {{(pid=76817) process_request /opt/stack/glance/glance/api/middleware/version_negotiation.py:57}}
Jul 08 11:12:09 devstack devstack@g-api.service[76817]: DEBUG glance.api.middleware.version_negotiation [None req-31619d08-3d78-4670-bd13-e2a57f13c6ba tempest-ServerRescueNegativeTestJSON-1641960888 tempest-ServerRescueNegativeTestJSON-1641960888-project-member] Matched version: v2 {{(pid=76817) process_request /opt/stack/glance/glance/api/middleware/version_negotiation.py:69}}
Jul 08 11:12:09 devstack devstack@g-api.service[76817]: DEBUG glance.api.middleware.version_negotiation [None req-31619d08-3d78-4670-bd13-e2a57f13c6ba tempest-ServerRescueNegativeTestJSON-1641960888 tempest-ServerRescueNegativeTestJSON-1641960888-project-member] new path /v2/images/9c13436c-39fd-4e1e-9478-9ae05ec64994 {{(pid=76817) process_request /opt/stack/glance/glance/api/middleware/version_negotiation.py:70}}
Jul 08 11:12:09 devstack devstack@g-api.service[76817]: [pid: 76817|app: 0|req: 9/16] 127.0.0.1 () {42 vars in 1061 bytes} [Wed Jul 8 11:12:09 2026] GET /v2/images/9c13436c-39fd-4e1e-9478-9ae05ec64994 => generated 976 bytes in 35 msecs (HTTP/1.1 200) 4 headers in 157 bytes (1 switches on core 0)
Jul 08 11:12:09 devstack devstack@g-api.service[76816]: DEBUG glance.api.middleware.version_negotiation [None req-31619d08-3d78-4670-bd13-e2a57f13c6ba tempest-ServerRescueNegativeTestJSON-1641960888 tempest-ServerRescueNegativeTestJSON-1641960888-project-member] Determining version of request: GET /v2/schemas/image Accept: */* {{(pid=76816) process_request /opt/stack/glance/glance/api/middleware/version_negotiation.py:44}}
Jul 08 11:12:09 devstack devstack@g-api.service[76816]: DEBUG glance.api.middleware.version_negotiation [None req-31619d08-3d78-4670-bd13-e2a57f13c6ba tempest-ServerRescueNegativeTestJSON-1641960888 tempest-ServerRescueNegativeTestJSON-1641960888-project-member] Using url versioning {{(pid=76816) process_request /opt/stack/glance/glance/api/middleware/version_negotiation.py:57}}
Jul 08 11:12:09 devstack devstack@g-api.service[76816]: DEBUG glance.api.middleware.version_negotiation [None req-31619d08-3d78-4670-bd13-e2a57f13c6ba tempest-ServerRescueNegativeTestJSON-1641960888 tempest-ServerRescueNegativeTestJSON-1641960888-project-member] Matched version: v2 {{(pid=76816) process_request /opt/stack/glance/glance/api/middleware/version_negotiation.py:69}}
Jul 08 11:12:09 devstack devstack@g-api.service[76816]: DEBUG glance.api.middleware.version_negotiation [None req-31619d08-3d78-4670-bd13-e2a57f13c6ba tempest-ServerRescueNegativeTestJSON-1641960888 tempest-ServerRescueNegativeTestJSON-1641960888-project-member] new path /v2/schemas/image {{(pid=76816) process_request /opt/stack/glance/glance/api/middleware/version_negotiation.py:70}}
Jul 08 11:12:09 devstack devstack@g-api.service[76816]: [pid: 76816|app: 0|req: 8/17] 127.0.0.1 () {42 vars in 1001 bytes} [Wed Jul 8 11:12:09 2026] GET /v2/schemas/image => generated 6083 bytes in 18 msecs (HTTP/1.1 200) 4 headers in 158 bytes (1 switches on core 0)
Jul 08 11:12:10 devstack devstack@g-api.service[76817]: DEBUG glance.api.middleware.version_negotiation [None req-95101a1c-b699-428d-9bda-f0453d93814f tempest-ServerActionsTestOtherA-605180411 tempest-ServerActionsTestOtherA-605180411-project-member] Determining version of request: GET / Accept: application/json {{(pid=76817) process_request /opt/stack/glance/glance/api/middleware/version_negotiation.py:44}}
Jul 08 11:12:10 devstack devstack@g-api.service[76817]: DEBUG glance.api.middleware.version_negotiation [None req-95101a1c-b699-428d-9bda-f0453d93814f tempest-ServerActionsTestOtherA-605180411 tempest-ServerActionsTestOtherA-605180411-project-member] Using url versioning {{(pid=76817) process_request /opt/stack/glance/glance/api/middleware/version_negotiation.py:57}}
Jul 08 11:12:10 devstack devstack@g-api.service[76817]: DEBUG glance.api.middleware.version_negotiation [None req-95101a1c-b699-428d-9bda-f0453d93814f tempest-ServerActionsTestOtherA-605180411 tempest-ServerActionsTestOtherA-605180411-project-member] Unknown version. Returning version choices. {{(pid=76817) process_request /opt/stack/glance/glance/api/middleware/version_negotiation.py:64}}
Jul 08 11:12:10 devstack devstack@g-api.service[76817]: [pid: 76817|app: 0|req: 10/18] 127.0.0.1 () {34 vars in 505 bytes} [Wed Jul 8 11:12:10 2026] GET / => generated 1571 bytes in 3 msecs (HTTP/1.1 300) 3 headers in 106 bytes (1 switches on core 0)
Jul 08 11:12:10 devstack devstack@g-api.service[76816]: DEBUG glance.api.middleware.version_negotiation [None req-95101a1c-b699-428d-9bda-f0453d93814f tempest-ServerActionsTestOtherA-605180411 tempest-ServerActionsTestOtherA-605180411-project-member] Determining version of request: GET /v2/images/9c13436c-39fd-4e1e-9478-9ae05ec64994 Accept: */* {{(pid=76816) process_request /opt/stack/glance/glance/api/middleware/version_negotiation.py:44}}
Jul 08 11:12:10 devstack devstack@g-api.service[76816]: DEBUG glance.api.middleware.version_negotiation [None req-95101a1c-b699-428d-9bda-f0453d93814f tempest-ServerActionsTestOtherA-605180411 tempest-ServerActionsTestOtherA-605180411-project-member] Using url versioning {{(pid=76816) process_request /opt/stack/glance/glance/api/middleware/version_negotiation.py:57}}
Jul 08 11:12:10 devstack devstack@g-api.service[76816]: DEBUG glance.api.middleware.version_negotiation [None req-95101a1c-b699-428d-9bda-f0453d93814f tempest-ServerActionsTestOtherA-605180411 tempest-ServerActionsTestOtherA-605180411-project-member] Matched version: v2 {{(pid=76816) process_request /opt/stack/glance/glance/api/middleware/version_negotiation.py:69}}
Jul 08 11:12:10 devstack devstack@g-api.service[76816]: DEBUG glance.api.middleware.version_negotiation [None req-95101a1c-b699-428d-9bda-f0453d93814f tempest-ServerActionsTestOtherA-605180411 tempest-ServerActionsTestOtherA-605180411-project-member] new path /v2/images/9c13436c-39fd-4e1e-9478-9ae05ec64994 {{(pid=76816) process_request /opt/stack/glance/glance/api/middleware/version_negotiation.py:70}}
Jul 08 11:12:10 devstack devstack@g-api.service[76816]: [pid: 76816|app: 0|req: 9/19] 127.0.0.1 () {42 vars in 1061 bytes} [Wed Jul 8 11:12:10 2026] GET /v2/images/9c13436c-39fd-4e1e-9478-9ae05ec64994 => generated 976 bytes in 33 msecs (HTTP/1.1 200) 4 headers in 157 bytes (1 switches on core 0)
Jul 08 11:12:10 devstack devstack@g-api.service[76817]: DEBUG glance.api.middleware.version_negotiation [None req-95101a1c-b699-428d-9bda-f0453d93814f tempest-ServerActionsTestOtherA-605180411 tempest-ServerActionsTestOtherA-605180411-project-member] Determining version of request: GET /v2/schemas/image Accept: */* {{(pid=76817) process_request /opt/stack/glance/glance/api/middleware/version_negotiation.py:44}}
Jul 08 11:12:10 devstack devstack@g-api.service[76817]: DEBUG glance.api.middleware.version_negotiation [None req-95101a1c-b699-428d-9bda-f0453d93814f tempest-ServerActionsTestOtherA-605180411 tempest-ServerActionsTestOtherA-605180411-project-member] Using url versioning {{(pid=76817) process_request /opt/stack/glance/glance/api/middleware/version_negotiation.py:57}}
Jul 08 11:12:10 devstack devstack@g-api.service[76817]: DEBUG glance.api.middleware.version_negotiation [None req-95101a1c-b699-428d-9bda-f0453d93814f tempest-ServerActionsTestOtherA-605180411 tempest-ServerActionsTestOtherA-605180411-project-member] Matched version: v2 {{(pid=76817) process_request /opt/stack/glance/glance/api/middleware/version_negotiation.py:69}}
Jul 08 11:12:10 devstack devstack@g-api.service[76817]: DEBUG glance.api.middleware.version_negotiation [None req-95101a1c-b699-428d-9bda-f0453d93814f tempest-ServerActionsTestOtherA-605180411 tempest-ServerActionsTestOtherA-605180411-project-member] new path /v2/schemas/image {{(pid=76817) process_request /opt/stack/glance/glance/api/middleware/version_negotiation.py:70}}
Jul 08 11:12:10 devstack devstack@g-api.service[76817]: [pid: 76817|app: 0|req: 11/20] 127.0.0.1 () {42 vars in 1001 bytes} [Wed Jul 8 11:12:10 2026] GET /v2/schemas/image => generated 6083 bytes in 8 msecs (HTTP/1.1 200) 4 headers in 158 bytes (1 switches on core 0)
Jul 08 11:12:15 devstack devstack@g-api.service[76816]: DEBUG glance.api.middleware.version_negotiation [None req-0975e475-c6fd-4d0a-a64a-83684bff2f89 tempest-ServerRescueNegativeTestJSON-1641960888 tempest-ServerRescueNegativeTestJSON-1641960888-project-member] Determining version of request: GET /v2/images/9c13436c-39fd-4e1e-9478-9ae05ec64994 Accept: */* {{(pid=76816) process_request /opt/stack/glance/glance/api/middleware/version_negotiation.py:44}}
Jul 08 11:12:15 devstack devstack@g-api.service[76816]: DEBUG glance.api.middleware.version_negotiation [None req-0975e475-c6fd-4d0a-a64a-83684bff2f89 tempest-ServerRescueNegativeTestJSON-1641960888 tempest-ServerRescueNegativeTestJSON-1641960888-project-member] Using url versioning {{(pid=76816) process_request /opt/stack/glance/glance/api/middleware/version_negotiation.py:57}}
Jul 08 11:12:15 devstack devstack@g-api.service[76816]: DEBUG glance.api.middleware.version_negotiation [None req-0975e475-c6fd-4d0a-a64a-83684bff2f89 tempest-ServerRescueNegativeTestJSON-1641960888 tempest-ServerRescueNegativeTestJSON-1641960888-project-member] Matched version: v2 {{(pid=76816) process_request /opt/stack/glance/glance/api/middleware/version_negotiation.py:69}}
Jul 08 11:12:15 devstack devstack@g-api.service[76816]: DEBUG glance.api.middleware.version_negotiation [None req-0975e475-c6fd-4d0a-a64a-83684bff2f89 tempest-ServerRescueNegativeTestJSON-1641960888 tempest-ServerRescueNegativeTestJSON-1641960888-project-member] new path /v2/images/9c13436c-39fd-4e1e-9478-9ae05ec64994 {{(pid=76816) process_request /opt/stack/glance/glance/api/middleware/version_negotiation.py:70}}
Jul 08 11:12:15 devstack devstack@g-api.service[76816]: [pid: 76816|app: 0|req: 10/21] 127.0.0.1 () {42 vars in 1061 bytes} [Wed Jul 8 11:12:15 2026] GET /v2/images/9c13436c-39fd-4e1e-9478-9ae05ec64994 => generated 976 bytes in 63 msecs (HTTP/1.1 200) 4 headers in 157 bytes (1 switches on core 0)
Jul 08 11:12:15 devstack devstack@g-api.service[76817]: DEBUG glance.api.middleware.version_negotiation [None req-0975e475-c6fd-4d0a-a64a-83684bff2f89 tempest-ServerRescueNegativeTestJSON-1641960888 tempest-ServerRescueNegativeTestJSON-1641960888-project-member] Determining version of request: GET /v2/schemas/image Accept: */* {{(pid=76817) process_request /opt/stack/glance/glance/api/middleware/version_negotiation.py:44}}
Jul 08 11:12:15 devstack devstack@g-api.service[76817]: DEBUG glance.api.middleware.version_negotiation [None req-0975e475-c6fd-4d0a-a64a-83684bff2f89 tempest-ServerRescueNegativeTestJSON-1641960888 tempest-ServerRescueNegativeTestJSON-1641960888-project-member] Using url versioning {{(pid=76817) process_request /opt/stack/glance/glance/api/middleware/version_negotiation.py:57}}
Jul 08 11:12:15 devstack devstack@g-api.service[76817]: DEBUG glance.api.middleware.version_negotiation [None req-0975e475-c6fd-4d0a-a64a-83684bff2f89 tempest-ServerRescueNegativeTestJSON-1641960888 tempest-ServerRescueNegativeTestJSON-1641960888-project-member] Matched version: v2 {{(pid=76817) process_request /opt/stack/glance/glance/api/middleware/version_negotiation.py:69}}
Jul 08 11:12:15 devstack devstack@g-api.service[76817]: DEBUG glance.api.middleware.version_negotiation [None req-0975e475-c6fd-4d0a-a64a-83684bff2f89 tempest-ServerRescueNegativeTestJSON-1641960888 tempest-ServerRescueNegativeTestJSON-1641960888-project-member] new path /v2/schemas/image {{(pid=76817) process_request /opt/stack/glance/glance/api/middleware/version_negotiation.py:70}}
Jul 08 11:12:15 devstack devstack@g-api.service[76817]: [pid: 76817|app: 0|req: 12/22] 127.0.0.1 () {42 vars in 1001 bytes} [Wed Jul 8 11:12:15 2026] GET /v2/schemas/image => generated 6083 bytes in 10 msecs (HTTP/1.1 200) 4 headers in 158 bytes (1 switches on core 0)
Jul 08 11:12:15 devstack devstack@g-api.service[76816]: DEBUG glance.api.middleware.version_negotiation [None req-dd1bd884-4153-41c5-85b9-ec480c019784 tempest-AttachVolumeTestJSON-1835886493 tempest-AttachVolumeTestJSON-1835886493-project-member] Determining version of request: GET /v2/images/9c13436c-39fd-4e1e-9478-9ae05ec64994 Accept: */* {{(pid=76816) process_request /opt/stack/glance/glance/api/middleware/version_negotiation.py:44}}
Jul 08 11:12:15 devstack devstack@g-api.service[76816]: DEBUG glance.api.middleware.version_negotiation [None req-dd1bd884-4153-41c5-85b9-ec480c019784 tempest-AttachVolumeTestJSON-1835886493 tempest-AttachVolumeTestJSON-1835886493-project-member] Using url versioning {{(pid=76816) process_request /opt/stack/glance/glance/api/middleware/version_negotiation.py:57}}
Jul 08 11:12:15 devstack devstack@g-api.service[76816]: DEBUG glance.api.middleware.version_negotiation [None req-dd1bd884-4153-41c5-85b9-ec480c019784 tempest-AttachVolumeTestJSON-1835886493 tempest-AttachVolumeTestJSON-1835886493-project-member] Matched version: v2 {{(pid=76816) process_request /opt/stack/glance/glance/api/middleware/version_negotiation.py:69}}
Jul 08 11:12:15 devstack devstack@g-api.service[76816]: DEBUG glance.api.middleware.version_negotiation [None req-dd1bd884-4153-41c5-85b9-ec480c019784 tempest-AttachVolumeTestJSON-1835886493 tempest-AttachVolumeTestJSON-1835886493-project-member] new path /v2/images/9c13436c-39fd-4e1e-9478-9ae05ec64994 {{(pid=76816) process_request /opt/stack/glance/glance/api/middleware/version_negotiation.py:70}}
Jul 08 11:12:15 devstack devstack@g-api.service[76816]: [pid: 76816|app: 0|req: 11/23] 127.0.0.1 () {42 vars in 1061 bytes} [Wed Jul 8 11:12:15 2026] GET /v2/images/9c13436c-39fd-4e1e-9478-9ae05ec64994 => generated 976 bytes in 65 msecs (HTTP/1.1 200) 4 headers in 157 bytes (1 switches on core 0)
Jul 08 11:12:15 devstack devstack@g-api.service[76817]: DEBUG glance.api.middleware.version_negotiation [None req-dd1bd884-4153-41c5-85b9-ec480c019784 tempest-AttachVolumeTestJSON-1835886493 tempest-AttachVolumeTestJSON-1835886493-project-member] Determining version of request: GET /v2/images/9c13436c-39fd-4e1e-9478-9ae05ec64994/file Accept: */* {{(pid=76817) process_request /opt/stack/glance/glance/api/middleware/version_negotiation.py:44}}
Jul 08 11:12:15 devstack devstack@g-api.service[76817]: DEBUG glance.api.middleware.version_negotiation [None req-dd1bd884-4153-41c5-85b9-ec480c019784 tempest-AttachVolumeTestJSON-1835886493 tempest-AttachVolumeTestJSON-1835886493-project-member] Using url versioning {{(pid=76817) process_request /opt/stack/glance/glance/api/middleware/version_negotiation.py:57}}
Jul 08 11:12:15 devstack devstack@g-api.service[76817]: DEBUG glance.api.middleware.version_negotiation [None req-dd1bd884-4153-41c5-85b9-ec480c019784 tempest-AttachVolumeTestJSON-1835886493 tempest-AttachVolumeTestJSON-1835886493-project-member] Matched version: v2 {{(pid=76817) process_request /opt/stack/glance/glance/api/middleware/version_negotiation.py:69}}
Jul 08 11:12:15 devstack devstack@g-api.service[76817]: DEBUG glance.api.middleware.version_negotiation [None req-dd1bd884-4153-41c5-85b9-ec480c019784 tempest-AttachVolumeTestJSON-1835886493 tempest-AttachVolumeTestJSON-1835886493-project-member] new path /v2/images/9c13436c-39fd-4e1e-9478-9ae05ec64994/file {{(pid=76817) process_request /opt/stack/glance/glance/api/middleware/version_negotiation.py:70}}
Jul 08 11:12:15 devstack devstack@g-api.service[76817]: DEBUG glance_store._drivers.filesystem [None req-31619d08-3d78-4670-bd13-e2a57f13c6ba tempest-ServerRescueNegativeTestJSON-1641960888 tempest-ServerRescueNegativeTestJSON-1641960888-project-member] Found image at /opt/stack/data/glance/images/9c13436c-39fd-4e1e-9478-9ae05ec64994. Returning in ChunkedFile. {{(pid=76817) get /opt/stack/data/venv/lib/python3.12/site-packages/glance_store/_drivers/filesystem.py:724}}
Jul 08 11:12:15 devstack devstack@g-api.service[76817]: DEBUG glance.image_cache [None req-31619d08-3d78-4670-bd13-e2a57f13c6ba tempest-ServerRescueNegativeTestJSON-1641960888 tempest-ServerRescueNegativeTestJSON-1641960888-project-member] Tee'ing image '9c13436c-39fd-4e1e-9478-9ae05ec64994' into cache {{(pid=76817) get_caching_iter /opt/stack/glance/glance/image_cache/__init__.py:356}}
Jul 08 11:12:16 devstack devstack@g-api.service[76817]: DEBUG glance.image_cache.drivers.centralized_db [None req-31619d08-3d78-4670-bd13-e2a57f13c6ba tempest-ServerRescueNegativeTestJSON-1641960888 tempest-ServerRescueNegativeTestJSON-1641960888-project-member] Fetch finished, moving '/opt/stack/data/glance/cache/incomplete/9c13436c-39fd-4e1e-9478-9ae05ec64994' to '/opt/stack/data/glance/cache/9c13436c-39fd-4e1e-9478-9ae05ec64994' {{(pid=76817) commit /opt/stack/glance/glance/image_cache/drivers/centralized_db.py:243}}
Jul 08 11:12:16 devstack devstack@g-api.service[76817]: DEBUG glance.image_cache.drivers.centralized_db [None req-31619d08-3d78-4670-bd13-e2a57f13c6ba tempest-ServerRescueNegativeTestJSON-1641960888 tempest-ServerRescueNegativeTestJSON-1641960888-project-member] Image cached successfully. {{(pid=76817) commit /opt/stack/glance/glance/image_cache/drivers/centralized_db.py:258}}
Jul 08 11:12:16 devstack devstack@g-api.service[76817]: [pid: 76817|app: 0|req: 13/24] 127.0.0.1 () {42 vars in 1071 bytes} [Wed Jul 8 11:12:15 2026] GET /v2/images/9c13436c-39fd-4e1e-9478-9ae05ec64994/file => generated 21692416 bytes in 840 msecs (HTTP/1.1 200) 4 headers in 191 bytes (338 switches on core 0)
Jul 08 11:12:17 devstack devstack@g-api.service[76816]: DEBUG glance.api.middleware.version_negotiation [None req-31619d08-3d78-4670-bd13-e2a57f13c6ba tempest-ServerRescueNegativeTestJSON-1641960888 tempest-ServerRescueNegativeTestJSON-1641960888-project-member] Determining version of request: GET /v2/images/9c13436c-39fd-4e1e-9478-9ae05ec64994 Accept: */* {{(pid=76816) process_request /opt/stack/glance/glance/api/middleware/version_negotiation.py:44}}
