Aug 27 15:00:51 devstack devstack@c-api.service[73432]: WARNING castellan.key_manager [None req-6a164224-6504-4252-9d75-510a417f25e8 None None] Deprecation Warning : cinder.keymgr.conf_key_mgr.ConfKeyManager is not a stevedore based driver, trying to load it as a class: stevedore.exception.NoMatches: No 'castellan.drivers' driver found, looking for 'cinder.keymgr.conf_key_mgr.ConfKeyManager'
Aug 27 15:00:51 devstack devstack@c-api.service[73433]: DEBUG cinder.api.v3.router [None req-4269aede-492a-4ce8-93a7-aa3bad2fa831 None None] Extended resource: capabilities {{(pid=73433) _setup_ext_routes /opt/stack/cinder/cinder/api/v3/router.py:122}}
Aug 27 15:00:51 devstack devstack@c-api.service[73432]: WARNING stevedore.named [None req-6a164224-6504-4252-9d75-510a417f25e8 None None] Could not load cinder.keymgr.conf_key_mgr.ConfKeyManager
Aug 27 15:00:51 devstack devstack@c-api.service[73432]: WARNING castellan.key_manager [None req-6a164224-6504-4252-9d75-510a417f25e8 None None] Deprecation Warning : cinder.keymgr.conf_key_mgr.ConfKeyManager is not a stevedore based driver, trying to load it as a class: stevedore.exception.NoMatches: No 'castellan.drivers' driver found, looking for 'cinder.keymgr.conf_key_mgr.ConfKeyManager'
Aug 27 15:00:51 devstack devstack@c-api.service[73433]: DEBUG cinder.api.v3.router [None req-4269aede-492a-4ce8-93a7-aa3bad2fa831 None None] Extended resource: encryption {{(pid=73433) _setup_ext_routes /opt/stack/cinder/cinder/api/v3/router.py:122}}
Aug 27 15:00:51 devstack devstack@c-api.service[73432]: WARNING stevedore.named [None req-6a164224-6504-4252-9d75-510a417f25e8 None None] Could not load cinder.keymgr.conf_key_mgr.ConfKeyManager
Aug 27 15:00:51 devstack devstack@c-api.service[73432]: WARNING castellan.key_manager [None req-6a164224-6504-4252-9d75-510a417f25e8 None None] Deprecation Warning : cinder.keymgr.conf_key_mgr.ConfKeyManager is not a stevedore based driver, trying to load it as a class: stevedore.exception.NoMatches: No 'castellan.drivers' driver found, looking for 'cinder.keymgr.conf_key_mgr.ConfKeyManager'
Aug 27 15:00:51 devstack devstack@c-api.service[73433]: DEBUG cinder.api.v3.router [None req-4269aede-492a-4ce8-93a7-aa3bad2fa831 None None] Extended resource: scheduler-stats {{(pid=73433) _setup_ext_routes /opt/stack/cinder/cinder/api/v3/router.py:122}}
Aug 27 15:00:51 devstack devstack@c-api.service[73432]: WARNING stevedore.named [None req-6a164224-6504-4252-9d75-510a417f25e8 None None] Could not load cinder.keymgr.conf_key_mgr.ConfKeyManager
Aug 27 15:00:51 devstack devstack@c-api.service[73432]: WARNING castellan.key_manager [None req-6a164224-6504-4252-9d75-510a417f25e8 None None] Deprecation Warning : cinder.keymgr.conf_key_mgr.ConfKeyManager is not a stevedore based driver, trying to load it as a class: stevedore.exception.NoMatches: No 'castellan.drivers' driver found, looking for 'cinder.keymgr.conf_key_mgr.ConfKeyManager'
Aug 27 15:00:51 devstack devstack@c-api.service[73433]: DEBUG cinder.api.v3.router [None req-4269aede-492a-4ce8-93a7-aa3bad2fa831 None None] Extended resource: os-quota-sets {{(pid=73433) _setup_ext_routes /opt/stack/cinder/cinder/api/v3/router.py:122}}
Aug 27 15:00:51 devstack devstack@c-api.service[73432]: WARNING stevedore.named [None req-6a164224-6504-4252-9d75-510a417f25e8 None None] Could not load cinder.keymgr.conf_key_mgr.ConfKeyManager
Aug 27 15:00:51 devstack devstack@c-api.service[73432]: WARNING castellan.key_manager [None req-6a164224-6504-4252-9d75-510a417f25e8 None None] Deprecation Warning : cinder.keymgr.conf_key_mgr.ConfKeyManager is not a stevedore based driver, trying to load it as a class: stevedore.exception.NoMatches: No 'castellan.drivers' driver found, looking for 'cinder.keymgr.conf_key_mgr.ConfKeyManager'
Aug 27 15:00:51 devstack devstack@c-api.service[73433]: DEBUG cinder.api.v3.router [None req-4269aede-492a-4ce8-93a7-aa3bad2fa831 None None] Extended resource: os-availability-zone {{(pid=73433) _setup_ext_routes /opt/stack/cinder/cinder/api/v3/router.py:122}}
Aug 27 15:00:51 devstack devstack@c-api.service[73432]: WARNING stevedore.named [None req-6a164224-6504-4252-9d75-510a417f25e8 None None] Could not load cinder.keymgr.conf_key_mgr.ConfKeyManager
Aug 27 15:00:51 devstack devstack@c-api.service[73432]: WARNING castellan.key_manager [None req-6a164224-6504-4252-9d75-510a417f25e8 None None] Deprecation Warning : cinder.keymgr.conf_key_mgr.ConfKeyManager is not a stevedore based driver, trying to load it as a class: stevedore.exception.NoMatches: No 'castellan.drivers' driver found, looking for 'cinder.keymgr.conf_key_mgr.ConfKeyManager'
Aug 27 15:00:51 devstack devstack@c-api.service[73433]: DEBUG cinder.api.v3.router [None req-4269aede-492a-4ce8-93a7-aa3bad2fa831 None None] Extended resource: qos-specs {{(pid=73433) _setup_ext_routes /opt/stack/cinder/cinder/api/v3/router.py:122}}
Aug 27 15:00:51 devstack devstack@c-api.service[73432]: DEBUG cinder.api.contrib.snapshot_actions [None req-6a164224-6504-4252-9d75-510a417f25e8 None None] SnapshotActionsController initialized {{(pid=73432) __init__ /opt/stack/cinder/cinder/api/contrib/snapshot_actions.py:33}}
Aug 27 15:00:51 devstack devstack@c-api.service[73432]: DEBUG cinder.api.v3.router [None req-6a164224-6504-4252-9d75-510a417f25e8 None None] Extension VolumeHostAttribute extending resource: volumes {{(pid=73432) _setup_extensions /opt/stack/cinder/cinder/api/v3/router.py:155}}
Aug 27 15:00:51 devstack devstack@c-api.service[73432]: DEBUG cinder.api.v3.router [None req-6a164224-6504-4252-9d75-510a417f25e8 None None] Extension AdminActions extending resource: volumes {{(pid=73432) _setup_extensions /opt/stack/cinder/cinder/api/v3/router.py:155}}
Aug 27 15:00:51 devstack devstack@c-api.service[73432]: DEBUG cinder.api.v3.router [None req-6a164224-6504-4252-9d75-510a417f25e8 None None] Extension AdminActions extending resource: snapshots {{(pid=73432) _setup_extensions /opt/stack/cinder/cinder/api/v3/router.py:155}}
Aug 27 15:00:51 devstack devstack@c-api.service[73432]: DEBUG cinder.api.v3.router [None req-6a164224-6504-4252-9d75-510a417f25e8 None None] Extension AdminActions extending resource: backups {{(pid=73432) _setup_extensions /opt/stack/cinder/cinder/api/v3/router.py:155}}
Aug 27 15:00:51 devstack devstack@c-api.service[73432]: DEBUG cinder.api.v3.router [None req-6a164224-6504-4252-9d75-510a417f25e8 None None] Extension VolumeTypeEncryption extending resource: types {{(pid=73432) _setup_extensions /opt/stack/cinder/cinder/api/v3/router.py:155}}
Aug 27 15:00:51 devstack devstack@c-api.service[73432]: DEBUG cinder.api.v3.router [None req-6a164224-6504-4252-9d75-510a417f25e8 None None] Extension VolumeTenantAttribute extending resource: volumes {{(pid=73432) _setup_extensions /opt/stack/cinder/cinder/api/v3/router.py:155}}
Aug 27 15:00:51 devstack devstack@c-api.service[73433]: DEBUG cinder.api.v3.router [None req-4269aede-492a-4ce8-93a7-aa3bad2fa831 None None] Extended resource: extra_specs {{(pid=73433) _setup_ext_routes /opt/stack/cinder/cinder/api/v3/router.py:122}}
Aug 27 15:00:51 devstack devstack@c-api.service[73432]: DEBUG cinder.api.v3.router [None req-6a164224-6504-4252-9d75-510a417f25e8 None None] Extension VolumeActions extending resource: volumes {{(pid=73432) _setup_extensions /opt/stack/cinder/cinder/api/v3/router.py:155}}
Aug 27 15:00:51 devstack devstack@c-api.service[73432]: DEBUG cinder.api.v3.router [None req-6a164224-6504-4252-9d75-510a417f25e8 None None] Extension ExtendedSnapshotAttributes extending resource: snapshots {{(pid=73432) _setup_extensions /opt/stack/cinder/cinder/api/v3/router.py:155}}
Aug 27 15:00:51 devstack devstack@c-api.service[73432]: DEBUG cinder.api.v3.router [None req-6a164224-6504-4252-9d75-510a417f25e8 None None] Extension VolumeUnmanage extending resource: volumes {{(pid=73432) _setup_extensions /opt/stack/cinder/cinder/api/v3/router.py:155}}
Aug 27 15:00:51 devstack devstack@c-api.service[73432]: DEBUG cinder.api.v3.router [None req-6a164224-6504-4252-9d75-510a417f25e8 None None] Extension VolumeImageMetadata extending resource: volumes {{(pid=73432) _setup_extensions /opt/stack/cinder/cinder/api/v3/router.py:155}}
Aug 27 15:00:51 devstack devstack@c-api.service[73432]: DEBUG cinder.api.v3.router [None req-6a164224-6504-4252-9d75-510a417f25e8 None None] Extension UsedLimits extending resource: limits {{(pid=73432) _setup_extensions /opt/stack/cinder/cinder/api/v3/router.py:155}}
Aug 27 15:00:51 devstack devstack@c-api.service[73433]: DEBUG cinder.api.v3.router [None req-4269aede-492a-4ce8-93a7-aa3bad2fa831 None None] Extended resource: backups {{(pid=73433) _setup_ext_routes /opt/stack/cinder/cinder/api/v3/router.py:122}}
Aug 27 15:00:51 devstack devstack@c-api.service[73432]: DEBUG cinder.api.v3.router [None req-6a164224-6504-4252-9d75-510a417f25e8 None None] Extension SnapshotUnmanage extending resource: snapshots {{(pid=73432) _setup_extensions /opt/stack/cinder/cinder/api/v3/router.py:155}}
Aug 27 15:00:51 devstack devstack@c-api.service[73432]: DEBUG cinder.api.v3.router [None req-6a164224-6504-4252-9d75-510a417f25e8 None None] Extension TypesManage extending resource: types {{(pid=73432) _setup_extensions /opt/stack/cinder/cinder/api/v3/router.py:155}}
Aug 27 15:00:51 devstack devstack@c-api.service[73432]: DEBUG cinder.api.v3.router [None req-6a164224-6504-4252-9d75-510a417f25e8 None None] Extension VolumeMigStatusAttribute extending resource: volumes {{(pid=73432) _setup_extensions /opt/stack/cinder/cinder/api/v3/router.py:155}}
Aug 27 15:00:51 devstack devstack@c-api.service[73432]: DEBUG cinder.api.v3.router [None req-6a164224-6504-4252-9d75-510a417f25e8 None None] Extension SnapshotActions extending resource: snapshots {{(pid=73432) _setup_extensions /opt/stack/cinder/cinder/api/v3/router.py:155}}
Aug 27 15:00:51 devstack devstack@c-api.service[73432]: DEBUG cinder.api.v3.router [None req-6a164224-6504-4252-9d75-510a417f25e8 None None] Extension VolumeTypeAccess extending resource: types {{(pid=73432) _setup_extensions /opt/stack/cinder/cinder/api/v3/router.py:155}}
Aug 27 15:00:51 devstack devstack@c-api.service[73433]: DEBUG cinder.api.v3.router [None req-4269aede-492a-4ce8-93a7-aa3bad2fa831 None None] Extended resource: encryption {{(pid=73433) _setup_ext_routes /opt/stack/cinder/cinder/api/v3/router.py:122}}
Aug 27 15:00:51 devstack devstack@c-api.service[73433]: DEBUG cinder.api.v3.router [None req-4269aede-492a-4ce8-93a7-aa3bad2fa831 None None] Extended resource: cgsnapshots {{(pid=73433) _setup_ext_routes /opt/stack/cinder/cinder/api/v3/router.py:122}}
Aug 27 15:00:51 devstack devstack@c-api.service[73433]: DEBUG cinder.api.v3.router [None req-4269aede-492a-4ce8-93a7-aa3bad2fa831 None None] Extended resource: os-volume-type-access {{(pid=73433) _setup_ext_routes /opt/stack/cinder/cinder/api/v3/router.py:122}}
Aug 27 15:00:51 devstack devstack@c-api.service[73433]: DEBUG cinder.api.v3.router [None req-4269aede-492a-4ce8-93a7-aa3bad2fa831 None None] Extended resource: consistencygroups {{(pid=73433) _setup_ext_routes /opt/stack/cinder/cinder/api/v3/router.py:122}}
Aug 27 15:00:51 devstack devstack@c-api.service[73433]: DEBUG cinder.api.v3.router [None req-4269aede-492a-4ce8-93a7-aa3bad2fa831 None None] Extended resource: os-volume-transfer {{(pid=73433) _setup_ext_routes /opt/stack/cinder/cinder/api/v3/router.py:122}}
Aug 27 15:00:51 devstack devstack@c-api.service[73432]: WSGI app 0 (mountpoint='') ready in 5 seconds on interpreter 0x70bd056a4668 pid: 73432 (default app)
Aug 27 15:00:51 devstack devstack@c-api.service[73433]: DEBUG cinder.api.v3.router [None req-4269aede-492a-4ce8-93a7-aa3bad2fa831 None None] Extended resource: os-snapshot-manage {{(pid=73433) _setup_ext_routes /opt/stack/cinder/cinder/api/v3/router.py:122}}
Aug 27 15:00:51 devstack devstack@c-api.service[73433]: WARNING stevedore.named [None req-4269aede-492a-4ce8-93a7-aa3bad2fa831 None None] Could not load cinder.keymgr.conf_key_mgr.ConfKeyManager
Aug 27 15:00:51 devstack devstack@c-api.service[73433]: WARNING castellan.key_manager [None req-4269aede-492a-4ce8-93a7-aa3bad2fa831 None None] Deprecation Warning : cinder.keymgr.conf_key_mgr.ConfKeyManager is not a stevedore based driver, trying to load it as a class: stevedore.exception.NoMatches: No 'castellan.drivers' driver found, looking for 'cinder.keymgr.conf_key_mgr.ConfKeyManager'
Aug 27 15:00:51 devstack devstack@c-api.service[73433]: WARNING stevedore.named [None req-4269aede-492a-4ce8-93a7-aa3bad2fa831 None None] Could not load cinder.keymgr.conf_key_mgr.ConfKeyManager
Aug 27 15:00:51 devstack devstack@c-api.service[73433]: WARNING castellan.key_manager [None req-4269aede-492a-4ce8-93a7-aa3bad2fa831 None None] Deprecation Warning : cinder.keymgr.conf_key_mgr.ConfKeyManager is not a stevedore based driver, trying to load it as a class: stevedore.exception.NoMatches: No 'castellan.drivers' driver found, looking for 'cinder.keymgr.conf_key_mgr.ConfKeyManager'
Aug 27 15:00:51 devstack devstack@c-api.service[73433]: WARNING stevedore.named [None req-4269aede-492a-4ce8-93a7-aa3bad2fa831 None None] Could not load cinder.keymgr.conf_key_mgr.ConfKeyManager
Aug 27 15:00:51 devstack devstack@c-api.service[73433]: WARNING castellan.key_manager [None req-4269aede-492a-4ce8-93a7-aa3bad2fa831 None None] Deprecation Warning : cinder.keymgr.conf_key_mgr.ConfKeyManager is not a stevedore based driver, trying to load it as a class: stevedore.exception.NoMatches: No 'castellan.drivers' driver found, looking for 'cinder.keymgr.conf_key_mgr.ConfKeyManager'
Aug 27 15:00:51 devstack devstack@c-api.service[73433]: WARNING stevedore.named [None req-4269aede-492a-4ce8-93a7-aa3bad2fa831 None None] Could not load cinder.keymgr.conf_key_mgr.ConfKeyManager
Aug 27 15:00:51 devstack devstack@c-api.service[73433]: WARNING castellan.key_manager [None req-4269aede-492a-4ce8-93a7-aa3bad2fa831 None None] Deprecation Warning : cinder.keymgr.conf_key_mgr.ConfKeyManager is not a stevedore based driver, trying to load it as a class: stevedore.exception.NoMatches: No 'castellan.drivers' driver found, looking for 'cinder.keymgr.conf_key_mgr.ConfKeyManager'
Aug 27 15:00:51 devstack devstack@c-api.service[73433]: WARNING stevedore.named [None req-4269aede-492a-4ce8-93a7-aa3bad2fa831 None None] Could not load cinder.keymgr.conf_key_mgr.ConfKeyManager
Aug 27 15:00:51 devstack devstack@c-api.service[73433]: WARNING castellan.key_manager [None req-4269aede-492a-4ce8-93a7-aa3bad2fa831 None None] Deprecation Warning : cinder.keymgr.conf_key_mgr.ConfKeyManager is not a stevedore based driver, trying to load it as a class: stevedore.exception.NoMatches: No 'castellan.drivers' driver found, looking for 'cinder.keymgr.conf_key_mgr.ConfKeyManager'
Aug 27 15:00:51 devstack devstack@c-api.service[73433]: WARNING stevedore.named [None req-4269aede-492a-4ce8-93a7-aa3bad2fa831 None None] Could not load cinder.keymgr.conf_key_mgr.ConfKeyManager
Aug 27 15:00:51 devstack devstack@c-api.service[73433]: WARNING castellan.key_manager [None req-4269aede-492a-4ce8-93a7-aa3bad2fa831 None None] Deprecation Warning : cinder.keymgr.conf_key_mgr.ConfKeyManager is not a stevedore based driver, trying to load it as a class: stevedore.exception.NoMatches: No 'castellan.drivers' driver found, looking for 'cinder.keymgr.conf_key_mgr.ConfKeyManager'
Aug 27 15:00:51 devstack devstack@c-api.service[73433]: WARNING stevedore.named [None req-4269aede-492a-4ce8-93a7-aa3bad2fa831 None None] Could not load cinder.keymgr.conf_key_mgr.ConfKeyManager
Aug 27 15:00:51 devstack devstack@c-api.service[73433]: WARNING castellan.key_manager [None req-4269aede-492a-4ce8-93a7-aa3bad2fa831 None None] Deprecation Warning : cinder.keymgr.conf_key_mgr.ConfKeyManager is not a stevedore based driver, trying to load it as a class: stevedore.exception.NoMatches: No 'castellan.drivers' driver found, looking for 'cinder.keymgr.conf_key_mgr.ConfKeyManager'
Aug 27 15:00:51 devstack devstack@c-api.service[73433]: DEBUG cinder.api.contrib.snapshot_actions [None req-4269aede-492a-4ce8-93a7-aa3bad2fa831 None None] SnapshotActionsController initialized {{(pid=73433) __init__ /opt/stack/cinder/cinder/api/contrib/snapshot_actions.py:33}}
Aug 27 15:00:51 devstack devstack@c-api.service[73433]: DEBUG cinder.api.v3.router [None req-4269aede-492a-4ce8-93a7-aa3bad2fa831 None None] Extension VolumeHostAttribute extending resource: volumes {{(pid=73433) _setup_extensions /opt/stack/cinder/cinder/api/v3/router.py:155}}
Aug 27 15:00:51 devstack devstack@c-api.service[73433]: DEBUG cinder.api.v3.router [None req-4269aede-492a-4ce8-93a7-aa3bad2fa831 None None] Extension AdminActions extending resource: volumes {{(pid=73433) _setup_extensions /opt/stack/cinder/cinder/api/v3/router.py:155}}
Aug 27 15:00:51 devstack devstack@c-api.service[73433]: DEBUG cinder.api.v3.router [None req-4269aede-492a-4ce8-93a7-aa3bad2fa831 None None] Extension AdminActions extending resource: snapshots {{(pid=73433) _setup_extensions /opt/stack/cinder/cinder/api/v3/router.py:155}}
Aug 27 15:00:51 devstack devstack@c-api.service[73433]: DEBUG cinder.api.v3.router [None req-4269aede-492a-4ce8-93a7-aa3bad2fa831 None None] Extension AdminActions extending resource: backups {{(pid=73433) _setup_extensions /opt/stack/cinder/cinder/api/v3/router.py:155}}
Aug 27 15:00:51 devstack devstack@c-api.service[73433]: DEBUG cinder.api.v3.router [None req-4269aede-492a-4ce8-93a7-aa3bad2fa831 None None] Extension VolumeTypeEncryption extending resource: types {{(pid=73433) _setup_extensions /opt/stack/cinder/cinder/api/v3/router.py:155}}
Aug 27 15:00:51 devstack devstack@c-api.service[73433]: DEBUG cinder.api.v3.router [None req-4269aede-492a-4ce8-93a7-aa3bad2fa831 None None] Extension VolumeTenantAttribute extending resource: volumes {{(pid=73433) _setup_extensions /opt/stack/cinder/cinder/api/v3/router.py:155}}
Aug 27 15:00:51 devstack devstack@c-api.service[73433]: DEBUG cinder.api.v3.router [None req-4269aede-492a-4ce8-93a7-aa3bad2fa831 None None] Extension VolumeActions extending resource: volumes {{(pid=73433) _setup_extensions /opt/stack/cinder/cinder/api/v3/router.py:155}}
Aug 27 15:00:51 devstack devstack@c-api.service[73433]: DEBUG cinder.api.v3.router [None req-4269aede-492a-4ce8-93a7-aa3bad2fa831 None None] Extension ExtendedSnapshotAttributes extending resource: snapshots {{(pid=73433) _setup_extensions /opt/stack/cinder/cinder/api/v3/router.py:155}}
Aug 27 15:00:51 devstack devstack@c-api.service[73433]: DEBUG cinder.api.v3.router [None req-4269aede-492a-4ce8-93a7-aa3bad2fa831 None None] Extension VolumeUnmanage extending resource: volumes {{(pid=73433) _setup_extensions /opt/stack/cinder/cinder/api/v3/router.py:155}}
Aug 27 15:00:51 devstack devstack@c-api.service[73433]: DEBUG cinder.api.v3.router [None req-4269aede-492a-4ce8-93a7-aa3bad2fa831 None None] Extension VolumeImageMetadata extending resource: volumes {{(pid=73433) _setup_extensions /opt/stack/cinder/cinder/api/v3/router.py:155}}
Aug 27 15:00:51 devstack devstack@c-api.service[73433]: DEBUG cinder.api.v3.router [None req-4269aede-492a-4ce8-93a7-aa3bad2fa831 None None] Extension UsedLimits extending resource: limits {{(pid=73433) _setup_extensions /opt/stack/cinder/cinder/api/v3/router.py:155}}
Aug 27 15:00:51 devstack devstack@c-api.service[73433]: DEBUG cinder.api.v3.router [None req-4269aede-492a-4ce8-93a7-aa3bad2fa831 None None] Extension SnapshotUnmanage extending resource: snapshots {{(pid=73433) _setup_extensions /opt/stack/cinder/cinder/api/v3/router.py:155}}
Aug 27 15:00:51 devstack devstack@c-api.service[73433]: DEBUG cinder.api.v3.router [None req-4269aede-492a-4ce8-93a7-aa3bad2fa831 None None] Extension TypesManage extending resource: types {{(pid=73433) _setup_extensions /opt/stack/cinder/cinder/api/v3/router.py:155}}
Aug 27 15:00:51 devstack devstack@c-api.service[73433]: DEBUG cinder.api.v3.router [None req-4269aede-492a-4ce8-93a7-aa3bad2fa831 None None] Extension VolumeMigStatusAttribute extending resource: volumes {{(pid=73433) _setup_extensions /opt/stack/cinder/cinder/api/v3/router.py:155}}
Aug 27 15:00:51 devstack devstack@c-api.service[73433]: DEBUG cinder.api.v3.router [None req-4269aede-492a-4ce8-93a7-aa3bad2fa831 None None] Extension SnapshotActions extending resource: snapshots {{(pid=73433) _setup_extensions /opt/stack/cinder/cinder/api/v3/router.py:155}}
Aug 27 15:00:51 devstack devstack@c-api.service[73433]: DEBUG cinder.api.v3.router [None req-4269aede-492a-4ce8-93a7-aa3bad2fa831 None None] Extension VolumeTypeAccess extending resource: types {{(pid=73433) _setup_extensions /opt/stack/cinder/cinder/api/v3/router.py:155}}
Aug 27 15:00:51 devstack devstack@c-api.service[73432]: DEBUG cinder.api.middleware.request_id [None req-3057e866-8a09-4df2-b949-386adf8dcb59 None None] RequestId filter calling following filter/app {{(pid=73432) _context_setter /opt/stack/cinder/cinder/api/middleware/request_id.py:62}}
Aug 27 15:00:51 devstack devstack@c-api.service[73432]: [pid: 73432|app: 0|req: 1/1] 192.168.122.57 () {50 vars in 780 bytes} [Thu Aug 27 15:00:51 2026] GET /volume/v3/ => generated 114 bytes in 33 msecs (HTTP/1.1 401) 5 headers in 232 bytes (1 switches on core 0)
Aug 27 15:00:51 devstack devstack@c-api.service[73433]: WSGI app 0 (mountpoint='') ready in 5 seconds on interpreter 0x70bd056a4668 pid: 73433 (default app)
Aug 27 15:00:59 devstack devstack@c-api.service[73432]: DEBUG cinder.api.middleware.request_id [None req-f41614d6-1534-44c0-b2cc-2000bd19b7a3 None None] RequestId filter calling following filter/app {{(pid=73432) _context_setter /opt/stack/cinder/cinder/api/middleware/request_id.py:62}}
Aug 27 15:01:00 devstack devstack@c-api.service[73432]: INFO cinder.api.openstack.wsgi [None req-f41614d6-1534-44c0-b2cc-2000bd19b7a3 admin admin] POST http://192.168.122.57/volume/v3/types
Aug 27 15:01:00 devstack devstack@c-api.service[73432]: DEBUG cinder.api.openstack.wsgi [None req-f41614d6-1534-44c0-b2cc-2000bd19b7a3 admin admin] Action: 'create', calling method: _create, body: {"volume_type": {"name": "lvmdriver-1", "description": null}} {{(pid=73432) _process_stack /opt/stack/cinder/cinder/api/openstack/wsgi.py:876}}
Aug 27 15:01:00 devstack devstack@c-api.service[73432]: /opt/stack/data/venv/lib/python3.12/site-packages/oslo_context/context.py:102: DeprecationWarning: Policy enforcement is depending on the value of is_admin. This key is deprecated. Please update your policy file to use the standard policy values.
Aug 27 15:01:00 devstack devstack@c-api.service[73432]: warnings.warn(
Aug 27 15:01:00 devstack devstack@c-api.service[73432]: DEBUG oslo_db.sqlalchemy.engines [None req-f41614d6-1534-44c0-b2cc-2000bd19b7a3 admin admin] MySQL server mode set to STRICT_TRANS_TABLES,STRICT_ALL_TABLES,NO_ZERO_IN_DATE,NO_ZERO_DATE,ERROR_FOR_DIVISION_BY_ZERO,TRADITIONAL,NO_ENGINE_SUBSTITUTION {{(pid=73432) _check_effective_sql_mode /opt/stack/data/venv/lib/python3.12/site-packages/oslo_db/sqlalchemy/engines.py:325}}
Aug 27 15:01:00 devstack devstack@c-api.service[73432]: INFO cinder.api.openstack.wsgi [None req-f41614d6-1534-44c0-b2cc-2000bd19b7a3 admin admin] http://192.168.122.57/volume/v3/types returned with HTTP 200
Aug 27 15:01:00 devstack devstack@c-api.service[73432]: [pid: 73432|app: 0|req: 2/2] 192.168.122.57 () {60 vars in 1186 bytes} [Thu Aug 27 15:00:59 2026] POST /volume/v3/types => generated 186 bytes in 1122 msecs (HTTP/1.1 200) 7 headers in 285 bytes (1 switches on core 0)
Aug 27 15:01:00 devstack devstack@c-api.service[73433]: DEBUG cinder.api.middleware.request_id [None req-8abdf570-ce1b-4795-b182-bdadb7103a15 None None] RequestId filter calling following filter/app {{(pid=73433) _context_setter /opt/stack/cinder/cinder/api/middleware/request_id.py:62}}
Aug 27 15:01:01 devstack devstack@c-api.service[73433]: INFO cinder.api.openstack.wsgi [None req-8abdf570-ce1b-4795-b182-bdadb7103a15 admin admin] POST http://192.168.122.57/volume/v3/types/8854dadc-ff1d-4194-9301-00ec9640caa4/extra_specs
Aug 27 15:01:01 devstack devstack@c-api.service[73433]: DEBUG cinder.api.openstack.wsgi [None req-8abdf570-ce1b-4795-b182-bdadb7103a15 admin admin] Action: 'create', calling method: create, body: {"extra_specs": {"volume_backend_name": "lvmdriver-1"}} {{(pid=73433) _process_stack /opt/stack/cinder/cinder/api/openstack/wsgi.py:876}}
Aug 27 15:01:01 devstack devstack@c-api.service[73433]: /opt/stack/data/venv/lib/python3.12/site-packages/oslo_context/context.py:102: DeprecationWarning: Policy enforcement is depending on the value of is_admin. This key is deprecated. Please update your policy file to use the standard policy values.
Aug 27 15:01:01 devstack devstack@c-api.service[73433]: warnings.warn(
Aug 27 15:01:01 devstack devstack@c-api.service[73433]: DEBUG dbcounter [-] [73433] Writing DB stats cinder:SELECT=6 {{(pid=73433) stat_writer /opt/stack/data/venv/lib/python3.12/site-packages/dbcounter.py:115}}
Aug 27 15:01:01 devstack devstack@c-api.service[73433]: DEBUG oslo_db.sqlalchemy.engines [None req-8abdf570-ce1b-4795-b182-bdadb7103a15 admin admin] MySQL server mode set to STRICT_TRANS_TABLES,STRICT_ALL_TABLES,NO_ZERO_IN_DATE,NO_ZERO_DATE,ERROR_FOR_DIVISION_BY_ZERO,TRADITIONAL,NO_ENGINE_SUBSTITUTION {{(pid=73433) _check_effective_sql_mode /opt/stack/data/venv/lib/python3.12/site-packages/oslo_db/sqlalchemy/engines.py:325}}
Aug 27 15:01:01 devstack devstack@c-api.service[73433]: INFO cinder.api.openstack.wsgi [None req-8abdf570-ce1b-4795-b182-bdadb7103a15 admin admin] http://192.168.122.57/volume/v3/types/8854dadc-ff1d-4194-9301-00ec9640caa4/extra_specs returned with HTTP 200
Aug 27 15:01:01 devstack devstack@c-api.service[73433]: [pid: 73433|app: 0|req: 1/3] 192.168.122.57 () {60 vars in 1333 bytes} [Thu Aug 27 15:01:00 2026] POST /volume/v3/types/8854dadc-ff1d-4194-9301-00ec9640caa4/extra_specs => generated 55 bytes in 1045 msecs (HTTP/1.1 200) 7 headers in 284 bytes (1 switches on core 0)
Aug 27 15:01:10 devstack devstack@c-api.service[73432]: DEBUG dbcounter [-] [73432] Writing DB stats cinder:SELECT=9,cinder:INSERT=1 {{(pid=73432) stat_writer /opt/stack/data/venv/lib/python3.12/site-packages/dbcounter.py:115}}
Aug 27 15:01:11 devstack devstack@c-api.service[73433]: DEBUG dbcounter [-] [73433] Writing DB stats cinder:SELECT=5,cinder:INSERT=1 {{(pid=73433) stat_writer /opt/stack/data/venv/lib/python3.12/site-packages/dbcounter.py:115}}
Aug 27 15:01:41 devstack devstack@c-api.service[73432]: DEBUG cinder.api.middleware.request_id [None req-9a5ee976-5dda-4711-9f1a-362380d8909b None None] RequestId filter calling following filter/app {{(pid=73432) _context_setter /opt/stack/cinder/cinder/api/middleware/request_id.py:62}}
Aug 27 15:01:41 devstack devstack@c-api.service[73432]: INFO cinder.api.openstack.wsgi [None req-9a5ee976-5dda-4711-9f1a-362380d8909b None None] GET http://192.168.122.57/volume//
Aug 27 15:01:41 devstack devstack@c-api.service[73432]: DEBUG cinder.api.openstack.wsgi [None req-9a5ee976-5dda-4711-9f1a-362380d8909b None None] Empty body provided in request {{(pid=73432) get_body /opt/stack/cinder/cinder/api/openstack/wsgi.py:725}}
Aug 27 15:01:41 devstack devstack@c-api.service[73432]: DEBUG cinder.api.openstack.wsgi [None req-9a5ee976-5dda-4711-9f1a-362380d8909b None None] Calling method 'all' {{(pid=73432) _process_stack /opt/stack/cinder/cinder/api/openstack/wsgi.py:878}}
Aug 27 15:01:41 devstack devstack@c-api.service[73432]: INFO cinder.api.openstack.wsgi [None req-9a5ee976-5dda-4711-9f1a-362380d8909b None None] http://192.168.122.57/volume// returned with HTTP 300
Aug 27 15:01:41 devstack devstack@c-api.service[73432]: [pid: 73432|app: 0|req: 3/4] 192.168.122.57 () {58 vars in 1309 bytes} [Thu Aug 27 15:01:41 2026] GET /volume/ => generated 389 bytes in 5 msecs (HTTP/1.1 300) 7 headers in 299 bytes (1 switches on core 0)
Aug 27 15:03:27 devstack devstack@c-api.service[73433]: DEBUG cinder.api.middleware.request_id [None req-975bd87b-fa78-498d-ada9-7f9fcd7e11b3 None None] RequestId filter calling following filter/app {{(pid=73433) _context_setter /opt/stack/cinder/cinder/api/middleware/request_id.py:62}}
Aug 27 15:03:27 devstack devstack@c-api.service[73433]: INFO cinder.api.openstack.wsgi [None req-975bd87b-fa78-498d-ada9-7f9fcd7e11b3 tempest-verify_tempest_config-598423134 tempest-verify_tempest_config-598423134-project-member] GET http://192.168.122.57/volume/v3/extensions
Aug 27 15:03:27 devstack devstack@c-api.service[73433]: DEBUG cinder.api.openstack.wsgi [None req-975bd87b-fa78-498d-ada9-7f9fcd7e11b3 tempest-verify_tempest_config-598423134 tempest-verify_tempest_config-598423134-project-member] Empty body provided in request {{(pid=73433) get_body /opt/stack/cinder/cinder/api/openstack/wsgi.py:725}}
Aug 27 15:03:27 devstack devstack@c-api.service[73433]: DEBUG cinder.api.openstack.wsgi [None req-975bd87b-fa78-498d-ada9-7f9fcd7e11b3 tempest-verify_tempest_config-598423134 tempest-verify_tempest_config-598423134-project-member] Calling method 'index' {{(pid=73433) _process_stack /opt/stack/cinder/cinder/api/openstack/wsgi.py:878}}
Aug 27 15:03:27 devstack devstack@c-api.service[73433]: INFO cinder.api.openstack.wsgi [None req-975bd87b-fa78-498d-ada9-7f9fcd7e11b3 tempest-verify_tempest_config-598423134 tempest-verify_tempest_config-598423134-project-member] http://192.168.122.57/volume/v3/extensions returned with HTTP 200
Aug 27 15:03:27 devstack devstack@c-api.service[73433]: [pid: 73433|app: 0|req: 2/5] 192.168.122.57 () {58 vars in 1125 bytes} [Thu Aug 27 15:03:27 2026] GET /volume/v3/extensions => generated 5245 bytes in 213 msecs (HTTP/1.1 200) 7 headers in 286 bytes (1 switches on core 0)
Aug 27 15:03:34 devstack devstack@c-api.service[73432]: DEBUG cinder.api.middleware.request_id [None req-984f5968-75eb-4e64-9728-3713d57ff86c None None] RequestId filter calling following filter/app {{(pid=73432) _context_setter /opt/stack/cinder/cinder/api/middleware/request_id.py:62}}
Aug 27 15:03:34 devstack devstack@c-api.service[73432]: INFO cinder.api.openstack.wsgi [None req-984f5968-75eb-4e64-9728-3713d57ff86c demo admin] POST http://192.168.122.57/volume/v3/types
Aug 27 15:03:34 devstack devstack@c-api.service[73432]: DEBUG cinder.api.openstack.wsgi [None req-984f5968-75eb-4e64-9728-3713d57ff86c demo admin] Action: 'create', calling method: _create, body: {"volume_type": {"name": "QuobyteHD", "description": null}} {{(pid=73432) _process_stack /opt/stack/cinder/cinder/api/openstack/wsgi.py:876}}
Aug 27 15:03:34 devstack devstack@c-api.service[73432]: INFO cinder.api.openstack.wsgi [None req-984f5968-75eb-4e64-9728-3713d57ff86c demo admin] http://192.168.122.57/volume/v3/types returned with HTTP 200
Aug 27 15:03:34 devstack devstack@c-api.service[73432]: [pid: 73432|app: 0|req: 4/6] 192.168.122.57 () {60 vars in 1186 bytes} [Thu Aug 27 15:03:34 2026] POST /volume/v3/types => generated 184 bytes in 154 msecs (HTTP/1.1 200) 7 headers in 285 bytes (1 switches on core 0)
Aug 27 15:03:44 devstack devstack@c-api.service[73432]: DEBUG dbcounter [-] [73432] Writing DB stats cinder:SELECT=3,cinder:INSERT=1 {{(pid=73432) stat_writer /opt/stack/data/venv/lib/python3.12/site-packages/dbcounter.py:115}}
Aug 27 15:05:29 devstack devstack@c-api.service[73425]: Thu Aug 27 15:05:29 2026 - graceful shutdown triggered...
Aug 27 15:05:29 devstack devstack@c-api.service[73432]: Gracefully killing worker 1 (pid: 73432)...
Aug 27 15:05:29 devstack devstack@c-api.service[73433]: Gracefully killing worker 2 (pid: 73433)...
Aug 27 15:05:30 devstack devstack@c-api.service[73425]: worker 1 buried after 1 seconds
Aug 27 15:05:30 devstack devstack@c-api.service[73425]: worker 2 buried after 1 seconds
Aug 27 15:05:30 devstack devstack@c-api.service[73425]: goodbye to uWSGI.
Aug 27 15:05:30 devstack devstack@c-api.service[85055]: [uWSGI] getting INI configuration from /etc/cinder/cinder-api-uwsgi.ini
Aug 27 15:05:30 devstack devstack@c-api.service[85055]: *** Starting uWSGI 2.0.24-debian (64bit) on [Thu Aug 27 15:05:30 2026] ***
Aug 27 15:05:30 devstack devstack@c-api.service[85055]: compiled with version: 13.2.0 on 17 April 2024 16:23:48
Aug 27 15:05:30 devstack devstack@c-api.service[85055]: os: Linux-6.8.0-138-generic #138-Ubuntu SMP PREEMPT_DYNAMIC Fri Jul 31 22:41:49 UTC 2026
Aug 27 15:05:30 devstack devstack@c-api.service[85055]: nodename: devstack
Aug 27 15:05:30 devstack devstack@c-api.service[85055]: machine: x86_64
Aug 27 15:05:30 devstack devstack@c-api.service[85055]: clock source: unix
Aug 27 15:05:30 devstack devstack@c-api.service[85055]: pcre jit disabled
Aug 27 15:05:30 devstack devstack@c-api.service[85055]: detected number of CPU cores: 4
Aug 27 15:05:30 devstack devstack@c-api.service[85055]: current working directory: /
Aug 27 15:05:30 devstack devstack@c-api.service[85055]: detected binary path: /usr/bin/uwsgi-core
Aug 27 15:05:30 devstack devstack@c-api.service[85055]: your processes number limit is 47517
Aug 27 15:05:30 devstack devstack@c-api.service[85055]: your memory page size is 4096 bytes
Aug 27 15:05:30 devstack devstack@c-api.service[85055]: detected max file descriptor number: 2048
Aug 27 15:05:30 devstack devstack@c-api.service[85055]: lock engine: pthread robust mutexes
Aug 27 15:05:30 devstack devstack@c-api.service[85055]: thunder lock: enabled
Aug 27 15:05:30 devstack devstack@c-api.service[85055]: uwsgi socket 0 bound to UNIX address /var/run/uwsgi/cinder-api.socket fd 4
Aug 27 15:05:30 devstack devstack@c-api.service[85055]: Python version: 3.12.3 (main, Jul 15 2026, 23:46:41) [GCC 13.3.0]
Aug 27 15:05:30 devstack devstack@c-api.service[85055]: PEP 405 virtualenv detected: /opt/stack/data/venv
Aug 27 15:05:30 devstack devstack@c-api.service[85055]: Set PythonHome to /opt/stack/data/venv
Aug 27 15:05:30 devstack devstack@c-api.service[85055]: Python main interpreter initialized at 0x756ade4a4668
Aug 27 15:05:30 devstack devstack@c-api.service[85055]: python threads support enabled
Aug 27 15:05:30 devstack devstack@c-api.service[85055]: your server socket listen backlog is limited to 100 connections
Aug 27 15:05:30 devstack devstack@c-api.service[85055]: your mercy for graceful operations on workers is 80 seconds
Aug 27 15:05:30 devstack devstack@c-api.service[85055]: mapped 403077 bytes (393 KB) for 2 cores
Aug 27 15:05:30 devstack devstack@c-api.service[85055]: *** Operational MODE: preforking ***
Aug 27 15:05:30 devstack devstack@c-api.service[85055]: *** uWSGI is running in multiple interpreter mode ***
Aug 27 15:05:30 devstack devstack@c-api.service[85055]: spawned uWSGI master process (pid: 85055)
Aug 27 15:05:30 devstack devstack@c-api.service[85055]: spawned uWSGI worker 1 (pid: 85057, cores: 1)
Aug 27 15:05:30 devstack devstack@c-api.service[85055]: spawned uWSGI worker 2 (pid: 85058, cores: 1)
Aug 27 15:05:30 devstack devstack@c-api.service[85055]: running "unix_signal:15 gracefully_kill_them_all" (master-start)...
Aug 27 15:05:30 devstack devstack@c-api.service[85058]: /opt/stack/cinder/cinder/__init__.py:21: EventletDeprecationWarning:
Aug 27 15:05:30 devstack devstack@c-api.service[85058]: Eventlet is deprecated. It is currently being maintained in bugfix mode, and
Aug 27 15:05:30 devstack devstack@c-api.service[85058]: we strongly recommend against using it for new projects.
Aug 27 15:05:30 devstack devstack@c-api.service[85058]: If you are already using Eventlet, we recommend migrating to a different
Aug 27 15:05:30 devstack devstack@c-api.service[85058]: framework. For more detail see
Aug 27 15:05:30 devstack devstack@c-api.service[85058]: https://eventlet.readthedocs.io/en/latest/asyncio/migration.html
Aug 27 15:05:30 devstack devstack@c-api.service[85058]: import eventlet # noqa
Aug 27 15:05:30 devstack devstack@c-api.service[85057]: /opt/stack/cinder/cinder/__init__.py:21: EventletDeprecationWarning:
Aug 27 15:05:30 devstack devstack@c-api.service[85057]: Eventlet is deprecated. It is currently being maintained in bugfix mode, and
Aug 27 15:05:30 devstack devstack@c-api.service[85057]: we strongly recommend against using it for new projects.
Aug 27 15:05:30 devstack devstack@c-api.service[85057]: If you are already using Eventlet, we recommend migrating to a different
Aug 27 15:05:30 devstack devstack@c-api.service[85057]: framework. For more detail see
Aug 27 15:05:30 devstack devstack@c-api.service[85057]: https://eventlet.readthedocs.io/en/latest/asyncio/migration.html
Aug 27 15:05:30 devstack devstack@c-api.service[85057]: import eventlet # noqa
Aug 27 15:05:30 devstack devstack@c-api.service[85057]: /opt/stack/data/venv/lib/python3.12/site-packages/webob/compat.py:5: DeprecationWarning: 'cgi' is deprecated and slated for removal in Python 3.13
Aug 27 15:05:30 devstack devstack@c-api.service[85057]: from cgi import parse_header
Aug 27 15:05:30 devstack devstack@c-api.service[85058]: /opt/stack/data/venv/lib/python3.12/site-packages/webob/compat.py:5: DeprecationWarning: 'cgi' is deprecated and slated for removal in Python 3.13
Aug 27 15:05:30 devstack devstack@c-api.service[85058]: from cgi import parse_header
Aug 27 15:05:30 devstack devstack@c-api.service[85057]: /opt/stack/data/venv/lib/python3.12/site-packages/oslo_utils/eventletutils.py:34: DeprecationWarning: eventletutils module is deprecated and will be removed.
Aug 27 15:05:30 devstack devstack@c-api.service[85057]: warnings.warn(
Aug 27 15:05:30 devstack devstack@c-api.service[85058]: /opt/stack/data/venv/lib/python3.12/site-packages/oslo_utils/eventletutils.py:34: DeprecationWarning: eventletutils module is deprecated and will be removed.
Aug 27 15:05:30 devstack devstack@c-api.service[85058]: warnings.warn(
Aug 27 15:05:30 devstack devstack@c-api.service[85057]: /opt/stack/data/venv/lib/python3.12/site-packages/oslo_service/eventlet_backdoor.py:36: DeprecationWarning: The 'oslo_service.eventlet_backdoor' module usage is deprecated and will be removed in version '2026.2': The 'eventlet_backdoor' module is deprecated and will be removed in version 2026.2. This module is not being replaced. Please migrate away from using it and remove any dependencies on this module.
Aug 27 15:05:30 devstack devstack@c-api.service[85057]: removals.removed_module(
Aug 27 15:05:30 devstack devstack@c-api.service[85057]: /opt/stack/data/venv/lib/python3.12/site-packages/oslo_service/sslutils.py:24: DeprecationWarning: The 'oslo_service.sslutils' module usage is deprecated and will be removed in version '2026.2': The 'oslo_service.sslutils' module is deprecated and will be removed in version 2026.2.
Aug 27 15:05:30 devstack devstack@c-api.service[85057]: removals.removed_module(
Aug 27 15:05:30 devstack devstack@c-api.service[85058]: /opt/stack/data/venv/lib/python3.12/site-packages/oslo_service/eventlet_backdoor.py:36: DeprecationWarning: The 'oslo_service.eventlet_backdoor' module usage is deprecated and will be removed in version '2026.2': The 'eventlet_backdoor' module is deprecated and will be removed in version 2026.2. This module is not being replaced. Please migrate away from using it and remove any dependencies on this module.
Aug 27 15:05:30 devstack devstack@c-api.service[85058]: removals.removed_module(
Aug 27 15:05:30 devstack devstack@c-api.service[85058]: /opt/stack/data/venv/lib/python3.12/site-packages/oslo_service/sslutils.py:24: DeprecationWarning: The 'oslo_service.sslutils' module usage is deprecated and will be removed in version '2026.2': The 'oslo_service.sslutils' module is deprecated and will be removed in version 2026.2.
Aug 27 15:05:30 devstack devstack@c-api.service[85058]: removals.removed_module(
Aug 27 15:05:33 devstack devstack@c-api.service[85058]: /opt/stack/data/venv/lib/python3.12/site-packages/oslo_policy/policy.py:1630: DeprecationWarning: volume_extension:quotas:show deprecated without deprecated_reason or deprecated_since. This will be an error in a future release
Aug 27 15:05:33 devstack devstack@c-api.service[85058]: warnings.warn(
Aug 27 15:05:33 devstack devstack@c-api.service[85057]: /opt/stack/data/venv/lib/python3.12/site-packages/oslo_policy/policy.py:1630: DeprecationWarning: volume_extension:quotas:show deprecated without deprecated_reason or deprecated_since. This will be an error in a future release
Aug 27 15:05:33 devstack devstack@c-api.service[85057]: warnings.warn(
Aug 27 15:05:33 devstack devstack@c-api.service[85058]: /opt/stack/data/venv/lib/python3.12/site-packages/eventlet/__init__.py:83: DeprecationWarning: Using fork() is a bad idea, and there is no guarantee eventlet will work. See https://eventlet.readthedocs.io/en/latest/fork.html for more details.
Aug 27 15:05:33 devstack devstack@c-api.service[85058]: warnings.warn(
Aug 27 15:05:33 devstack devstack@c-api.service[85057]: /opt/stack/data/venv/lib/python3.12/site-packages/eventlet/__init__.py:83: DeprecationWarning: Using fork() is a bad idea, and there is no guarantee eventlet will work. See https://eventlet.readthedocs.io/en/latest/fork.html for more details.
Aug 27 15:05:33 devstack devstack@c-api.service[85057]: warnings.warn(
Aug 27 15:05:34 devstack devstack@c-api.service[85058]: WARNING oslo_config.cfg [-] Deprecated: Option "api_paste_config" from group "DEFAULT" is deprecated for removal (The 'api_paste_config' option is deprecated and will be removed in a future release.). Its value may be silently ignored in the future.
Aug 27 15:05:34 devstack devstack@c-api.service[85058]: DEBUG oslo.service.wsgi [-] Loading app osapi_volume from /etc/cinder/api-paste.ini {{(pid=85058) load_app /opt/stack/data/venv/lib/python3.12/site-packages/oslo_service/wsgi.py:380}}
Aug 27 15:05:34 devstack devstack@c-api.service[85057]: WARNING oslo_config.cfg [-] Deprecated: Option "api_paste_config" from group "DEFAULT" is deprecated for removal (The 'api_paste_config' option is deprecated and will be removed in a future release.). Its value may be silently ignored in the future.
Aug 27 15:05:34 devstack devstack@c-api.service[85057]: DEBUG oslo.service.wsgi [-] Loading app osapi_volume from /etc/cinder/api-paste.ini {{(pid=85057) load_app /opt/stack/data/venv/lib/python3.12/site-packages/oslo_service/wsgi.py:380}}
Aug 27 15:05:34 devstack devstack@c-api.service[85058]: /opt/stack/cinder/cinder/api/validation/validators.py:126: DeprecationWarning: FormatChecker.cls_checks is deprecated. Call FormatChecker.checks on a specific FormatChecker instance instead.
Aug 27 15:05:34 devstack devstack@c-api.service[85058]: @jsonschema.FormatChecker.cls_checks('date-time')
Aug 27 15:05:34 devstack devstack@c-api.service[85057]: /opt/stack/cinder/cinder/api/validation/validators.py:126: DeprecationWarning: FormatChecker.cls_checks is deprecated. Call FormatChecker.checks on a specific FormatChecker instance instead.
Aug 27 15:05:34 devstack devstack@c-api.service[85057]: @jsonschema.FormatChecker.cls_checks('date-time')
Aug 27 15:05:35 devstack devstack@c-api.service[85058]: DEBUG cinder.api.extensions [-] Initializing extension manager. {{(pid=85058) __init__ /opt/stack/cinder/cinder/api/extensions.py:120}}
Aug 27 15:05:35 devstack devstack@c-api.service[85058]: DEBUG cinder.api.extensions [-] Loading extension cinder.api.contrib.standard_extensions {{(pid=85058) load_extension /opt/stack/cinder/cinder/api/extensions.py:194}}
Aug 27 15:05:35 devstack devstack@c-api.service[85058]: DEBUG cinder.api.extensions [-] Calling extension factory cinder.api.contrib.standard_extensions {{(pid=85058) load_extension /opt/stack/cinder/cinder/api/extensions.py:200}}
Aug 27 15:05:35 devstack devstack@c-api.service[85058]: DEBUG cinder.api.extensions [-] Loading extension cinder.api.contrib.volume_manage.Volume_manage {{(pid=85058) load_extension /opt/stack/cinder/cinder/api/extensions.py:194}}
Aug 27 15:05:35 devstack devstack@c-api.service[85058]: DEBUG cinder.api.extensions [-] Calling extension factory cinder.api.contrib.volume_manage.Volume_manage {{(pid=85058) load_extension /opt/stack/cinder/cinder/api/extensions.py:200}}
Aug 27 15:05:35 devstack devstack@c-api.service[85058]: DEBUG cinder.api.extensions [-] Ext name: VolumeManage {{(pid=85058) _check_extension /opt/stack/cinder/cinder/api/extensions.py:174}}
Aug 27 15:05:35 devstack devstack@c-api.service[85058]: DEBUG cinder.api.extensions [-] Ext alias: os-volume-manage {{(pid=85058) _check_extension /opt/stack/cinder/cinder/api/extensions.py:175}}
Aug 27 15:05:35 devstack devstack@c-api.service[85058]: DEBUG cinder.api.extensions [-] Ext description: Allows existing backend storage to be 'managed' by Cinder. {{(pid=85058) _check_extension /opt/stack/cinder/cinder/api/extensions.py:176}}
Aug 27 15:05:35 devstack devstack@c-api.service[85058]: DEBUG cinder.api.extensions [-] Ext updated: 2014-02-10T00:00:00+00:00 {{(pid=85058) _check_extension /opt/stack/cinder/cinder/api/extensions.py:178}}
Aug 27 15:05:35 devstack devstack@c-api.service[85058]: DEBUG cinder.api.extensions [-] Loaded extension: os-volume-manage {{(pid=85058) register /opt/stack/cinder/cinder/api/extensions.py:135}}
Aug 27 15:05:35 devstack devstack@c-api.service[85058]: DEBUG cinder.api.extensions [-] Loading extension cinder.api.contrib.quota_classes.Quota_classes {{(pid=85058) load_extension /opt/stack/cinder/cinder/api/extensions.py:194}}
Aug 27 15:05:35 devstack devstack@c-api.service[85058]: DEBUG cinder.api.extensions [-] Calling extension factory cinder.api.contrib.quota_classes.Quota_classes {{(pid=85058) load_extension /opt/stack/cinder/cinder/api/extensions.py:200}}
Aug 27 15:05:35 devstack devstack@c-api.service[85058]: DEBUG cinder.api.extensions [-] Ext name: QuotaClasses {{(pid=85058) _check_extension /opt/stack/cinder/cinder/api/extensions.py:174}}
Aug 27 15:05:35 devstack devstack@c-api.service[85058]: DEBUG cinder.api.extensions [-] Ext alias: os-quota-class-sets {{(pid=85058) _check_extension /opt/stack/cinder/cinder/api/extensions.py:175}}
Aug 27 15:05:35 devstack devstack@c-api.service[85058]: DEBUG cinder.api.extensions [-] Ext description: Quota classes management support. {{(pid=85058) _check_extension /opt/stack/cinder/cinder/api/extensions.py:176}}
Aug 27 15:05:35 devstack devstack@c-api.service[85058]: DEBUG cinder.api.extensions [-] Ext updated: 2012-03-12T00:00:00+00:00 {{(pid=85058) _check_extension /opt/stack/cinder/cinder/api/extensions.py:178}}
Aug 27 15:05:35 devstack devstack@c-api.service[85058]: DEBUG cinder.api.extensions [-] Loaded extension: os-quota-class-sets {{(pid=85058) register /opt/stack/cinder/cinder/api/extensions.py:135}}
Aug 27 15:05:35 devstack devstack@c-api.service[85058]: DEBUG cinder.api.extensions [-] Loading extension cinder.api.contrib.volume_host_attribute.Volume_host_attribute {{(pid=85058) load_extension /opt/stack/cinder/cinder/api/extensions.py:194}}
Aug 27 15:05:35 devstack devstack@c-api.service[85058]: DEBUG cinder.api.extensions [-] Calling extension factory cinder.api.contrib.volume_host_attribute.Volume_host_attribute {{(pid=85058) load_extension /opt/stack/cinder/cinder/api/extensions.py:200}}
Aug 27 15:05:35 devstack devstack@c-api.service[85058]: DEBUG cinder.api.extensions [-] Ext name: VolumeHostAttribute {{(pid=85058) _check_extension /opt/stack/cinder/cinder/api/extensions.py:174}}
Aug 27 15:05:35 devstack devstack@c-api.service[85058]: DEBUG cinder.api.extensions [-] Ext alias: os-vol-host-attr {{(pid=85058) _check_extension /opt/stack/cinder/cinder/api/extensions.py:175}}
Aug 27 15:05:35 devstack devstack@c-api.service[85058]: DEBUG cinder.api.extensions [-] Ext description: Expose host as an attribute of a volume. {{(pid=85058) _check_extension /opt/stack/cinder/cinder/api/extensions.py:176}}
Aug 27 15:05:35 devstack devstack@c-api.service[85058]: DEBUG cinder.api.extensions [-] Ext updated: 2011-11-03T00:00:00+00:00 {{(pid=85058) _check_extension /opt/stack/cinder/cinder/api/extensions.py:178}}
Aug 27 15:05:35 devstack devstack@c-api.service[85058]: DEBUG cinder.api.extensions [-] Loaded extension: os-vol-host-attr {{(pid=85058) register /opt/stack/cinder/cinder/api/extensions.py:135}}
Aug 27 15:05:35 devstack devstack@c-api.service[85058]: DEBUG cinder.api.extensions [-] Loading extension cinder.api.contrib.hosts.Hosts {{(pid=85058) load_extension /opt/stack/cinder/cinder/api/extensions.py:194}}
Aug 27 15:05:35 devstack devstack@c-api.service[85058]: DEBUG cinder.api.extensions [-] Calling extension factory cinder.api.contrib.hosts.Hosts {{(pid=85058) load_extension /opt/stack/cinder/cinder/api/extensions.py:200}}
Aug 27 15:05:35 devstack devstack@c-api.service[85058]: DEBUG cinder.api.extensions [-] Ext name: Hosts {{(pid=85058) _check_extension /opt/stack/cinder/cinder/api/extensions.py:174}}
Aug 27 15:05:35 devstack devstack@c-api.service[85058]: DEBUG cinder.api.extensions [-] Ext alias: os-hosts {{(pid=85058) _check_extension /opt/stack/cinder/cinder/api/extensions.py:175}}
Aug 27 15:05:35 devstack devstack@c-api.service[85058]: DEBUG cinder.api.extensions [-] Ext description: Admin-only host administration. {{(pid=85058) _check_extension /opt/stack/cinder/cinder/api/extensions.py:176}}
Aug 27 15:05:35 devstack devstack@c-api.service[85058]: DEBUG cinder.api.extensions [-] Ext updated: 2011-06-29T00:00:00+00:00 {{(pid=85058) _check_extension /opt/stack/cinder/cinder/api/extensions.py:178}}
Aug 27 15:05:35 devstack devstack@c-api.service[85058]: DEBUG cinder.api.extensions [-] Loaded extension: os-hosts {{(pid=85058) register /opt/stack/cinder/cinder/api/extensions.py:135}}
Aug 27 15:05:35 devstack devstack@c-api.service[85058]: DEBUG cinder.api.extensions [-] Loading extension cinder.api.contrib.extended_services.Extended_services {{(pid=85058) load_extension /opt/stack/cinder/cinder/api/extensions.py:194}}
Aug 27 15:05:35 devstack devstack@c-api.service[85058]: DEBUG cinder.api.extensions [-] Calling extension factory cinder.api.contrib.extended_services.Extended_services {{(pid=85058) load_extension /opt/stack/cinder/cinder/api/extensions.py:200}}
Aug 27 15:05:35 devstack devstack@c-api.service[85058]: DEBUG cinder.api.extensions [-] Ext name: ExtendedServices {{(pid=85058) _check_extension /opt/stack/cinder/cinder/api/extensions.py:174}}
