Jul 23 03:03:26 devstack devstack@keystone.service[44080]: DEBUG keystone.server.flask.request_processing.req_logging [None req-a55dbe99-219b-497d-9766-0d03221fc9a8 None None] REQUEST_METHOD: `GET` {{(pid=44080) log_request_info /opt/stack/keystone/keystone/server/flask/request_processing/req_logging.py:26}}
Jul 23 03:03:26 devstack devstack@keystone.service[44080]: DEBUG keystone.server.flask.request_processing.req_logging [None req-a55dbe99-219b-497d-9766-0d03221fc9a8 None None] SCRIPT_NAME: `/identity` {{(pid=44080) log_request_info /opt/stack/keystone/keystone/server/flask/request_processing/req_logging.py:27}}
Jul 23 03:03:26 devstack devstack@keystone.service[44080]: DEBUG keystone.server.flask.request_processing.req_logging [None req-a55dbe99-219b-497d-9766-0d03221fc9a8 None None] PATH_INFO: `/` {{(pid=44080) log_request_info /opt/stack/keystone/keystone/server/flask/request_processing/req_logging.py:28}}
Jul 23 03:03:26 devstack devstack@keystone.service[44080]: [pid: 44080|app: 0|req: 14/27] 192.168.122.42 () {54 vars in 923 bytes} [Thu Jul 23 03:03:26 2026] GET /identity => generated 273 bytes in 5 msecs (HTTP/1.1 300) 6 headers in 237 bytes (1 switches on core 0)
Jul 23 03:03:26 devstack devstack@keystone.service[44080]: DEBUG keystone.server.flask.request_processing.req_logging [None req-515f2103-ebab-47e5-bb84-73d9b5054c5b None None] REQUEST_METHOD: `POST` {{(pid=44080) log_request_info /opt/stack/keystone/keystone/server/flask/request_processing/req_logging.py:26}}
Jul 23 03:03:26 devstack devstack@keystone.service[44080]: DEBUG keystone.server.flask.request_processing.req_logging [None req-515f2103-ebab-47e5-bb84-73d9b5054c5b None None] SCRIPT_NAME: `/identity` {{(pid=44080) log_request_info /opt/stack/keystone/keystone/server/flask/request_processing/req_logging.py:27}}
Jul 23 03:03:26 devstack devstack@keystone.service[44080]: DEBUG keystone.server.flask.request_processing.req_logging [None req-515f2103-ebab-47e5-bb84-73d9b5054c5b None None] PATH_INFO: `/v3/auth/tokens` {{(pid=44080) log_request_info /opt/stack/keystone/keystone/server/flask/request_processing/req_logging.py:28}}
Jul 23 03:03:26 devstack devstack@keystone.service[44080]: WARNING keystone.common.password_hashing [None req-515f2103-ebab-47e5-bb84-73d9b5054c5b None None] Truncating password to algorithm specific maximum length 72 characters.
Jul 23 03:03:26 devstack devstack@keystone.service[44080]: DEBUG keystone.auth.core [None req-515f2103-ebab-47e5-bb84-73d9b5054c5b None None] MFA Rules not processed for user `fb2b52b1ce9b4289bbf25d64183f4de3`. Rule list: `[]` (Enabled: `True`). {{(pid=44080) check_auth_methods_against_rules /opt/stack/keystone/keystone/auth/core.py:476}}
Jul 23 03:03:26 devstack devstack@keystone.service[44080]: DEBUG keystone.common.fernet_utils [None req-515f2103-ebab-47e5-bb84-73d9b5054c5b None None] Loaded 2 Fernet keys from /etc/keystone/fernet-keys/, but `[fernet_tokens] max_active_keys = 3`; perhaps there have not been enough key rotations to reach `max_active_keys` yet? {{(pid=44080) load_keys /opt/stack/keystone/keystone/common/fernet_utils.py:297}}
Jul 23 03:03:26 devstack devstack@keystone.service[44081]: DEBUG keystone.server.flask.request_processing.middleware.auth_context [None req-65b2443a-b0f8-475f-9a5f-239462bd24cf None None] Validating token access rules against request {{(pid=44081) validate_allowed_request /opt/stack/data/venv/lib/python3.12/site-packages/keystonemiddleware/auth_token/__init__.py:544}}
Jul 23 03:03:26 devstack devstack@keystone.service[44080]: [pid: 44080|app: 0|req: 15/28] 192.168.122.42 () {58 vars in 1020 bytes} [Thu Jul 23 03:03:26 2026] POST /identity/v3/auth/tokens => generated 865 bytes in 228 msecs (HTTP/1.1 201) 6 headers in 363 bytes (1 switches on core 0)
Jul 23 03:03:26 devstack devstack@keystone.service[44080]: DEBUG keystone.server.flask.request_processing.req_logging [None req-183ffc07-9edb-4f5d-b3e5-7b036977a46e None None] REQUEST_METHOD: `GET` {{(pid=44080) log_request_info /opt/stack/keystone/keystone/server/flask/request_processing/req_logging.py:26}}
Jul 23 03:03:26 devstack devstack@keystone.service[44080]: DEBUG keystone.server.flask.request_processing.req_logging [None req-183ffc07-9edb-4f5d-b3e5-7b036977a46e None None] SCRIPT_NAME: `/identity` {{(pid=44080) log_request_info /opt/stack/keystone/keystone/server/flask/request_processing/req_logging.py:27}}
Jul 23 03:03:26 devstack devstack@keystone.service[44080]: DEBUG keystone.server.flask.request_processing.req_logging [None req-183ffc07-9edb-4f5d-b3e5-7b036977a46e None None] PATH_INFO: `/` {{(pid=44080) log_request_info /opt/stack/keystone/keystone/server/flask/request_processing/req_logging.py:28}}
Jul 23 03:03:26 devstack devstack@keystone.service[44080]: [pid: 44080|app: 0|req: 16/29] 192.168.122.42 () {54 vars in 923 bytes} [Thu Jul 23 03:03:26 2026] GET /identity => generated 273 bytes in 2 msecs (HTTP/1.1 300) 6 headers in 237 bytes (1 switches on core 0)
Jul 23 03:03:26 devstack devstack@keystone.service[44081]: DEBUG keystone.server.flask.request_processing.middleware.auth_context [None req-6f275683-f1ac-4c84-a2df-5eafe24210f0 None admin] RBAC: auth_context: {'token': , 'domain_id': None, 'trust_id': None, 'trustor_id': None, 'trustee_id': None, 'domain_name': None, 'group_ids': [], 'user_id': 'fb2b52b1ce9b4289bbf25d64183f4de3', 'user_domain_id': 'default', 'system_scope': 'all', 'project_id': None, 'project_domain_id': None, 'roles': ['admin', 'manager', 'member', 'reader'], 'is_admin_project': True, 'service_user_id': None, 'service_user_domain_id': None, 'service_project_id': None, 'service_project_domain_id': None, 'service_roles': []} {{(pid=44081) fill_context /opt/stack/keystone/keystone/server/flask/request_processing/middleware/auth_context.py:516}}
Jul 23 03:03:26 devstack devstack@keystone.service[44081]: DEBUG keystone.server.flask.request_processing.req_logging [None req-6f275683-f1ac-4c84-a2df-5eafe24210f0 None admin] REQUEST_METHOD: `GET` {{(pid=44081) log_request_info /opt/stack/keystone/keystone/server/flask/request_processing/req_logging.py:26}}
Jul 23 03:03:26 devstack devstack@keystone.service[44080]: DEBUG keystone.server.flask.request_processing.req_logging [None req-b112bd6f-cb1e-4928-823f-d035421687b5 None None] REQUEST_METHOD: `POST` {{(pid=44080) log_request_info /opt/stack/keystone/keystone/server/flask/request_processing/req_logging.py:26}}
Jul 23 03:03:26 devstack devstack@keystone.service[44081]: DEBUG keystone.server.flask.request_processing.req_logging [None req-6f275683-f1ac-4c84-a2df-5eafe24210f0 None admin] SCRIPT_NAME: `/identity` {{(pid=44081) log_request_info /opt/stack/keystone/keystone/server/flask/request_processing/req_logging.py:27}}
Jul 23 03:03:26 devstack devstack@keystone.service[44080]: DEBUG keystone.server.flask.request_processing.req_logging [None req-b112bd6f-cb1e-4928-823f-d035421687b5 None None] SCRIPT_NAME: `/identity` {{(pid=44080) log_request_info /opt/stack/keystone/keystone/server/flask/request_processing/req_logging.py:27}}
Jul 23 03:03:26 devstack devstack@keystone.service[44081]: DEBUG keystone.server.flask.request_processing.req_logging [None req-6f275683-f1ac-4c84-a2df-5eafe24210f0 None admin] PATH_INFO: `/v3/domains/Default` {{(pid=44081) log_request_info /opt/stack/keystone/keystone/server/flask/request_processing/req_logging.py:28}}
Jul 23 03:03:26 devstack devstack@keystone.service[44080]: DEBUG keystone.server.flask.request_processing.req_logging [None req-b112bd6f-cb1e-4928-823f-d035421687b5 None None] PATH_INFO: `/v3/auth/tokens` {{(pid=44080) log_request_info /opt/stack/keystone/keystone/server/flask/request_processing/req_logging.py:28}}
Jul 23 03:03:26 devstack devstack@keystone.service[44080]: WARNING keystone.common.password_hashing [None req-b112bd6f-cb1e-4928-823f-d035421687b5 None None] Truncating password to algorithm specific maximum length 72 characters.
Jul 23 03:03:26 devstack devstack@keystone.service[44081]: DEBUG keystone.common.rbac_enforcer.enforcer [None req-6f275683-f1ac-4c84-a2df-5eafe24210f0 None admin] RBAC: Authorizing `identity:get_domain(domain_id=Default)` {{(pid=44081) enforce_call /opt/stack/keystone/keystone/common/rbac_enforcer/enforcer.py:501}}
Jul 23 03:03:26 devstack devstack@keystone.service[44081]: DEBUG keystone.common.rbac_enforcer.enforcer [None req-6f275683-f1ac-4c84-a2df-5eafe24210f0 None admin] RBAC: Authorization granted {{(pid=44081) enforce_call /opt/stack/keystone/keystone/common/rbac_enforcer/enforcer.py:512}}
Jul 23 03:03:26 devstack devstack@keystone.service[44080]: DEBUG keystone.auth.core [None req-b112bd6f-cb1e-4928-823f-d035421687b5 None None] MFA Rules not processed for user `fb2b52b1ce9b4289bbf25d64183f4de3`. Rule list: `[]` (Enabled: `True`). {{(pid=44080) check_auth_methods_against_rules /opt/stack/keystone/keystone/auth/core.py:476}}
Jul 23 03:03:26 devstack devstack@keystone.service[44080]: DEBUG keystone.common.fernet_utils [None req-b112bd6f-cb1e-4928-823f-d035421687b5 None None] Loaded 2 Fernet keys from /etc/keystone/fernet-keys/, but `[fernet_tokens] max_active_keys = 3`; perhaps there have not been enough key rotations to reach `max_active_keys` yet? {{(pid=44080) load_keys /opt/stack/keystone/keystone/common/fernet_utils.py:297}}
Jul 23 03:03:26 devstack devstack@keystone.service[44081]: DEBUG keystone.server.flask.application [None req-6f275683-f1ac-4c84-a2df-5eafe24210f0 None admin] Could not find domain: Default. {{(pid=44081) _handle_keystone_exception /opt/stack/keystone/keystone/server/flask/application.py:146}}
Jul 23 03:03:26 devstack devstack@keystone.service[44081]: [pid: 44081|app: 0|req: 14/30] 192.168.122.42 () {56 vars in 1148 bytes} [Thu Jul 23 03:03:26 2026] GET /identity/v3/domains/Default => generated 87 bytes in 343 msecs (HTTP/1.1 404) 5 headers in 183 bytes (1 switches on core 0)
Jul 23 03:03:26 devstack devstack@keystone.service[44081]: DEBUG keystone.server.flask.request_processing.middleware.auth_context [None req-6f275683-f1ac-4c84-a2df-5eafe24210f0 None admin] Authenticating user token {{(pid=44081) process_request /opt/stack/data/venv/lib/python3.12/site-packages/keystonemiddleware/auth_token/__init__.py:406}}
Jul 23 03:03:26 devstack devstack@keystone.service[44080]: [pid: 44080|app: 0|req: 17/31] 192.168.122.42 () {58 vars in 1020 bytes} [Thu Jul 23 03:03:26 2026] POST /identity/v3/auth/tokens => generated 865 bytes in 168 msecs (HTTP/1.1 201) 6 headers in 363 bytes (1 switches on core 0)
Jul 23 03:03:26 devstack devstack@keystone.service[44081]: DEBUG keystone.server.flask.request_processing.middleware.auth_context [None req-6f275683-f1ac-4c84-a2df-5eafe24210f0 None admin] Validating token access rules against request {{(pid=44081) validate_allowed_request /opt/stack/data/venv/lib/python3.12/site-packages/keystonemiddleware/auth_token/__init__.py:544}}
Jul 23 03:03:26 devstack devstack@keystone.service[44080]: DEBUG keystone.server.flask.request_processing.req_logging [None req-27626a00-4909-480f-9acd-0c42fd099ee5 None None] REQUEST_METHOD: `GET` {{(pid=44080) log_request_info /opt/stack/keystone/keystone/server/flask/request_processing/req_logging.py:26}}
Jul 23 03:03:26 devstack devstack@keystone.service[44080]: DEBUG keystone.server.flask.request_processing.req_logging [None req-27626a00-4909-480f-9acd-0c42fd099ee5 None None] SCRIPT_NAME: `/identity` {{(pid=44080) log_request_info /opt/stack/keystone/keystone/server/flask/request_processing/req_logging.py:27}}
Jul 23 03:03:26 devstack devstack@keystone.service[44080]: DEBUG keystone.server.flask.request_processing.req_logging [None req-27626a00-4909-480f-9acd-0c42fd099ee5 None None] PATH_INFO: `/` {{(pid=44080) log_request_info /opt/stack/keystone/keystone/server/flask/request_processing/req_logging.py:28}}
Jul 23 03:03:26 devstack devstack@keystone.service[44080]: [pid: 44080|app: 0|req: 18/32] 192.168.122.42 () {54 vars in 923 bytes} [Thu Jul 23 03:03:26 2026] GET /identity => generated 273 bytes in 5 msecs (HTTP/1.1 300) 6 headers in 237 bytes (1 switches on core 0)
Jul 23 03:03:26 devstack devstack@keystone.service[44080]: DEBUG keystone.server.flask.request_processing.req_logging [None req-fd888b25-b108-4f02-b8b3-375749e228ab None None] REQUEST_METHOD: `POST` {{(pid=44080) log_request_info /opt/stack/keystone/keystone/server/flask/request_processing/req_logging.py:26}}
Jul 23 03:03:26 devstack devstack@keystone.service[44080]: DEBUG keystone.server.flask.request_processing.req_logging [None req-fd888b25-b108-4f02-b8b3-375749e228ab None None] SCRIPT_NAME: `/identity` {{(pid=44080) log_request_info /opt/stack/keystone/keystone/server/flask/request_processing/req_logging.py:27}}
Jul 23 03:03:26 devstack devstack@keystone.service[44080]: DEBUG keystone.server.flask.request_processing.req_logging [None req-fd888b25-b108-4f02-b8b3-375749e228ab None None] PATH_INFO: `/v3/auth/tokens` {{(pid=44080) log_request_info /opt/stack/keystone/keystone/server/flask/request_processing/req_logging.py:28}}
Jul 23 03:03:26 devstack devstack@keystone.service[44080]: WARNING keystone.common.password_hashing [None req-fd888b25-b108-4f02-b8b3-375749e228ab None None] Truncating password to algorithm specific maximum length 72 characters.
Jul 23 03:03:26 devstack devstack@keystone.service[44081]: DEBUG keystone.server.flask.request_processing.middleware.auth_context [None req-9ff664d3-5004-45bc-b379-feb523b3ddba None admin] RBAC: auth_context: {'token': , 'domain_id': None, 'trust_id': None, 'trustor_id': None, 'trustee_id': None, 'domain_name': None, 'group_ids': [], 'user_id': 'fb2b52b1ce9b4289bbf25d64183f4de3', 'user_domain_id': 'default', 'system_scope': 'all', 'project_id': None, 'project_domain_id': None, 'roles': ['admin', 'manager', 'member', 'reader'], 'is_admin_project': True, 'service_user_id': None, 'service_user_domain_id': None, 'service_project_id': None, 'service_project_domain_id': None, 'service_roles': []} {{(pid=44081) fill_context /opt/stack/keystone/keystone/server/flask/request_processing/middleware/auth_context.py:516}}
Jul 23 03:03:26 devstack devstack@keystone.service[44081]: DEBUG keystone.server.flask.request_processing.req_logging [None req-9ff664d3-5004-45bc-b379-feb523b3ddba None admin] REQUEST_METHOD: `GET` {{(pid=44081) log_request_info /opt/stack/keystone/keystone/server/flask/request_processing/req_logging.py:26}}
Jul 23 03:03:26 devstack devstack@keystone.service[44080]: DEBUG keystone.auth.core [None req-fd888b25-b108-4f02-b8b3-375749e228ab None None] MFA Rules not processed for user `fb2b52b1ce9b4289bbf25d64183f4de3`. Rule list: `[]` (Enabled: `True`). {{(pid=44080) check_auth_methods_against_rules /opt/stack/keystone/keystone/auth/core.py:476}}
Jul 23 03:03:26 devstack devstack@keystone.service[44081]: DEBUG keystone.server.flask.request_processing.req_logging [None req-9ff664d3-5004-45bc-b379-feb523b3ddba None admin] SCRIPT_NAME: `/identity` {{(pid=44081) log_request_info /opt/stack/keystone/keystone/server/flask/request_processing/req_logging.py:27}}
Jul 23 03:03:26 devstack devstack@keystone.service[44081]: DEBUG keystone.server.flask.request_processing.req_logging [None req-9ff664d3-5004-45bc-b379-feb523b3ddba None admin] PATH_INFO: `/v3/domains` {{(pid=44081) log_request_info /opt/stack/keystone/keystone/server/flask/request_processing/req_logging.py:28}}
Jul 23 03:03:26 devstack devstack@keystone.service[44080]: DEBUG keystone.common.fernet_utils [None req-fd888b25-b108-4f02-b8b3-375749e228ab None None] Loaded 2 Fernet keys from /etc/keystone/fernet-keys/, but `[fernet_tokens] max_active_keys = 3`; perhaps there have not been enough key rotations to reach `max_active_keys` yet? {{(pid=44080) load_keys /opt/stack/keystone/keystone/common/fernet_utils.py:297}}
Jul 23 03:03:26 devstack devstack@keystone.service[44081]: DEBUG keystone.common.rbac_enforcer.enforcer [None req-9ff664d3-5004-45bc-b379-feb523b3ddba None admin] RBAC: Adding query filter params (name=Default) {{(pid=44081) _extract_filter_values /opt/stack/keystone/keystone/common/rbac_enforcer/enforcer.py:176}}
Jul 23 03:03:26 devstack devstack@keystone.service[44081]: DEBUG keystone.common.rbac_enforcer.enforcer [None req-9ff664d3-5004-45bc-b379-feb523b3ddba None admin] RBAC: Authorizing `identity:list_domains()` {{(pid=44081) enforce_call /opt/stack/keystone/keystone/common/rbac_enforcer/enforcer.py:501}}
Jul 23 03:03:26 devstack devstack@keystone.service[44081]: DEBUG keystone.common.rbac_enforcer.enforcer [None req-9ff664d3-5004-45bc-b379-feb523b3ddba None admin] RBAC: Authorization granted {{(pid=44081) enforce_call /opt/stack/keystone/keystone/common/rbac_enforcer/enforcer.py:512}}
Jul 23 03:03:26 devstack devstack@keystone.service[44081]: [pid: 44081|app: 0|req: 15/33] 192.168.122.42 () {56 vars in 1162 bytes} [Thu Jul 23 03:03:26 2026] GET /identity/v3/domains?name=Default => generated 314 bytes in 289 msecs (HTTP/1.1 200) 5 headers in 177 bytes (1 switches on core 0)
Jul 23 03:03:26 devstack devstack@keystone.service[44081]: DEBUG keystone.server.flask.request_processing.req_logging [None req-ea45507a-dfc4-455a-8949-14557e6a4717 None None] REQUEST_METHOD: `GET` {{(pid=44081) log_request_info /opt/stack/keystone/keystone/server/flask/request_processing/req_logging.py:26}}
Jul 23 03:03:26 devstack devstack@keystone.service[44081]: DEBUG keystone.server.flask.request_processing.req_logging [None req-ea45507a-dfc4-455a-8949-14557e6a4717 None None] SCRIPT_NAME: `/identity` {{(pid=44081) log_request_info /opt/stack/keystone/keystone/server/flask/request_processing/req_logging.py:27}}
Jul 23 03:03:26 devstack devstack@keystone.service[44081]: DEBUG keystone.server.flask.request_processing.req_logging [None req-ea45507a-dfc4-455a-8949-14557e6a4717 None None] PATH_INFO: `/` {{(pid=44081) log_request_info /opt/stack/keystone/keystone/server/flask/request_processing/req_logging.py:28}}
Jul 23 03:03:26 devstack devstack@keystone.service[44081]: [pid: 44081|app: 0|req: 16/34] 192.168.122.42 () {54 vars in 923 bytes} [Thu Jul 23 03:03:26 2026] GET /identity => generated 273 bytes in 5 msecs (HTTP/1.1 300) 6 headers in 237 bytes (1 switches on core 0)
Jul 23 03:03:26 devstack devstack@keystone.service[44081]: DEBUG keystone.server.flask.request_processing.req_logging [None req-140ba5ff-cfbd-4647-a390-a357c43e6794 None None] REQUEST_METHOD: `POST` {{(pid=44081) log_request_info /opt/stack/keystone/keystone/server/flask/request_processing/req_logging.py:26}}
Jul 23 03:03:26 devstack devstack@keystone.service[44081]: DEBUG keystone.server.flask.request_processing.req_logging [None req-140ba5ff-cfbd-4647-a390-a357c43e6794 None None] SCRIPT_NAME: `/identity` {{(pid=44081) log_request_info /opt/stack/keystone/keystone/server/flask/request_processing/req_logging.py:27}}
Jul 23 03:03:26 devstack devstack@keystone.service[44081]: DEBUG keystone.server.flask.request_processing.req_logging [None req-140ba5ff-cfbd-4647-a390-a357c43e6794 None None] PATH_INFO: `/v3/auth/tokens` {{(pid=44081) log_request_info /opt/stack/keystone/keystone/server/flask/request_processing/req_logging.py:28}}
Jul 23 03:03:27 devstack devstack@keystone.service[44081]: WARNING keystone.common.password_hashing [None req-140ba5ff-cfbd-4647-a390-a357c43e6794 None None] Truncating password to algorithm specific maximum length 72 characters.
Jul 23 03:03:27 devstack devstack@keystone.service[44081]: DEBUG keystone.auth.core [None req-140ba5ff-cfbd-4647-a390-a357c43e6794 None None] MFA Rules not processed for user `fb2b52b1ce9b4289bbf25d64183f4de3`. Rule list: `[]` (Enabled: `True`). {{(pid=44081) check_auth_methods_against_rules /opt/stack/keystone/keystone/auth/core.py:476}}
Jul 23 03:03:27 devstack devstack@keystone.service[44081]: DEBUG keystone.common.fernet_utils [None req-140ba5ff-cfbd-4647-a390-a357c43e6794 None None] Loaded 2 Fernet keys from /etc/keystone/fernet-keys/, but `[fernet_tokens] max_active_keys = 3`; perhaps there have not been enough key rotations to reach `max_active_keys` yet? {{(pid=44081) load_keys /opt/stack/keystone/keystone/common/fernet_utils.py:297}}
Jul 23 03:03:27 devstack devstack@keystone.service[44080]: [pid: 44080|app: 0|req: 19/35] 192.168.122.42 () {58 vars in 1020 bytes} [Thu Jul 23 03:03:26 2026] POST /identity/v3/auth/tokens => generated 865 bytes in 170 msecs (HTTP/1.1 201) 6 headers in 363 bytes (1 switches on core 0)
Jul 23 03:03:27 devstack devstack@keystone.service[44080]: DEBUG keystone.server.flask.request_processing.middleware.auth_context [None req-fd888b25-b108-4f02-b8b3-375749e228ab None None] Authenticating user token {{(pid=44080) process_request /opt/stack/data/venv/lib/python3.12/site-packages/keystonemiddleware/auth_token/__init__.py:406}}
Jul 23 03:03:27 devstack devstack@keystone.service[44080]: DEBUG keystone.server.flask.request_processing.middleware.auth_context [None req-fd888b25-b108-4f02-b8b3-375749e228ab None None] Validating token access rules against request {{(pid=44080) validate_allowed_request /opt/stack/data/venv/lib/python3.12/site-packages/keystonemiddleware/auth_token/__init__.py:544}}
Jul 23 03:03:27 devstack devstack@keystone.service[44080]: DEBUG keystone.server.flask.request_processing.middleware.auth_context [None req-401bc730-d77b-4b77-a71e-37863cc22b84 None admin] RBAC: auth_context: {'token': , 'domain_id': None, 'trust_id': None, 'trustor_id': None, 'trustee_id': None, 'domain_name': None, 'group_ids': [], 'user_id': 'fb2b52b1ce9b4289bbf25d64183f4de3', 'user_domain_id': 'default', 'system_scope': 'all', 'project_id': None, 'project_domain_id': None, 'roles': ['admin', 'manager', 'member', 'reader'], 'is_admin_project': True, 'service_user_id': None, 'service_user_domain_id': None, 'service_project_id': None, 'service_project_domain_id': None, 'service_roles': []} {{(pid=44080) fill_context /opt/stack/keystone/keystone/server/flask/request_processing/middleware/auth_context.py:516}}
Jul 23 03:03:27 devstack devstack@keystone.service[44080]: DEBUG keystone.server.flask.request_processing.req_logging [None req-401bc730-d77b-4b77-a71e-37863cc22b84 None admin] REQUEST_METHOD: `POST` {{(pid=44080) log_request_info /opt/stack/keystone/keystone/server/flask/request_processing/req_logging.py:26}}
Jul 23 03:03:27 devstack devstack@keystone.service[44080]: DEBUG keystone.server.flask.request_processing.req_logging [None req-401bc730-d77b-4b77-a71e-37863cc22b84 None admin] SCRIPT_NAME: `/identity` {{(pid=44080) log_request_info /opt/stack/keystone/keystone/server/flask/request_processing/req_logging.py:27}}
Jul 23 03:03:27 devstack devstack@keystone.service[44080]: DEBUG keystone.server.flask.request_processing.req_logging [None req-401bc730-d77b-4b77-a71e-37863cc22b84 None admin] PATH_INFO: `/v3/projects` {{(pid=44080) log_request_info /opt/stack/keystone/keystone/server/flask/request_processing/req_logging.py:28}}
Jul 23 03:03:27 devstack devstack@keystone.service[44081]: [pid: 44081|app: 0|req: 17/36] 192.168.122.42 () {58 vars in 1020 bytes} [Thu Jul 23 03:03:26 2026] POST /identity/v3/auth/tokens => generated 865 bytes in 259 msecs (HTTP/1.1 201) 6 headers in 363 bytes (1 switches on core 0)
Jul 23 03:03:27 devstack devstack@keystone.service[44080]: DEBUG keystone.common.rbac_enforcer.enforcer [None req-401bc730-d77b-4b77-a71e-37863cc22b84 None admin] RBAC: Authorizing `identity:create_project()` {{(pid=44080) enforce_call /opt/stack/keystone/keystone/common/rbac_enforcer/enforcer.py:501}}
Jul 23 03:03:27 devstack devstack@keystone.service[44081]: DEBUG keystone.server.flask.request_processing.middleware.auth_context [None req-140ba5ff-cfbd-4647-a390-a357c43e6794 None None] Authenticating user token {{(pid=44081) process_request /opt/stack/data/venv/lib/python3.12/site-packages/keystonemiddleware/auth_token/__init__.py:406}}
Jul 23 03:03:27 devstack devstack@keystone.service[44080]: DEBUG keystone.common.rbac_enforcer.enforcer [None req-401bc730-d77b-4b77-a71e-37863cc22b84 None admin] RBAC: Authorization granted {{(pid=44080) enforce_call /opt/stack/keystone/keystone/common/rbac_enforcer/enforcer.py:512}}
Jul 23 03:03:27 devstack devstack@keystone.service[44080]: [pid: 44080|app: 0|req: 20/37] 192.168.122.42 () {60 vars in 1180 bytes} [Thu Jul 23 03:03:27 2026] POST /identity/v3/projects => generated 304 bytes in 217 msecs (HTTP/1.1 201) 5 headers in 182 bytes (1 switches on core 0)
Jul 23 03:03:27 devstack devstack@keystone.service[44081]: DEBUG keystone.server.flask.request_processing.middleware.auth_context [None req-140ba5ff-cfbd-4647-a390-a357c43e6794 None None] Validating token access rules against request {{(pid=44081) validate_allowed_request /opt/stack/data/venv/lib/python3.12/site-packages/keystonemiddleware/auth_token/__init__.py:544}}
Jul 23 03:03:27 devstack devstack@keystone.service[44080]: DEBUG keystone.server.flask.request_processing.middleware.auth_context [None req-401bc730-d77b-4b77-a71e-37863cc22b84 None admin] Authenticating user token {{(pid=44080) process_request /opt/stack/data/venv/lib/python3.12/site-packages/keystonemiddleware/auth_token/__init__.py:406}}
Jul 23 03:03:27 devstack devstack@keystone.service[44081]: DEBUG keystone.server.flask.request_processing.middleware.auth_context [None req-93930ebb-eda4-42c7-9207-a28918aea1fe None admin] RBAC: auth_context: {'token': , 'domain_id': None, 'trust_id': None, 'trustor_id': None, 'trustee_id': None, 'domain_name': None, 'group_ids': [], 'user_id': 'fb2b52b1ce9b4289bbf25d64183f4de3', 'user_domain_id': 'default', 'system_scope': 'all', 'project_id': None, 'project_domain_id': None, 'roles': ['admin', 'manager', 'member', 'reader'], 'is_admin_project': True, 'service_user_id': None, 'service_user_domain_id': None, 'service_project_id': None, 'service_project_domain_id': None, 'service_roles': []} {{(pid=44081) fill_context /opt/stack/keystone/keystone/server/flask/request_processing/middleware/auth_context.py:516}}
Jul 23 03:03:27 devstack devstack@keystone.service[44081]: DEBUG keystone.server.flask.request_processing.req_logging [None req-93930ebb-eda4-42c7-9207-a28918aea1fe None admin] REQUEST_METHOD: `GET` {{(pid=44081) log_request_info /opt/stack/keystone/keystone/server/flask/request_processing/req_logging.py:26}}
Jul 23 03:03:27 devstack devstack@keystone.service[44081]: DEBUG keystone.server.flask.request_processing.req_logging [None req-93930ebb-eda4-42c7-9207-a28918aea1fe None admin] SCRIPT_NAME: `/identity` {{(pid=44081) log_request_info /opt/stack/keystone/keystone/server/flask/request_processing/req_logging.py:27}}
Jul 23 03:03:27 devstack devstack@keystone.service[44081]: DEBUG keystone.server.flask.request_processing.req_logging [None req-93930ebb-eda4-42c7-9207-a28918aea1fe None admin] PATH_INFO: `/v3/roles/admin` {{(pid=44081) log_request_info /opt/stack/keystone/keystone/server/flask/request_processing/req_logging.py:28}}
Jul 23 03:03:27 devstack devstack@keystone.service[44081]: DEBUG keystone.common.rbac_enforcer.enforcer [None req-93930ebb-eda4-42c7-9207-a28918aea1fe None admin] Extracting inferred target data resulted in "NOT FOUND (404)". {{(pid=44081) enforce_call /opt/stack/keystone/keystone/common/rbac_enforcer/enforcer.py:445}}
Jul 23 03:03:27 devstack devstack@keystone.service[44081]: DEBUG keystone.server.flask.application [None req-93930ebb-eda4-42c7-9207-a28918aea1fe None admin] Could not find role: admin. {{(pid=44081) _handle_keystone_exception /opt/stack/keystone/keystone/server/flask/application.py:146}}
Jul 23 03:03:27 devstack devstack@keystone.service[44081]: [pid: 44081|app: 0|req: 18/38] 192.168.122.42 () {56 vars in 1136 bytes} [Thu Jul 23 03:03:27 2026] GET /identity/v3/roles/admin => generated 83 bytes in 305 msecs (HTTP/1.1 404) 5 headers in 183 bytes (1 switches on core 0)
Jul 23 03:03:27 devstack devstack@keystone.service[44081]: DEBUG keystone.server.flask.request_processing.middleware.auth_context [None req-93930ebb-eda4-42c7-9207-a28918aea1fe None admin] Authenticating user token {{(pid=44081) process_request /opt/stack/data/venv/lib/python3.12/site-packages/keystonemiddleware/auth_token/__init__.py:406}}
Jul 23 03:03:27 devstack devstack@keystone.service[44080]: DEBUG keystone.server.flask.request_processing.middleware.auth_context [None req-401bc730-d77b-4b77-a71e-37863cc22b84 None admin] Validating token access rules against request {{(pid=44080) validate_allowed_request /opt/stack/data/venv/lib/python3.12/site-packages/keystonemiddleware/auth_token/__init__.py:544}}
Jul 23 03:03:27 devstack devstack@keystone.service[44081]: DEBUG keystone.server.flask.request_processing.middleware.auth_context [None req-93930ebb-eda4-42c7-9207-a28918aea1fe None admin] Validating token access rules against request {{(pid=44081) validate_allowed_request /opt/stack/data/venv/lib/python3.12/site-packages/keystonemiddleware/auth_token/__init__.py:544}}
Jul 23 03:03:27 devstack devstack@keystone.service[44080]: DEBUG keystone.server.flask.request_processing.middleware.auth_context [None req-df066840-6883-4409-b401-965a4a5622ad None admin] RBAC: auth_context: {'token': , 'domain_id': None, 'trust_id': None, 'trustor_id': None, 'trustee_id': None, 'domain_name': None, 'group_ids': [], 'user_id': 'fb2b52b1ce9b4289bbf25d64183f4de3', 'user_domain_id': 'default', 'system_scope': 'all', 'project_id': None, 'project_domain_id': None, 'roles': ['admin', 'manager', 'member', 'reader'], 'is_admin_project': True, 'service_user_id': None, 'service_user_domain_id': None, 'service_project_id': None, 'service_project_domain_id': None, 'service_roles': []} {{(pid=44080) fill_context /opt/stack/keystone/keystone/server/flask/request_processing/middleware/auth_context.py:516}}
Jul 23 03:03:27 devstack devstack@keystone.service[44080]: DEBUG keystone.server.flask.request_processing.req_logging [None req-df066840-6883-4409-b401-965a4a5622ad None admin] REQUEST_METHOD: `POST` {{(pid=44080) log_request_info /opt/stack/keystone/keystone/server/flask/request_processing/req_logging.py:26}}
Jul 23 03:03:27 devstack devstack@keystone.service[44080]: DEBUG keystone.server.flask.request_processing.req_logging [None req-df066840-6883-4409-b401-965a4a5622ad None admin] SCRIPT_NAME: `/identity` {{(pid=44080) log_request_info /opt/stack/keystone/keystone/server/flask/request_processing/req_logging.py:27}}
Jul 23 03:03:27 devstack devstack@keystone.service[44080]: DEBUG keystone.server.flask.request_processing.req_logging [None req-df066840-6883-4409-b401-965a4a5622ad None admin] PATH_INFO: `/v3/roles` {{(pid=44080) log_request_info /opt/stack/keystone/keystone/server/flask/request_processing/req_logging.py:28}}
Jul 23 03:03:27 devstack devstack@keystone.service[44080]: DEBUG keystone.common.rbac_enforcer.enforcer [None req-df066840-6883-4409-b401-965a4a5622ad None admin] RBAC: Authorizing `identity:create_role()` {{(pid=44080) enforce_call /opt/stack/keystone/keystone/common/rbac_enforcer/enforcer.py:501}}
Jul 23 03:03:27 devstack devstack@keystone.service[44080]: DEBUG keystone.common.rbac_enforcer.enforcer [None req-df066840-6883-4409-b401-965a4a5622ad None admin] RBAC: Authorization granted {{(pid=44080) enforce_call /opt/stack/keystone/keystone/common/rbac_enforcer/enforcer.py:512}}
Jul 23 03:03:27 devstack devstack@keystone.service[44081]: DEBUG keystone.server.flask.request_processing.middleware.auth_context [None req-751bb765-29b2-4a30-8147-394a9b81ffba None admin] RBAC: auth_context: {'token': , 'domain_id': None, 'trust_id': None, 'trustor_id': None, 'trustee_id': None, 'domain_name': None, 'group_ids': [], 'user_id': 'fb2b52b1ce9b4289bbf25d64183f4de3', 'user_domain_id': 'default', 'system_scope': 'all', 'project_id': None, 'project_domain_id': None, 'roles': ['admin', 'manager', 'member', 'reader'], 'is_admin_project': True, 'service_user_id': None, 'service_user_domain_id': None, 'service_project_id': None, 'service_project_domain_id': None, 'service_roles': []} {{(pid=44081) fill_context /opt/stack/keystone/keystone/server/flask/request_processing/middleware/auth_context.py:516}}
Jul 23 03:03:27 devstack devstack@keystone.service[44081]: DEBUG keystone.server.flask.request_processing.req_logging [None req-751bb765-29b2-4a30-8147-394a9b81ffba None admin] REQUEST_METHOD: `GET` {{(pid=44081) log_request_info /opt/stack/keystone/keystone/server/flask/request_processing/req_logging.py:26}}
Jul 23 03:03:27 devstack devstack@keystone.service[44081]: DEBUG keystone.server.flask.request_processing.req_logging [None req-751bb765-29b2-4a30-8147-394a9b81ffba None admin] SCRIPT_NAME: `/identity` {{(pid=44081) log_request_info /opt/stack/keystone/keystone/server/flask/request_processing/req_logging.py:27}}
Jul 23 03:03:27 devstack devstack@keystone.service[44081]: DEBUG keystone.server.flask.request_processing.req_logging [None req-751bb765-29b2-4a30-8147-394a9b81ffba None admin] PATH_INFO: `/v3/roles` {{(pid=44081) log_request_info /opt/stack/keystone/keystone/server/flask/request_processing/req_logging.py:28}}
Jul 23 03:03:27 devstack devstack@keystone.service[44081]: DEBUG keystone.common.rbac_enforcer.enforcer [None req-751bb765-29b2-4a30-8147-394a9b81ffba None admin] RBAC: Adding query filter params (name=admin) {{(pid=44081) _extract_filter_values /opt/stack/keystone/keystone/common/rbac_enforcer/enforcer.py:176}}
Jul 23 03:03:27 devstack devstack@keystone.service[44081]: DEBUG keystone.common.rbac_enforcer.enforcer [None req-751bb765-29b2-4a30-8147-394a9b81ffba None admin] RBAC: Authorizing `identity:list_roles()` {{(pid=44081) enforce_call /opt/stack/keystone/keystone/common/rbac_enforcer/enforcer.py:501}}
Jul 23 03:03:27 devstack devstack@keystone.service[44081]: DEBUG keystone.common.rbac_enforcer.enforcer [None req-751bb765-29b2-4a30-8147-394a9b81ffba None admin] RBAC: Authorization granted {{(pid=44081) enforce_call /opt/stack/keystone/keystone/common/rbac_enforcer/enforcer.py:512}}
Jul 23 03:03:27 devstack devstack@keystone.service[44080]: [pid: 44080|app: 0|req: 21/39] 192.168.122.42 () {60 vars in 1171 bytes} [Thu Jul 23 03:03:27 2026] POST /identity/v3/roles => generated 226 bytes in 282 msecs (HTTP/1.1 201) 5 headers in 182 bytes (1 switches on core 0)
Jul 23 03:03:27 devstack devstack@keystone.service[44080]: DEBUG keystone.server.flask.request_processing.middleware.auth_context [None req-df066840-6883-4409-b401-965a4a5622ad None admin] Authenticating user token {{(pid=44080) process_request /opt/stack/data/venv/lib/python3.12/site-packages/keystonemiddleware/auth_token/__init__.py:406}}
Jul 23 03:03:27 devstack devstack@keystone.service[44081]: [pid: 44081|app: 0|req: 19/40] 192.168.122.42 () {56 vars in 1152 bytes} [Thu Jul 23 03:03:27 2026] GET /identity/v3/roles?name=admin => generated 345 bytes in 226 msecs (HTTP/1.1 200) 5 headers in 177 bytes (1 switches on core 0)
Jul 23 03:03:27 devstack devstack@keystone.service[44081]: DEBUG keystone.server.flask.request_processing.middleware.auth_context [None req-751bb765-29b2-4a30-8147-394a9b81ffba None admin] Authenticating user token {{(pid=44081) process_request /opt/stack/data/venv/lib/python3.12/site-packages/keystonemiddleware/auth_token/__init__.py:406}}
Jul 23 03:03:27 devstack devstack@keystone.service[44080]: DEBUG keystone.server.flask.request_processing.middleware.auth_context [None req-df066840-6883-4409-b401-965a4a5622ad None admin] Validating token access rules against request {{(pid=44080) validate_allowed_request /opt/stack/data/venv/lib/python3.12/site-packages/keystonemiddleware/auth_token/__init__.py:544}}
Jul 23 03:03:27 devstack devstack@keystone.service[44081]: DEBUG keystone.server.flask.request_processing.middleware.auth_context [None req-751bb765-29b2-4a30-8147-394a9b81ffba None admin] Validating token access rules against request {{(pid=44081) validate_allowed_request /opt/stack/data/venv/lib/python3.12/site-packages/keystonemiddleware/auth_token/__init__.py:544}}
Jul 23 03:03:27 devstack devstack@keystone.service[44080]: DEBUG keystone.server.flask.request_processing.middleware.auth_context [None req-1d38b7fe-3fe9-4451-b083-9d27c8c0ab8c None admin] RBAC: auth_context: {'token': , 'domain_id': None, 'trust_id': None, 'trustor_id': None, 'trustee_id': None, 'domain_name': None, 'group_ids': [], 'user_id': 'fb2b52b1ce9b4289bbf25d64183f4de3', 'user_domain_id': 'default', 'system_scope': 'all', 'project_id': None, 'project_domain_id': None, 'roles': ['admin', 'manager', 'member', 'reader'], 'is_admin_project': True, 'service_user_id': None, 'service_user_domain_id': None, 'service_project_id': None, 'service_project_domain_id': None, 'service_roles': []} {{(pid=44080) fill_context /opt/stack/keystone/keystone/server/flask/request_processing/middleware/auth_context.py:516}}
Jul 23 03:03:27 devstack devstack@keystone.service[44080]: DEBUG keystone.server.flask.request_processing.req_logging [None req-1d38b7fe-3fe9-4451-b083-9d27c8c0ab8c None admin] REQUEST_METHOD: `POST` {{(pid=44080) log_request_info /opt/stack/keystone/keystone/server/flask/request_processing/req_logging.py:26}}
Jul 23 03:03:27 devstack devstack@keystone.service[44080]: DEBUG keystone.server.flask.request_processing.req_logging [None req-1d38b7fe-3fe9-4451-b083-9d27c8c0ab8c None admin] SCRIPT_NAME: `/identity` {{(pid=44080) log_request_info /opt/stack/keystone/keystone/server/flask/request_processing/req_logging.py:27}}
Jul 23 03:03:27 devstack devstack@keystone.service[44080]: DEBUG keystone.server.flask.request_processing.req_logging [None req-1d38b7fe-3fe9-4451-b083-9d27c8c0ab8c None admin] PATH_INFO: `/v3/roles` {{(pid=44080) log_request_info /opt/stack/keystone/keystone/server/flask/request_processing/req_logging.py:28}}
Jul 23 03:03:27 devstack devstack@keystone.service[44080]: DEBUG keystone.common.rbac_enforcer.enforcer [None req-1d38b7fe-3fe9-4451-b083-9d27c8c0ab8c None admin] RBAC: Authorizing `identity:create_role()` {{(pid=44080) enforce_call /opt/stack/keystone/keystone/common/rbac_enforcer/enforcer.py:501}}
Jul 23 03:03:27 devstack devstack@keystone.service[44080]: DEBUG keystone.common.rbac_enforcer.enforcer [None req-1d38b7fe-3fe9-4451-b083-9d27c8c0ab8c None admin] RBAC: Authorization granted {{(pid=44080) enforce_call /opt/stack/keystone/keystone/common/rbac_enforcer/enforcer.py:512}}
Jul 23 03:03:27 devstack devstack@keystone.service[44080]: DEBUG keystone.common.sql.core [None req-1d38b7fe-3fe9-4451-b083-9d27c8c0ab8c None admin] Conflict role: (pymysql.err.IntegrityError) (1062, "Duplicate entry 'service-<>' for key 'role.ixu_role_name_domain_id'")
Jul 23 03:03:27 devstack devstack@keystone.service[44080]: [SQL: INSERT INTO `role` (id, name, description, extra) VALUES (%(id)s, %(name)s, %(description)s, %(extra)s)]
Jul 23 03:03:27 devstack devstack@keystone.service[44080]: [parameters: {'id': 'f0fc2819ca124e159b2f5b9928f46537', 'name': 'service', 'description': None, 'extra': '{}'}]
Jul 23 03:03:27 devstack devstack@keystone.service[44080]: (Background on this error at: https://sqlalche.me/e/20/gkpj) {{(pid=44080) wrapper /opt/stack/keystone/keystone/common/sql/core.py:580}}
Jul 23 03:03:28 devstack devstack@keystone.service[44081]: DEBUG keystone.server.flask.request_processing.middleware.auth_context [None req-683eb12e-17eb-4f9a-a321-1ad5043d7391 None admin] RBAC: auth_context: {'token': , 'domain_id': None, 'trust_id': None, 'trustor_id': None, 'trustee_id': None, 'domain_name': None, 'group_ids': [], 'user_id': 'fb2b52b1ce9b4289bbf25d64183f4de3', 'user_domain_id': 'default', 'system_scope': 'all', 'project_id': None, 'project_domain_id': None, 'roles': ['admin', 'manager', 'member', 'reader'], 'is_admin_project': True, 'service_user_id': None, 'service_user_domain_id': None, 'service_project_id': None, 'service_project_domain_id': None, 'service_roles': []} {{(pid=44081) fill_context /opt/stack/keystone/keystone/server/flask/request_processing/middleware/auth_context.py:516}}
Jul 23 03:03:28 devstack devstack@keystone.service[44081]: DEBUG keystone.server.flask.request_processing.req_logging [None req-683eb12e-17eb-4f9a-a321-1ad5043d7391 None admin] REQUEST_METHOD: `POST` {{(pid=44081) log_request_info /opt/stack/keystone/keystone/server/flask/request_processing/req_logging.py:26}}
Jul 23 03:03:28 devstack devstack@keystone.service[44081]: DEBUG keystone.server.flask.request_processing.req_logging [None req-683eb12e-17eb-4f9a-a321-1ad5043d7391 None admin] SCRIPT_NAME: `/identity` {{(pid=44081) log_request_info /opt/stack/keystone/keystone/server/flask/request_processing/req_logging.py:27}}
Jul 23 03:03:28 devstack devstack@keystone.service[44081]: DEBUG keystone.server.flask.request_processing.req_logging [None req-683eb12e-17eb-4f9a-a321-1ad5043d7391 None admin] PATH_INFO: `/v3/roles` {{(pid=44081) log_request_info /opt/stack/keystone/keystone/server/flask/request_processing/req_logging.py:28}}
Jul 23 03:03:28 devstack devstack@keystone.service[44081]: DEBUG keystone.common.rbac_enforcer.enforcer [None req-683eb12e-17eb-4f9a-a321-1ad5043d7391 None admin] RBAC: Authorizing `identity:create_role()` {{(pid=44081) enforce_call /opt/stack/keystone/keystone/common/rbac_enforcer/enforcer.py:501}}
Jul 23 03:03:28 devstack devstack@keystone.service[44081]: DEBUG keystone.common.rbac_enforcer.enforcer [None req-683eb12e-17eb-4f9a-a321-1ad5043d7391 None admin] RBAC: Authorization granted {{(pid=44081) enforce_call /opt/stack/keystone/keystone/common/rbac_enforcer/enforcer.py:512}}
Jul 23 03:03:28 devstack devstack@keystone.service[44080]: ERROR keystone.server.flask.application [None req-1d38b7fe-3fe9-4451-b083-9d27c8c0ab8c None admin] Conflict occurred attempting to store role - Duplicate entry found with name service.: keystone.exception.Conflict: Conflict occurred attempting to store role - Duplicate entry found with name service.
Jul 23 03:03:28 devstack devstack@keystone.service[44080]: ERROR keystone.server.flask.application
Traceback (most recent call last):
Jul 23 03:03:28 devstack devstack@keystone.service[44080]: ERROR keystone.server.flask.application
File "/opt/stack/data/venv/lib/python3.12/site-packages/sqlalchemy/engine/base.py", line 1969, in _exec_single_context
Jul 23 03:03:28 devstack devstack@keystone.service[44080]: ERROR keystone.server.flask.application self.dialect.do_execute(
Jul 23 03:03:28 devstack devstack@keystone.service[44080]: ERROR keystone.server.flask.application
File "/opt/stack/data/venv/lib/python3.12/site-packages/sqlalchemy/engine/default.py", line 952, in do_execute
Jul 23 03:03:28 devstack devstack@keystone.service[44080]: ERROR keystone.server.flask.application cursor.execute(statement, parameters)
Jul 23 03:03:28 devstack devstack@keystone.service[44080]: ERROR keystone.server.flask.application
File "/opt/stack/data/venv/lib/python3.12/site-packages/pymysql/cursors.py", line 159, in execute
Jul 23 03:03:28 devstack devstack@keystone.service[44080]: ERROR keystone.server.flask.application result = self._query(query)
Jul 23 03:03:28 devstack devstack@keystone.service[44080]: ERROR keystone.server.flask.application ^^^^^^^^^^^^^^^^^^
Jul 23 03:03:28 devstack devstack@keystone.service[44080]: ERROR keystone.server.flask.application
File "/opt/stack/data/venv/lib/python3.12/site-packages/pymysql/cursors.py", line 330, in _query
Jul 23 03:03:28 devstack devstack@keystone.service[44080]: ERROR keystone.server.flask.application conn.query(q)
Jul 23 03:03:28 devstack devstack@keystone.service[44080]: ERROR keystone.server.flask.application
File "/opt/stack/data/venv/lib/python3.12/site-packages/pymysql/connections.py", line 582, in query
Jul 23 03:03:28 devstack devstack@keystone.service[44080]: ERROR keystone.server.flask.application self._affected_rows = self._read_query_result(unbuffered=unbuffered)
Jul 23 03:03:28 devstack devstack@keystone.service[44080]: ERROR keystone.server.flask.application ^^^^^^^^^^^^^^^^^^^^^^^^^^^^^^^^^^^^^^^^^^^^^^
Jul 23 03:03:28 devstack devstack@keystone.service[44080]: ERROR keystone.server.flask.application
File "/opt/stack/data/venv/lib/python3.12/site-packages/pymysql/connections.py", line 847, in _read_query_result
Jul 23 03:03:28 devstack devstack@keystone.service[44080]: ERROR keystone.server.flask.application result.read()
Jul 23 03:03:28 devstack devstack@keystone.service[44080]: ERROR keystone.server.flask.application
File "/opt/stack/data/venv/lib/python3.12/site-packages/pymysql/connections.py", line 1245, in read
Jul 23 03:03:28 devstack devstack@keystone.service[44080]: ERROR keystone.server.flask.application first_packet = self.connection._read_packet()
Jul 23 03:03:28 devstack devstack@keystone.service[44080]: ERROR keystone.server.flask.application ^^^^^^^^^^^^^^^^^^^^^^^^^^^^^^
Jul 23 03:03:28 devstack devstack@keystone.service[44080]: ERROR keystone.server.flask.application
File "/opt/stack/data/venv/lib/python3.12/site-packages/pymysql/connections.py", line 803, in _read_packet
Jul 23 03:03:28 devstack devstack@keystone.service[44080]: ERROR keystone.server.flask.application packet.raise_for_error()
Jul 23 03:03:28 devstack devstack@keystone.service[44080]: ERROR keystone.server.flask.application
File "/opt/stack/data/venv/lib/python3.12/site-packages/pymysql/protocol.py", line 219, in raise_for_error
Jul 23 03:03:28 devstack devstack@keystone.service[44080]: ERROR keystone.server.flask.application err.raise_mysql_exception(self._data)
Jul 23 03:03:28 devstack devstack@keystone.service[44080]: ERROR keystone.server.flask.application
File "/opt/stack/data/venv/lib/python3.12/site-packages/pymysql/err.py", line 154, in raise_mysql_exception
Jul 23 03:03:28 devstack devstack@keystone.service[44080]: ERROR keystone.server.flask.application raise errorclass(errno, errval, sqlstate=sqlstate)
Jul 23 03:03:28 devstack devstack@keystone.service[44080]: ERROR keystone.server.flask.application pymysql.err.IntegrityError: (1062, "Duplicate entry 'service-<>' for key 'role.ixu_role_name_domain_id'")
Jul 23 03:03:28 devstack devstack@keystone.service[44080]: ERROR keystone.server.flask.application
Jul 23 03:03:28 devstack devstack@keystone.service[44080]: ERROR keystone.server.flask.application The above exception was the direct cause of the following exception:
Jul 23 03:03:28 devstack devstack@keystone.service[44080]: ERROR keystone.server.flask.application
Jul 23 03:03:28 devstack devstack@keystone.service[44080]: ERROR keystone.server.flask.application
Traceback (most recent call last):
Jul 23 03:03:28 devstack devstack@keystone.service[44080]: ERROR keystone.server.flask.application
File "/opt/stack/keystone/keystone/common/sql/core.py", line 575, in wrapper
Jul 23 03:03:28 devstack devstack@keystone.service[44080]: ERROR keystone.server.flask.application return method(*args, **kwargs)
Jul 23 03:03:28 devstack devstack@keystone.service[44080]: ERROR keystone.server.flask.application ^^^^^^^^^^^^^^^^^^^^^^^
Jul 23 03:03:28 devstack devstack@keystone.service[44080]: ERROR keystone.server.flask.application
File "/opt/stack/keystone/keystone/assignment/role_backends/sql.py", line 25, in create_role
Jul 23 03:03:28 devstack devstack@keystone.service[44080]: ERROR keystone.server.flask.application with sql.session_for_write() as session:
Jul 23 03:03:28 devstack devstack@keystone.service[44080]: ERROR keystone.server.flask.application
File "/usr/lib/python3.12/contextlib.py", line 144, in __exit__
Jul 23 03:03:28 devstack devstack@keystone.service[44080]: ERROR keystone.server.flask.application next(self.gen)
Jul 23 03:03:28 devstack devstack@keystone.service[44080]: ERROR keystone.server.flask.application
File "/opt/stack/data/venv/lib/python3.12/site-packages/oslo_db/sqlalchemy/enginefacade.py", line 1175, in _transaction_scope
Jul 23 03:03:28 devstack devstack@keystone.service[44080]: ERROR keystone.server.flask.application with current._produce_block(
Jul 23 03:03:28 devstack devstack@keystone.service[44080]: ERROR keystone.server.flask.application
File "/usr/lib/python3.12/contextlib.py", line 144, in __exit__
Jul 23 03:03:28 devstack devstack@keystone.service[44080]: ERROR keystone.server.flask.application next(self.gen)
Jul 23 03:03:28 devstack devstack@keystone.service[44080]: ERROR keystone.server.flask.application
File "/opt/stack/data/venv/lib/python3.12/site-packages/oslo_db/sqlalchemy/enginefacade.py", line 837, in _session
Jul 23 03:03:28 devstack devstack@keystone.service[44080]: ERROR keystone.server.flask.application with excutils.save_and_reraise_exception():
Jul 23 03:03:28 devstack devstack@keystone.service[44080]: ERROR keystone.server.flask.application
File "/opt/stack/data/venv/lib/python3.12/site-packages/oslo_utils/excutils.py", line 266, in __exit__
Jul 23 03:03:28 devstack devstack@keystone.service[44080]: ERROR keystone.server.flask.application self.force_reraise()
Jul 23 03:03:28 devstack devstack@keystone.service[44080]: ERROR keystone.server.flask.application
File "/opt/stack/data/venv/lib/python3.12/site-packages/oslo_utils/excutils.py", line 232, in force_reraise
Jul 23 03:03:28 devstack devstack@keystone.service[44080]: ERROR keystone.server.flask.application raise self.value
Jul 23 03:03:28 devstack devstack@keystone.service[44080]: ERROR keystone.server.flask.application
File "/opt/stack/data/venv/lib/python3.12/site-packages/oslo_db/sqlalchemy/enginefacade.py", line 835, in _session
Jul 23 03:03:28 devstack devstack@keystone.service[44080]: ERROR keystone.server.flask.application self._end_session_transaction(self.session)
Jul 23 03:03:28 devstack devstack@keystone.service[44080]: ERROR keystone.server.flask.application
File "/opt/stack/data/venv/lib/python3.12/site-packages/oslo_db/sqlalchemy/enginefacade.py", line 748, in _end_session_transaction
Jul 23 03:03:28 devstack devstack@keystone.service[44080]: ERROR keystone.server.flask.application session.commit()
Jul 23 03:03:28 devstack devstack@keystone.service[44080]: ERROR keystone.server.flask.application
File "/opt/stack/data/venv/lib/python3.12/site-packages/sqlalchemy/orm/session.py", line 2035, in commit
Jul 23 03:03:28 devstack devstack@keystone.service[44080]: ERROR keystone.server.flask.application trans.commit(_to_root=True)
