Aug 28 07:33:33 devstack cinder-volume[85985]: DEBUG oslo_concurrency.processutils [None req-f5d7b91c-9370-4a36-bf44-f4e0618c67bf tempest-VolumesImageMetadata-631102097 None] CMD "/opt/stack/data/venv/bin/python3.12 -m oslo_concurrency.prlimit --as=1073741824 --cpu=60 -- sudo cinder-rootwrap /etc/cinder/rootwrap.conf env LC_ALL=C qemu-img info -f luks --output=json /opt/stack/data/cinder/conversion/image_download_c89671aa-e06a-4c99-beb2-8ede8103d1ee_nfhi1x4u" returned: 1 in 0.397s {{(pid=85985) execute /opt/stack/data/venv/lib/python3.12/site-packages/oslo_concurrency/processutils.py:468}}
Aug 28 07:33:33 devstack cinder-volume[85985]: DEBUG oslo_concurrency.processutils [None req-f5d7b91c-9370-4a36-bf44-f4e0618c67bf tempest-VolumesImageMetadata-631102097 None] '/opt/stack/data/venv/bin/python3.12 -m oslo_concurrency.prlimit --as=1073741824 --cpu=60 -- sudo cinder-rootwrap /etc/cinder/rootwrap.conf env LC_ALL=C qemu-img info -f luks --output=json /opt/stack/data/cinder/conversion/image_download_c89671aa-e06a-4c99-beb2-8ede8103d1ee_nfhi1x4u' failed. Not Retrying. {{(pid=85985) execute /opt/stack/data/venv/lib/python3.12/site-packages/oslo_concurrency/processutils.py:543}}
Aug 28 07:33:33 devstack cinder-volume[85985]: DEBUG oslo.privsep.daemon [-] privsep: reply[dc131ff4-5277-4855-8ed5-0fb8a5f49a81]: (4, 'qcow2') {{(pid=87436) _call_back /opt/stack/data/venv/lib/python3.12/site-packages/oslo_privsep/daemon.py:580}}
Aug 28 07:33:33 devstack cinder-volume[85985]: DEBUG oslo_concurrency.processutils [None req-f5d7b91c-9370-4a36-bf44-f4e0618c67bf tempest-VolumesImageMetadata-631102097 None] Running cmd (subprocess): /opt/stack/data/venv/bin/python3.12 -m oslo_concurrency.prlimit --as=1073741824 --cpu=60 -- sudo cinder-rootwrap /etc/cinder/rootwrap.conf env LC_ALL=C qemu-img info -f qcow2 --output=json /opt/stack/data/cinder/conversion/image_fetch_c89671aa-e06a-4c99-beb2-8ede8103d1ee_r19gqr34devstack@QuobyteHD {{(pid=85985) execute /opt/stack/data/venv/lib/python3.12/site-packages/oslo_concurrency/processutils.py:440}}
Aug 28 07:33:33 devstack sudo[91247]: quobyte : PWD=/ ; USER=root ; COMMAND=/opt/stack/data/venv/bin/cinder-rootwrap /etc/cinder/rootwrap.conf env LC_ALL=C qemu-img info -f qcow2 --output=json /opt/stack/data/cinder/conversion/image_fetch_c89671aa-e06a-4c99-beb2-8ede8103d1ee_r19gqr34devstack@QuobyteHD
Aug 28 07:33:33 devstack sudo[91247]: pam_unix(sudo:session): session opened for user root(uid=0) by (uid=1000)
Aug 28 07:33:33 devstack sudo[91243]: pam_unix(sudo:session): session closed for user root
Aug 28 07:33:33 devstack cinder-volume[85985]: DEBUG oslo_concurrency.processutils [None req-c357f536-ee89-4088-a5ba-3ae87b856ec7 tempest-VolumesGetTest-1647583491 None] CMD "sudo cinder-rootwrap /etc/cinder/rootwrap.conf qemu-img rebase -u -b volume-1630286b-8447-456a-88da-973404d1c03e -F qcow2 /opt/stack/data/cinder/mnt/861dc09426b3405638768395744ebe3a/volume-1630286b-8447-456a-88da-973404d1c03e.6f485e76-1a12-4d7a-a5c9-ad01d3860681" returned: 0 in 0.367s {{(pid=85985) execute /opt/stack/data/venv/lib/python3.12/site-packages/oslo_concurrency/processutils.py:468}}
Aug 28 07:33:33 devstack cinder-volume[85985]: WARNING cinder.volume.drivers.remotefs [None req-c357f536-ee89-4088-a5ba-3ae87b856ec7 tempest-VolumesGetTest-1647583491 None] /opt/stack/data/cinder/mnt/861dc09426b3405638768395744ebe3a/volume-1630286b-8447-456a-88da-973404d1c03e.6f485e76-1a12-4d7a-a5c9-ad01d3860681 is being set with open permissions: ugo+rw
Aug 28 07:33:33 devstack cinder-volume[85985]: DEBUG oslo_concurrency.processutils [None req-c357f536-ee89-4088-a5ba-3ae87b856ec7 tempest-VolumesGetTest-1647583491 None] Running cmd (subprocess): sudo cinder-rootwrap /etc/cinder/rootwrap.conf chmod ugo+rw /opt/stack/data/cinder/mnt/861dc09426b3405638768395744ebe3a/volume-1630286b-8447-456a-88da-973404d1c03e.6f485e76-1a12-4d7a-a5c9-ad01d3860681 {{(pid=85985) execute /opt/stack/data/venv/lib/python3.12/site-packages/oslo_concurrency/processutils.py:440}}
Aug 28 07:33:33 devstack sudo[91252]: quobyte : PWD=/ ; USER=root ; COMMAND=/opt/stack/data/venv/bin/cinder-rootwrap /etc/cinder/rootwrap.conf chmod ugo+rw /opt/stack/data/cinder/mnt/861dc09426b3405638768395744ebe3a/volume-1630286b-8447-456a-88da-973404d1c03e.6f485e76-1a12-4d7a-a5c9-ad01d3860681
Aug 28 07:33:33 devstack sudo[91252]: pam_unix(sudo:session): session opened for user root(uid=0) by (uid=1000)
Aug 28 07:33:33 devstack sudo[91247]: pam_unix(sudo:session): session closed for user root
Aug 28 07:33:33 devstack cinder-volume[85985]: DEBUG oslo_concurrency.processutils [None req-f5d7b91c-9370-4a36-bf44-f4e0618c67bf tempest-VolumesImageMetadata-631102097 None] CMD "/opt/stack/data/venv/bin/python3.12 -m oslo_concurrency.prlimit --as=1073741824 --cpu=60 -- sudo cinder-rootwrap /etc/cinder/rootwrap.conf env LC_ALL=C qemu-img info -f qcow2 --output=json /opt/stack/data/cinder/conversion/image_fetch_c89671aa-e06a-4c99-beb2-8ede8103d1ee_r19gqr34devstack@QuobyteHD" returned: 0 in 0.386s {{(pid=85985) execute /opt/stack/data/venv/lib/python3.12/site-packages/oslo_concurrency/processutils.py:468}}
Aug 28 07:33:33 devstack cinder-volume[85985]: DEBUG cinder.image.image_utils [None req-f5d7b91c-9370-4a36-bf44-f4e0618c67bf tempest-VolumesImageMetadata-631102097 None] c89671aa-e06a-4c99-beb2-8ede8103d1ee was qcow2, converting to qcow2 {{(pid=85985) fetch_to_volume_format /opt/stack/cinder/cinder/image/image_utils.py:1123}}
Aug 28 07:33:33 devstack cinder-volume[85985]: DEBUG oslo_concurrency.processutils [None req-f5d7b91c-9370-4a36-bf44-f4e0618c67bf tempest-VolumesImageMetadata-631102097 None] Running cmd (subprocess): sudo cinder-rootwrap /etc/cinder/rootwrap.conf qemu-img convert -O qcow2 -f qcow2 /opt/stack/data/cinder/conversion/image_fetch_c89671aa-e06a-4c99-beb2-8ede8103d1ee_r19gqr34devstack@QuobyteHD /opt/stack/data/cinder/mnt/861dc09426b3405638768395744ebe3a/volume-9098f02e-f6f3-48f4-9ef5-8754c8e318ec {{(pid=85985) execute /opt/stack/data/venv/lib/python3.12/site-packages/oslo_concurrency/processutils.py:440}}
Aug 28 07:33:33 devstack sudo[91257]: quobyte : PWD=/ ; USER=root ; COMMAND=/opt/stack/data/venv/bin/cinder-rootwrap /etc/cinder/rootwrap.conf qemu-img convert -O qcow2 -f qcow2 /opt/stack/data/cinder/conversion/image_fetch_c89671aa-e06a-4c99-beb2-8ede8103d1ee_r19gqr34devstack@QuobyteHD /opt/stack/data/cinder/mnt/861dc09426b3405638768395744ebe3a/volume-9098f02e-f6f3-48f4-9ef5-8754c8e318ec
Aug 28 07:33:33 devstack sudo[91257]: pam_unix(sudo:session): session opened for user root(uid=0) by (uid=1000)
Aug 28 07:33:33 devstack sudo[91252]: pam_unix(sudo:session): session closed for user root
Aug 28 07:33:33 devstack cinder-volume[85985]: DEBUG oslo_concurrency.processutils [None req-c357f536-ee89-4088-a5ba-3ae87b856ec7 tempest-VolumesGetTest-1647583491 None] CMD "sudo cinder-rootwrap /etc/cinder/rootwrap.conf chmod ugo+rw /opt/stack/data/cinder/mnt/861dc09426b3405638768395744ebe3a/volume-1630286b-8447-456a-88da-973404d1c03e.6f485e76-1a12-4d7a-a5c9-ad01d3860681" returned: 0 in 0.376s {{(pid=85985) execute /opt/stack/data/venv/lib/python3.12/site-packages/oslo_concurrency/processutils.py:468}}
Aug 28 07:33:33 devstack cinder-volume[85985]: DEBUG oslo_concurrency.processutils [None req-c357f536-ee89-4088-a5ba-3ae87b856ec7 tempest-VolumesGetTest-1647583491 None] Running cmd (subprocess): sudo cinder-rootwrap /etc/cinder/rootwrap.conf truncate -s0 /opt/stack/data/cinder/mnt/861dc09426b3405638768395744ebe3a/volume-1630286b-8447-456a-88da-973404d1c03e.info {{(pid=85985) execute /opt/stack/data/venv/lib/python3.12/site-packages/oslo_concurrency/processutils.py:440}}
Aug 28 07:33:34 devstack sudo[91270]: quobyte : PWD=/ ; USER=root ; COMMAND=/opt/stack/data/venv/bin/cinder-rootwrap /etc/cinder/rootwrap.conf truncate -s0 /opt/stack/data/cinder/mnt/861dc09426b3405638768395744ebe3a/volume-1630286b-8447-456a-88da-973404d1c03e.info
Aug 28 07:33:34 devstack sudo[91270]: pam_unix(sudo:session): session opened for user root(uid=0) by (uid=1000)
Aug 28 07:33:34 devstack sudo[91270]: pam_unix(sudo:session): session closed for user root
Aug 28 07:33:34 devstack cinder-volume[85985]: DEBUG oslo_concurrency.processutils [None req-c357f536-ee89-4088-a5ba-3ae87b856ec7 tempest-VolumesGetTest-1647583491 None] CMD "sudo cinder-rootwrap /etc/cinder/rootwrap.conf truncate -s0 /opt/stack/data/cinder/mnt/861dc09426b3405638768395744ebe3a/volume-1630286b-8447-456a-88da-973404d1c03e.info" returned: 0 in 0.484s {{(pid=85985) execute /opt/stack/data/venv/lib/python3.12/site-packages/oslo_concurrency/processutils.py:468}}
Aug 28 07:33:34 devstack cinder-volume[85985]: WARNING cinder.volume.drivers.remotefs [None req-c357f536-ee89-4088-a5ba-3ae87b856ec7 tempest-VolumesGetTest-1647583491 None] /opt/stack/data/cinder/mnt/861dc09426b3405638768395744ebe3a/volume-1630286b-8447-456a-88da-973404d1c03e.info is being set with open permissions: ugo+rw
Aug 28 07:33:34 devstack cinder-volume[85985]: DEBUG oslo_concurrency.processutils [None req-c357f536-ee89-4088-a5ba-3ae87b856ec7 tempest-VolumesGetTest-1647583491 None] Running cmd (subprocess): sudo cinder-rootwrap /etc/cinder/rootwrap.conf chmod ugo+rw /opt/stack/data/cinder/mnt/861dc09426b3405638768395744ebe3a/volume-1630286b-8447-456a-88da-973404d1c03e.info {{(pid=85985) execute /opt/stack/data/venv/lib/python3.12/site-packages/oslo_concurrency/processutils.py:440}}
Aug 28 07:33:34 devstack sudo[91304]: quobyte : PWD=/ ; USER=root ; COMMAND=/opt/stack/data/venv/bin/cinder-rootwrap /etc/cinder/rootwrap.conf chmod ugo+rw /opt/stack/data/cinder/mnt/861dc09426b3405638768395744ebe3a/volume-1630286b-8447-456a-88da-973404d1c03e.info
Aug 28 07:33:34 devstack sudo[91304]: pam_unix(sudo:session): session opened for user root(uid=0) by (uid=1000)
Aug 28 07:33:34 devstack cinder-volume[85985]: DEBUG cinder.volume.manager [req-a0e6db5f-4093-48b5-a6f8-312e21b002f4 req-aebb48b4-2b5e-4eaa-86b9-4670556d1a68 tempest-AttachVolumeShelveTestJSON-1360381247 None] No connector for attachment 79694a12-6e74-4289-896a-ce19d13b5ff4; skipping storage backend terminate_connection call. {{(pid=85985) _connection_terminate /opt/stack/cinder/cinder/volume/manager.py:5010}}
Aug 28 07:33:34 devstack cinder-volume[85985]: DEBUG cinder.volume.manager [req-a0e6db5f-4093-48b5-a6f8-312e21b002f4 req-aebb48b4-2b5e-4eaa-86b9-4670556d1a68 tempest-AttachVolumeShelveTestJSON-1360381247 None] Deleting attachment 79694a12-6e74-4289-896a-ce19d13b5ff4. {{(pid=85985) attachment_delete /opt/stack/cinder/cinder/volume/manager.py:5055}}
Aug 28 07:33:34 devstack sudo[91304]: pam_unix(sudo:session): session closed for user root
Aug 28 07:33:34 devstack cinder-volume[85985]: DEBUG oslo_concurrency.processutils [None req-c357f536-ee89-4088-a5ba-3ae87b856ec7 tempest-VolumesGetTest-1647583491 None] CMD "sudo cinder-rootwrap /etc/cinder/rootwrap.conf chmod ugo+rw /opt/stack/data/cinder/mnt/861dc09426b3405638768395744ebe3a/volume-1630286b-8447-456a-88da-973404d1c03e.info" returned: 0 in 0.381s {{(pid=85985) execute /opt/stack/data/venv/lib/python3.12/site-packages/oslo_concurrency/processutils.py:468}}
Aug 28 07:33:34 devstack cinder-volume[85985]: DEBUG cinder.coordination [None req-c357f536-ee89-4088-a5ba-3ae87b856ec7 tempest-VolumesGetTest-1647583491 None] Acquiring lock "cinder-quobyte-0a57a2a6-5da6-4264-b348-e6223c836314" by "_copy_volume_from_snapshot" {{(pid=85985) __acquire /opt/stack/cinder/cinder/coordination.py:138}}
Aug 28 07:33:34 devstack cinder-volume[85985]: DEBUG cinder.coordination [None req-c357f536-ee89-4088-a5ba-3ae87b856ec7 tempest-VolumesGetTest-1647583491 None] Lock "cinder-quobyte-0a57a2a6-5da6-4264-b348-e6223c836314" acquired by "_copy_volume_from_snapshot" :: waited 0.026s {{(pid=85985) __acquire /opt/stack/cinder/cinder/coordination.py:141}}
Aug 28 07:33:34 devstack cinder-volume[85985]: DEBUG cinder.volume.drivers.quobyte [None req-c357f536-ee89-4088-a5ba-3ae87b856ec7 tempest-VolumesGetTest-1647583491 None] snapshot: 6f485e76-1a12-4d7a-a5c9-ad01d3860681, volume: 0a57a2a6-5da6-4264-b348-e6223c836314, {{(pid=85985) _copy_volume_from_snapshot /opt/stack/cinder/cinder/volume/drivers/quobyte.py:402}}
Aug 28 07:33:34 devstack cinder-volume[85985]: DEBUG oslo_concurrency.lockutils [None req-c357f536-ee89-4088-a5ba-3ae87b856ec7 tempest-VolumesGetTest-1647583491 None] Acquiring lock "quobyte_ensure" by "cinder.volume.drivers.quobyte.QuobyteDriver._ensure_shares_mounted" {{(pid=85985) inner /opt/stack/data/venv/lib/python3.12/site-packages/oslo_concurrency/lockutils.py:512}}
Aug 28 07:33:34 devstack cinder-volume[85985]: DEBUG oslo_concurrency.lockutils [None req-c357f536-ee89-4088-a5ba-3ae87b856ec7 tempest-VolumesGetTest-1647583491 None] Lock "quobyte_ensure" acquired by "cinder.volume.drivers.quobyte.QuobyteDriver._ensure_shares_mounted" :: waited 0.002s {{(pid=85985) inner /opt/stack/data/venv/lib/python3.12/site-packages/oslo_concurrency/lockutils.py:525}}
Aug 28 07:33:34 devstack cinder-volume[85985]: DEBUG cinder.volume.drivers.quobyte [None req-c357f536-ee89-4088-a5ba-3ae87b856ec7 tempest-VolumesGetTest-1647583491 None] Quobyte Volume URL set to: {'osci02.corp.quobyte.com/cinder-vol-8c4df223-0727-45c2-a427-10c42fb66c47': None} {{(pid=85985) _load_shares_config /opt/stack/cinder/cinder/volume/drivers/quobyte.py:662}}
Aug 28 07:33:34 devstack cinder-volume[85985]: DEBUG cinder.volume.drivers.quobyte [None req-c357f536-ee89-4088-a5ba-3ae87b856ec7 tempest-VolumesGetTest-1647583491 None] Available shares ['osci02.corp.quobyte.com/cinder-vol-8c4df223-0727-45c2-a427-10c42fb66c47'] {{(pid=85985) _ensure_shares_mounted /opt/stack/cinder/cinder/volume/drivers/quobyte.py:692}}
Aug 28 07:33:34 devstack cinder-volume[85985]: DEBUG oslo_concurrency.lockutils [None req-c357f536-ee89-4088-a5ba-3ae87b856ec7 tempest-VolumesGetTest-1647583491 None] Lock "quobyte_ensure" "released" by "cinder.volume.drivers.quobyte.QuobyteDriver._ensure_shares_mounted" :: held 0.013s {{(pid=85985) inner /opt/stack/data/venv/lib/python3.12/site-packages/oslo_concurrency/lockutils.py:544}}
Aug 28 07:33:34 devstack cinder-volume[85985]: DEBUG oslo.privsep.daemon [-] privsep: reply[44607f64-5a8c-47d8-8dfc-deb385b4954e]: (4, 'qcow2') {{(pid=87436) _call_back /opt/stack/data/venv/lib/python3.12/site-packages/oslo_privsep/daemon.py:580}}
Aug 28 07:33:34 devstack cinder-volume[85985]: DEBUG oslo_concurrency.processutils [None req-c357f536-ee89-4088-a5ba-3ae87b856ec7 tempest-VolumesGetTest-1647583491 None] Running cmd (subprocess): /opt/stack/data/venv/bin/python3.12 -m oslo_concurrency.prlimit --as=1073741824 --cpu=60 -- sudo cinder-rootwrap /etc/cinder/rootwrap.conf env LC_ALL=C qemu-img info -f qcow2 --output=json --force-share /opt/stack/data/cinder/mnt/861dc09426b3405638768395744ebe3a/volume-1630286b-8447-456a-88da-973404d1c03e.6f485e76-1a12-4d7a-a5c9-ad01d3860681 {{(pid=85985) execute /opt/stack/data/venv/lib/python3.12/site-packages/oslo_concurrency/processutils.py:440}}
Aug 28 07:33:35 devstack sudo[91307]: quobyte : PWD=/ ; USER=root ; COMMAND=/opt/stack/data/venv/bin/cinder-rootwrap /etc/cinder/rootwrap.conf env LC_ALL=C qemu-img info -f qcow2 --output=json --force-share /opt/stack/data/cinder/mnt/861dc09426b3405638768395744ebe3a/volume-1630286b-8447-456a-88da-973404d1c03e.6f485e76-1a12-4d7a-a5c9-ad01d3860681
Aug 28 07:33:35 devstack sudo[91307]: pam_unix(sudo:session): session opened for user root(uid=0) by (uid=1000)
Aug 28 07:33:35 devstack sudo[91307]: pam_unix(sudo:session): session closed for user root
Aug 28 07:33:35 devstack cinder-volume[85985]: DEBUG oslo_concurrency.processutils [None req-c357f536-ee89-4088-a5ba-3ae87b856ec7 tempest-VolumesGetTest-1647583491 None] CMD "/opt/stack/data/venv/bin/python3.12 -m oslo_concurrency.prlimit --as=1073741824 --cpu=60 -- sudo cinder-rootwrap /etc/cinder/rootwrap.conf env LC_ALL=C qemu-img info -f qcow2 --output=json --force-share /opt/stack/data/cinder/mnt/861dc09426b3405638768395744ebe3a/volume-1630286b-8447-456a-88da-973404d1c03e.6f485e76-1a12-4d7a-a5c9-ad01d3860681" returned: 0 in 0.566s {{(pid=85985) execute /opt/stack/data/venv/lib/python3.12/site-packages/oslo_concurrency/processutils.py:468}}
Aug 28 07:33:35 devstack cinder-volume[85985]: DEBUG cinder.volume.drivers.remotefs [None req-c357f536-ee89-4088-a5ba-3ae87b856ec7 tempest-VolumesGetTest-1647583491 None] Fetching qemu-img info with special backing_file_template: (/opt/stack/data/cinder/mnt/[0-9a-f]+/)?(volume-1630286b-8447-456a-88da-973404d1c03e(.(tmp-snap-)?[0-9a-f-]+)?|volume_from_snapshot_cache/(tmp-snap-)?[0-9a-f-]+(.(child-|parent-)[0-9a-f-]+)?)$ {{(pid=85985) _qemu_img_info_base /opt/stack/cinder/cinder/volume/drivers/remotefs.py:896}}
Aug 28 07:33:35 devstack cinder-volume[85985]: DEBUG oslo.privsep.daemon [-] privsep: reply[a2893c07-eeae-4cfe-8e4f-de6b4ff6ace8]: (4, 'qcow2') {{(pid=87436) _call_back /opt/stack/data/venv/lib/python3.12/site-packages/oslo_privsep/daemon.py:580}}
Aug 28 07:33:35 devstack cinder-volume[85985]: DEBUG oslo_concurrency.processutils [None req-c357f536-ee89-4088-a5ba-3ae87b856ec7 tempest-VolumesGetTest-1647583491 None] Running cmd (subprocess): /opt/stack/data/venv/bin/python3.12 -m oslo_concurrency.prlimit --as=1073741824 --cpu=60 -- sudo cinder-rootwrap /etc/cinder/rootwrap.conf env LC_ALL=C qemu-img info -f qcow2 --output=json --force-share /opt/stack/data/cinder/mnt/861dc09426b3405638768395744ebe3a/volume-1630286b-8447-456a-88da-973404d1c03e {{(pid=85985) execute /opt/stack/data/venv/lib/python3.12/site-packages/oslo_concurrency/processutils.py:440}}
Aug 28 07:33:35 devstack sudo[91314]: quobyte : PWD=/ ; USER=root ; COMMAND=/opt/stack/data/venv/bin/cinder-rootwrap /etc/cinder/rootwrap.conf env LC_ALL=C qemu-img info -f qcow2 --output=json --force-share /opt/stack/data/cinder/mnt/861dc09426b3405638768395744ebe3a/volume-1630286b-8447-456a-88da-973404d1c03e
Aug 28 07:33:35 devstack sudo[91314]: pam_unix(sudo:session): session opened for user root(uid=0) by (uid=1000)
Aug 28 07:33:36 devstack sudo[91314]: pam_unix(sudo:session): session closed for user root
Aug 28 07:33:36 devstack cinder-volume[85985]: DEBUG oslo_concurrency.processutils [None req-c357f536-ee89-4088-a5ba-3ae87b856ec7 tempest-VolumesGetTest-1647583491 None] CMD "/opt/stack/data/venv/bin/python3.12 -m oslo_concurrency.prlimit --as=1073741824 --cpu=60 -- sudo cinder-rootwrap /etc/cinder/rootwrap.conf env LC_ALL=C qemu-img info -f qcow2 --output=json --force-share /opt/stack/data/cinder/mnt/861dc09426b3405638768395744ebe3a/volume-1630286b-8447-456a-88da-973404d1c03e" returned: 0 in 0.535s {{(pid=85985) execute /opt/stack/data/venv/lib/python3.12/site-packages/oslo_concurrency/processutils.py:468}}
Aug 28 07:33:36 devstack cinder-volume[85985]: DEBUG cinder.volume.drivers.quobyte [None req-c357f536-ee89-4088-a5ba-3ae87b856ec7 tempest-VolumesGetTest-1647583491 None] will copy from snapshot at /opt/stack/data/cinder/mnt/861dc09426b3405638768395744ebe3a/volume-1630286b-8447-456a-88da-973404d1c03e {{(pid=85985) _copy_volume_from_snapshot /opt/stack/cinder/cinder/volume/drivers/quobyte.py:423}}
Aug 28 07:33:36 devstack cinder-volume[85985]: DEBUG cinder.volume.drivers.quobyte [None req-c357f536-ee89-4088-a5ba-3ae87b856ec7 tempest-VolumesGetTest-1647583491 None] Creating direct copy from snapshot {{(pid=85985) _copy_volume_from_snapshot /opt/stack/cinder/cinder/volume/drivers/quobyte.py:431}}
Aug 28 07:33:36 devstack cinder-volume[85985]: DEBUG cinder.utils [None req-c357f536-ee89-4088-a5ba-3ae87b856ec7 tempest-VolumesGetTest-1647583491 None] Path /opt/stack/data/cinder/mnt/861dc09426b3405638768395744ebe3a/volume-0a57a2a6-5da6-4264-b348-e6223c836314 not found in is_blk_device check {{(pid=85985) is_blk_device /opt/stack/cinder/cinder/utils.py:622}}
Aug 28 07:33:36 devstack cinder-volume[85985]: DEBUG oslo_concurrency.processutils [None req-c357f536-ee89-4088-a5ba-3ae87b856ec7 tempest-VolumesGetTest-1647583491 None] Running cmd (subprocess): sudo cinder-rootwrap /etc/cinder/rootwrap.conf qemu-img convert -O qcow2 /opt/stack/data/cinder/mnt/861dc09426b3405638768395744ebe3a/volume-1630286b-8447-456a-88da-973404d1c03e /opt/stack/data/cinder/mnt/861dc09426b3405638768395744ebe3a/volume-0a57a2a6-5da6-4264-b348-e6223c836314 {{(pid=85985) execute /opt/stack/data/venv/lib/python3.12/site-packages/oslo_concurrency/processutils.py:440}}
Aug 28 07:33:36 devstack sudo[91257]: pam_unix(sudo:session): session closed for user root
Aug 28 07:33:36 devstack cinder-volume[85985]: DEBUG oslo_concurrency.processutils [None req-f5d7b91c-9370-4a36-bf44-f4e0618c67bf tempest-VolumesImageMetadata-631102097 None] CMD "sudo cinder-rootwrap /etc/cinder/rootwrap.conf qemu-img convert -O qcow2 -f qcow2 /opt/stack/data/cinder/conversion/image_fetch_c89671aa-e06a-4c99-beb2-8ede8103d1ee_r19gqr34devstack@QuobyteHD /opt/stack/data/cinder/mnt/861dc09426b3405638768395744ebe3a/volume-9098f02e-f6f3-48f4-9ef5-8754c8e318ec" returned: 0 in 2.446s {{(pid=85985) execute /opt/stack/data/venv/lib/python3.12/site-packages/oslo_concurrency/processutils.py:468}}
Aug 28 07:33:36 devstack cinder-volume[85985]: DEBUG cinder.image.image_utils [None req-f5d7b91c-9370-4a36-bf44-f4e0618c67bf tempest-VolumesImageMetadata-631102097 None] Image conversion details: src /opt/stack/data/cinder/conversion/image_fetch_c89671aa-e06a-4c99-beb2-8ede8103d1ee_r19gqr34devstack@QuobyteHD, size 112.00 MB, duration 2.45 sec, destination /opt/stack/data/cinder/mnt/861dc09426b3405638768395744ebe3a/volume-9098f02e-f6f3-48f4-9ef5-8754c8e318ec {{(pid=85985) _convert_image /opt/stack/cinder/cinder/image/image_utils.py:536}}
Aug 28 07:33:36 devstack cinder-volume[85985]: INFO cinder.image.image_utils [None req-f5d7b91c-9370-4a36-bf44-f4e0618c67bf tempest-VolumesImageMetadata-631102097 None] Converted 112.00 MB image at 45.75 MB/s
Aug 28 07:33:36 devstack cinder-volume[85985]: DEBUG oslo_concurrency.processutils [None req-f5d7b91c-9370-4a36-bf44-f4e0618c67bf tempest-VolumesImageMetadata-631102097 None] Running cmd (subprocess): sudo cinder-rootwrap /etc/cinder/rootwrap.conf qemu-img resize /opt/stack/data/cinder/mnt/861dc09426b3405638768395744ebe3a/volume-9098f02e-f6f3-48f4-9ef5-8754c8e318ec 1G {{(pid=85985) execute /opt/stack/data/venv/lib/python3.12/site-packages/oslo_concurrency/processutils.py:440}}
Aug 28 07:33:36 devstack sudo[91319]: quobyte : PWD=/ ; USER=root ; COMMAND=/opt/stack/data/venv/bin/cinder-rootwrap /etc/cinder/rootwrap.conf qemu-img convert -O qcow2 /opt/stack/data/cinder/mnt/861dc09426b3405638768395744ebe3a/volume-1630286b-8447-456a-88da-973404d1c03e /opt/stack/data/cinder/mnt/861dc09426b3405638768395744ebe3a/volume-0a57a2a6-5da6-4264-b348-e6223c836314
Aug 28 07:33:36 devstack sudo[91319]: pam_unix(sudo:session): session opened for user root(uid=0) by (uid=1000)
Aug 28 07:33:36 devstack sudo[91320]: quobyte : PWD=/ ; USER=root ; COMMAND=/opt/stack/data/venv/bin/cinder-rootwrap /etc/cinder/rootwrap.conf qemu-img resize /opt/stack/data/cinder/mnt/861dc09426b3405638768395744ebe3a/volume-9098f02e-f6f3-48f4-9ef5-8754c8e318ec 1G
Aug 28 07:33:36 devstack sudo[91320]: pam_unix(sudo:session): session opened for user root(uid=0) by (uid=1000)
Aug 28 07:33:36 devstack sudo[91320]: pam_unix(sudo:session): session closed for user root
Aug 28 07:33:36 devstack cinder-volume[85985]: DEBUG oslo_concurrency.processutils [None req-f5d7b91c-9370-4a36-bf44-f4e0618c67bf tempest-VolumesImageMetadata-631102097 None] CMD "sudo cinder-rootwrap /etc/cinder/rootwrap.conf qemu-img resize /opt/stack/data/cinder/mnt/861dc09426b3405638768395744ebe3a/volume-9098f02e-f6f3-48f4-9ef5-8754c8e318ec 1G" returned: 0 in 0.410s {{(pid=85985) execute /opt/stack/data/venv/lib/python3.12/site-packages/oslo_concurrency/processutils.py:468}}
Aug 28 07:33:36 devstack cinder-volume[85985]: DEBUG cinder.volume.volume_utils [None req-f5d7b91c-9370-4a36-bf44-f4e0618c67bf tempest-VolumesImageMetadata-631102097 None] Downloaded image c89671aa-e06a-4c99-beb2-8ede8103d1ee ((None, [{'url': 'file:///opt/stack/data/glance/images/c89671aa-e06a-4c99-beb2-8ede8103d1ee', 'metadata': {}}])) to volume 9098f02e-f6f3-48f4-9ef5-8754c8e318ec successfully. {{(pid=85985) copy_image_to_volume /opt/stack/cinder/cinder/volume/volume_utils.py:1233}}
Aug 28 07:33:36 devstack cinder-volume[85985]: DEBUG cinder.image.image_utils [None req-f5d7b91c-9370-4a36-bf44-f4e0618c67bf tempest-VolumesImageMetadata-631102097 None] Temporary image c89671aa-e06a-4c99-beb2-8ede8103d1ee for user b2f1cd94805c46f29b7728f340acf44e is deleted. {{(pid=85985) fetch /opt/stack/cinder/cinder/image/image_utils.py:1438}}
Aug 28 07:33:36 devstack cinder-volume[85985]: DEBUG cinder.volume.volume_utils [None req-f5d7b91c-9370-4a36-bf44-f4e0618c67bf tempest-VolumesImageMetadata-631102097 None] Marking volume 9098f02e-f6f3-48f4-9ef5-8754c8e318ec as bootable. {{(pid=85985) enable_bootable_flag /opt/stack/cinder/cinder/volume/volume_utils.py:1137}}
Aug 28 07:33:36 devstack cinder-volume[85985]: DEBUG cinder.volume.flows.manager.create_volume [None req-f5d7b91c-9370-4a36-bf44-f4e0618c67bf tempest-VolumesImageMetadata-631102097 None] Copying metadata from image c89671aa-e06a-4c99-beb2-8ede8103d1ee to 9098f02e-f6f3-48f4-9ef5-8754c8e318ec. {{(pid=85985) _handle_bootable_volume_glance_meta /opt/stack/cinder/cinder/volume/flows/manager/create_volume.py:450}}
Aug 28 07:33:36 devstack cinder-volume[85985]: DEBUG cinder.volume.flows.manager.create_volume [None req-f5d7b91c-9370-4a36-bf44-f4e0618c67bf tempest-VolumesImageMetadata-631102097 None] Creating volume glance metadata for volume 9098f02e-f6f3-48f4-9ef5-8754c8e318ec backed by image c89671aa-e06a-4c99-beb2-8ede8103d1ee with: {'hw_rng_model': 'virtio', 'owner_specified.openstack.md5': '', 'owner_specified.openstack.object': 'images/cirros-0.6.3-x86_64-disk', 'owner_specified.openstack.sha256': '', 'image_id': 'c89671aa-e06a-4c99-beb2-8ede8103d1ee', 'image_name': 'cirros-0.6.3-x86_64-disk', 'checksum': '87617e24a5e30cb3b87fda8c0764838f', 'container_format': 'bare', 'disk_format': 'qcow2', 'min_disk': 0, 'min_ram': 0, 'size': 21692416}. {{(pid=85985) _capture_volume_image_metadata /opt/stack/cinder/cinder/volume/flows/manager/create_volume.py:682}}
Aug 28 07:33:36 devstack cinder-volume[85985]: DEBUG cinder.volume.manager [None req-f5d7b91c-9370-4a36-bf44-f4e0618c67bf tempest-VolumesImageMetadata-631102097 None] Task 'cinder.volume.flows.manager.create_volume.CreateVolumeFromSpecTask;volume:create' (55093941-a134-48cb-aebc-81c41a234f21) transitioned into state 'SUCCESS' from state 'RUNNING' with result '{'status': 'creating', 'volume_name': 'volume-9098f02e-f6f3-48f4-9ef5-8754c8e318ec', 'volume_size': 1, 'image_id': 'c89671aa-e06a-4c99-beb2-8ede8103d1ee', 'image_location': (None, [{'url': 'file:///opt/stack/data/glance/images/c89671aa-e06a-4c99-beb2-8ede8103d1ee', 'metadata': {}}]), 'image_meta': {'name': 'cirros-0.6.3-x86_64-disk', 'disk_format': 'qcow2', 'container_format': 'bare', 'visibility': 'public', 'size': 21692416, 'virtual_size': 117440512, 'status': 'active', 'checksum': '87617e24a5e30cb3b87fda8c0764838f', 'protected': False, 'min_ram': 0, 'min_disk': 0, 'owner': 'e94af5c1df4c46819d846cb6ce9a792c', 'os_hidden': False, 'os_hash_algo': 'sha512', 'os_hash_value': '9a9bce0083a00939ec17c11febbfc767aa211aaa54f51e75c5a8b271a9b5637c77205a518b7a2007cb391d23cceb01e0e4e8d64832317151bc85b734b92a7be0', 'id': 'c89671aa-e06a-4c99-beb2-8ede8103d1ee', 'created_at': datetime.datetime(2026, 8, 28, 5, 23, 43, tzinfo=datetime.timezone.utc), 'updated_at': datetime.datetime(2026, 8, 28, 5, 23, 45, tzinfo=datetime.timezone.utc), 'tags': [], 'file': '/v2/images/c89671aa-e06a-4c99-beb2-8ede8103d1ee/file', 'properties': {'hw_rng_model': 'virtio', 'owner_specified.openstack.md5': '', 'owner_specified.openstack.object': 'images/cirros-0.6.3-x86_64-disk', 'owner_specified.openstack.sha256': ''}}, 'image_service': }' {{(pid=85985) _task_receiver /opt/stack/data/venv/lib/python3.12/site-packages/taskflow/listeners/logging.py:218}}
Aug 28 07:33:36 devstack cinder-volume[85985]: DEBUG cinder.volume.manager [None req-f5d7b91c-9370-4a36-bf44-f4e0618c67bf tempest-VolumesImageMetadata-631102097 None] Task 'cinder.volume.flows.manager.create_volume.CreateVolumeOnFinishTask;volume:create, create.end' (8d5be354-f895-47fb-8993-5ddf519832f8) transitioned into state 'RUNNING' from state 'PENDING' {{(pid=85985) _task_receiver /opt/stack/data/venv/lib/python3.12/site-packages/taskflow/listeners/logging.py:242}}
Aug 28 07:33:36 devstack cinder-volume[85985]: INFO cinder.volume.flows.manager.create_volume [None req-f5d7b91c-9370-4a36-bf44-f4e0618c67bf tempest-VolumesImageMetadata-631102097 None] Volume volume-9098f02e-f6f3-48f4-9ef5-8754c8e318ec (9098f02e-f6f3-48f4-9ef5-8754c8e318ec): created successfully
Aug 28 07:33:36 devstack cinder-volume[85985]: DEBUG cinder.volume.manager [None req-f5d7b91c-9370-4a36-bf44-f4e0618c67bf tempest-VolumesImageMetadata-631102097 None] Task 'cinder.volume.flows.manager.create_volume.CreateVolumeOnFinishTask;volume:create, create.end' (8d5be354-f895-47fb-8993-5ddf519832f8) transitioned into state 'SUCCESS' from state 'RUNNING' with result 'None' {{(pid=85985) _task_receiver /opt/stack/data/venv/lib/python3.12/site-packages/taskflow/listeners/logging.py:218}}
Aug 28 07:33:36 devstack cinder-volume[85985]: DEBUG cinder.volume.manager [None req-f5d7b91c-9370-4a36-bf44-f4e0618c67bf tempest-VolumesImageMetadata-631102097 None] Flow 'volume_create_manager' (04e15f70-4beb-47c5-b305-8e4a6d693301) transitioned into state 'SUCCESS' from state 'RUNNING' {{(pid=85985) _flow_receiver /opt/stack/data/venv/lib/python3.12/site-packages/taskflow/listeners/logging.py:160}}
Aug 28 07:33:36 devstack cinder-volume[85985]: INFO cinder.volume.manager [None req-f5d7b91c-9370-4a36-bf44-f4e0618c67bf tempest-VolumesImageMetadata-631102097 None] Created volume successfully.
Aug 28 07:33:38 devstack cinder-volume[85985]: DEBUG cinder.coordination [None req-d31a1ef7-1bb3-4862-a6ee-a1756a576d03 tempest-VolumesImageMetadata-631102097 None] Acquiring lock "cinder-9098f02e-f6f3-48f4-9ef5-8754c8e318ec-delete_volume" by "delete_volume" {{(pid=85985) __acquire /opt/stack/cinder/cinder/coordination.py:138}}
Aug 28 07:33:38 devstack cinder-volume[85985]: DEBUG cinder.coordination [None req-d31a1ef7-1bb3-4862-a6ee-a1756a576d03 tempest-VolumesImageMetadata-631102097 None] Lock "cinder-9098f02e-f6f3-48f4-9ef5-8754c8e318ec-delete_volume" acquired by "delete_volume" :: waited 0.058s {{(pid=85985) __acquire /opt/stack/cinder/cinder/coordination.py:141}}
Aug 28 07:33:38 devstack cinder-volume[85985]: DEBUG cinder.coordination [None req-d31a1ef7-1bb3-4862-a6ee-a1756a576d03 tempest-VolumesImageMetadata-631102097 None] Acquiring lock "cinder-quobyte-9098f02e-f6f3-48f4-9ef5-8754c8e318ec" by "delete_volume" {{(pid=85985) __acquire /opt/stack/cinder/cinder/coordination.py:138}}
Aug 28 07:33:38 devstack cinder-volume[85985]: DEBUG cinder.coordination [None req-d31a1ef7-1bb3-4862-a6ee-a1756a576d03 tempest-VolumesImageMetadata-631102097 None] Lock "cinder-quobyte-9098f02e-f6f3-48f4-9ef5-8754c8e318ec" acquired by "delete_volume" :: waited 0.058s {{(pid=85985) __acquire /opt/stack/cinder/cinder/coordination.py:141}}
Aug 28 07:33:38 devstack cinder-volume[85985]: DEBUG oslo.privsep.daemon [-] privsep: reply[1073e0cf-2f31-4470-b77f-65fc7512cd48]: (4, 'qcow2') {{(pid=87436) _call_back /opt/stack/data/venv/lib/python3.12/site-packages/oslo_privsep/daemon.py:580}}
Aug 28 07:33:38 devstack cinder-volume[85985]: DEBUG oslo_concurrency.processutils [None req-d31a1ef7-1bb3-4862-a6ee-a1756a576d03 tempest-VolumesImageMetadata-631102097 None] Running cmd (subprocess): /opt/stack/data/venv/bin/python3.12 -m oslo_concurrency.prlimit --as=1073741824 --cpu=60 -- sudo cinder-rootwrap /etc/cinder/rootwrap.conf env LC_ALL=C qemu-img info -f qcow2 --output=json --force-share /opt/stack/data/cinder/mnt/861dc09426b3405638768395744ebe3a/volume-9098f02e-f6f3-48f4-9ef5-8754c8e318ec {{(pid=85985) execute /opt/stack/data/venv/lib/python3.12/site-packages/oslo_concurrency/processutils.py:440}}
Aug 28 07:33:39 devstack sudo[91363]: quobyte : PWD=/ ; USER=root ; COMMAND=/opt/stack/data/venv/bin/cinder-rootwrap /etc/cinder/rootwrap.conf env LC_ALL=C qemu-img info -f qcow2 --output=json --force-share /opt/stack/data/cinder/mnt/861dc09426b3405638768395744ebe3a/volume-9098f02e-f6f3-48f4-9ef5-8754c8e318ec
Aug 28 07:33:39 devstack sudo[91363]: pam_unix(sudo:session): session opened for user root(uid=0) by (uid=1000)
Aug 28 07:33:39 devstack sudo[91363]: pam_unix(sudo:session): session closed for user root
Aug 28 07:33:39 devstack cinder-volume[85985]: DEBUG oslo_concurrency.processutils [None req-d31a1ef7-1bb3-4862-a6ee-a1756a576d03 tempest-VolumesImageMetadata-631102097 None] CMD "/opt/stack/data/venv/bin/python3.12 -m oslo_concurrency.prlimit --as=1073741824 --cpu=60 -- sudo cinder-rootwrap /etc/cinder/rootwrap.conf env LC_ALL=C qemu-img info -f qcow2 --output=json --force-share /opt/stack/data/cinder/mnt/861dc09426b3405638768395744ebe3a/volume-9098f02e-f6f3-48f4-9ef5-8754c8e318ec" returned: 0 in 1.222s {{(pid=85985) execute /opt/stack/data/venv/lib/python3.12/site-packages/oslo_concurrency/processutils.py:468}}
Aug 28 07:33:39 devstack cinder-volume[85985]: DEBUG oslo_concurrency.processutils [None req-d31a1ef7-1bb3-4862-a6ee-a1756a576d03 tempest-VolumesImageMetadata-631102097 None] Running cmd (subprocess): sudo cinder-rootwrap /etc/cinder/rootwrap.conf rm -f /opt/stack/data/cinder/mnt/861dc09426b3405638768395744ebe3a/volume-9098f02e-f6f3-48f4-9ef5-8754c8e318ec {{(pid=85985) execute /opt/stack/data/venv/lib/python3.12/site-packages/oslo_concurrency/processutils.py:440}}
Aug 28 07:33:40 devstack sudo[91369]: quobyte : PWD=/ ; USER=root ; COMMAND=/opt/stack/data/venv/bin/cinder-rootwrap /etc/cinder/rootwrap.conf rm -f /opt/stack/data/cinder/mnt/861dc09426b3405638768395744ebe3a/volume-9098f02e-f6f3-48f4-9ef5-8754c8e318ec
Aug 28 07:33:40 devstack sudo[91369]: pam_unix(sudo:session): session opened for user root(uid=0) by (uid=1000)
Aug 28 07:33:40 devstack sudo[91369]: pam_unix(sudo:session): session closed for user root
Aug 28 07:33:40 devstack cinder-volume[85985]: DEBUG oslo_concurrency.processutils [None req-d31a1ef7-1bb3-4862-a6ee-a1756a576d03 tempest-VolumesImageMetadata-631102097 None] CMD "sudo cinder-rootwrap /etc/cinder/rootwrap.conf rm -f /opt/stack/data/cinder/mnt/861dc09426b3405638768395744ebe3a/volume-9098f02e-f6f3-48f4-9ef5-8754c8e318ec" returned: 0 in 0.647s {{(pid=85985) execute /opt/stack/data/venv/lib/python3.12/site-packages/oslo_concurrency/processutils.py:468}}
Aug 28 07:33:40 devstack cinder-volume[85985]: DEBUG cinder.coordination [None req-d31a1ef7-1bb3-4862-a6ee-a1756a576d03 tempest-VolumesImageMetadata-631102097 None] Lock "cinder-quobyte-9098f02e-f6f3-48f4-9ef5-8754c8e318ec" released by "delete_volume" :: held 1.989s {{(pid=85985) __release /opt/stack/cinder/cinder/coordination.py:152}}
Aug 28 07:33:40 devstack cinder-volume[85985]: DEBUG cinder.quota [None req-d31a1ef7-1bb3-4862-a6ee-a1756a576d03 tempest-VolumesImageMetadata-631102097 None] Created reservations ['02e164c8-2374-4f1a-b8c8-674a219a5c88', 'd4f548ed-1fd2-425a-970d-094431b127d1', '18762901-a3b6-4a32-9db2-d26be3d5a9d9', 'd2358aaf-e2f1-401a-a615-035e2e63990d'] {{(pid=85985) reserve /opt/stack/cinder/cinder/quota.py:752}}
Aug 28 07:33:40 devstack cinder-volume[85985]: DEBUG oslo_concurrency.lockutils [None req-d31a1ef7-1bb3-4862-a6ee-a1756a576d03 tempest-VolumesImageMetadata-631102097 None] Acquiring lock "quobyte_ensure" by "cinder.volume.drivers.quobyte.QuobyteDriver._ensure_shares_mounted" {{(pid=85985) inner /opt/stack/data/venv/lib/python3.12/site-packages/oslo_concurrency/lockutils.py:512}}
Aug 28 07:33:40 devstack cinder-volume[85985]: DEBUG oslo_concurrency.lockutils [None req-d31a1ef7-1bb3-4862-a6ee-a1756a576d03 tempest-VolumesImageMetadata-631102097 None] Lock "quobyte_ensure" acquired by "cinder.volume.drivers.quobyte.QuobyteDriver._ensure_shares_mounted" :: waited 0.002s {{(pid=85985) inner /opt/stack/data/venv/lib/python3.12/site-packages/oslo_concurrency/lockutils.py:525}}
Aug 28 07:33:40 devstack cinder-volume[85985]: DEBUG cinder.volume.drivers.quobyte [None req-d31a1ef7-1bb3-4862-a6ee-a1756a576d03 tempest-VolumesImageMetadata-631102097 None] Quobyte Volume URL set to: {'osci02.corp.quobyte.com/cinder-vol-8c4df223-0727-45c2-a427-10c42fb66c47': None} {{(pid=85985) _load_shares_config /opt/stack/cinder/cinder/volume/drivers/quobyte.py:662}}
Aug 28 07:33:41 devstack cinder-volume[85985]: DEBUG cinder.volume.drivers.quobyte [None req-d31a1ef7-1bb3-4862-a6ee-a1756a576d03 tempest-VolumesImageMetadata-631102097 None] Available shares ['osci02.corp.quobyte.com/cinder-vol-8c4df223-0727-45c2-a427-10c42fb66c47'] {{(pid=85985) _ensure_shares_mounted /opt/stack/cinder/cinder/volume/drivers/quobyte.py:692}}
Aug 28 07:33:41 devstack cinder-volume[85985]: DEBUG oslo_concurrency.lockutils [None req-d31a1ef7-1bb3-4862-a6ee-a1756a576d03 tempest-VolumesImageMetadata-631102097 None] Lock "quobyte_ensure" "released" by "cinder.volume.drivers.quobyte.QuobyteDriver._ensure_shares_mounted" :: held 0.010s {{(pid=85985) inner /opt/stack/data/venv/lib/python3.12/site-packages/oslo_concurrency/lockutils.py:544}}
Aug 28 07:33:41 devstack cinder-volume[85985]: DEBUG oslo_concurrency.processutils [None req-d31a1ef7-1bb3-4862-a6ee-a1756a576d03 tempest-VolumesImageMetadata-631102097 None] Running cmd (subprocess): sudo cinder-rootwrap /etc/cinder/rootwrap.conf df --portability --block-size 1 /opt/stack/data/cinder/mnt/861dc09426b3405638768395744ebe3a {{(pid=85985) execute /opt/stack/data/venv/lib/python3.12/site-packages/oslo_concurrency/processutils.py:440}}
Aug 28 07:33:41 devstack sudo[91372]: quobyte : PWD=/ ; USER=root ; COMMAND=/opt/stack/data/venv/bin/cinder-rootwrap /etc/cinder/rootwrap.conf df --portability --block-size 1 /opt/stack/data/cinder/mnt/861dc09426b3405638768395744ebe3a
Aug 28 07:33:41 devstack sudo[91372]: pam_unix(sudo:session): session opened for user root(uid=0) by (uid=1000)
Aug 28 07:33:41 devstack sudo[91372]: pam_unix(sudo:session): session closed for user root
Aug 28 07:33:41 devstack cinder-volume[85985]: DEBUG oslo_concurrency.processutils [None req-d31a1ef7-1bb3-4862-a6ee-a1756a576d03 tempest-VolumesImageMetadata-631102097 None] CMD "sudo cinder-rootwrap /etc/cinder/rootwrap.conf df --portability --block-size 1 /opt/stack/data/cinder/mnt/861dc09426b3405638768395744ebe3a" returned: 0 in 0.566s {{(pid=85985) execute /opt/stack/data/venv/lib/python3.12/site-packages/oslo_concurrency/processutils.py:468}}
Aug 28 07:33:41 devstack cinder-volume[85985]: DEBUG cinder.manager [None req-d31a1ef7-1bb3-4862-a6ee-a1756a576d03 tempest-VolumesImageMetadata-631102097 None] Notifying Schedulers of capabilities ... {{(pid=85985) _publish_service_capabilities /opt/stack/cinder/cinder/manager.py:219}}
Aug 28 07:33:41 devstack cinder-volume[85985]: INFO cinder.volume.manager [None req-d31a1ef7-1bb3-4862-a6ee-a1756a576d03 tempest-VolumesImageMetadata-631102097 None] Deleted volume successfully.
Aug 28 07:33:41 devstack cinder-volume[85985]: DEBUG cinder.coordination [None req-d31a1ef7-1bb3-4862-a6ee-a1756a576d03 tempest-VolumesImageMetadata-631102097 None] Lock "cinder-9098f02e-f6f3-48f4-9ef5-8754c8e318ec-delete_volume" released by "delete_volume" :: held 3.217s {{(pid=85985) __release /opt/stack/cinder/cinder/coordination.py:152}}
Aug 28 07:33:41 devstack sudo[91319]: pam_unix(sudo:session): session closed for user root
Aug 28 07:33:41 devstack cinder-volume[85985]: DEBUG oslo_concurrency.processutils [None req-c357f536-ee89-4088-a5ba-3ae87b856ec7 tempest-VolumesGetTest-1647583491 None] CMD "sudo cinder-rootwrap /etc/cinder/rootwrap.conf qemu-img convert -O qcow2 /opt/stack/data/cinder/mnt/861dc09426b3405638768395744ebe3a/volume-1630286b-8447-456a-88da-973404d1c03e /opt/stack/data/cinder/mnt/861dc09426b3405638768395744ebe3a/volume-0a57a2a6-5da6-4264-b348-e6223c836314" returned: 0 in 5.616s {{(pid=85985) execute /opt/stack/data/venv/lib/python3.12/site-packages/oslo_concurrency/processutils.py:468}}
Aug 28 07:33:41 devstack cinder-volume[85985]: DEBUG cinder.image.image_utils [None req-c357f536-ee89-4088-a5ba-3ae87b856ec7 tempest-VolumesGetTest-1647583491 None] Image conversion details: src /opt/stack/data/cinder/mnt/861dc09426b3405638768395744ebe3a/volume-1630286b-8447-456a-88da-973404d1c03e, size 1024.00 MB, duration 5.62 sec, destination /opt/stack/data/cinder/mnt/861dc09426b3405638768395744ebe3a/volume-0a57a2a6-5da6-4264-b348-e6223c836314 {{(pid=85985) _convert_image /opt/stack/cinder/cinder/image/image_utils.py:536}}
Aug 28 07:33:41 devstack cinder-volume[85985]: INFO cinder.image.image_utils [None req-c357f536-ee89-4088-a5ba-3ae87b856ec7 tempest-VolumesGetTest-1647583491 None] Converted 1024.00 MB image at 182.30 MB/s
Aug 28 07:33:41 devstack cinder-volume[85985]: WARNING cinder.volume.drivers.remotefs [None req-c357f536-ee89-4088-a5ba-3ae87b856ec7 tempest-VolumesGetTest-1647583491 None] /opt/stack/data/cinder/mnt/861dc09426b3405638768395744ebe3a/volume-0a57a2a6-5da6-4264-b348-e6223c836314 is being set with open permissions: ugo+rw
Aug 28 07:33:41 devstack cinder-volume[85985]: DEBUG oslo_concurrency.processutils [None req-c357f536-ee89-4088-a5ba-3ae87b856ec7 tempest-VolumesGetTest-1647583491 None] Running cmd (subprocess): sudo cinder-rootwrap /etc/cinder/rootwrap.conf chmod ugo+rw /opt/stack/data/cinder/mnt/861dc09426b3405638768395744ebe3a/volume-0a57a2a6-5da6-4264-b348-e6223c836314 {{(pid=85985) execute /opt/stack/data/venv/lib/python3.12/site-packages/oslo_concurrency/processutils.py:440}}
Aug 28 07:33:41 devstack sudo[91375]: quobyte : PWD=/ ; USER=root ; COMMAND=/opt/stack/data/venv/bin/cinder-rootwrap /etc/cinder/rootwrap.conf chmod ugo+rw /opt/stack/data/cinder/mnt/861dc09426b3405638768395744ebe3a/volume-0a57a2a6-5da6-4264-b348-e6223c836314
Aug 28 07:33:41 devstack sudo[91375]: pam_unix(sudo:session): session opened for user root(uid=0) by (uid=1000)
Aug 28 07:33:41 devstack sudo[91375]: pam_unix(sudo:session): session closed for user root
Aug 28 07:33:41 devstack cinder-volume[85985]: DEBUG oslo_concurrency.processutils [None req-c357f536-ee89-4088-a5ba-3ae87b856ec7 tempest-VolumesGetTest-1647583491 None] CMD "sudo cinder-rootwrap /etc/cinder/rootwrap.conf chmod ugo+rw /opt/stack/data/cinder/mnt/861dc09426b3405638768395744ebe3a/volume-0a57a2a6-5da6-4264-b348-e6223c836314" returned: 0 in 0.272s {{(pid=85985) execute /opt/stack/data/venv/lib/python3.12/site-packages/oslo_concurrency/processutils.py:468}}
Aug 28 07:33:41 devstack cinder-volume[85985]: DEBUG cinder.coordination [None req-c357f536-ee89-4088-a5ba-3ae87b856ec7 tempest-VolumesGetTest-1647583491 None] Lock "cinder-quobyte-0a57a2a6-5da6-4264-b348-e6223c836314" released by "_copy_volume_from_snapshot" :: held 7.083s {{(pid=85985) __release /opt/stack/cinder/cinder/coordination.py:152}}
Aug 28 07:33:42 devstack cinder-volume[85985]: DEBUG cinder.coordination [None req-c357f536-ee89-4088-a5ba-3ae87b856ec7 tempest-VolumesGetTest-1647583491 None] Acquiring lock "cinder-quobyte-6f485e76-1a12-4d7a-a5c9-ad01d3860681" by "_delete_snapshot" {{(pid=85985) __acquire /opt/stack/cinder/cinder/coordination.py:138}}
Aug 28 07:33:42 devstack cinder-volume[85985]: DEBUG cinder.coordination [None req-c357f536-ee89-4088-a5ba-3ae87b856ec7 tempest-VolumesGetTest-1647583491 None] Lock "cinder-quobyte-6f485e76-1a12-4d7a-a5c9-ad01d3860681" acquired by "_delete_snapshot" :: waited 0.015s {{(pid=85985) __acquire /opt/stack/cinder/cinder/coordination.py:141}}
Aug 28 07:33:42 devstack cinder-volume[85985]: DEBUG cinder.volume.drivers.remotefs [None req-c357f536-ee89-4088-a5ba-3ae87b856ec7 tempest-VolumesGetTest-1647583491 None] Deleting offline snapshot 6f485e76-1a12-4d7a-a5c9-ad01d3860681 of volume 1630286b-8447-456a-88da-973404d1c03e {{(pid=85985) _delete_snapshot /opt/stack/cinder/cinder/volume/drivers/remotefs.py:1288}}
Aug 28 07:33:42 devstack cinder-volume[85985]: DEBUG cinder.volume.drivers.remotefs [None req-c357f536-ee89-4088-a5ba-3ae87b856ec7 tempest-VolumesGetTest-1647583491 None] snapshot_file for this snap is: volume-1630286b-8447-456a-88da-973404d1c03e.6f485e76-1a12-4d7a-a5c9-ad01d3860681 {{(pid=85985) _delete_snapshot /opt/stack/cinder/cinder/volume/drivers/remotefs.py:1317}}
Aug 28 07:33:42 devstack cinder-volume[85985]: DEBUG oslo.privsep.daemon [-] privsep: reply[fea80442-650e-40f9-9972-4749e32faf97]: (4, 'qcow2') {{(pid=87436) _call_back /opt/stack/data/venv/lib/python3.12/site-packages/oslo_privsep/daemon.py:580}}
Aug 28 07:33:42 devstack cinder-volume[85985]: DEBUG oslo_concurrency.processutils [None req-c357f536-ee89-4088-a5ba-3ae87b856ec7 tempest-VolumesGetTest-1647583491 None] Running cmd (subprocess): /opt/stack/data/venv/bin/python3.12 -m oslo_concurrency.prlimit --as=1073741824 --cpu=60 -- sudo cinder-rootwrap /etc/cinder/rootwrap.conf env LC_ALL=C qemu-img info -f qcow2 --output=json --force-share /opt/stack/data/cinder/mnt/861dc09426b3405638768395744ebe3a/volume-1630286b-8447-456a-88da-973404d1c03e.6f485e76-1a12-4d7a-a5c9-ad01d3860681 {{(pid=85985) execute /opt/stack/data/venv/lib/python3.12/site-packages/oslo_concurrency/processutils.py:440}}
Aug 28 07:33:42 devstack sudo[91404]: quobyte : PWD=/ ; USER=root ; COMMAND=/opt/stack/data/venv/bin/cinder-rootwrap /etc/cinder/rootwrap.conf env LC_ALL=C qemu-img info -f qcow2 --output=json --force-share /opt/stack/data/cinder/mnt/861dc09426b3405638768395744ebe3a/volume-1630286b-8447-456a-88da-973404d1c03e.6f485e76-1a12-4d7a-a5c9-ad01d3860681
Aug 28 07:33:42 devstack sudo[91404]: pam_unix(sudo:session): session opened for user root(uid=0) by (uid=1000)
Aug 28 07:33:42 devstack sudo[91404]: pam_unix(sudo:session): session closed for user root
Aug 28 07:33:42 devstack cinder-volume[85985]: DEBUG oslo_concurrency.processutils [None req-c357f536-ee89-4088-a5ba-3ae87b856ec7 tempest-VolumesGetTest-1647583491 None] CMD "/opt/stack/data/venv/bin/python3.12 -m oslo_concurrency.prlimit --as=1073741824 --cpu=60 -- sudo cinder-rootwrap /etc/cinder/rootwrap.conf env LC_ALL=C qemu-img info -f qcow2 --output=json --force-share /opt/stack/data/cinder/mnt/861dc09426b3405638768395744ebe3a/volume-1630286b-8447-456a-88da-973404d1c03e.6f485e76-1a12-4d7a-a5c9-ad01d3860681" returned: 0 in 0.408s {{(pid=85985) execute /opt/stack/data/venv/lib/python3.12/site-packages/oslo_concurrency/processutils.py:468}}
Aug 28 07:33:42 devstack cinder-volume[85985]: DEBUG cinder.volume.drivers.remotefs [None req-c357f536-ee89-4088-a5ba-3ae87b856ec7 tempest-VolumesGetTest-1647583491 None] Fetching qemu-img info with special backing_file_template: (/opt/stack/data/cinder/mnt/[0-9a-f]+/)?(volume-1630286b-8447-456a-88da-973404d1c03e(.(tmp-snap-)?[0-9a-f-]+)?|volume_from_snapshot_cache/(tmp-snap-)?[0-9a-f-]+(.(child-|parent-)[0-9a-f-]+)?)$ {{(pid=85985) _qemu_img_info_base /opt/stack/cinder/cinder/volume/drivers/remotefs.py:896}}
Aug 28 07:33:42 devstack cinder-volume[85985]: DEBUG oslo.privsep.daemon [-] privsep: reply[4e5b47e4-68ff-4453-bb5a-12aa39bb038f]: (4, 'qcow2') {{(pid=87436) _call_back /opt/stack/data/venv/lib/python3.12/site-packages/oslo_privsep/daemon.py:580}}
Aug 28 07:33:42 devstack cinder-volume[85985]: DEBUG oslo_concurrency.processutils [None req-c357f536-ee89-4088-a5ba-3ae87b856ec7 tempest-VolumesGetTest-1647583491 None] Running cmd (subprocess): /opt/stack/data/venv/bin/python3.12 -m oslo_concurrency.prlimit --as=1073741824 --cpu=60 -- sudo cinder-rootwrap /etc/cinder/rootwrap.conf env LC_ALL=C qemu-img info -f qcow2 --output=json --force-share /opt/stack/data/cinder/mnt/861dc09426b3405638768395744ebe3a/volume-1630286b-8447-456a-88da-973404d1c03e {{(pid=85985) execute /opt/stack/data/venv/lib/python3.12/site-packages/oslo_concurrency/processutils.py:440}}
Aug 28 07:33:42 devstack sudo[91409]: quobyte : PWD=/ ; USER=root ; COMMAND=/opt/stack/data/venv/bin/cinder-rootwrap /etc/cinder/rootwrap.conf env LC_ALL=C qemu-img info -f qcow2 --output=json --force-share /opt/stack/data/cinder/mnt/861dc09426b3405638768395744ebe3a/volume-1630286b-8447-456a-88da-973404d1c03e
Aug 28 07:33:42 devstack sudo[91409]: pam_unix(sudo:session): session opened for user root(uid=0) by (uid=1000)
Aug 28 07:33:43 devstack sudo[91409]: pam_unix(sudo:session): session closed for user root
Aug 28 07:33:43 devstack cinder-volume[85985]: DEBUG oslo_concurrency.processutils [None req-c357f536-ee89-4088-a5ba-3ae87b856ec7 tempest-VolumesGetTest-1647583491 None] CMD "/opt/stack/data/venv/bin/python3.12 -m oslo_concurrency.prlimit --as=1073741824 --cpu=60 -- sudo cinder-rootwrap /etc/cinder/rootwrap.conf env LC_ALL=C qemu-img info -f qcow2 --output=json --force-share /opt/stack/data/cinder/mnt/861dc09426b3405638768395744ebe3a/volume-1630286b-8447-456a-88da-973404d1c03e" returned: 0 in 0.732s {{(pid=85985) execute /opt/stack/data/venv/lib/python3.12/site-packages/oslo_concurrency/processutils.py:468}}
Aug 28 07:33:43 devstack cinder-volume[85985]: DEBUG oslo_concurrency.processutils [None req-c357f536-ee89-4088-a5ba-3ae87b856ec7 tempest-VolumesGetTest-1647583491 None] Running cmd (subprocess): sudo cinder-rootwrap /etc/cinder/rootwrap.conf qemu-img commit -d /opt/stack/data/cinder/mnt/861dc09426b3405638768395744ebe3a/volume-1630286b-8447-456a-88da-973404d1c03e.6f485e76-1a12-4d7a-a5c9-ad01d3860681 {{(pid=85985) execute /opt/stack/data/venv/lib/python3.12/site-packages/oslo_concurrency/processutils.py:440}}
Aug 28 07:33:43 devstack sudo[91414]: quobyte : PWD=/ ; USER=root ; COMMAND=/opt/stack/data/venv/bin/cinder-rootwrap /etc/cinder/rootwrap.conf qemu-img commit -d /opt/stack/data/cinder/mnt/861dc09426b3405638768395744ebe3a/volume-1630286b-8447-456a-88da-973404d1c03e.6f485e76-1a12-4d7a-a5c9-ad01d3860681
Aug 28 07:33:43 devstack sudo[91414]: pam_unix(sudo:session): session opened for user root(uid=0) by (uid=1000)
Aug 28 07:33:43 devstack sudo[91414]: pam_unix(sudo:session): session closed for user root
