Aug 28 07:31:25 devstack cinder-volume[85985]: DEBUG oslo.privsep.daemon [-] privsep: reply[819f4078-733e-45de-98c9-c3d15dae00c7]: (4, 'qcow2') {{(pid=87436) _call_back /opt/stack/data/venv/lib/python3.12/site-packages/oslo_privsep/daemon.py:580}}
Aug 28 07:31:25 devstack cinder-volume[85985]: DEBUG oslo_concurrency.processutils [None req-c3b6e831-cf80-4d02-b854-4113ec950bfc tempest-GroupSnapshotsV319Test-376808646 None] Running cmd (subprocess): /opt/stack/data/venv/bin/python3.12 -m oslo_concurrency.prlimit --as=1073741824 --cpu=60 -- sudo cinder-rootwrap /etc/cinder/rootwrap.conf env LC_ALL=C qemu-img info -f qcow2 --output=json --force-share /opt/stack/data/cinder/mnt/861dc09426b3405638768395744ebe3a/volume-43f6f105-e73d-4f90-ad1f-8c869709978c {{(pid=85985) execute /opt/stack/data/venv/lib/python3.12/site-packages/oslo_concurrency/processutils.py:440}}
Aug 28 07:31:25 devstack cinder-volume[85985]: DEBUG cinder.coordination [None req-7a0fc9c5-96f1-4e20-9277-ce0595d334fa tempest-VolumeRetypeWithoutMigrationTest-117101877 None] Acquiring lock "cinder-7a9cdc93-5700-4cc2-961f-7745929b26fa-delete_volume" by "delete_volume" {{(pid=85985) __acquire /opt/stack/cinder/cinder/coordination.py:138}}
Aug 28 07:31:25 devstack cinder-volume[85985]: DEBUG cinder.coordination [None req-7a0fc9c5-96f1-4e20-9277-ce0595d334fa tempest-VolumeRetypeWithoutMigrationTest-117101877 None] Lock "cinder-7a9cdc93-5700-4cc2-961f-7745929b26fa-delete_volume" acquired by "delete_volume" :: waited 0.034s {{(pid=85985) __acquire /opt/stack/cinder/cinder/coordination.py:141}}
Aug 28 07:31:25 devstack cinder-volume[85985]: DEBUG cinder.coordination [None req-7a0fc9c5-96f1-4e20-9277-ce0595d334fa tempest-VolumeRetypeWithoutMigrationTest-117101877 None] Acquiring lock "cinder-quobyte-7a9cdc93-5700-4cc2-961f-7745929b26fa" by "delete_volume" {{(pid=85985) __acquire /opt/stack/cinder/cinder/coordination.py:138}}
Aug 28 07:31:25 devstack cinder-volume[85985]: DEBUG cinder.coordination [None req-7a0fc9c5-96f1-4e20-9277-ce0595d334fa tempest-VolumeRetypeWithoutMigrationTest-117101877 None] Lock "cinder-quobyte-7a9cdc93-5700-4cc2-961f-7745929b26fa" acquired by "delete_volume" :: waited 0.033s {{(pid=85985) __acquire /opt/stack/cinder/cinder/coordination.py:141}}
Aug 28 07:31:25 devstack sudo[88997]: quobyte : PWD=/ ; USER=root ; COMMAND=/opt/stack/data/venv/bin/cinder-rootwrap /etc/cinder/rootwrap.conf env LC_ALL=C qemu-img info -f qcow2 --output=json --force-share /opt/stack/data/cinder/mnt/861dc09426b3405638768395744ebe3a/volume-43f6f105-e73d-4f90-ad1f-8c869709978c
Aug 28 07:31:25 devstack sudo[88997]: pam_unix(sudo:session): session opened for user root(uid=0) by (uid=1000)
Aug 28 07:31:25 devstack cinder-volume[85985]: DEBUG oslo.privsep.daemon [-] privsep: reply[c37e9b21-b615-4532-9e88-dabb9e05d885]: (4, 'qcow2') {{(pid=87436) _call_back /opt/stack/data/venv/lib/python3.12/site-packages/oslo_privsep/daemon.py:580}}
Aug 28 07:31:25 devstack cinder-volume[85985]: DEBUG oslo_concurrency.processutils [None req-7a0fc9c5-96f1-4e20-9277-ce0595d334fa tempest-VolumeRetypeWithoutMigrationTest-117101877 None] Running cmd (subprocess): /opt/stack/data/venv/bin/python3.12 -m oslo_concurrency.prlimit --as=1073741824 --cpu=60 -- sudo cinder-rootwrap /etc/cinder/rootwrap.conf env LC_ALL=C qemu-img info -f qcow2 --output=json --force-share /opt/stack/data/cinder/mnt/861dc09426b3405638768395744ebe3a/volume-7a9cdc93-5700-4cc2-961f-7745929b26fa {{(pid=85985) execute /opt/stack/data/venv/lib/python3.12/site-packages/oslo_concurrency/processutils.py:440}}
Aug 28 07:31:25 devstack sudo[88999]: quobyte : PWD=/ ; USER=root ; COMMAND=/opt/stack/data/venv/bin/cinder-rootwrap /etc/cinder/rootwrap.conf env LC_ALL=C qemu-img info -f qcow2 --output=json --force-share /opt/stack/data/cinder/mnt/861dc09426b3405638768395744ebe3a/volume-7a9cdc93-5700-4cc2-961f-7745929b26fa
Aug 28 07:31:25 devstack sudo[88999]: pam_unix(sudo:session): session opened for user root(uid=0) by (uid=1000)
Aug 28 07:31:25 devstack sudo[88997]: pam_unix(sudo:session): session closed for user root
Aug 28 07:31:25 devstack cinder-volume[85985]: DEBUG oslo_concurrency.processutils [None req-c3b6e831-cf80-4d02-b854-4113ec950bfc tempest-GroupSnapshotsV319Test-376808646 None] CMD "/opt/stack/data/venv/bin/python3.12 -m oslo_concurrency.prlimit --as=1073741824 --cpu=60 -- sudo cinder-rootwrap /etc/cinder/rootwrap.conf env LC_ALL=C qemu-img info -f qcow2 --output=json --force-share /opt/stack/data/cinder/mnt/861dc09426b3405638768395744ebe3a/volume-43f6f105-e73d-4f90-ad1f-8c869709978c" returned: 0 in 0.910s {{(pid=85985) execute /opt/stack/data/venv/lib/python3.12/site-packages/oslo_concurrency/processutils.py:468}}
Aug 28 07:31:25 devstack cinder-volume[85985]: DEBUG oslo_concurrency.processutils [None req-c3b6e831-cf80-4d02-b854-4113ec950bfc tempest-GroupSnapshotsV319Test-376808646 None] Running cmd (subprocess): sudo cinder-rootwrap /etc/cinder/rootwrap.conf qemu-img create -f qcow2 -o backing_file=/opt/stack/data/cinder/mnt/861dc09426b3405638768395744ebe3a/volume-43f6f105-e73d-4f90-ad1f-8c869709978c,backing_fmt=qcow2 /opt/stack/data/cinder/mnt/861dc09426b3405638768395744ebe3a/volume-43f6f105-e73d-4f90-ad1f-8c869709978c.d1f5cbdd-8dd2-4aa7-8243-44ab9568d438 1G {{(pid=85985) execute /opt/stack/data/venv/lib/python3.12/site-packages/oslo_concurrency/processutils.py:440}}
Aug 28 07:31:26 devstack sudo[89005]: quobyte : PWD=/ ; USER=root ; COMMAND=/opt/stack/data/venv/bin/cinder-rootwrap /etc/cinder/rootwrap.conf qemu-img create -f qcow2 -o backing_file=/opt/stack/data/cinder/mnt/861dc09426b3405638768395744ebe3a/volume-43f6f105-e73d-4f90-ad1f-8c869709978c,backing_fmt=qcow2 /opt/stack/data/cinder/mnt/861dc09426b3405638768395744ebe3a/volume-43f6f105-e73d-4f90-ad1f-8c869709978c.d1f5cbdd-8dd2-4aa7-8243-44ab9568d438 1G
Aug 28 07:31:26 devstack sudo[89005]: pam_unix(sudo:session): session opened for user root(uid=0) by (uid=1000)
Aug 28 07:31:26 devstack sudo[88999]: pam_unix(sudo:session): session closed for user root
Aug 28 07:31:26 devstack cinder-volume[85985]: DEBUG oslo_concurrency.processutils [None req-7a0fc9c5-96f1-4e20-9277-ce0595d334fa tempest-VolumeRetypeWithoutMigrationTest-117101877 None] CMD "/opt/stack/data/venv/bin/python3.12 -m oslo_concurrency.prlimit --as=1073741824 --cpu=60 -- sudo cinder-rootwrap /etc/cinder/rootwrap.conf env LC_ALL=C qemu-img info -f qcow2 --output=json --force-share /opt/stack/data/cinder/mnt/861dc09426b3405638768395744ebe3a/volume-7a9cdc93-5700-4cc2-961f-7745929b26fa" returned: 0 in 0.929s {{(pid=85985) execute /opt/stack/data/venv/lib/python3.12/site-packages/oslo_concurrency/processutils.py:468}}
Aug 28 07:31:26 devstack cinder-volume[85985]: DEBUG oslo_concurrency.processutils [None req-7a0fc9c5-96f1-4e20-9277-ce0595d334fa tempest-VolumeRetypeWithoutMigrationTest-117101877 None] Running cmd (subprocess): sudo cinder-rootwrap /etc/cinder/rootwrap.conf rm -f /opt/stack/data/cinder/mnt/861dc09426b3405638768395744ebe3a/volume-7a9cdc93-5700-4cc2-961f-7745929b26fa {{(pid=85985) execute /opt/stack/data/venv/lib/python3.12/site-packages/oslo_concurrency/processutils.py:440}}
Aug 28 07:31:26 devstack sudo[89012]: quobyte : PWD=/ ; USER=root ; COMMAND=/opt/stack/data/venv/bin/cinder-rootwrap /etc/cinder/rootwrap.conf rm -f /opt/stack/data/cinder/mnt/861dc09426b3405638768395744ebe3a/volume-7a9cdc93-5700-4cc2-961f-7745929b26fa
Aug 28 07:31:26 devstack sudo[89012]: pam_unix(sudo:session): session opened for user root(uid=0) by (uid=1000)
Aug 28 07:31:26 devstack sudo[89012]: pam_unix(sudo:session): session closed for user root
Aug 28 07:31:26 devstack cinder-volume[85985]: DEBUG oslo_concurrency.processutils [None req-7a0fc9c5-96f1-4e20-9277-ce0595d334fa tempest-VolumeRetypeWithoutMigrationTest-117101877 None] CMD "sudo cinder-rootwrap /etc/cinder/rootwrap.conf rm -f /opt/stack/data/cinder/mnt/861dc09426b3405638768395744ebe3a/volume-7a9cdc93-5700-4cc2-961f-7745929b26fa" returned: 0 in 0.342s {{(pid=85985) execute /opt/stack/data/venv/lib/python3.12/site-packages/oslo_concurrency/processutils.py:468}}
Aug 28 07:31:26 devstack cinder-volume[85985]: DEBUG cinder.coordination [None req-7a0fc9c5-96f1-4e20-9277-ce0595d334fa tempest-VolumeRetypeWithoutMigrationTest-117101877 None] Lock "cinder-quobyte-7a9cdc93-5700-4cc2-961f-7745929b26fa" released by "delete_volume" :: held 1.362s {{(pid=85985) __release /opt/stack/cinder/cinder/coordination.py:152}}
Aug 28 07:31:26 devstack cinder-volume[85985]: WARNING cinder.quota [None req-7a0fc9c5-96f1-4e20-9277-ce0595d334fa tempest-VolumeRetypeWithoutMigrationTest-117101877 None] Deprecated: Default quota for resource: volumes_volume-type-2 is set by the default quota flag: quota_volumes_volume-type-2, it is now deprecated. Please use the default quota class for default quota.
Aug 28 07:31:26 devstack cinder-volume[85985]: WARNING cinder.quota [None req-7a0fc9c5-96f1-4e20-9277-ce0595d334fa tempest-VolumeRetypeWithoutMigrationTest-117101877 None] Deprecated: Default quota for resource: gigabytes_volume-type-2 is set by the default quota flag: quota_gigabytes_volume-type-2, it is now deprecated. Please use the default quota class for default quota.
Aug 28 07:31:26 devstack cinder-volume[85985]: DEBUG cinder.quota [None req-7a0fc9c5-96f1-4e20-9277-ce0595d334fa tempest-VolumeRetypeWithoutMigrationTest-117101877 None] Created reservations ['1d0105f9-cefc-4f9f-abd4-6c1d69c18512', '56612305-19b3-4235-99a0-fa31d240930b', '8ca98eb1-741a-47a2-98cf-e60612b2314c', '343c7677-33e2-4ebc-b0e6-efb0676ee3ff'] {{(pid=85985) reserve /opt/stack/cinder/cinder/quota.py:752}}
Aug 28 07:31:26 devstack sudo[89005]: pam_unix(sudo:session): session closed for user root
Aug 28 07:31:26 devstack cinder-volume[85985]: DEBUG oslo_concurrency.lockutils [None req-7a0fc9c5-96f1-4e20-9277-ce0595d334fa tempest-VolumeRetypeWithoutMigrationTest-117101877 None] Acquiring lock "quobyte_ensure" by "cinder.volume.drivers.quobyte.QuobyteDriver._ensure_shares_mounted" {{(pid=85985) inner /opt/stack/data/venv/lib/python3.12/site-packages/oslo_concurrency/lockutils.py:512}}
Aug 28 07:31:26 devstack cinder-volume[85985]: DEBUG oslo_concurrency.lockutils [None req-7a0fc9c5-96f1-4e20-9277-ce0595d334fa tempest-VolumeRetypeWithoutMigrationTest-117101877 None] Lock "quobyte_ensure" acquired by "cinder.volume.drivers.quobyte.QuobyteDriver._ensure_shares_mounted" :: waited 0.007s {{(pid=85985) inner /opt/stack/data/venv/lib/python3.12/site-packages/oslo_concurrency/lockutils.py:525}}
Aug 28 07:31:26 devstack cinder-volume[85985]: DEBUG cinder.volume.drivers.quobyte [None req-7a0fc9c5-96f1-4e20-9277-ce0595d334fa tempest-VolumeRetypeWithoutMigrationTest-117101877 None] Quobyte Volume URL set to: {'osci02.corp.quobyte.com/cinder-vol-8c4df223-0727-45c2-a427-10c42fb66c47': None} {{(pid=85985) _load_shares_config /opt/stack/cinder/cinder/volume/drivers/quobyte.py:662}}
Aug 28 07:31:26 devstack cinder-volume[85985]: DEBUG cinder.volume.drivers.quobyte [None req-7a0fc9c5-96f1-4e20-9277-ce0595d334fa tempest-VolumeRetypeWithoutMigrationTest-117101877 None] Available shares ['osci02.corp.quobyte.com/cinder-vol-8c4df223-0727-45c2-a427-10c42fb66c47'] {{(pid=85985) _ensure_shares_mounted /opt/stack/cinder/cinder/volume/drivers/quobyte.py:692}}
Aug 28 07:31:26 devstack cinder-volume[85985]: DEBUG oslo_concurrency.lockutils [None req-7a0fc9c5-96f1-4e20-9277-ce0595d334fa tempest-VolumeRetypeWithoutMigrationTest-117101877 None] Lock "quobyte_ensure" "released" by "cinder.volume.drivers.quobyte.QuobyteDriver._ensure_shares_mounted" :: held 0.007s {{(pid=85985) inner /opt/stack/data/venv/lib/python3.12/site-packages/oslo_concurrency/lockutils.py:544}}
Aug 28 07:31:26 devstack cinder-volume[85985]: DEBUG oslo_concurrency.processutils [None req-7a0fc9c5-96f1-4e20-9277-ce0595d334fa tempest-VolumeRetypeWithoutMigrationTest-117101877 None] Running cmd (subprocess): sudo cinder-rootwrap /etc/cinder/rootwrap.conf df --portability --block-size 1 /opt/stack/data/cinder/mnt/861dc09426b3405638768395744ebe3a {{(pid=85985) execute /opt/stack/data/venv/lib/python3.12/site-packages/oslo_concurrency/processutils.py:440}}
Aug 28 07:31:27 devstack cinder-volume[85985]: DEBUG oslo_concurrency.processutils [None req-c3b6e831-cf80-4d02-b854-4113ec950bfc tempest-GroupSnapshotsV319Test-376808646 None] CMD "sudo cinder-rootwrap /etc/cinder/rootwrap.conf qemu-img create -f qcow2 -o backing_file=/opt/stack/data/cinder/mnt/861dc09426b3405638768395744ebe3a/volume-43f6f105-e73d-4f90-ad1f-8c869709978c,backing_fmt=qcow2 /opt/stack/data/cinder/mnt/861dc09426b3405638768395744ebe3a/volume-43f6f105-e73d-4f90-ad1f-8c869709978c.d1f5cbdd-8dd2-4aa7-8243-44ab9568d438 1G" returned: 0 in 1.048s {{(pid=85985) execute /opt/stack/data/venv/lib/python3.12/site-packages/oslo_concurrency/processutils.py:468}}
Aug 28 07:31:27 devstack cinder-volume[85985]: DEBUG oslo_concurrency.processutils [None req-c3b6e831-cf80-4d02-b854-4113ec950bfc tempest-GroupSnapshotsV319Test-376808646 None] Running cmd (subprocess): sudo cinder-rootwrap /etc/cinder/rootwrap.conf qemu-img rebase -u -b volume-43f6f105-e73d-4f90-ad1f-8c869709978c -F qcow2 /opt/stack/data/cinder/mnt/861dc09426b3405638768395744ebe3a/volume-43f6f105-e73d-4f90-ad1f-8c869709978c.d1f5cbdd-8dd2-4aa7-8243-44ab9568d438 {{(pid=85985) execute /opt/stack/data/venv/lib/python3.12/site-packages/oslo_concurrency/processutils.py:440}}
Aug 28 07:31:27 devstack sudo[89020]: quobyte : PWD=/ ; USER=root ; COMMAND=/opt/stack/data/venv/bin/cinder-rootwrap /etc/cinder/rootwrap.conf df --portability --block-size 1 /opt/stack/data/cinder/mnt/861dc09426b3405638768395744ebe3a
Aug 28 07:31:27 devstack sudo[89020]: pam_unix(sudo:session): session opened for user root(uid=0) by (uid=1000)
Aug 28 07:31:27 devstack sudo[89021]: quobyte : PWD=/ ; USER=root ; COMMAND=/opt/stack/data/venv/bin/cinder-rootwrap /etc/cinder/rootwrap.conf qemu-img rebase -u -b volume-43f6f105-e73d-4f90-ad1f-8c869709978c -F qcow2 /opt/stack/data/cinder/mnt/861dc09426b3405638768395744ebe3a/volume-43f6f105-e73d-4f90-ad1f-8c869709978c.d1f5cbdd-8dd2-4aa7-8243-44ab9568d438
Aug 28 07:31:27 devstack sudo[89021]: pam_unix(sudo:session): session opened for user root(uid=0) by (uid=1000)
Aug 28 07:31:27 devstack sudo[89020]: pam_unix(sudo:session): session closed for user root
Aug 28 07:31:27 devstack cinder-volume[85985]: DEBUG oslo_concurrency.processutils [None req-7a0fc9c5-96f1-4e20-9277-ce0595d334fa tempest-VolumeRetypeWithoutMigrationTest-117101877 None] CMD "sudo cinder-rootwrap /etc/cinder/rootwrap.conf df --portability --block-size 1 /opt/stack/data/cinder/mnt/861dc09426b3405638768395744ebe3a" returned: 0 in 0.306s {{(pid=85985) execute /opt/stack/data/venv/lib/python3.12/site-packages/oslo_concurrency/processutils.py:468}}
Aug 28 07:31:27 devstack cinder-volume[85985]: DEBUG cinder.manager [None req-7a0fc9c5-96f1-4e20-9277-ce0595d334fa tempest-VolumeRetypeWithoutMigrationTest-117101877 None] Notifying Schedulers of capabilities ... {{(pid=85985) _publish_service_capabilities /opt/stack/cinder/cinder/manager.py:219}}
Aug 28 07:31:27 devstack cinder-volume[85985]: INFO cinder.volume.manager [None req-7a0fc9c5-96f1-4e20-9277-ce0595d334fa tempest-VolumeRetypeWithoutMigrationTest-117101877 None] Deleted volume successfully.
Aug 28 07:31:27 devstack cinder-volume[85985]: DEBUG cinder.coordination [None req-7a0fc9c5-96f1-4e20-9277-ce0595d334fa tempest-VolumeRetypeWithoutMigrationTest-117101877 None] Lock "cinder-7a9cdc93-5700-4cc2-961f-7745929b26fa-delete_volume" released by "delete_volume" :: held 2.193s {{(pid=85985) __release /opt/stack/cinder/cinder/coordination.py:152}}
Aug 28 07:31:27 devstack sudo[89021]: pam_unix(sudo:session): session closed for user root
Aug 28 07:31:27 devstack cinder-volume[85985]: DEBUG oslo_concurrency.processutils [None req-c3b6e831-cf80-4d02-b854-4113ec950bfc tempest-GroupSnapshotsV319Test-376808646 None] CMD "sudo cinder-rootwrap /etc/cinder/rootwrap.conf qemu-img rebase -u -b volume-43f6f105-e73d-4f90-ad1f-8c869709978c -F qcow2 /opt/stack/data/cinder/mnt/861dc09426b3405638768395744ebe3a/volume-43f6f105-e73d-4f90-ad1f-8c869709978c.d1f5cbdd-8dd2-4aa7-8243-44ab9568d438" returned: 0 in 0.767s {{(pid=85985) execute /opt/stack/data/venv/lib/python3.12/site-packages/oslo_concurrency/processutils.py:468}}
Aug 28 07:31:27 devstack cinder-volume[85985]: WARNING cinder.volume.drivers.remotefs [None req-c3b6e831-cf80-4d02-b854-4113ec950bfc tempest-GroupSnapshotsV319Test-376808646 None] /opt/stack/data/cinder/mnt/861dc09426b3405638768395744ebe3a/volume-43f6f105-e73d-4f90-ad1f-8c869709978c.d1f5cbdd-8dd2-4aa7-8243-44ab9568d438 is being set with open permissions: ugo+rw: NotImplementedError
Aug 28 07:31:27 devstack cinder-volume[85985]: DEBUG oslo_concurrency.processutils [None req-c3b6e831-cf80-4d02-b854-4113ec950bfc tempest-GroupSnapshotsV319Test-376808646 None] Running cmd (subprocess): sudo cinder-rootwrap /etc/cinder/rootwrap.conf chmod ugo+rw /opt/stack/data/cinder/mnt/861dc09426b3405638768395744ebe3a/volume-43f6f105-e73d-4f90-ad1f-8c869709978c.d1f5cbdd-8dd2-4aa7-8243-44ab9568d438 {{(pid=85985) execute /opt/stack/data/venv/lib/python3.12/site-packages/oslo_concurrency/processutils.py:440}}
Aug 28 07:31:27 devstack sudo[89042]: quobyte : PWD=/ ; USER=root ; COMMAND=/opt/stack/data/venv/bin/cinder-rootwrap /etc/cinder/rootwrap.conf chmod ugo+rw /opt/stack/data/cinder/mnt/861dc09426b3405638768395744ebe3a/volume-43f6f105-e73d-4f90-ad1f-8c869709978c.d1f5cbdd-8dd2-4aa7-8243-44ab9568d438
Aug 28 07:31:27 devstack sudo[89042]: pam_unix(sudo:session): session opened for user root(uid=0) by (uid=1000)
Aug 28 07:31:28 devstack sudo[89042]: pam_unix(sudo:session): session closed for user root
Aug 28 07:31:28 devstack cinder-volume[85985]: DEBUG oslo_concurrency.processutils [None req-c3b6e831-cf80-4d02-b854-4113ec950bfc tempest-GroupSnapshotsV319Test-376808646 None] CMD "sudo cinder-rootwrap /etc/cinder/rootwrap.conf chmod ugo+rw /opt/stack/data/cinder/mnt/861dc09426b3405638768395744ebe3a/volume-43f6f105-e73d-4f90-ad1f-8c869709978c.d1f5cbdd-8dd2-4aa7-8243-44ab9568d438" returned: 0 in 0.428s {{(pid=85985) execute /opt/stack/data/venv/lib/python3.12/site-packages/oslo_concurrency/processutils.py:468}}
Aug 28 07:31:28 devstack cinder-volume[85985]: DEBUG oslo_concurrency.processutils [None req-c3b6e831-cf80-4d02-b854-4113ec950bfc tempest-GroupSnapshotsV319Test-376808646 None] Running cmd (subprocess): sudo cinder-rootwrap /etc/cinder/rootwrap.conf truncate -s0 /opt/stack/data/cinder/mnt/861dc09426b3405638768395744ebe3a/volume-43f6f105-e73d-4f90-ad1f-8c869709978c.info {{(pid=85985) execute /opt/stack/data/venv/lib/python3.12/site-packages/oslo_concurrency/processutils.py:440}}
Aug 28 07:31:28 devstack sudo[89071]: quobyte : PWD=/ ; USER=root ; COMMAND=/opt/stack/data/venv/bin/cinder-rootwrap /etc/cinder/rootwrap.conf truncate -s0 /opt/stack/data/cinder/mnt/861dc09426b3405638768395744ebe3a/volume-43f6f105-e73d-4f90-ad1f-8c869709978c.info
Aug 28 07:31:28 devstack sudo[89071]: pam_unix(sudo:session): session opened for user root(uid=0) by (uid=1000)
Aug 28 07:31:29 devstack sudo[89071]: pam_unix(sudo:session): session closed for user root
Aug 28 07:31:29 devstack cinder-volume[85985]: DEBUG oslo_concurrency.processutils [None req-c3b6e831-cf80-4d02-b854-4113ec950bfc tempest-GroupSnapshotsV319Test-376808646 None] CMD "sudo cinder-rootwrap /etc/cinder/rootwrap.conf truncate -s0 /opt/stack/data/cinder/mnt/861dc09426b3405638768395744ebe3a/volume-43f6f105-e73d-4f90-ad1f-8c869709978c.info" returned: 0 in 0.832s {{(pid=85985) execute /opt/stack/data/venv/lib/python3.12/site-packages/oslo_concurrency/processutils.py:468}}
Aug 28 07:31:29 devstack cinder-volume[85985]: WARNING cinder.volume.drivers.remotefs [None req-c3b6e831-cf80-4d02-b854-4113ec950bfc tempest-GroupSnapshotsV319Test-376808646 None] /opt/stack/data/cinder/mnt/861dc09426b3405638768395744ebe3a/volume-43f6f105-e73d-4f90-ad1f-8c869709978c.info is being set with open permissions: ugo+rw: NotImplementedError
Aug 28 07:31:29 devstack cinder-volume[85985]: DEBUG oslo_concurrency.processutils [None req-c3b6e831-cf80-4d02-b854-4113ec950bfc tempest-GroupSnapshotsV319Test-376808646 None] Running cmd (subprocess): sudo cinder-rootwrap /etc/cinder/rootwrap.conf chmod ugo+rw /opt/stack/data/cinder/mnt/861dc09426b3405638768395744ebe3a/volume-43f6f105-e73d-4f90-ad1f-8c869709978c.info {{(pid=85985) execute /opt/stack/data/venv/lib/python3.12/site-packages/oslo_concurrency/processutils.py:440}}
Aug 28 07:31:29 devstack sudo[89077]: quobyte : PWD=/ ; USER=root ; COMMAND=/opt/stack/data/venv/bin/cinder-rootwrap /etc/cinder/rootwrap.conf chmod ugo+rw /opt/stack/data/cinder/mnt/861dc09426b3405638768395744ebe3a/volume-43f6f105-e73d-4f90-ad1f-8c869709978c.info
Aug 28 07:31:29 devstack sudo[89077]: pam_unix(sudo:session): session opened for user root(uid=0) by (uid=1000)
Aug 28 07:31:29 devstack sudo[89077]: pam_unix(sudo:session): session closed for user root
Aug 28 07:31:29 devstack cinder-volume[85985]: DEBUG oslo_concurrency.processutils [None req-c3b6e831-cf80-4d02-b854-4113ec950bfc tempest-GroupSnapshotsV319Test-376808646 None] CMD "sudo cinder-rootwrap /etc/cinder/rootwrap.conf chmod ugo+rw /opt/stack/data/cinder/mnt/861dc09426b3405638768395744ebe3a/volume-43f6f105-e73d-4f90-ad1f-8c869709978c.info" returned: 0 in 0.701s {{(pid=85985) execute /opt/stack/data/venv/lib/python3.12/site-packages/oslo_concurrency/processutils.py:468}}
Aug 28 07:31:29 devstack cinder-volume[85985]: DEBUG oslo_concurrency.lockutils [None req-c3b6e831-cf80-4d02-b854-4113ec950bfc tempest-GroupSnapshotsV319Test-376808646 None] Lock "quobyte" "released" by "cinder.volume.drivers.quobyte.QuobyteDriver.create_snapshot" :: held 4.898s {{(pid=85985) inner /opt/stack/data/venv/lib/python3.12/site-packages/oslo_concurrency/lockutils.py:544}}
Aug 28 07:31:30 devstack cinder-volume[85985]: INFO cinder.volume.manager [None req-c3b6e831-cf80-4d02-b854-4113ec950bfc tempest-GroupSnapshotsV319Test-376808646 None] group_snapshot 395e6dad-d4f7-4b87-9c8e-b9d29eb50043: created successfully
Aug 28 07:31:31 devstack cinder-volume[85985]: INFO cinder.volume.manager [None req-96f079e6-cfb2-4ddf-ba84-c6d9405fb0b1 tempest-GroupSnapshotsV319Test-376808646 None] group_snapshot 395e6dad-d4f7-4b87-9c8e-b9d29eb50043: deleting
Aug 28 07:31:31 devstack cinder-volume[85985]: DEBUG dbcounter [-] [85985] Writing DB stats cinder:SELECT=98,cinder:UPDATE=108,cinder:INSERT=22,cinder:DELETE=10 {{(pid=85985) stat_writer /opt/stack/data/venv/lib/python3.12/site-packages/dbcounter.py:115}}
Aug 28 07:31:31 devstack cinder-volume[85985]: DEBUG dbcounter [-] [85985] Writing DB stats cinder:UPDATE=119,cinder:SELECT=77,cinder:INSERT=29,cinder:DELETE=9 {{(pid=85985) stat_writer /opt/stack/data/venv/lib/python3.12/site-packages/dbcounter.py:115}}
Aug 28 07:31:31 devstack cinder-volume[85985]: DEBUG cinder.volume.manager [None req-96f079e6-cfb2-4ddf-ba84-c6d9405fb0b1 tempest-GroupSnapshotsV319Test-376808646 None] group_snapshot 395e6dad-d4f7-4b87-9c8e-b9d29eb50043: deleting {{(pid=85985) delete_group_snapshot /opt/stack/cinder/cinder/volume/manager.py:4350}}
Aug 28 07:31:31 devstack cinder-volume[85985]: DEBUG cinder.coordination [None req-96f079e6-cfb2-4ddf-ba84-c6d9405fb0b1 tempest-GroupSnapshotsV319Test-376808646 None] Acquiring lock "cinder-quobyte-43f6f105-e73d-4f90-ad1f-8c869709978c" by "delete_snapshot" {{(pid=85985) __acquire /opt/stack/cinder/cinder/coordination.py:138}}
Aug 28 07:31:31 devstack cinder-volume[85985]: DEBUG cinder.coordination [None req-96f079e6-cfb2-4ddf-ba84-c6d9405fb0b1 tempest-GroupSnapshotsV319Test-376808646 None] Lock "cinder-quobyte-43f6f105-e73d-4f90-ad1f-8c869709978c" acquired by "delete_snapshot" :: waited 0.083s {{(pid=85985) __acquire /opt/stack/cinder/cinder/coordination.py:141}}
Aug 28 07:31:31 devstack cinder-volume[85985]: DEBUG cinder.coordination [None req-96f079e6-cfb2-4ddf-ba84-c6d9405fb0b1 tempest-GroupSnapshotsV319Test-376808646 None] Acquiring lock "cinder-quobyte-d1f5cbdd-8dd2-4aa7-8243-44ab9568d438" by "_delete_snapshot" {{(pid=85985) __acquire /opt/stack/cinder/cinder/coordination.py:138}}
Aug 28 07:31:32 devstack cinder-volume[85985]: DEBUG cinder.coordination [None req-96f079e6-cfb2-4ddf-ba84-c6d9405fb0b1 tempest-GroupSnapshotsV319Test-376808646 None] Lock "cinder-quobyte-d1f5cbdd-8dd2-4aa7-8243-44ab9568d438" acquired by "_delete_snapshot" :: waited 0.066s {{(pid=85985) __acquire /opt/stack/cinder/cinder/coordination.py:141}}
Aug 28 07:31:32 devstack cinder-volume[85985]: DEBUG cinder.volume.drivers.remotefs [None req-96f079e6-cfb2-4ddf-ba84-c6d9405fb0b1 tempest-GroupSnapshotsV319Test-376808646 None] Deleting offline snapshot d1f5cbdd-8dd2-4aa7-8243-44ab9568d438 of volume 43f6f105-e73d-4f90-ad1f-8c869709978c {{(pid=85985) _delete_snapshot /opt/stack/cinder/cinder/volume/drivers/remotefs.py:1288}}
Aug 28 07:31:32 devstack cinder-volume[85985]: DEBUG cinder.volume.drivers.remotefs [None req-96f079e6-cfb2-4ddf-ba84-c6d9405fb0b1 tempest-GroupSnapshotsV319Test-376808646 None] snapshot_file for this snap is: volume-43f6f105-e73d-4f90-ad1f-8c869709978c.d1f5cbdd-8dd2-4aa7-8243-44ab9568d438 {{(pid=85985) _delete_snapshot /opt/stack/cinder/cinder/volume/drivers/remotefs.py:1317}}
Aug 28 07:31:32 devstack cinder-volume[85985]: DEBUG oslo.privsep.daemon [-] privsep: reply[cc16d2c6-d957-4827-8616-4de60c481cf3]: (4, 'qcow2') {{(pid=87436) _call_back /opt/stack/data/venv/lib/python3.12/site-packages/oslo_privsep/daemon.py:580}}
Aug 28 07:31:32 devstack cinder-volume[85985]: DEBUG oslo_concurrency.processutils [None req-96f079e6-cfb2-4ddf-ba84-c6d9405fb0b1 tempest-GroupSnapshotsV319Test-376808646 None] Running cmd (subprocess): /opt/stack/data/venv/bin/python3.12 -m oslo_concurrency.prlimit --as=1073741824 --cpu=60 -- sudo cinder-rootwrap /etc/cinder/rootwrap.conf env LC_ALL=C qemu-img info -f qcow2 --output=json --force-share /opt/stack/data/cinder/mnt/861dc09426b3405638768395744ebe3a/volume-43f6f105-e73d-4f90-ad1f-8c869709978c.d1f5cbdd-8dd2-4aa7-8243-44ab9568d438 {{(pid=85985) execute /opt/stack/data/venv/lib/python3.12/site-packages/oslo_concurrency/processutils.py:440}}
Aug 28 07:31:32 devstack sudo[89118]: quobyte : PWD=/ ; USER=root ; COMMAND=/opt/stack/data/venv/bin/cinder-rootwrap /etc/cinder/rootwrap.conf env LC_ALL=C qemu-img info -f qcow2 --output=json --force-share /opt/stack/data/cinder/mnt/861dc09426b3405638768395744ebe3a/volume-43f6f105-e73d-4f90-ad1f-8c869709978c.d1f5cbdd-8dd2-4aa7-8243-44ab9568d438
Aug 28 07:31:32 devstack sudo[89118]: pam_unix(sudo:session): session opened for user root(uid=0) by (uid=1000)
Aug 28 07:31:32 devstack sudo[89118]: pam_unix(sudo:session): session closed for user root
Aug 28 07:31:32 devstack cinder-volume[85985]: DEBUG oslo_concurrency.processutils [None req-96f079e6-cfb2-4ddf-ba84-c6d9405fb0b1 tempest-GroupSnapshotsV319Test-376808646 None] CMD "/opt/stack/data/venv/bin/python3.12 -m oslo_concurrency.prlimit --as=1073741824 --cpu=60 -- sudo cinder-rootwrap /etc/cinder/rootwrap.conf env LC_ALL=C qemu-img info -f qcow2 --output=json --force-share /opt/stack/data/cinder/mnt/861dc09426b3405638768395744ebe3a/volume-43f6f105-e73d-4f90-ad1f-8c869709978c.d1f5cbdd-8dd2-4aa7-8243-44ab9568d438" returned: 0 in 0.798s {{(pid=85985) execute /opt/stack/data/venv/lib/python3.12/site-packages/oslo_concurrency/processutils.py:468}}
Aug 28 07:31:32 devstack cinder-volume[85985]: DEBUG cinder.volume.drivers.remotefs [None req-96f079e6-cfb2-4ddf-ba84-c6d9405fb0b1 tempest-GroupSnapshotsV319Test-376808646 None] Fetching qemu-img info with special backing_file_template: (/opt/stack/data/cinder/mnt/[0-9a-f]+/)?(volume-43f6f105-e73d-4f90-ad1f-8c869709978c(.(tmp-snap-)?[0-9a-f-]+)?|volume_from_snapshot_cache/(tmp-snap-)?[0-9a-f-]+(.(child-|parent-)[0-9a-f-]+)?)$ {{(pid=85985) _qemu_img_info_base /opt/stack/cinder/cinder/volume/drivers/remotefs.py:896}}
Aug 28 07:31:32 devstack cinder-volume[85985]: DEBUG oslo.privsep.daemon [-] privsep: reply[e7b0e6a6-a5eb-4a53-920e-91b8c935bfa7]: (4, 'qcow2') {{(pid=87436) _call_back /opt/stack/data/venv/lib/python3.12/site-packages/oslo_privsep/daemon.py:580}}
Aug 28 07:31:32 devstack cinder-volume[85985]: DEBUG oslo_concurrency.processutils [None req-96f079e6-cfb2-4ddf-ba84-c6d9405fb0b1 tempest-GroupSnapshotsV319Test-376808646 None] Running cmd (subprocess): /opt/stack/data/venv/bin/python3.12 -m oslo_concurrency.prlimit --as=1073741824 --cpu=60 -- sudo cinder-rootwrap /etc/cinder/rootwrap.conf env LC_ALL=C qemu-img info -f qcow2 --output=json --force-share /opt/stack/data/cinder/mnt/861dc09426b3405638768395744ebe3a/volume-43f6f105-e73d-4f90-ad1f-8c869709978c {{(pid=85985) execute /opt/stack/data/venv/lib/python3.12/site-packages/oslo_concurrency/processutils.py:440}}
Aug 28 07:31:33 devstack sudo[89126]: quobyte : PWD=/ ; USER=root ; COMMAND=/opt/stack/data/venv/bin/cinder-rootwrap /etc/cinder/rootwrap.conf env LC_ALL=C qemu-img info -f qcow2 --output=json --force-share /opt/stack/data/cinder/mnt/861dc09426b3405638768395744ebe3a/volume-43f6f105-e73d-4f90-ad1f-8c869709978c
Aug 28 07:31:33 devstack sudo[89126]: pam_unix(sudo:session): session opened for user root(uid=0) by (uid=1000)
Aug 28 07:31:33 devstack sudo[89126]: pam_unix(sudo:session): session closed for user root
Aug 28 07:31:33 devstack cinder-volume[85985]: DEBUG oslo_concurrency.processutils [None req-96f079e6-cfb2-4ddf-ba84-c6d9405fb0b1 tempest-GroupSnapshotsV319Test-376808646 None] CMD "/opt/stack/data/venv/bin/python3.12 -m oslo_concurrency.prlimit --as=1073741824 --cpu=60 -- sudo cinder-rootwrap /etc/cinder/rootwrap.conf env LC_ALL=C qemu-img info -f qcow2 --output=json --force-share /opt/stack/data/cinder/mnt/861dc09426b3405638768395744ebe3a/volume-43f6f105-e73d-4f90-ad1f-8c869709978c" returned: 0 in 0.838s {{(pid=85985) execute /opt/stack/data/venv/lib/python3.12/site-packages/oslo_concurrency/processutils.py:468}}
Aug 28 07:31:33 devstack cinder-volume[85985]: DEBUG oslo_concurrency.processutils [None req-96f079e6-cfb2-4ddf-ba84-c6d9405fb0b1 tempest-GroupSnapshotsV319Test-376808646 None] Running cmd (subprocess): sudo cinder-rootwrap /etc/cinder/rootwrap.conf qemu-img commit -d /opt/stack/data/cinder/mnt/861dc09426b3405638768395744ebe3a/volume-43f6f105-e73d-4f90-ad1f-8c869709978c.d1f5cbdd-8dd2-4aa7-8243-44ab9568d438 {{(pid=85985) execute /opt/stack/data/venv/lib/python3.12/site-packages/oslo_concurrency/processutils.py:440}}
Aug 28 07:31:33 devstack sudo[89131]: quobyte : PWD=/ ; USER=root ; COMMAND=/opt/stack/data/venv/bin/cinder-rootwrap /etc/cinder/rootwrap.conf qemu-img commit -d /opt/stack/data/cinder/mnt/861dc09426b3405638768395744ebe3a/volume-43f6f105-e73d-4f90-ad1f-8c869709978c.d1f5cbdd-8dd2-4aa7-8243-44ab9568d438
Aug 28 07:31:33 devstack sudo[89131]: pam_unix(sudo:session): session opened for user root(uid=0) by (uid=1000)
Aug 28 07:31:34 devstack sudo[89131]: pam_unix(sudo:session): session closed for user root
Aug 28 07:31:34 devstack cinder-volume[85985]: DEBUG oslo_concurrency.processutils [None req-96f079e6-cfb2-4ddf-ba84-c6d9405fb0b1 tempest-GroupSnapshotsV319Test-376808646 None] CMD "sudo cinder-rootwrap /etc/cinder/rootwrap.conf qemu-img commit -d /opt/stack/data/cinder/mnt/861dc09426b3405638768395744ebe3a/volume-43f6f105-e73d-4f90-ad1f-8c869709978c.d1f5cbdd-8dd2-4aa7-8243-44ab9568d438" returned: 0 in 0.886s {{(pid=85985) execute /opt/stack/data/venv/lib/python3.12/site-packages/oslo_concurrency/processutils.py:468}}
Aug 28 07:31:34 devstack cinder-volume[85985]: DEBUG oslo_concurrency.processutils [None req-96f079e6-cfb2-4ddf-ba84-c6d9405fb0b1 tempest-GroupSnapshotsV319Test-376808646 None] Running cmd (subprocess): sudo cinder-rootwrap /etc/cinder/rootwrap.conf rm -f /opt/stack/data/cinder/mnt/861dc09426b3405638768395744ebe3a/volume-43f6f105-e73d-4f90-ad1f-8c869709978c.d1f5cbdd-8dd2-4aa7-8243-44ab9568d438 {{(pid=85985) execute /opt/stack/data/venv/lib/python3.12/site-packages/oslo_concurrency/processutils.py:440}}
Aug 28 07:31:34 devstack sudo[89136]: quobyte : PWD=/ ; USER=root ; COMMAND=/opt/stack/data/venv/bin/cinder-rootwrap /etc/cinder/rootwrap.conf rm -f /opt/stack/data/cinder/mnt/861dc09426b3405638768395744ebe3a/volume-43f6f105-e73d-4f90-ad1f-8c869709978c.d1f5cbdd-8dd2-4aa7-8243-44ab9568d438
Aug 28 07:31:34 devstack sudo[89136]: pam_unix(sudo:session): session opened for user root(uid=0) by (uid=1000)
Aug 28 07:31:35 devstack sudo[89136]: pam_unix(sudo:session): session closed for user root
Aug 28 07:31:35 devstack cinder-volume[85985]: DEBUG oslo_concurrency.processutils [None req-96f079e6-cfb2-4ddf-ba84-c6d9405fb0b1 tempest-GroupSnapshotsV319Test-376808646 None] CMD "sudo cinder-rootwrap /etc/cinder/rootwrap.conf rm -f /opt/stack/data/cinder/mnt/861dc09426b3405638768395744ebe3a/volume-43f6f105-e73d-4f90-ad1f-8c869709978c.d1f5cbdd-8dd2-4aa7-8243-44ab9568d438" returned: 0 in 0.402s {{(pid=85985) execute /opt/stack/data/venv/lib/python3.12/site-packages/oslo_concurrency/processutils.py:468}}
Aug 28 07:31:35 devstack cinder-volume[85985]: DEBUG cinder.coordination [None req-96f079e6-cfb2-4ddf-ba84-c6d9405fb0b1 tempest-GroupSnapshotsV319Test-376808646 None] Lock "cinder-quobyte-d1f5cbdd-8dd2-4aa7-8243-44ab9568d438" released by "_delete_snapshot" :: held 3.159s {{(pid=85985) __release /opt/stack/cinder/cinder/coordination.py:152}}
Aug 28 07:31:35 devstack cinder-volume[85985]: DEBUG cinder.coordination [None req-96f079e6-cfb2-4ddf-ba84-c6d9405fb0b1 tempest-GroupSnapshotsV319Test-376808646 None] Lock "cinder-quobyte-43f6f105-e73d-4f90-ad1f-8c869709978c" released by "delete_snapshot" :: held 3.241s {{(pid=85985) __release /opt/stack/cinder/cinder/coordination.py:152}}
Aug 28 07:31:35 devstack cinder-volume[85985]: WARNING cinder.quota [None req-96f079e6-cfb2-4ddf-ba84-c6d9405fb0b1 tempest-GroupSnapshotsV319Test-376808646 None] Deprecated: Default quota for resource: gigabytes_tempest-GroupSnapshotsV319Test-volume-type-1069224777 is set by the default quota flag: quota_gigabytes_tempest-GroupSnapshotsV319Test-volume-type-1069224777, it is now deprecated. Please use the default quota class for default quota.
Aug 28 07:31:35 devstack cinder-volume[85985]: WARNING cinder.quota [None req-96f079e6-cfb2-4ddf-ba84-c6d9405fb0b1 tempest-GroupSnapshotsV319Test-376808646 None] Deprecated: Default quota for resource: snapshots_tempest-GroupSnapshotsV319Test-volume-type-1069224777 is set by the default quota flag: quota_snapshots_tempest-GroupSnapshotsV319Test-volume-type-1069224777, it is now deprecated. Please use the default quota class for default quota.
Aug 28 07:31:35 devstack cinder-volume[85985]: DEBUG cinder.quota [None req-96f079e6-cfb2-4ddf-ba84-c6d9405fb0b1 tempest-GroupSnapshotsV319Test-376808646 None] Created reservations ['1121a3b3-7237-497e-be66-c3957504836d', '93eb3a5a-da7c-4128-b037-cf52dcb641d5', '1b032b9f-c083-49a2-8a6c-43f1b07cca28', 'c572e921-afbc-42b3-a16f-a1b1fa74046e'] {{(pid=85985) reserve /opt/stack/cinder/cinder/quota.py:752}}
Aug 28 07:31:35 devstack cinder-volume[85985]: INFO cinder.volume.manager [None req-96f079e6-cfb2-4ddf-ba84-c6d9405fb0b1 tempest-GroupSnapshotsV319Test-376808646 None] group_snapshot 395e6dad-d4f7-4b87-9c8e-b9d29eb50043: deleted successfully
Aug 28 07:31:36 devstack cinder-volume[85985]: DEBUG cinder.coordination [None req-ee2cf6b5-9924-45d5-a3d9-682971a401e6 tempest-GroupSnapshotsV319Test-376808646 None] Acquiring lock "cinder-quobyte-43f6f105-e73d-4f90-ad1f-8c869709978c" by "delete_volume" {{(pid=85985) __acquire /opt/stack/cinder/cinder/coordination.py:138}}
Aug 28 07:31:36 devstack cinder-volume[85985]: DEBUG cinder.coordination [None req-ee2cf6b5-9924-45d5-a3d9-682971a401e6 tempest-GroupSnapshotsV319Test-376808646 None] Lock "cinder-quobyte-43f6f105-e73d-4f90-ad1f-8c869709978c" acquired by "delete_volume" :: waited 0.031s {{(pid=85985) __acquire /opt/stack/cinder/cinder/coordination.py:141}}
Aug 28 07:31:36 devstack cinder-volume[85985]: DEBUG oslo.privsep.daemon [-] privsep: reply[1241ed31-ec6a-421b-b2e5-0da59706daaa]: (4, 'qcow2') {{(pid=87436) _call_back /opt/stack/data/venv/lib/python3.12/site-packages/oslo_privsep/daemon.py:580}}
Aug 28 07:31:36 devstack cinder-volume[85985]: DEBUG oslo_concurrency.processutils [None req-ee2cf6b5-9924-45d5-a3d9-682971a401e6 tempest-GroupSnapshotsV319Test-376808646 None] Running cmd (subprocess): /opt/stack/data/venv/bin/python3.12 -m oslo_concurrency.prlimit --as=1073741824 --cpu=60 -- sudo cinder-rootwrap /etc/cinder/rootwrap.conf env LC_ALL=C qemu-img info -f qcow2 --output=json --force-share /opt/stack/data/cinder/mnt/861dc09426b3405638768395744ebe3a/volume-43f6f105-e73d-4f90-ad1f-8c869709978c {{(pid=85985) execute /opt/stack/data/venv/lib/python3.12/site-packages/oslo_concurrency/processutils.py:440}}
Aug 28 07:31:36 devstack sudo[89139]: quobyte : PWD=/ ; USER=root ; COMMAND=/opt/stack/data/venv/bin/cinder-rootwrap /etc/cinder/rootwrap.conf env LC_ALL=C qemu-img info -f qcow2 --output=json --force-share /opt/stack/data/cinder/mnt/861dc09426b3405638768395744ebe3a/volume-43f6f105-e73d-4f90-ad1f-8c869709978c
Aug 28 07:31:36 devstack sudo[89139]: pam_unix(sudo:session): session opened for user root(uid=0) by (uid=1000)
Aug 28 07:31:37 devstack sudo[89139]: pam_unix(sudo:session): session closed for user root
Aug 28 07:31:37 devstack cinder-volume[85985]: DEBUG oslo_concurrency.processutils [None req-ee2cf6b5-9924-45d5-a3d9-682971a401e6 tempest-GroupSnapshotsV319Test-376808646 None] CMD "/opt/stack/data/venv/bin/python3.12 -m oslo_concurrency.prlimit --as=1073741824 --cpu=60 -- sudo cinder-rootwrap /etc/cinder/rootwrap.conf env LC_ALL=C qemu-img info -f qcow2 --output=json --force-share /opt/stack/data/cinder/mnt/861dc09426b3405638768395744ebe3a/volume-43f6f105-e73d-4f90-ad1f-8c869709978c" returned: 0 in 0.713s {{(pid=85985) execute /opt/stack/data/venv/lib/python3.12/site-packages/oslo_concurrency/processutils.py:468}}
Aug 28 07:31:37 devstack cinder-volume[85985]: DEBUG oslo_concurrency.processutils [None req-ee2cf6b5-9924-45d5-a3d9-682971a401e6 tempest-GroupSnapshotsV319Test-376808646 None] Running cmd (subprocess): sudo cinder-rootwrap /etc/cinder/rootwrap.conf rm -f /opt/stack/data/cinder/mnt/861dc09426b3405638768395744ebe3a/volume-43f6f105-e73d-4f90-ad1f-8c869709978c {{(pid=85985) execute /opt/stack/data/venv/lib/python3.12/site-packages/oslo_concurrency/processutils.py:440}}
Aug 28 07:31:37 devstack sudo[89150]: quobyte : PWD=/ ; USER=root ; COMMAND=/opt/stack/data/venv/bin/cinder-rootwrap /etc/cinder/rootwrap.conf rm -f /opt/stack/data/cinder/mnt/861dc09426b3405638768395744ebe3a/volume-43f6f105-e73d-4f90-ad1f-8c869709978c
Aug 28 07:31:37 devstack sudo[89150]: pam_unix(sudo:session): session opened for user root(uid=0) by (uid=1000)
Aug 28 07:31:37 devstack sudo[89150]: pam_unix(sudo:session): session closed for user root
Aug 28 07:31:37 devstack cinder-volume[85985]: DEBUG oslo_concurrency.processutils [None req-ee2cf6b5-9924-45d5-a3d9-682971a401e6 tempest-GroupSnapshotsV319Test-376808646 None] CMD "sudo cinder-rootwrap /etc/cinder/rootwrap.conf rm -f /opt/stack/data/cinder/mnt/861dc09426b3405638768395744ebe3a/volume-43f6f105-e73d-4f90-ad1f-8c869709978c" returned: 0 in 0.489s {{(pid=85985) execute /opt/stack/data/venv/lib/python3.12/site-packages/oslo_concurrency/processutils.py:468}}
Aug 28 07:31:37 devstack cinder-volume[85985]: DEBUG cinder.coordination [None req-ee2cf6b5-9924-45d5-a3d9-682971a401e6 tempest-GroupSnapshotsV319Test-376808646 None] Lock "cinder-quobyte-43f6f105-e73d-4f90-ad1f-8c869709978c" released by "delete_volume" :: held 1.369s {{(pid=85985) __release /opt/stack/cinder/cinder/coordination.py:152}}
Aug 28 07:31:37 devstack cinder-volume[85985]: DEBUG cinder.quota [None req-ee2cf6b5-9924-45d5-a3d9-682971a401e6 tempest-GroupSnapshotsV319Test-376808646 None] Created reservations ['aaa452c4-531e-4902-aa55-717eda1c51cf'] {{(pid=85985) reserve /opt/stack/cinder/cinder/quota.py:752}}
Aug 28 07:31:37 devstack cinder-volume[85985]: WARNING cinder.quota [None req-ee2cf6b5-9924-45d5-a3d9-682971a401e6 tempest-GroupSnapshotsV319Test-376808646 None] Deprecated: Default quota for resource: volumes_tempest-GroupSnapshotsV319Test-volume-type-1069224777 is set by the default quota flag: quota_volumes_tempest-GroupSnapshotsV319Test-volume-type-1069224777, it is now deprecated. Please use the default quota class for default quota.
Aug 28 07:31:37 devstack cinder-volume[85985]: DEBUG cinder.quota [None req-ee2cf6b5-9924-45d5-a3d9-682971a401e6 tempest-GroupSnapshotsV319Test-376808646 None] Created reservations ['c97e748a-efa5-4c14-817c-a7b32e96db72', 'bada173f-0fc7-4b7a-a194-c74f00141f3d', 'e62aecc9-6b9f-4005-bb61-3f3eba059c6e', '14c2191e-b642-49d4-9a9a-946cd72dee0c'] {{(pid=85985) reserve /opt/stack/cinder/cinder/quota.py:752}}
Aug 28 07:31:38 devstack cinder-volume[85985]: DEBUG oslo_concurrency.lockutils [None req-ee2cf6b5-9924-45d5-a3d9-682971a401e6 tempest-GroupSnapshotsV319Test-376808646 None] Acquiring lock "quobyte_ensure" by "cinder.volume.drivers.quobyte.QuobyteDriver._ensure_shares_mounted" {{(pid=85985) inner /opt/stack/data/venv/lib/python3.12/site-packages/oslo_concurrency/lockutils.py:512}}
Aug 28 07:31:38 devstack cinder-volume[85985]: DEBUG oslo_concurrency.lockutils [None req-ee2cf6b5-9924-45d5-a3d9-682971a401e6 tempest-GroupSnapshotsV319Test-376808646 None] Lock "quobyte_ensure" acquired by "cinder.volume.drivers.quobyte.QuobyteDriver._ensure_shares_mounted" :: waited 0.004s {{(pid=85985) inner /opt/stack/data/venv/lib/python3.12/site-packages/oslo_concurrency/lockutils.py:525}}
Aug 28 07:31:38 devstack cinder-volume[85985]: DEBUG cinder.volume.drivers.quobyte [None req-ee2cf6b5-9924-45d5-a3d9-682971a401e6 tempest-GroupSnapshotsV319Test-376808646 None] Quobyte Volume URL set to: {'osci02.corp.quobyte.com/cinder-vol-8c4df223-0727-45c2-a427-10c42fb66c47': None} {{(pid=85985) _load_shares_config /opt/stack/cinder/cinder/volume/drivers/quobyte.py:662}}
Aug 28 07:31:38 devstack cinder-volume[85985]: DEBUG cinder.volume.drivers.quobyte [None req-ee2cf6b5-9924-45d5-a3d9-682971a401e6 tempest-GroupSnapshotsV319Test-376808646 None] Available shares ['osci02.corp.quobyte.com/cinder-vol-8c4df223-0727-45c2-a427-10c42fb66c47'] {{(pid=85985) _ensure_shares_mounted /opt/stack/cinder/cinder/volume/drivers/quobyte.py:692}}
Aug 28 07:31:38 devstack cinder-volume[85985]: DEBUG oslo_concurrency.lockutils [None req-ee2cf6b5-9924-45d5-a3d9-682971a401e6 tempest-GroupSnapshotsV319Test-376808646 None] Lock "quobyte_ensure" "released" by "cinder.volume.drivers.quobyte.QuobyteDriver._ensure_shares_mounted" :: held 0.017s {{(pid=85985) inner /opt/stack/data/venv/lib/python3.12/site-packages/oslo_concurrency/lockutils.py:544}}
Aug 28 07:31:38 devstack cinder-volume[85985]: DEBUG oslo_concurrency.processutils [None req-ee2cf6b5-9924-45d5-a3d9-682971a401e6 tempest-GroupSnapshotsV319Test-376808646 None] Running cmd (subprocess): sudo cinder-rootwrap /etc/cinder/rootwrap.conf df --portability --block-size 1 /opt/stack/data/cinder/mnt/861dc09426b3405638768395744ebe3a {{(pid=85985) execute /opt/stack/data/venv/lib/python3.12/site-packages/oslo_concurrency/processutils.py:440}}
Aug 28 07:31:38 devstack sudo[89184]: quobyte : PWD=/ ; USER=root ; COMMAND=/opt/stack/data/venv/bin/cinder-rootwrap /etc/cinder/rootwrap.conf df --portability --block-size 1 /opt/stack/data/cinder/mnt/861dc09426b3405638768395744ebe3a
Aug 28 07:31:38 devstack sudo[89184]: pam_unix(sudo:session): session opened for user root(uid=0) by (uid=1000)
Aug 28 07:31:38 devstack sudo[89184]: pam_unix(sudo:session): session closed for user root
Aug 28 07:31:38 devstack cinder-volume[85985]: DEBUG oslo_concurrency.processutils [None req-ee2cf6b5-9924-45d5-a3d9-682971a401e6 tempest-GroupSnapshotsV319Test-376808646 None] CMD "sudo cinder-rootwrap /etc/cinder/rootwrap.conf df --portability --block-size 1 /opt/stack/data/cinder/mnt/861dc09426b3405638768395744ebe3a" returned: 0 in 0.379s {{(pid=85985) execute /opt/stack/data/venv/lib/python3.12/site-packages/oslo_concurrency/processutils.py:468}}
Aug 28 07:31:38 devstack cinder-volume[85985]: DEBUG cinder.manager [None req-ee2cf6b5-9924-45d5-a3d9-682971a401e6 tempest-GroupSnapshotsV319Test-376808646 None] Notifying Schedulers of capabilities ... {{(pid=85985) _publish_service_capabilities /opt/stack/cinder/cinder/manager.py:219}}
Aug 28 07:31:38 devstack cinder-volume[85985]: INFO cinder.volume.manager [None req-ee2cf6b5-9924-45d5-a3d9-682971a401e6 tempest-GroupSnapshotsV319Test-376808646 None] Delete group completed successfully.
Aug 28 07:31:42 devstack cinder-volume[85985]: DEBUG cinder.volume.flows.manager.create_volume [None req-44657882-62d3-4fc1-91d1-ffb8ddb4c697 tempest-ServerRescueNegativeTestJSON-1366162518 None] Volume reschedule parameters: True retry: {'num_attempts': 1, 'backends': ['devstack@QuobyteHD#QuobyteHD'], 'hosts': ['devstack@QuobyteHD#QuobyteHD']} {{(pid=85985) get_flow /opt/stack/cinder/cinder/volume/flows/manager/create_volume.py:1397}}
Aug 28 07:31:42 devstack cinder-volume[85985]: DEBUG cinder.volume.manager [None req-44657882-62d3-4fc1-91d1-ffb8ddb4c697 tempest-ServerRescueNegativeTestJSON-1366162518 None] Flow 'volume_create_manager' (9080b06c-facb-4992-8bc1-668831296744) transitioned into state 'RUNNING' from state 'PENDING' {{(pid=85985) _flow_receiver /opt/stack/data/venv/lib/python3.12/site-packages/taskflow/listeners/logging.py:160}}
Aug 28 07:31:42 devstack cinder-volume[85985]: DEBUG cinder.volume.manager [None req-44657882-62d3-4fc1-91d1-ffb8ddb4c697 tempest-ServerRescueNegativeTestJSON-1366162518 None] Task 'cinder.volume.flows.manager.create_volume.ExtractVolumeRefTask;volume:create' (8bcde2e4-cd92-414e-a362-9122023d4df2) transitioned into state 'RUNNING' from state 'PENDING' {{(pid=85985) _task_receiver /opt/stack/data/venv/lib/python3.12/site-packages/taskflow/listeners/logging.py:242}}
Aug 28 07:31:42 devstack cinder-volume[85985]: DEBUG cinder.volume.manager [None req-44657882-62d3-4fc1-91d1-ffb8ddb4c697 tempest-ServerRescueNegativeTestJSON-1366162518 None] Task 'cinder.volume.flows.manager.create_volume.ExtractVolumeRefTask;volume:create' (8bcde2e4-cd92-414e-a362-9122023d4df2) transitioned into state 'SUCCESS' from state 'RUNNING' with result 'Volume(_name_id=None,admin_metadata=,attach_status='detached',availability_zone='nova',bootable=False,cluster=,cluster_name=None,consistencygroup=,consistencygroup_id=None,created_at=2026-08-28T05:31:42Z,deleted=False,deleted_at=None,display_description=None,display_name='tempest-ServerRescueNegativeTestJSON-volume-358067431',ec2_id=None,encryption_key_id=None,glance_metadata=,group=,group_id=None,host='devstack@QuobyteHD#QuobyteHD',id=dd8bcefa-5182-4c24-825b-ceeeaf1305f5,launched_at=None,metadata={},migration_status=None,multiattach=False,previous_status=None,project_id='e0d601f5533343ca9ecd4e692f5c73ac',provider_auth=None,provider_geometry=None,provider_id=None,provider_location=None,replication_driver_data=None,replication_extended_status=None,replication_status=None,scheduled_at=2026-08-28T05:31:42Z,service_uuid=None,shared_targets=True,size=1,snapshot_id=None,snapshots=,source_volid=None,status='creating',terminated_at=None,updated_at=2026-08-28T05:31:42Z,use_quota=True,user_id='13fdb88f0d284e83acee2e5439e310e8',volume_attachment=VolumeAttachmentList,volume_type=VolumeType(99079c59-bd77-47a4-b789-58ee1e44c2a5),volume_type_id=99079c59-bd77-47a4-b789-58ee1e44c2a5)' {{(pid=85985) _task_receiver /opt/stack/data/venv/lib/python3.12/site-packages/taskflow/listeners/logging.py:218}}
Aug 28 07:31:42 devstack cinder-volume[85985]: DEBUG cinder.volume.manager [None req-44657882-62d3-4fc1-91d1-ffb8ddb4c697 tempest-ServerRescueNegativeTestJSON-1366162518 None] Task 'cinder.volume.flows.manager.create_volume.OnFailureRescheduleTask;volume:create' (3873bfed-aac1-4bf2-8171-f8f95558d341) transitioned into state 'RUNNING' from state 'PENDING' {{(pid=85985) _task_receiver /opt/stack/data/venv/lib/python3.12/site-packages/taskflow/listeners/logging.py:242}}
Aug 28 07:31:42 devstack cinder-volume[85985]: DEBUG cinder.volume.manager [None req-44657882-62d3-4fc1-91d1-ffb8ddb4c697 tempest-ServerRescueNegativeTestJSON-1366162518 None] Task 'cinder.volume.flows.manager.create_volume.OnFailureRescheduleTask;volume:create' (3873bfed-aac1-4bf2-8171-f8f95558d341) transitioned into state 'SUCCESS' from state 'RUNNING' with result 'None' {{(pid=85985) _task_receiver /opt/stack/data/venv/lib/python3.12/site-packages/taskflow/listeners/logging.py:218}}
Aug 28 07:31:42 devstack cinder-volume[85985]: DEBUG cinder.volume.manager [None req-44657882-62d3-4fc1-91d1-ffb8ddb4c697 tempest-ServerRescueNegativeTestJSON-1366162518 None] Task 'cinder.volume.flows.manager.create_volume.ExtractVolumeSpecTask;volume:create' (42d26f14-e793-416e-9d93-8d2ad30aaeef) transitioned into state 'RUNNING' from state 'PENDING' {{(pid=85985) _task_receiver /opt/stack/data/venv/lib/python3.12/site-packages/taskflow/listeners/logging.py:242}}
Aug 28 07:31:42 devstack cinder-volume[85985]: DEBUG cinder.volume.manager [None req-44657882-62d3-4fc1-91d1-ffb8ddb4c697 tempest-ServerRescueNegativeTestJSON-1366162518 None] Task 'cinder.volume.flows.manager.create_volume.ExtractVolumeSpecTask;volume:create' (42d26f14-e793-416e-9d93-8d2ad30aaeef) transitioned into state 'SUCCESS' from state 'RUNNING' with result '{'status': 'creating', 'type': 'raw', 'volume_id': 'dd8bcefa-5182-4c24-825b-ceeeaf1305f5', 'volume_name': 'volume-dd8bcefa-5182-4c24-825b-ceeeaf1305f5', 'volume_size': 1}' {{(pid=85985) _task_receiver /opt/stack/data/venv/lib/python3.12/site-packages/taskflow/listeners/logging.py:218}}
