Aug 28 07:31:02 devstack cinder-volume[85985]: DEBUG oslo_concurrency.lockutils [req-b1c83fdc-1237-4200-8076-fd600c82ddcf req-ee0734ca-7365-41bf-8910-5393f948605d tempest-VolumesSnapshotsTestJSON-2098007235 None] Acquiring lock "quobyte_ensure" by "cinder.volume.drivers.quobyte.QuobyteDriver._ensure_shares_mounted" {{(pid=85985) inner /opt/stack/data/venv/lib/python3.12/site-packages/oslo_concurrency/lockutils.py:512}}
Aug 28 07:31:02 devstack cinder-volume[85985]: DEBUG oslo_concurrency.lockutils [req-b1c83fdc-1237-4200-8076-fd600c82ddcf req-ee0734ca-7365-41bf-8910-5393f948605d tempest-VolumesSnapshotsTestJSON-2098007235 None] Lock "quobyte_ensure" acquired by "cinder.volume.drivers.quobyte.QuobyteDriver._ensure_shares_mounted" :: waited 0.000s {{(pid=85985) inner /opt/stack/data/venv/lib/python3.12/site-packages/oslo_concurrency/lockutils.py:525}}
Aug 28 07:31:02 devstack cinder-volume[85985]: DEBUG cinder.volume.drivers.quobyte [req-b1c83fdc-1237-4200-8076-fd600c82ddcf req-ee0734ca-7365-41bf-8910-5393f948605d tempest-VolumesSnapshotsTestJSON-2098007235 None] Quobyte Volume URL set to: {'osci02.corp.quobyte.com/cinder-vol-8c4df223-0727-45c2-a427-10c42fb66c47': None} {{(pid=85985) _load_shares_config /opt/stack/cinder/cinder/volume/drivers/quobyte.py:662}}
Aug 28 07:31:02 devstack cinder-volume[85985]: DEBUG cinder.volume.drivers.quobyte [req-b1c83fdc-1237-4200-8076-fd600c82ddcf req-ee0734ca-7365-41bf-8910-5393f948605d tempest-VolumesSnapshotsTestJSON-2098007235 None] Available shares ['osci02.corp.quobyte.com/cinder-vol-8c4df223-0727-45c2-a427-10c42fb66c47'] {{(pid=85985) _ensure_shares_mounted /opt/stack/cinder/cinder/volume/drivers/quobyte.py:692}}
Aug 28 07:31:02 devstack cinder-volume[85985]: DEBUG oslo_concurrency.lockutils [req-b1c83fdc-1237-4200-8076-fd600c82ddcf req-ee0734ca-7365-41bf-8910-5393f948605d tempest-VolumesSnapshotsTestJSON-2098007235 None] Lock "quobyte_ensure" "released" by "cinder.volume.drivers.quobyte.QuobyteDriver._ensure_shares_mounted" :: held 0.007s {{(pid=85985) inner /opt/stack/data/venv/lib/python3.12/site-packages/oslo_concurrency/lockutils.py:544}}
Aug 28 07:31:02 devstack cinder-volume[85985]: DEBUG cinder.volume.drivers.quobyte [req-b1c83fdc-1237-4200-8076-fd600c82ddcf req-ee0734ca-7365-41bf-8910-5393f948605d tempest-VolumesSnapshotsTestJSON-2098007235 None] Selected osci02.corp.quobyte.com/cinder-vol-8c4df223-0727-45c2-a427-10c42fb66c47 as target Quobyte volume. {{(pid=85985) _find_share /opt/stack/cinder/cinder/volume/drivers/quobyte.py:713}}
Aug 28 07:31:02 devstack cinder-volume[85985]: INFO cinder.volume.drivers.remotefs [req-b1c83fdc-1237-4200-8076-fd600c82ddcf req-ee0734ca-7365-41bf-8910-5393f948605d tempest-VolumesSnapshotsTestJSON-2098007235 None] casted to osci02.corp.quobyte.com/cinder-vol-8c4df223-0727-45c2-a427-10c42fb66c47
Aug 28 07:31:02 devstack cinder-volume[85985]: DEBUG oslo_concurrency.processutils [req-b1c83fdc-1237-4200-8076-fd600c82ddcf req-ee0734ca-7365-41bf-8910-5393f948605d tempest-VolumesSnapshotsTestJSON-2098007235 None] Running cmd (subprocess): sudo cinder-rootwrap /etc/cinder/rootwrap.conf qemu-img create -f qcow2 -o preallocation=metadata /opt/stack/data/cinder/mnt/861dc09426b3405638768395744ebe3a/volume-f2d0d3fd-7fe1-4122-b613-d7acc1fe643a 1073741824 {{(pid=85985) execute /opt/stack/data/venv/lib/python3.12/site-packages/oslo_concurrency/processutils.py:440}}
Aug 28 07:31:02 devstack sudo[88772]: quobyte : PWD=/ ; USER=root ; COMMAND=/opt/stack/data/venv/bin/cinder-rootwrap /etc/cinder/rootwrap.conf qemu-img create -f qcow2 -o preallocation=metadata /opt/stack/data/cinder/mnt/861dc09426b3405638768395744ebe3a/volume-f2d0d3fd-7fe1-4122-b613-d7acc1fe643a 1073741824
Aug 28 07:31:02 devstack sudo[88772]: pam_unix(sudo:session): session opened for user root(uid=0) by (uid=1000)
Aug 28 07:31:03 devstack sudo[88772]: pam_unix(sudo:session): session closed for user root
Aug 28 07:31:03 devstack cinder-volume[85985]: DEBUG oslo_concurrency.processutils [req-b1c83fdc-1237-4200-8076-fd600c82ddcf req-ee0734ca-7365-41bf-8910-5393f948605d tempest-VolumesSnapshotsTestJSON-2098007235 None] CMD "sudo cinder-rootwrap /etc/cinder/rootwrap.conf qemu-img create -f qcow2 -o preallocation=metadata /opt/stack/data/cinder/mnt/861dc09426b3405638768395744ebe3a/volume-f2d0d3fd-7fe1-4122-b613-d7acc1fe643a 1073741824" returned: 0 in 0.660s {{(pid=85985) execute /opt/stack/data/venv/lib/python3.12/site-packages/oslo_concurrency/processutils.py:468}}
Aug 28 07:31:03 devstack cinder-volume[85985]: DEBUG oslo_concurrency.processutils [req-b1c83fdc-1237-4200-8076-fd600c82ddcf req-ee0734ca-7365-41bf-8910-5393f948605d tempest-VolumesSnapshotsTestJSON-2098007235 None] Running cmd (subprocess): sudo cinder-rootwrap /etc/cinder/rootwrap.conf chmod ugo+rw /opt/stack/data/cinder/mnt/861dc09426b3405638768395744ebe3a/volume-f2d0d3fd-7fe1-4122-b613-d7acc1fe643a {{(pid=85985) execute /opt/stack/data/venv/lib/python3.12/site-packages/oslo_concurrency/processutils.py:440}}
Aug 28 07:31:03 devstack sudo[88777]: quobyte : PWD=/ ; USER=root ; COMMAND=/opt/stack/data/venv/bin/cinder-rootwrap /etc/cinder/rootwrap.conf chmod ugo+rw /opt/stack/data/cinder/mnt/861dc09426b3405638768395744ebe3a/volume-f2d0d3fd-7fe1-4122-b613-d7acc1fe643a
Aug 28 07:31:03 devstack sudo[88777]: pam_unix(sudo:session): session opened for user root(uid=0) by (uid=1000)
Aug 28 07:31:03 devstack sudo[88777]: pam_unix(sudo:session): session closed for user root
Aug 28 07:31:03 devstack cinder-volume[85985]: DEBUG oslo_concurrency.processutils [req-b1c83fdc-1237-4200-8076-fd600c82ddcf req-ee0734ca-7365-41bf-8910-5393f948605d tempest-VolumesSnapshotsTestJSON-2098007235 None] CMD "sudo cinder-rootwrap /etc/cinder/rootwrap.conf chmod ugo+rw /opt/stack/data/cinder/mnt/861dc09426b3405638768395744ebe3a/volume-f2d0d3fd-7fe1-4122-b613-d7acc1fe643a" returned: 0 in 0.254s {{(pid=85985) execute /opt/stack/data/venv/lib/python3.12/site-packages/oslo_concurrency/processutils.py:468}}
Aug 28 07:31:03 devstack cinder-volume[85985]: DEBUG cinder.volume.drivers.quobyte [req-b1c83fdc-1237-4200-8076-fd600c82ddcf req-ee0734ca-7365-41bf-8910-5393f948605d tempest-VolumesSnapshotsTestJSON-2098007235 None] <== create_volume: return (960ms) {'provider_location': 'osci02.corp.quobyte.com/cinder-vol-8c4df223-0727-45c2-a427-10c42fb66c47'} {{(pid=85985) trace_logging_wrapper /opt/stack/cinder/cinder/volume/volume_utils.py:1522}}
Aug 28 07:31:03 devstack cinder-volume[85985]: DEBUG oslo_concurrency.lockutils [req-b1c83fdc-1237-4200-8076-fd600c82ddcf req-ee0734ca-7365-41bf-8910-5393f948605d tempest-VolumesSnapshotsTestJSON-2098007235 None] Lock "quobyte" "released" by "cinder.volume.drivers.quobyte.QuobyteDriver.create_volume" :: held 0.963s {{(pid=85985) inner /opt/stack/data/venv/lib/python3.12/site-packages/oslo_concurrency/lockutils.py:544}}
Aug 28 07:31:03 devstack cinder-volume[85985]: DEBUG cinder.volume.manager [req-b1c83fdc-1237-4200-8076-fd600c82ddcf req-ee0734ca-7365-41bf-8910-5393f948605d tempest-VolumesSnapshotsTestJSON-2098007235 None] Task 'cinder.volume.flows.manager.create_volume.CreateVolumeFromSpecTask;volume:create' (98dd8843-ca1c-471c-8b02-26860b429a07) transitioned into state 'SUCCESS' from state 'RUNNING' with result '{'status': 'creating', 'volume_name': 'volume-f2d0d3fd-7fe1-4122-b613-d7acc1fe643a', 'volume_size': 1}' {{(pid=85985) _task_receiver /opt/stack/data/venv/lib/python3.12/site-packages/taskflow/listeners/logging.py:218}}
Aug 28 07:31:03 devstack cinder-volume[85985]: DEBUG cinder.volume.manager [req-b1c83fdc-1237-4200-8076-fd600c82ddcf req-ee0734ca-7365-41bf-8910-5393f948605d tempest-VolumesSnapshotsTestJSON-2098007235 None] Task 'cinder.volume.flows.manager.create_volume.CreateVolumeOnFinishTask;volume:create, create.end' (4bb1e353-1f88-42aa-9030-881d7f045693) transitioned into state 'RUNNING' from state 'PENDING' {{(pid=85985) _task_receiver /opt/stack/data/venv/lib/python3.12/site-packages/taskflow/listeners/logging.py:242}}
Aug 28 07:31:03 devstack cinder-volume[85985]: INFO cinder.volume.flows.manager.create_volume [req-b1c83fdc-1237-4200-8076-fd600c82ddcf req-ee0734ca-7365-41bf-8910-5393f948605d tempest-VolumesSnapshotsTestJSON-2098007235 None] Volume volume-f2d0d3fd-7fe1-4122-b613-d7acc1fe643a (f2d0d3fd-7fe1-4122-b613-d7acc1fe643a): created successfully
Aug 28 07:31:03 devstack cinder-volume[85985]: DEBUG cinder.volume.manager [req-b1c83fdc-1237-4200-8076-fd600c82ddcf req-ee0734ca-7365-41bf-8910-5393f948605d tempest-VolumesSnapshotsTestJSON-2098007235 None] Task 'cinder.volume.flows.manager.create_volume.CreateVolumeOnFinishTask;volume:create, create.end' (4bb1e353-1f88-42aa-9030-881d7f045693) transitioned into state 'SUCCESS' from state 'RUNNING' with result 'None' {{(pid=85985) _task_receiver /opt/stack/data/venv/lib/python3.12/site-packages/taskflow/listeners/logging.py:218}}
Aug 28 07:31:03 devstack cinder-volume[85985]: DEBUG cinder.volume.manager [req-b1c83fdc-1237-4200-8076-fd600c82ddcf req-ee0734ca-7365-41bf-8910-5393f948605d tempest-VolumesSnapshotsTestJSON-2098007235 None] Flow 'volume_create_manager' (f1f68f31-5dd0-4eff-8c84-fc216d53ec80) transitioned into state 'SUCCESS' from state 'RUNNING' {{(pid=85985) _flow_receiver /opt/stack/data/venv/lib/python3.12/site-packages/taskflow/listeners/logging.py:160}}
Aug 28 07:31:03 devstack cinder-volume[85985]: INFO cinder.volume.manager [req-b1c83fdc-1237-4200-8076-fd600c82ddcf req-ee0734ca-7365-41bf-8910-5393f948605d tempest-VolumesSnapshotsTestJSON-2098007235 None] Created volume successfully.
Aug 28 07:31:04 devstack cinder-volume[85985]: DEBUG cinder.coordination [None req-0c484ac2-77ee-4ce1-8589-9f4b6f4f7450 tempest-VolumeQuotasNegativeTestJSON-240033767 None] Acquiring lock "cinder-97c264c8-eace-4579-b98f-6dcd487d7195-delete_volume" by "delete_volume" {{(pid=85985) __acquire /opt/stack/cinder/cinder/coordination.py:138}}
Aug 28 07:31:04 devstack cinder-volume[85985]: DEBUG cinder.coordination [None req-0c484ac2-77ee-4ce1-8589-9f4b6f4f7450 tempest-VolumeQuotasNegativeTestJSON-240033767 None] Lock "cinder-97c264c8-eace-4579-b98f-6dcd487d7195-delete_volume" acquired by "delete_volume" :: waited 0.043s {{(pid=85985) __acquire /opt/stack/cinder/cinder/coordination.py:141}}
Aug 28 07:31:04 devstack cinder-volume[85985]: DEBUG cinder.coordination [None req-0c484ac2-77ee-4ce1-8589-9f4b6f4f7450 tempest-VolumeQuotasNegativeTestJSON-240033767 None] Acquiring lock "cinder-quobyte-97c264c8-eace-4579-b98f-6dcd487d7195" by "delete_volume" {{(pid=85985) __acquire /opt/stack/cinder/cinder/coordination.py:138}}
Aug 28 07:31:04 devstack cinder-volume[85985]: DEBUG cinder.coordination [None req-0c484ac2-77ee-4ce1-8589-9f4b6f4f7450 tempest-VolumeQuotasNegativeTestJSON-240033767 None] Lock "cinder-quobyte-97c264c8-eace-4579-b98f-6dcd487d7195" acquired by "delete_volume" :: waited 0.017s {{(pid=85985) __acquire /opt/stack/cinder/cinder/coordination.py:141}}
Aug 28 07:31:04 devstack cinder-volume[85985]: DEBUG oslo.privsep.daemon [-] privsep: reply[a9e42666-a612-495b-a3e2-a4b9fe668549]: (4, 'qcow2') {{(pid=87436) _call_back /opt/stack/data/venv/lib/python3.12/site-packages/oslo_privsep/daemon.py:580}}
Aug 28 07:31:04 devstack cinder-volume[85985]: DEBUG oslo_concurrency.processutils [None req-0c484ac2-77ee-4ce1-8589-9f4b6f4f7450 tempest-VolumeQuotasNegativeTestJSON-240033767 None] Running cmd (subprocess): /opt/stack/data/venv/bin/python3.12 -m oslo_concurrency.prlimit --as=1073741824 --cpu=60 -- sudo cinder-rootwrap /etc/cinder/rootwrap.conf env LC_ALL=C qemu-img info -f qcow2 --output=json --force-share /opt/stack/data/cinder/mnt/861dc09426b3405638768395744ebe3a/volume-97c264c8-eace-4579-b98f-6dcd487d7195 {{(pid=85985) execute /opt/stack/data/venv/lib/python3.12/site-packages/oslo_concurrency/processutils.py:440}}
Aug 28 07:31:04 devstack sudo[88780]: quobyte : PWD=/ ; USER=root ; COMMAND=/opt/stack/data/venv/bin/cinder-rootwrap /etc/cinder/rootwrap.conf env LC_ALL=C qemu-img info -f qcow2 --output=json --force-share /opt/stack/data/cinder/mnt/861dc09426b3405638768395744ebe3a/volume-97c264c8-eace-4579-b98f-6dcd487d7195
Aug 28 07:31:04 devstack sudo[88780]: pam_unix(sudo:session): session opened for user root(uid=0) by (uid=1000)
Aug 28 07:31:05 devstack sudo[88780]: pam_unix(sudo:session): session closed for user root
Aug 28 07:31:05 devstack cinder-volume[85985]: DEBUG oslo_concurrency.processutils [None req-0c484ac2-77ee-4ce1-8589-9f4b6f4f7450 tempest-VolumeQuotasNegativeTestJSON-240033767 None] CMD "/opt/stack/data/venv/bin/python3.12 -m oslo_concurrency.prlimit --as=1073741824 --cpu=60 -- sudo cinder-rootwrap /etc/cinder/rootwrap.conf env LC_ALL=C qemu-img info -f qcow2 --output=json --force-share /opt/stack/data/cinder/mnt/861dc09426b3405638768395744ebe3a/volume-97c264c8-eace-4579-b98f-6dcd487d7195" returned: 0 in 0.478s {{(pid=85985) execute /opt/stack/data/venv/lib/python3.12/site-packages/oslo_concurrency/processutils.py:468}}
Aug 28 07:31:05 devstack cinder-volume[85985]: DEBUG oslo_concurrency.processutils [None req-0c484ac2-77ee-4ce1-8589-9f4b6f4f7450 tempest-VolumeQuotasNegativeTestJSON-240033767 None] Running cmd (subprocess): sudo cinder-rootwrap /etc/cinder/rootwrap.conf rm -f /opt/stack/data/cinder/mnt/861dc09426b3405638768395744ebe3a/volume-97c264c8-eace-4579-b98f-6dcd487d7195 {{(pid=85985) execute /opt/stack/data/venv/lib/python3.12/site-packages/oslo_concurrency/processutils.py:440}}
Aug 28 07:31:05 devstack sudo[88787]: quobyte : PWD=/ ; USER=root ; COMMAND=/opt/stack/data/venv/bin/cinder-rootwrap /etc/cinder/rootwrap.conf rm -f /opt/stack/data/cinder/mnt/861dc09426b3405638768395744ebe3a/volume-97c264c8-eace-4579-b98f-6dcd487d7195
Aug 28 07:31:05 devstack sudo[88787]: pam_unix(sudo:session): session opened for user root(uid=0) by (uid=1000)
Aug 28 07:31:05 devstack cinder-volume[85985]: DEBUG oslo_concurrency.lockutils [req-51ef8bef-6c55-4f25-972e-0594e80854f2 req-9c1621db-458e-4395-8e13-5aedf92083e0 tempest-VolumesSnapshotsTestJSON-2098007235 None] Acquiring lock "quobyte" by "cinder.volume.drivers.quobyte.QuobyteDriver.create_snapshot" {{(pid=85985) inner /opt/stack/data/venv/lib/python3.12/site-packages/oslo_concurrency/lockutils.py:512}}
Aug 28 07:31:05 devstack cinder-volume[85985]: DEBUG oslo_concurrency.lockutils [req-51ef8bef-6c55-4f25-972e-0594e80854f2 req-9c1621db-458e-4395-8e13-5aedf92083e0 tempest-VolumesSnapshotsTestJSON-2098007235 None] Lock "quobyte" acquired by "cinder.volume.drivers.quobyte.QuobyteDriver.create_snapshot" :: waited 0.002s {{(pid=85985) inner /opt/stack/data/venv/lib/python3.12/site-packages/oslo_concurrency/lockutils.py:525}}
Aug 28 07:31:05 devstack cinder-volume[85985]: DEBUG cinder.volume.drivers.remotefs [req-51ef8bef-6c55-4f25-972e-0594e80854f2 req-9c1621db-458e-4395-8e13-5aedf92083e0 tempest-VolumesSnapshotsTestJSON-2098007235 None] Creating offline snapshot a6ac05c6-9bcb-47b6-9938-68fee1c089d9 of volume f2d0d3fd-7fe1-4122-b613-d7acc1fe643a {{(pid=85985) _create_snapshot /opt/stack/cinder/cinder/volume/drivers/remotefs.py:1816}}
Aug 28 07:31:05 devstack cinder-volume[85985]: DEBUG oslo.privsep.daemon [-] privsep: reply[5db97e28-c340-4316-98db-0893f182a822]: (4, 'qcow2') {{(pid=87436) _call_back /opt/stack/data/venv/lib/python3.12/site-packages/oslo_privsep/daemon.py:580}}
Aug 28 07:31:05 devstack cinder-volume[85985]: DEBUG oslo_concurrency.processutils [req-51ef8bef-6c55-4f25-972e-0594e80854f2 req-9c1621db-458e-4395-8e13-5aedf92083e0 tempest-VolumesSnapshotsTestJSON-2098007235 None] Running cmd (subprocess): /opt/stack/data/venv/bin/python3.12 -m oslo_concurrency.prlimit --as=1073741824 --cpu=60 -- sudo cinder-rootwrap /etc/cinder/rootwrap.conf env LC_ALL=C qemu-img info -f qcow2 --output=json --force-share /opt/stack/data/cinder/mnt/861dc09426b3405638768395744ebe3a/volume-f2d0d3fd-7fe1-4122-b613-d7acc1fe643a {{(pid=85985) execute /opt/stack/data/venv/lib/python3.12/site-packages/oslo_concurrency/processutils.py:440}}
Aug 28 07:31:05 devstack sudo[88790]: quobyte : PWD=/ ; USER=root ; COMMAND=/opt/stack/data/venv/bin/cinder-rootwrap /etc/cinder/rootwrap.conf env LC_ALL=C qemu-img info -f qcow2 --output=json --force-share /opt/stack/data/cinder/mnt/861dc09426b3405638768395744ebe3a/volume-f2d0d3fd-7fe1-4122-b613-d7acc1fe643a
Aug 28 07:31:05 devstack sudo[88790]: pam_unix(sudo:session): session opened for user root(uid=0) by (uid=1000)
Aug 28 07:31:05 devstack sudo[88787]: pam_unix(sudo:session): session closed for user root
Aug 28 07:31:05 devstack cinder-volume[85985]: DEBUG oslo_concurrency.processutils [None req-0c484ac2-77ee-4ce1-8589-9f4b6f4f7450 tempest-VolumeQuotasNegativeTestJSON-240033767 None] CMD "sudo cinder-rootwrap /etc/cinder/rootwrap.conf rm -f /opt/stack/data/cinder/mnt/861dc09426b3405638768395744ebe3a/volume-97c264c8-eace-4579-b98f-6dcd487d7195" returned: 0 in 0.571s {{(pid=85985) execute /opt/stack/data/venv/lib/python3.12/site-packages/oslo_concurrency/processutils.py:468}}
Aug 28 07:31:05 devstack cinder-volume[85985]: DEBUG cinder.coordination [None req-0c484ac2-77ee-4ce1-8589-9f4b6f4f7450 tempest-VolumeQuotasNegativeTestJSON-240033767 None] Lock "cinder-quobyte-97c264c8-eace-4579-b98f-6dcd487d7195" released by "delete_volume" :: held 1.113s {{(pid=85985) __release /opt/stack/cinder/cinder/coordination.py:152}}
Aug 28 07:31:05 devstack cinder-volume[85985]: DEBUG cinder.quota [None req-0c484ac2-77ee-4ce1-8589-9f4b6f4f7450 tempest-VolumeQuotasNegativeTestJSON-240033767 None] Created reservations ['4a59feed-63bd-4301-b9ee-a8f78d68104f', 'f2a09700-2729-43f2-828a-c0209d08e955', 'ff2f0c6c-12b9-485b-bab2-8b9f80f9d354', '50c86fe0-9109-4f0f-81e1-476014741ed5'] {{(pid=85985) reserve /opt/stack/cinder/cinder/quota.py:752}}
Aug 28 07:31:05 devstack cinder-volume[85985]: DEBUG oslo_concurrency.lockutils [None req-0c484ac2-77ee-4ce1-8589-9f4b6f4f7450 tempest-VolumeQuotasNegativeTestJSON-240033767 None] Acquiring lock "quobyte_ensure" by "cinder.volume.drivers.quobyte.QuobyteDriver._ensure_shares_mounted" {{(pid=85985) inner /opt/stack/data/venv/lib/python3.12/site-packages/oslo_concurrency/lockutils.py:512}}
Aug 28 07:31:05 devstack cinder-volume[85985]: DEBUG oslo_concurrency.lockutils [None req-0c484ac2-77ee-4ce1-8589-9f4b6f4f7450 tempest-VolumeQuotasNegativeTestJSON-240033767 None] Lock "quobyte_ensure" acquired by "cinder.volume.drivers.quobyte.QuobyteDriver._ensure_shares_mounted" :: waited 0.002s {{(pid=85985) inner /opt/stack/data/venv/lib/python3.12/site-packages/oslo_concurrency/lockutils.py:525}}
Aug 28 07:31:05 devstack cinder-volume[85985]: DEBUG cinder.volume.drivers.quobyte [None req-0c484ac2-77ee-4ce1-8589-9f4b6f4f7450 tempest-VolumeQuotasNegativeTestJSON-240033767 None] Quobyte Volume URL set to: {'osci02.corp.quobyte.com/cinder-vol-8c4df223-0727-45c2-a427-10c42fb66c47': None} {{(pid=85985) _load_shares_config /opt/stack/cinder/cinder/volume/drivers/quobyte.py:662}}
Aug 28 07:31:05 devstack cinder-volume[85985]: DEBUG cinder.volume.drivers.quobyte [None req-0c484ac2-77ee-4ce1-8589-9f4b6f4f7450 tempest-VolumeQuotasNegativeTestJSON-240033767 None] Available shares ['osci02.corp.quobyte.com/cinder-vol-8c4df223-0727-45c2-a427-10c42fb66c47'] {{(pid=85985) _ensure_shares_mounted /opt/stack/cinder/cinder/volume/drivers/quobyte.py:692}}
Aug 28 07:31:05 devstack cinder-volume[85985]: DEBUG oslo_concurrency.lockutils [None req-0c484ac2-77ee-4ce1-8589-9f4b6f4f7450 tempest-VolumeQuotasNegativeTestJSON-240033767 None] Lock "quobyte_ensure" "released" by "cinder.volume.drivers.quobyte.QuobyteDriver._ensure_shares_mounted" :: held 0.012s {{(pid=85985) inner /opt/stack/data/venv/lib/python3.12/site-packages/oslo_concurrency/lockutils.py:544}}
Aug 28 07:31:05 devstack cinder-volume[85985]: DEBUG oslo_concurrency.processutils [None req-0c484ac2-77ee-4ce1-8589-9f4b6f4f7450 tempest-VolumeQuotasNegativeTestJSON-240033767 None] Running cmd (subprocess): sudo cinder-rootwrap /etc/cinder/rootwrap.conf df --portability --block-size 1 /opt/stack/data/cinder/mnt/861dc09426b3405638768395744ebe3a {{(pid=85985) execute /opt/stack/data/venv/lib/python3.12/site-packages/oslo_concurrency/processutils.py:440}}
Aug 28 07:31:05 devstack sudo[88796]: quobyte : PWD=/ ; USER=root ; COMMAND=/opt/stack/data/venv/bin/cinder-rootwrap /etc/cinder/rootwrap.conf df --portability --block-size 1 /opt/stack/data/cinder/mnt/861dc09426b3405638768395744ebe3a
Aug 28 07:31:05 devstack sudo[88796]: pam_unix(sudo:session): session opened for user root(uid=0) by (uid=1000)
Aug 28 07:31:05 devstack sudo[88790]: pam_unix(sudo:session): session closed for user root
Aug 28 07:31:05 devstack cinder-volume[85985]: DEBUG oslo_concurrency.processutils [req-51ef8bef-6c55-4f25-972e-0594e80854f2 req-9c1621db-458e-4395-8e13-5aedf92083e0 tempest-VolumesSnapshotsTestJSON-2098007235 None] CMD "/opt/stack/data/venv/bin/python3.12 -m oslo_concurrency.prlimit --as=1073741824 --cpu=60 -- sudo cinder-rootwrap /etc/cinder/rootwrap.conf env LC_ALL=C qemu-img info -f qcow2 --output=json --force-share /opt/stack/data/cinder/mnt/861dc09426b3405638768395744ebe3a/volume-f2d0d3fd-7fe1-4122-b613-d7acc1fe643a" returned: 0 in 0.480s {{(pid=85985) execute /opt/stack/data/venv/lib/python3.12/site-packages/oslo_concurrency/processutils.py:468}}
Aug 28 07:31:05 devstack cinder-volume[85985]: DEBUG oslo_concurrency.processutils [req-51ef8bef-6c55-4f25-972e-0594e80854f2 req-9c1621db-458e-4395-8e13-5aedf92083e0 tempest-VolumesSnapshotsTestJSON-2098007235 None] Running cmd (subprocess): sudo cinder-rootwrap /etc/cinder/rootwrap.conf qemu-img create -f qcow2 -o backing_file=/opt/stack/data/cinder/mnt/861dc09426b3405638768395744ebe3a/volume-f2d0d3fd-7fe1-4122-b613-d7acc1fe643a,backing_fmt=qcow2 /opt/stack/data/cinder/mnt/861dc09426b3405638768395744ebe3a/volume-f2d0d3fd-7fe1-4122-b613-d7acc1fe643a.a6ac05c6-9bcb-47b6-9938-68fee1c089d9 1G {{(pid=85985) execute /opt/stack/data/venv/lib/python3.12/site-packages/oslo_concurrency/processutils.py:440}}
Aug 28 07:31:06 devstack sudo[88798]: quobyte : PWD=/ ; USER=root ; COMMAND=/opt/stack/data/venv/bin/cinder-rootwrap /etc/cinder/rootwrap.conf qemu-img create -f qcow2 -o backing_file=/opt/stack/data/cinder/mnt/861dc09426b3405638768395744ebe3a/volume-f2d0d3fd-7fe1-4122-b613-d7acc1fe643a,backing_fmt=qcow2 /opt/stack/data/cinder/mnt/861dc09426b3405638768395744ebe3a/volume-f2d0d3fd-7fe1-4122-b613-d7acc1fe643a.a6ac05c6-9bcb-47b6-9938-68fee1c089d9 1G
Aug 28 07:31:06 devstack sudo[88798]: pam_unix(sudo:session): session opened for user root(uid=0) by (uid=1000)
Aug 28 07:31:06 devstack sudo[88796]: pam_unix(sudo:session): session closed for user root
Aug 28 07:31:06 devstack cinder-volume[85985]: DEBUG oslo_concurrency.processutils [None req-0c484ac2-77ee-4ce1-8589-9f4b6f4f7450 tempest-VolumeQuotasNegativeTestJSON-240033767 None] CMD "sudo cinder-rootwrap /etc/cinder/rootwrap.conf df --portability --block-size 1 /opt/stack/data/cinder/mnt/861dc09426b3405638768395744ebe3a" returned: 0 in 0.321s {{(pid=85985) execute /opt/stack/data/venv/lib/python3.12/site-packages/oslo_concurrency/processutils.py:468}}
Aug 28 07:31:06 devstack cinder-volume[85985]: DEBUG cinder.manager [None req-0c484ac2-77ee-4ce1-8589-9f4b6f4f7450 tempest-VolumeQuotasNegativeTestJSON-240033767 None] Notifying Schedulers of capabilities ... {{(pid=85985) _publish_service_capabilities /opt/stack/cinder/cinder/manager.py:219}}
Aug 28 07:31:06 devstack cinder-volume[85985]: INFO cinder.volume.manager [None req-0c484ac2-77ee-4ce1-8589-9f4b6f4f7450 tempest-VolumeQuotasNegativeTestJSON-240033767 None] Deleted volume successfully.
Aug 28 07:31:06 devstack cinder-volume[85985]: DEBUG cinder.coordination [None req-0c484ac2-77ee-4ce1-8589-9f4b6f4f7450 tempest-VolumeQuotasNegativeTestJSON-240033767 None] Lock "cinder-97c264c8-eace-4579-b98f-6dcd487d7195-delete_volume" released by "delete_volume" :: held 1.732s {{(pid=85985) __release /opt/stack/cinder/cinder/coordination.py:152}}
Aug 28 07:31:06 devstack sudo[88798]: pam_unix(sudo:session): session closed for user root
Aug 28 07:31:06 devstack cinder-volume[85985]: DEBUG oslo_concurrency.processutils [req-51ef8bef-6c55-4f25-972e-0594e80854f2 req-9c1621db-458e-4395-8e13-5aedf92083e0 tempest-VolumesSnapshotsTestJSON-2098007235 None] CMD "sudo cinder-rootwrap /etc/cinder/rootwrap.conf qemu-img create -f qcow2 -o backing_file=/opt/stack/data/cinder/mnt/861dc09426b3405638768395744ebe3a/volume-f2d0d3fd-7fe1-4122-b613-d7acc1fe643a,backing_fmt=qcow2 /opt/stack/data/cinder/mnt/861dc09426b3405638768395744ebe3a/volume-f2d0d3fd-7fe1-4122-b613-d7acc1fe643a.a6ac05c6-9bcb-47b6-9938-68fee1c089d9 1G" returned: 0 in 0.546s {{(pid=85985) execute /opt/stack/data/venv/lib/python3.12/site-packages/oslo_concurrency/processutils.py:468}}
Aug 28 07:31:06 devstack cinder-volume[85985]: DEBUG oslo_concurrency.processutils [req-51ef8bef-6c55-4f25-972e-0594e80854f2 req-9c1621db-458e-4395-8e13-5aedf92083e0 tempest-VolumesSnapshotsTestJSON-2098007235 None] Running cmd (subprocess): sudo cinder-rootwrap /etc/cinder/rootwrap.conf qemu-img rebase -u -b volume-f2d0d3fd-7fe1-4122-b613-d7acc1fe643a -F qcow2 /opt/stack/data/cinder/mnt/861dc09426b3405638768395744ebe3a/volume-f2d0d3fd-7fe1-4122-b613-d7acc1fe643a.a6ac05c6-9bcb-47b6-9938-68fee1c089d9 {{(pid=85985) execute /opt/stack/data/venv/lib/python3.12/site-packages/oslo_concurrency/processutils.py:440}}
Aug 28 07:31:06 devstack sudo[88805]: quobyte : PWD=/ ; USER=root ; COMMAND=/opt/stack/data/venv/bin/cinder-rootwrap /etc/cinder/rootwrap.conf qemu-img rebase -u -b volume-f2d0d3fd-7fe1-4122-b613-d7acc1fe643a -F qcow2 /opt/stack/data/cinder/mnt/861dc09426b3405638768395744ebe3a/volume-f2d0d3fd-7fe1-4122-b613-d7acc1fe643a.a6ac05c6-9bcb-47b6-9938-68fee1c089d9
Aug 28 07:31:06 devstack sudo[88805]: pam_unix(sudo:session): session opened for user root(uid=0) by (uid=1000)
Aug 28 07:31:06 devstack sudo[88805]: pam_unix(sudo:session): session closed for user root
Aug 28 07:31:06 devstack cinder-volume[85985]: DEBUG oslo_concurrency.processutils [req-51ef8bef-6c55-4f25-972e-0594e80854f2 req-9c1621db-458e-4395-8e13-5aedf92083e0 tempest-VolumesSnapshotsTestJSON-2098007235 None] CMD "sudo cinder-rootwrap /etc/cinder/rootwrap.conf qemu-img rebase -u -b volume-f2d0d3fd-7fe1-4122-b613-d7acc1fe643a -F qcow2 /opt/stack/data/cinder/mnt/861dc09426b3405638768395744ebe3a/volume-f2d0d3fd-7fe1-4122-b613-d7acc1fe643a.a6ac05c6-9bcb-47b6-9938-68fee1c089d9" returned: 0 in 0.356s {{(pid=85985) execute /opt/stack/data/venv/lib/python3.12/site-packages/oslo_concurrency/processutils.py:468}}
Aug 28 07:31:06 devstack cinder-volume[85985]: WARNING cinder.volume.drivers.remotefs [req-51ef8bef-6c55-4f25-972e-0594e80854f2 req-9c1621db-458e-4395-8e13-5aedf92083e0 tempest-VolumesSnapshotsTestJSON-2098007235 None] /opt/stack/data/cinder/mnt/861dc09426b3405638768395744ebe3a/volume-f2d0d3fd-7fe1-4122-b613-d7acc1fe643a.a6ac05c6-9bcb-47b6-9938-68fee1c089d9 is being set with open permissions: ugo+rw
Aug 28 07:31:06 devstack cinder-volume[85985]: DEBUG oslo_concurrency.processutils [req-51ef8bef-6c55-4f25-972e-0594e80854f2 req-9c1621db-458e-4395-8e13-5aedf92083e0 tempest-VolumesSnapshotsTestJSON-2098007235 None] Running cmd (subprocess): sudo cinder-rootwrap /etc/cinder/rootwrap.conf chmod ugo+rw /opt/stack/data/cinder/mnt/861dc09426b3405638768395744ebe3a/volume-f2d0d3fd-7fe1-4122-b613-d7acc1fe643a.a6ac05c6-9bcb-47b6-9938-68fee1c089d9 {{(pid=85985) execute /opt/stack/data/venv/lib/python3.12/site-packages/oslo_concurrency/processutils.py:440}}
Aug 28 07:31:06 devstack sudo[88811]: quobyte : PWD=/ ; USER=root ; COMMAND=/opt/stack/data/venv/bin/cinder-rootwrap /etc/cinder/rootwrap.conf chmod ugo+rw /opt/stack/data/cinder/mnt/861dc09426b3405638768395744ebe3a/volume-f2d0d3fd-7fe1-4122-b613-d7acc1fe643a.a6ac05c6-9bcb-47b6-9938-68fee1c089d9
Aug 28 07:31:06 devstack sudo[88811]: pam_unix(sudo:session): session opened for user root(uid=0) by (uid=1000)
Aug 28 07:31:07 devstack sudo[88811]: pam_unix(sudo:session): session closed for user root
Aug 28 07:31:07 devstack cinder-volume[85985]: DEBUG oslo_concurrency.processutils [req-51ef8bef-6c55-4f25-972e-0594e80854f2 req-9c1621db-458e-4395-8e13-5aedf92083e0 tempest-VolumesSnapshotsTestJSON-2098007235 None] CMD "sudo cinder-rootwrap /etc/cinder/rootwrap.conf chmod ugo+rw /opt/stack/data/cinder/mnt/861dc09426b3405638768395744ebe3a/volume-f2d0d3fd-7fe1-4122-b613-d7acc1fe643a.a6ac05c6-9bcb-47b6-9938-68fee1c089d9" returned: 0 in 0.298s {{(pid=85985) execute /opt/stack/data/venv/lib/python3.12/site-packages/oslo_concurrency/processutils.py:468}}
Aug 28 07:31:07 devstack cinder-volume[85985]: DEBUG oslo_concurrency.processutils [req-51ef8bef-6c55-4f25-972e-0594e80854f2 req-9c1621db-458e-4395-8e13-5aedf92083e0 tempest-VolumesSnapshotsTestJSON-2098007235 None] Running cmd (subprocess): sudo cinder-rootwrap /etc/cinder/rootwrap.conf truncate -s0 /opt/stack/data/cinder/mnt/861dc09426b3405638768395744ebe3a/volume-f2d0d3fd-7fe1-4122-b613-d7acc1fe643a.info {{(pid=85985) execute /opt/stack/data/venv/lib/python3.12/site-packages/oslo_concurrency/processutils.py:440}}
Aug 28 07:31:07 devstack sudo[88814]: quobyte : PWD=/ ; USER=root ; COMMAND=/opt/stack/data/venv/bin/cinder-rootwrap /etc/cinder/rootwrap.conf truncate -s0 /opt/stack/data/cinder/mnt/861dc09426b3405638768395744ebe3a/volume-f2d0d3fd-7fe1-4122-b613-d7acc1fe643a.info
Aug 28 07:31:07 devstack sudo[88814]: pam_unix(sudo:session): session opened for user root(uid=0) by (uid=1000)
Aug 28 07:31:07 devstack sudo[88814]: pam_unix(sudo:session): session closed for user root
Aug 28 07:31:07 devstack cinder-volume[85985]: DEBUG oslo_concurrency.processutils [req-51ef8bef-6c55-4f25-972e-0594e80854f2 req-9c1621db-458e-4395-8e13-5aedf92083e0 tempest-VolumesSnapshotsTestJSON-2098007235 None] CMD "sudo cinder-rootwrap /etc/cinder/rootwrap.conf truncate -s0 /opt/stack/data/cinder/mnt/861dc09426b3405638768395744ebe3a/volume-f2d0d3fd-7fe1-4122-b613-d7acc1fe643a.info" returned: 0 in 0.343s {{(pid=85985) execute /opt/stack/data/venv/lib/python3.12/site-packages/oslo_concurrency/processutils.py:468}}
Aug 28 07:31:07 devstack cinder-volume[85985]: WARNING cinder.volume.drivers.remotefs [req-51ef8bef-6c55-4f25-972e-0594e80854f2 req-9c1621db-458e-4395-8e13-5aedf92083e0 tempest-VolumesSnapshotsTestJSON-2098007235 None] /opt/stack/data/cinder/mnt/861dc09426b3405638768395744ebe3a/volume-f2d0d3fd-7fe1-4122-b613-d7acc1fe643a.info is being set with open permissions: ugo+rw
Aug 28 07:31:07 devstack cinder-volume[85985]: DEBUG oslo_concurrency.processutils [req-51ef8bef-6c55-4f25-972e-0594e80854f2 req-9c1621db-458e-4395-8e13-5aedf92083e0 tempest-VolumesSnapshotsTestJSON-2098007235 None] Running cmd (subprocess): sudo cinder-rootwrap /etc/cinder/rootwrap.conf chmod ugo+rw /opt/stack/data/cinder/mnt/861dc09426b3405638768395744ebe3a/volume-f2d0d3fd-7fe1-4122-b613-d7acc1fe643a.info {{(pid=85985) execute /opt/stack/data/venv/lib/python3.12/site-packages/oslo_concurrency/processutils.py:440}}
Aug 28 07:31:07 devstack sudo[88817]: quobyte : PWD=/ ; USER=root ; COMMAND=/opt/stack/data/venv/bin/cinder-rootwrap /etc/cinder/rootwrap.conf chmod ugo+rw /opt/stack/data/cinder/mnt/861dc09426b3405638768395744ebe3a/volume-f2d0d3fd-7fe1-4122-b613-d7acc1fe643a.info
Aug 28 07:31:07 devstack sudo[88817]: pam_unix(sudo:session): session opened for user root(uid=0) by (uid=1000)
Aug 28 07:31:07 devstack sudo[88817]: pam_unix(sudo:session): session closed for user root
Aug 28 07:31:07 devstack cinder-volume[85985]: DEBUG oslo_concurrency.processutils [req-51ef8bef-6c55-4f25-972e-0594e80854f2 req-9c1621db-458e-4395-8e13-5aedf92083e0 tempest-VolumesSnapshotsTestJSON-2098007235 None] CMD "sudo cinder-rootwrap /etc/cinder/rootwrap.conf chmod ugo+rw /opt/stack/data/cinder/mnt/861dc09426b3405638768395744ebe3a/volume-f2d0d3fd-7fe1-4122-b613-d7acc1fe643a.info" returned: 0 in 0.325s {{(pid=85985) execute /opt/stack/data/venv/lib/python3.12/site-packages/oslo_concurrency/processutils.py:468}}
Aug 28 07:31:07 devstack cinder-volume[85985]: DEBUG oslo_concurrency.lockutils [req-51ef8bef-6c55-4f25-972e-0594e80854f2 req-9c1621db-458e-4395-8e13-5aedf92083e0 tempest-VolumesSnapshotsTestJSON-2098007235 None] Lock "quobyte" "released" by "cinder.volume.drivers.quobyte.QuobyteDriver.create_snapshot" :: held 2.481s {{(pid=85985) inner /opt/stack/data/venv/lib/python3.12/site-packages/oslo_concurrency/lockutils.py:544}}
Aug 28 07:31:07 devstack cinder-volume[85985]: INFO cinder.volume.manager [req-51ef8bef-6c55-4f25-972e-0594e80854f2 req-9c1621db-458e-4395-8e13-5aedf92083e0 tempest-VolumesSnapshotsTestJSON-2098007235 None] Create snapshot completed successfully
Aug 28 07:31:08 devstack cinder-volume[85985]: DEBUG cinder.coordination [req-18c30a3c-263c-448b-96d6-a8b46a4965e1 req-6c7feb02-5e5f-4851-a6c5-c2e38cc89446 tempest-VolumesSnapshotsTestJSON-2098007235 None] Acquiring lock "cinder-a6ac05c6-9bcb-47b6-9938-68fee1c089d9-delete_snapshot" by "delete_snapshot" {{(pid=85985) __acquire /opt/stack/cinder/cinder/coordination.py:138}}
Aug 28 07:31:08 devstack cinder-volume[85985]: DEBUG cinder.coordination [req-18c30a3c-263c-448b-96d6-a8b46a4965e1 req-6c7feb02-5e5f-4851-a6c5-c2e38cc89446 tempest-VolumesSnapshotsTestJSON-2098007235 None] Lock "cinder-a6ac05c6-9bcb-47b6-9938-68fee1c089d9-delete_snapshot" acquired by "delete_snapshot" :: waited 0.026s {{(pid=85985) __acquire /opt/stack/cinder/cinder/coordination.py:141}}
Aug 28 07:31:08 devstack cinder-volume[85985]: DEBUG cinder.coordination [req-18c30a3c-263c-448b-96d6-a8b46a4965e1 req-6c7feb02-5e5f-4851-a6c5-c2e38cc89446 tempest-VolumesSnapshotsTestJSON-2098007235 None] Acquiring lock "cinder-quobyte-f2d0d3fd-7fe1-4122-b613-d7acc1fe643a" by "delete_snapshot" {{(pid=85985) __acquire /opt/stack/cinder/cinder/coordination.py:138}}
Aug 28 07:31:08 devstack cinder-volume[85985]: DEBUG cinder.coordination [req-18c30a3c-263c-448b-96d6-a8b46a4965e1 req-6c7feb02-5e5f-4851-a6c5-c2e38cc89446 tempest-VolumesSnapshotsTestJSON-2098007235 None] Lock "cinder-quobyte-f2d0d3fd-7fe1-4122-b613-d7acc1fe643a" acquired by "delete_snapshot" :: waited 0.019s {{(pid=85985) __acquire /opt/stack/cinder/cinder/coordination.py:141}}
Aug 28 07:31:08 devstack cinder-volume[85985]: DEBUG cinder.coordination [req-18c30a3c-263c-448b-96d6-a8b46a4965e1 req-6c7feb02-5e5f-4851-a6c5-c2e38cc89446 tempest-VolumesSnapshotsTestJSON-2098007235 None] Acquiring lock "cinder-quobyte-a6ac05c6-9bcb-47b6-9938-68fee1c089d9" by "_delete_snapshot" {{(pid=85985) __acquire /opt/stack/cinder/cinder/coordination.py:138}}
Aug 28 07:31:08 devstack cinder-volume[85985]: DEBUG cinder.coordination [req-18c30a3c-263c-448b-96d6-a8b46a4965e1 req-6c7feb02-5e5f-4851-a6c5-c2e38cc89446 tempest-VolumesSnapshotsTestJSON-2098007235 None] Lock "cinder-quobyte-a6ac05c6-9bcb-47b6-9938-68fee1c089d9" acquired by "_delete_snapshot" :: waited 0.017s {{(pid=85985) __acquire /opt/stack/cinder/cinder/coordination.py:141}}
Aug 28 07:31:08 devstack cinder-volume[85985]: DEBUG cinder.volume.drivers.remotefs [req-18c30a3c-263c-448b-96d6-a8b46a4965e1 req-6c7feb02-5e5f-4851-a6c5-c2e38cc89446 tempest-VolumesSnapshotsTestJSON-2098007235 None] Deleting offline snapshot a6ac05c6-9bcb-47b6-9938-68fee1c089d9 of volume f2d0d3fd-7fe1-4122-b613-d7acc1fe643a {{(pid=85985) _delete_snapshot /opt/stack/cinder/cinder/volume/drivers/remotefs.py:1288}}
Aug 28 07:31:08 devstack cinder-volume[85985]: DEBUG cinder.volume.drivers.remotefs [req-18c30a3c-263c-448b-96d6-a8b46a4965e1 req-6c7feb02-5e5f-4851-a6c5-c2e38cc89446 tempest-VolumesSnapshotsTestJSON-2098007235 None] snapshot_file for this snap is: volume-f2d0d3fd-7fe1-4122-b613-d7acc1fe643a.a6ac05c6-9bcb-47b6-9938-68fee1c089d9 {{(pid=85985) _delete_snapshot /opt/stack/cinder/cinder/volume/drivers/remotefs.py:1317}}
Aug 28 07:31:08 devstack cinder-volume[85985]: DEBUG oslo.privsep.daemon [-] privsep: reply[8dd9f1cc-599f-4421-8073-a23451ce65b3]: (4, 'qcow2') {{(pid=87436) _call_back /opt/stack/data/venv/lib/python3.12/site-packages/oslo_privsep/daemon.py:580}}
Aug 28 07:31:08 devstack cinder-volume[85985]: DEBUG oslo_concurrency.processutils [req-18c30a3c-263c-448b-96d6-a8b46a4965e1 req-6c7feb02-5e5f-4851-a6c5-c2e38cc89446 tempest-VolumesSnapshotsTestJSON-2098007235 None] Running cmd (subprocess): /opt/stack/data/venv/bin/python3.12 -m oslo_concurrency.prlimit --as=1073741824 --cpu=60 -- sudo cinder-rootwrap /etc/cinder/rootwrap.conf env LC_ALL=C qemu-img info -f qcow2 --output=json --force-share /opt/stack/data/cinder/mnt/861dc09426b3405638768395744ebe3a/volume-f2d0d3fd-7fe1-4122-b613-d7acc1fe643a.a6ac05c6-9bcb-47b6-9938-68fee1c089d9 {{(pid=85985) execute /opt/stack/data/venv/lib/python3.12/site-packages/oslo_concurrency/processutils.py:440}}
Aug 28 07:31:08 devstack sudo[88821]: quobyte : PWD=/ ; USER=root ; COMMAND=/opt/stack/data/venv/bin/cinder-rootwrap /etc/cinder/rootwrap.conf env LC_ALL=C qemu-img info -f qcow2 --output=json --force-share /opt/stack/data/cinder/mnt/861dc09426b3405638768395744ebe3a/volume-f2d0d3fd-7fe1-4122-b613-d7acc1fe643a.a6ac05c6-9bcb-47b6-9938-68fee1c089d9
Aug 28 07:31:08 devstack sudo[88821]: pam_unix(sudo:session): session opened for user root(uid=0) by (uid=1000)
Aug 28 07:31:08 devstack sudo[88821]: pam_unix(sudo:session): session closed for user root
Aug 28 07:31:08 devstack cinder-volume[85985]: DEBUG oslo_concurrency.processutils [req-18c30a3c-263c-448b-96d6-a8b46a4965e1 req-6c7feb02-5e5f-4851-a6c5-c2e38cc89446 tempest-VolumesSnapshotsTestJSON-2098007235 None] CMD "/opt/stack/data/venv/bin/python3.12 -m oslo_concurrency.prlimit --as=1073741824 --cpu=60 -- sudo cinder-rootwrap /etc/cinder/rootwrap.conf env LC_ALL=C qemu-img info -f qcow2 --output=json --force-share /opt/stack/data/cinder/mnt/861dc09426b3405638768395744ebe3a/volume-f2d0d3fd-7fe1-4122-b613-d7acc1fe643a.a6ac05c6-9bcb-47b6-9938-68fee1c089d9" returned: 0 in 0.423s {{(pid=85985) execute /opt/stack/data/venv/lib/python3.12/site-packages/oslo_concurrency/processutils.py:468}}
Aug 28 07:31:08 devstack cinder-volume[85985]: DEBUG cinder.volume.drivers.remotefs [req-18c30a3c-263c-448b-96d6-a8b46a4965e1 req-6c7feb02-5e5f-4851-a6c5-c2e38cc89446 tempest-VolumesSnapshotsTestJSON-2098007235 None] Fetching qemu-img info with special backing_file_template: (/opt/stack/data/cinder/mnt/[0-9a-f]+/)?(volume-f2d0d3fd-7fe1-4122-b613-d7acc1fe643a(.(tmp-snap-)?[0-9a-f-]+)?|volume_from_snapshot_cache/(tmp-snap-)?[0-9a-f-]+(.(child-|parent-)[0-9a-f-]+)?)$ {{(pid=85985) _qemu_img_info_base /opt/stack/cinder/cinder/volume/drivers/remotefs.py:896}}
Aug 28 07:31:08 devstack cinder-volume[85985]: DEBUG oslo.privsep.daemon [-] privsep: reply[58b85f0e-d161-4b31-beb1-1cb3c2601ee2]: (4, 'qcow2') {{(pid=87436) _call_back /opt/stack/data/venv/lib/python3.12/site-packages/oslo_privsep/daemon.py:580}}
Aug 28 07:31:08 devstack cinder-volume[85985]: DEBUG oslo_concurrency.processutils [req-18c30a3c-263c-448b-96d6-a8b46a4965e1 req-6c7feb02-5e5f-4851-a6c5-c2e38cc89446 tempest-VolumesSnapshotsTestJSON-2098007235 None] Running cmd (subprocess): /opt/stack/data/venv/bin/python3.12 -m oslo_concurrency.prlimit --as=1073741824 --cpu=60 -- sudo cinder-rootwrap /etc/cinder/rootwrap.conf env LC_ALL=C qemu-img info -f qcow2 --output=json --force-share /opt/stack/data/cinder/mnt/861dc09426b3405638768395744ebe3a/volume-f2d0d3fd-7fe1-4122-b613-d7acc1fe643a {{(pid=85985) execute /opt/stack/data/venv/lib/python3.12/site-packages/oslo_concurrency/processutils.py:440}}
Aug 28 07:31:09 devstack sudo[88828]: quobyte : PWD=/ ; USER=root ; COMMAND=/opt/stack/data/venv/bin/cinder-rootwrap /etc/cinder/rootwrap.conf env LC_ALL=C qemu-img info -f qcow2 --output=json --force-share /opt/stack/data/cinder/mnt/861dc09426b3405638768395744ebe3a/volume-f2d0d3fd-7fe1-4122-b613-d7acc1fe643a
Aug 28 07:31:09 devstack sudo[88828]: pam_unix(sudo:session): session opened for user root(uid=0) by (uid=1000)
Aug 28 07:31:09 devstack sudo[88828]: pam_unix(sudo:session): session closed for user root
Aug 28 07:31:09 devstack cinder-volume[85985]: DEBUG oslo_concurrency.processutils [req-18c30a3c-263c-448b-96d6-a8b46a4965e1 req-6c7feb02-5e5f-4851-a6c5-c2e38cc89446 tempest-VolumesSnapshotsTestJSON-2098007235 None] CMD "/opt/stack/data/venv/bin/python3.12 -m oslo_concurrency.prlimit --as=1073741824 --cpu=60 -- sudo cinder-rootwrap /etc/cinder/rootwrap.conf env LC_ALL=C qemu-img info -f qcow2 --output=json --force-share /opt/stack/data/cinder/mnt/861dc09426b3405638768395744ebe3a/volume-f2d0d3fd-7fe1-4122-b613-d7acc1fe643a" returned: 0 in 0.383s {{(pid=85985) execute /opt/stack/data/venv/lib/python3.12/site-packages/oslo_concurrency/processutils.py:468}}
Aug 28 07:31:09 devstack cinder-volume[85985]: DEBUG oslo_concurrency.processutils [req-18c30a3c-263c-448b-96d6-a8b46a4965e1 req-6c7feb02-5e5f-4851-a6c5-c2e38cc89446 tempest-VolumesSnapshotsTestJSON-2098007235 None] Running cmd (subprocess): sudo cinder-rootwrap /etc/cinder/rootwrap.conf qemu-img commit -d /opt/stack/data/cinder/mnt/861dc09426b3405638768395744ebe3a/volume-f2d0d3fd-7fe1-4122-b613-d7acc1fe643a.a6ac05c6-9bcb-47b6-9938-68fee1c089d9 {{(pid=85985) execute /opt/stack/data/venv/lib/python3.12/site-packages/oslo_concurrency/processutils.py:440}}
Aug 28 07:31:09 devstack sudo[88833]: quobyte : PWD=/ ; USER=root ; COMMAND=/opt/stack/data/venv/bin/cinder-rootwrap /etc/cinder/rootwrap.conf qemu-img commit -d /opt/stack/data/cinder/mnt/861dc09426b3405638768395744ebe3a/volume-f2d0d3fd-7fe1-4122-b613-d7acc1fe643a.a6ac05c6-9bcb-47b6-9938-68fee1c089d9
Aug 28 07:31:09 devstack sudo[88833]: pam_unix(sudo:session): session opened for user root(uid=0) by (uid=1000)
Aug 28 07:31:09 devstack sudo[88833]: pam_unix(sudo:session): session closed for user root
Aug 28 07:31:09 devstack cinder-volume[85985]: DEBUG oslo_concurrency.processutils [req-18c30a3c-263c-448b-96d6-a8b46a4965e1 req-6c7feb02-5e5f-4851-a6c5-c2e38cc89446 tempest-VolumesSnapshotsTestJSON-2098007235 None] CMD "sudo cinder-rootwrap /etc/cinder/rootwrap.conf qemu-img commit -d /opt/stack/data/cinder/mnt/861dc09426b3405638768395744ebe3a/volume-f2d0d3fd-7fe1-4122-b613-d7acc1fe643a.a6ac05c6-9bcb-47b6-9938-68fee1c089d9" returned: 0 in 0.389s {{(pid=85985) execute /opt/stack/data/venv/lib/python3.12/site-packages/oslo_concurrency/processutils.py:468}}
Aug 28 07:31:09 devstack cinder-volume[85985]: DEBUG oslo_concurrency.processutils [req-18c30a3c-263c-448b-96d6-a8b46a4965e1 req-6c7feb02-5e5f-4851-a6c5-c2e38cc89446 tempest-VolumesSnapshotsTestJSON-2098007235 None] Running cmd (subprocess): sudo cinder-rootwrap /etc/cinder/rootwrap.conf rm -f /opt/stack/data/cinder/mnt/861dc09426b3405638768395744ebe3a/volume-f2d0d3fd-7fe1-4122-b613-d7acc1fe643a.a6ac05c6-9bcb-47b6-9938-68fee1c089d9 {{(pid=85985) execute /opt/stack/data/venv/lib/python3.12/site-packages/oslo_concurrency/processutils.py:440}}
Aug 28 07:31:09 devstack sudo[88838]: quobyte : PWD=/ ; USER=root ; COMMAND=/opt/stack/data/venv/bin/cinder-rootwrap /etc/cinder/rootwrap.conf rm -f /opt/stack/data/cinder/mnt/861dc09426b3405638768395744ebe3a/volume-f2d0d3fd-7fe1-4122-b613-d7acc1fe643a.a6ac05c6-9bcb-47b6-9938-68fee1c089d9
Aug 28 07:31:09 devstack sudo[88838]: pam_unix(sudo:session): session opened for user root(uid=0) by (uid=1000)
Aug 28 07:31:10 devstack sudo[88838]: pam_unix(sudo:session): session closed for user root
Aug 28 07:31:10 devstack cinder-volume[85985]: DEBUG oslo_concurrency.processutils [req-18c30a3c-263c-448b-96d6-a8b46a4965e1 req-6c7feb02-5e5f-4851-a6c5-c2e38cc89446 tempest-VolumesSnapshotsTestJSON-2098007235 None] CMD "sudo cinder-rootwrap /etc/cinder/rootwrap.conf rm -f /opt/stack/data/cinder/mnt/861dc09426b3405638768395744ebe3a/volume-f2d0d3fd-7fe1-4122-b613-d7acc1fe643a.a6ac05c6-9bcb-47b6-9938-68fee1c089d9" returned: 0 in 0.297s {{(pid=85985) execute /opt/stack/data/venv/lib/python3.12/site-packages/oslo_concurrency/processutils.py:468}}
Aug 28 07:31:10 devstack cinder-volume[85985]: DEBUG cinder.coordination [req-18c30a3c-263c-448b-96d6-a8b46a4965e1 req-6c7feb02-5e5f-4851-a6c5-c2e38cc89446 tempest-VolumesSnapshotsTestJSON-2098007235 None] Lock "cinder-quobyte-a6ac05c6-9bcb-47b6-9938-68fee1c089d9" released by "_delete_snapshot" :: held 1.658s {{(pid=85985) __release /opt/stack/cinder/cinder/coordination.py:152}}
Aug 28 07:31:10 devstack cinder-volume[85985]: DEBUG cinder.coordination [req-18c30a3c-263c-448b-96d6-a8b46a4965e1 req-6c7feb02-5e5f-4851-a6c5-c2e38cc89446 tempest-VolumesSnapshotsTestJSON-2098007235 None] Lock "cinder-quobyte-f2d0d3fd-7fe1-4122-b613-d7acc1fe643a" released by "delete_snapshot" :: held 1.686s {{(pid=85985) __release /opt/stack/cinder/cinder/coordination.py:152}}
Aug 28 07:31:10 devstack cinder-volume[85985]: WARNING cinder.quota [req-18c30a3c-263c-448b-96d6-a8b46a4965e1 req-6c7feb02-5e5f-4851-a6c5-c2e38cc89446 tempest-VolumesSnapshotsTestJSON-2098007235 None] Deprecated: Default quota for resource: snapshots_QuobyteHD is set by the default quota flag: quota_snapshots_QuobyteHD, it is now deprecated. Please use the default quota class for default quota.
Aug 28 07:31:10 devstack cinder-volume[85985]: DEBUG cinder.quota [req-18c30a3c-263c-448b-96d6-a8b46a4965e1 req-6c7feb02-5e5f-4851-a6c5-c2e38cc89446 tempest-VolumesSnapshotsTestJSON-2098007235 None] Created reservations ['2b08f52e-d69b-402b-8bbd-ce8e8ba86ba4', '0d160e8b-956a-4e06-b3df-267f383989f0', '0513dec6-9dcd-4b45-ba71-245c7fca053b', '17bbd393-1f84-4237-8e85-d7b53f3e527e'] {{(pid=85985) reserve /opt/stack/cinder/cinder/quota.py:752}}
Aug 28 07:31:10 devstack cinder-volume[85985]: INFO cinder.volume.manager [req-18c30a3c-263c-448b-96d6-a8b46a4965e1 req-6c7feb02-5e5f-4851-a6c5-c2e38cc89446 tempest-VolumesSnapshotsTestJSON-2098007235 None] Delete snapshot completed successfully.
Aug 28 07:31:10 devstack cinder-volume[85985]: DEBUG cinder.coordination [req-18c30a3c-263c-448b-96d6-a8b46a4965e1 req-6c7feb02-5e5f-4851-a6c5-c2e38cc89446 tempest-VolumesSnapshotsTestJSON-2098007235 None] Lock "cinder-a6ac05c6-9bcb-47b6-9938-68fee1c089d9-delete_snapshot" released by "delete_snapshot" :: held 1.873s {{(pid=85985) __release /opt/stack/cinder/cinder/coordination.py:152}}
Aug 28 07:31:10 devstack cinder-volume[85985]: DEBUG cinder.coordination [req-5953a9f4-178f-4349-a9e3-a27320798d0c req-ec64164a-3cd2-45b0-85b9-84b8888123bf tempest-VolumesSnapshotsTestJSON-2098007235 None] Acquiring lock "cinder-f2d0d3fd-7fe1-4122-b613-d7acc1fe643a-delete_volume" by "delete_volume" {{(pid=85985) __acquire /opt/stack/cinder/cinder/coordination.py:138}}
Aug 28 07:31:10 devstack cinder-volume[85985]: DEBUG cinder.coordination [req-5953a9f4-178f-4349-a9e3-a27320798d0c req-ec64164a-3cd2-45b0-85b9-84b8888123bf tempest-VolumesSnapshotsTestJSON-2098007235 None] Lock "cinder-f2d0d3fd-7fe1-4122-b613-d7acc1fe643a-delete_volume" acquired by "delete_volume" :: waited 0.028s {{(pid=85985) __acquire /opt/stack/cinder/cinder/coordination.py:141}}
Aug 28 07:31:10 devstack cinder-volume[85985]: DEBUG cinder.coordination [req-5953a9f4-178f-4349-a9e3-a27320798d0c req-ec64164a-3cd2-45b0-85b9-84b8888123bf tempest-VolumesSnapshotsTestJSON-2098007235 None] Acquiring lock "cinder-quobyte-f2d0d3fd-7fe1-4122-b613-d7acc1fe643a" by "delete_volume" {{(pid=85985) __acquire /opt/stack/cinder/cinder/coordination.py:138}}
Aug 28 07:31:10 devstack cinder-volume[85985]: DEBUG cinder.coordination [req-5953a9f4-178f-4349-a9e3-a27320798d0c req-ec64164a-3cd2-45b0-85b9-84b8888123bf tempest-VolumesSnapshotsTestJSON-2098007235 None] Lock "cinder-quobyte-f2d0d3fd-7fe1-4122-b613-d7acc1fe643a" acquired by "delete_volume" :: waited 0.023s {{(pid=85985) __acquire /opt/stack/cinder/cinder/coordination.py:141}}
Aug 28 07:31:10 devstack cinder-volume[85985]: DEBUG oslo.privsep.daemon [-] privsep: reply[0af84f6d-7946-4936-b509-879eaab4960f]: (4, 'qcow2') {{(pid=87436) _call_back /opt/stack/data/venv/lib/python3.12/site-packages/oslo_privsep/daemon.py:580}}
Aug 28 07:31:10 devstack cinder-volume[85985]: DEBUG oslo_concurrency.processutils [req-5953a9f4-178f-4349-a9e3-a27320798d0c req-ec64164a-3cd2-45b0-85b9-84b8888123bf tempest-VolumesSnapshotsTestJSON-2098007235 None] Running cmd (subprocess): /opt/stack/data/venv/bin/python3.12 -m oslo_concurrency.prlimit --as=1073741824 --cpu=60 -- sudo cinder-rootwrap /etc/cinder/rootwrap.conf env LC_ALL=C qemu-img info -f qcow2 --output=json --force-share /opt/stack/data/cinder/mnt/861dc09426b3405638768395744ebe3a/volume-f2d0d3fd-7fe1-4122-b613-d7acc1fe643a {{(pid=85985) execute /opt/stack/data/venv/lib/python3.12/site-packages/oslo_concurrency/processutils.py:440}}
Aug 28 07:31:10 devstack sudo[88841]: quobyte : PWD=/ ; USER=root ; COMMAND=/opt/stack/data/venv/bin/cinder-rootwrap /etc/cinder/rootwrap.conf env LC_ALL=C qemu-img info -f qcow2 --output=json --force-share /opt/stack/data/cinder/mnt/861dc09426b3405638768395744ebe3a/volume-f2d0d3fd-7fe1-4122-b613-d7acc1fe643a
Aug 28 07:31:10 devstack sudo[88841]: pam_unix(sudo:session): session opened for user root(uid=0) by (uid=1000)
Aug 28 07:31:11 devstack sudo[88841]: pam_unix(sudo:session): session closed for user root
Aug 28 07:31:11 devstack cinder-volume[85985]: DEBUG oslo_concurrency.processutils [req-5953a9f4-178f-4349-a9e3-a27320798d0c req-ec64164a-3cd2-45b0-85b9-84b8888123bf tempest-VolumesSnapshotsTestJSON-2098007235 None] CMD "/opt/stack/data/venv/bin/python3.12 -m oslo_concurrency.prlimit --as=1073741824 --cpu=60 -- sudo cinder-rootwrap /etc/cinder/rootwrap.conf env LC_ALL=C qemu-img info -f qcow2 --output=json --force-share /opt/stack/data/cinder/mnt/861dc09426b3405638768395744ebe3a/volume-f2d0d3fd-7fe1-4122-b613-d7acc1fe643a" returned: 0 in 0.462s {{(pid=85985) execute /opt/stack/data/venv/lib/python3.12/site-packages/oslo_concurrency/processutils.py:468}}
