Aug 28 07:23:32 devstack devstack@g-api.service[75495]: [uWSGI] getting INI configuration from /etc/glance/glance-uwsgi.ini
Aug 28 07:23:32 devstack devstack@g-api.service[75495]: *** Starting uWSGI 2.0.24-debian (64bit) on [Fri Aug 28 07:23:32 2026] ***
Aug 28 07:23:32 devstack devstack@g-api.service[75495]: compiled with version: 13.2.0 on 17 April 2024 16:23:48
Aug 28 07:23:32 devstack devstack@g-api.service[75495]: os: Linux-6.8.0-138-generic #138-Ubuntu SMP PREEMPT_DYNAMIC Fri Jul 31 22:41:49 UTC 2026
Aug 28 07:23:32 devstack devstack@g-api.service[75495]: nodename: devstack
Aug 28 07:23:32 devstack devstack@g-api.service[75495]: machine: x86_64
Aug 28 07:23:32 devstack devstack@g-api.service[75495]: clock source: unix
Aug 28 07:23:32 devstack devstack@g-api.service[75495]: pcre jit disabled
Aug 28 07:23:32 devstack devstack@g-api.service[75495]: detected number of CPU cores: 4
Aug 28 07:23:32 devstack devstack@g-api.service[75495]: current working directory: /
Aug 28 07:23:32 devstack devstack@g-api.service[75495]: detected binary path: /usr/bin/uwsgi-core
Aug 28 07:23:32 devstack devstack@g-api.service[75495]: your processes number limit is 47518
Aug 28 07:23:32 devstack devstack@g-api.service[75495]: your memory page size is 4096 bytes
Aug 28 07:23:32 devstack devstack@g-api.service[75495]: detected max file descriptor number: 2048
Aug 28 07:23:32 devstack devstack@g-api.service[75495]: lock engine: pthread robust mutexes
Aug 28 07:23:32 devstack devstack@g-api.service[75495]: thunder lock: enabled
Aug 28 07:23:32 devstack devstack@g-api.service[75495]: uwsgi socket 0 bound to TCP address 127.0.0.1:60999 fd 4
Aug 28 07:23:32 devstack devstack@g-api.service[75495]: Python version: 3.12.3 (main, Jul 15 2026, 23:46:41) [GCC 13.3.0]
Aug 28 07:23:32 devstack devstack@g-api.service[75495]: PEP 405 virtualenv detected: /opt/stack/data/venv
Aug 28 07:23:32 devstack devstack@g-api.service[75495]: Set PythonHome to /opt/stack/data/venv
Aug 28 07:23:32 devstack devstack@g-api.service[75495]: Python main interpreter initialized at 0x7c003e8a4668
Aug 28 07:23:32 devstack devstack@g-api.service[75495]: python threads support enabled
Aug 28 07:23:32 devstack devstack@g-api.service[75495]: your server socket listen backlog is limited to 100 connections
Aug 28 07:23:32 devstack devstack@g-api.service[75495]: your mercy for graceful operations on workers is 80 seconds
Aug 28 07:23:32 devstack devstack@g-api.service[75495]: mapped 403077 bytes (393 KB) for 2 cores
Aug 28 07:23:32 devstack devstack@g-api.service[75495]: *** Operational MODE: preforking ***
Aug 28 07:23:32 devstack devstack@g-api.service[75495]: *** uWSGI is running in multiple interpreter mode ***
Aug 28 07:23:32 devstack devstack@g-api.service[75495]: spawned uWSGI master process (pid: 75495)
Aug 28 07:23:32 devstack devstack@g-api.service[75495]: spawned uWSGI worker 1 (pid: 75500, cores: 1)
Aug 28 07:23:32 devstack devstack@g-api.service[75495]: spawned uWSGI worker 2 (pid: 75501, cores: 1)
Aug 28 07:23:32 devstack devstack@g-api.service[75495]: running "unix_signal:15 gracefully_kill_them_all" (master-start)...
Aug 28 07:23:34 devstack devstack@g-api.service[75500]: /opt/stack/data/venv/lib/python3.12/site-packages/futurist/_utils.py:34: EventletDeprecationWarning:
Aug 28 07:23:34 devstack devstack@g-api.service[75500]: Eventlet is deprecated. It is currently being maintained in bugfix mode, and
Aug 28 07:23:34 devstack devstack@g-api.service[75500]: we strongly recommend against using it for new projects.
Aug 28 07:23:34 devstack devstack@g-api.service[75500]: If you are already using Eventlet, we recommend migrating to a different
Aug 28 07:23:34 devstack devstack@g-api.service[75500]: framework. For more detail see
Aug 28 07:23:34 devstack devstack@g-api.service[75500]: https://eventlet.readthedocs.io/en/latest/asyncio/migration.html
Aug 28 07:23:34 devstack devstack@g-api.service[75500]: import eventlet as _eventlet # noqa
Aug 28 07:23:34 devstack devstack@g-api.service[75501]: /opt/stack/data/venv/lib/python3.12/site-packages/futurist/_utils.py:34: EventletDeprecationWarning:
Aug 28 07:23:34 devstack devstack@g-api.service[75501]: Eventlet is deprecated. It is currently being maintained in bugfix mode, and
Aug 28 07:23:34 devstack devstack@g-api.service[75501]: we strongly recommend against using it for new projects.
Aug 28 07:23:34 devstack devstack@g-api.service[75501]: If you are already using Eventlet, we recommend migrating to a different
Aug 28 07:23:34 devstack devstack@g-api.service[75501]: framework. For more detail see
Aug 28 07:23:34 devstack devstack@g-api.service[75501]: https://eventlet.readthedocs.io/en/latest/asyncio/migration.html
Aug 28 07:23:34 devstack devstack@g-api.service[75501]: import eventlet as _eventlet # noqa
Aug 28 07:23:34 devstack devstack@g-api.service[75500]: INFO glance.async_ [-] Threadpool model set to 'NativeThreadPoolModel'
Aug 28 07:23:34 devstack devstack@g-api.service[75501]: INFO glance.async_ [-] Threadpool model set to 'NativeThreadPoolModel'
Aug 28 07:23:34 devstack devstack@g-api.service[75500]: DEBUG oslo_concurrency.processutils [-] Running cmd (subprocess): grep -F node.session.scan /sbin/iscsiadm {{(pid=75500) execute /opt/stack/data/venv/lib/python3.12/site-packages/oslo_concurrency/processutils.py:440}}
Aug 28 07:23:34 devstack devstack@g-api.service[75500]: DEBUG oslo_concurrency.processutils [-] CMD "grep -F node.session.scan /sbin/iscsiadm" returned: 0 in 0.014s {{(pid=75500) execute /opt/stack/data/venv/lib/python3.12/site-packages/oslo_concurrency/processutils.py:468}}
Aug 28 07:23:34 devstack devstack@g-api.service[75501]: DEBUG oslo_concurrency.processutils [-] Running cmd (subprocess): grep -F node.session.scan /sbin/iscsiadm {{(pid=75501) execute /opt/stack/data/venv/lib/python3.12/site-packages/oslo_concurrency/processutils.py:440}}
Aug 28 07:23:34 devstack devstack@g-api.service[75501]: DEBUG oslo_concurrency.processutils [-] CMD "grep -F node.session.scan /sbin/iscsiadm" returned: 0 in 0.011s {{(pid=75501) execute /opt/stack/data/venv/lib/python3.12/site-packages/oslo_concurrency/processutils.py:468}}
Aug 28 07:23:35 devstack devstack@g-api.service[75500]: DEBUG glance_store.backend [-] Attempting to import store cinder {{(pid=75500) _load_store /opt/stack/data/venv/lib/python3.12/site-packages/glance_store/backend.py:215}}
Aug 28 07:23:35 devstack devstack@g-api.service[75500]: DEBUG glance_store.backend [-] Attempting to import store file {{(pid=75500) _load_store /opt/stack/data/venv/lib/python3.12/site-packages/glance_store/backend.py:215}}
Aug 28 07:23:35 devstack devstack@g-api.service[75500]: DEBUG glance_store.backend [-] Attempting to import store glance.store.cinder.Store {{(pid=75500) _load_store /opt/stack/data/venv/lib/python3.12/site-packages/glance_store/backend.py:215}}
Aug 28 07:23:35 devstack devstack@g-api.service[75500]: DEBUG glance_store.backend [-] Attempting to import store glance.store.filesystem.Store {{(pid=75500) _load_store /opt/stack/data/venv/lib/python3.12/site-packages/glance_store/backend.py:215}}
Aug 28 07:23:35 devstack devstack@g-api.service[75500]: DEBUG glance_store.backend [-] Attempting to import store glance.store.http.Store {{(pid=75500) _load_store /opt/stack/data/venv/lib/python3.12/site-packages/glance_store/backend.py:215}}
Aug 28 07:23:35 devstack devstack@g-api.service[75500]: DEBUG glance_store.backend [-] Attempting to import store glance.store.rbd.Store {{(pid=75500) _load_store /opt/stack/data/venv/lib/python3.12/site-packages/glance_store/backend.py:215}}
Aug 28 07:23:35 devstack devstack@g-api.service[75500]: DEBUG glance_store.backend [-] Attempting to import store glance.store.s3.Store {{(pid=75500) _load_store /opt/stack/data/venv/lib/python3.12/site-packages/glance_store/backend.py:215}}
Aug 28 07:23:35 devstack devstack@g-api.service[75500]: DEBUG glance_store.backend [-] Attempting to import store glance.store.swift.Store {{(pid=75500) _load_store /opt/stack/data/venv/lib/python3.12/site-packages/glance_store/backend.py:215}}
Aug 28 07:23:35 devstack devstack@g-api.service[75500]: DEBUG glance_store.backend [-] Attempting to import store glance.store.vmware_datastore.Store {{(pid=75500) _load_store /opt/stack/data/venv/lib/python3.12/site-packages/glance_store/backend.py:215}}
Aug 28 07:23:35 devstack devstack@g-api.service[75500]: DEBUG glance_store.backend [-] Attempting to import store http {{(pid=75500) _load_store /opt/stack/data/venv/lib/python3.12/site-packages/glance_store/backend.py:215}}
Aug 28 07:23:35 devstack devstack@g-api.service[75500]: DEBUG glance_store.backend [-] Attempting to import store no_conf {{(pid=75500) _load_store /opt/stack/data/venv/lib/python3.12/site-packages/glance_store/backend.py:215}}
Aug 28 07:23:35 devstack devstack@g-api.service[75500]: DEBUG glance_store.backend [-] Attempting to import store rbd {{(pid=75500) _load_store /opt/stack/data/venv/lib/python3.12/site-packages/glance_store/backend.py:215}}
Aug 28 07:23:35 devstack devstack@g-api.service[75500]: DEBUG glance_store.backend [-] Attempting to import store s3 {{(pid=75500) _load_store /opt/stack/data/venv/lib/python3.12/site-packages/glance_store/backend.py:215}}
Aug 28 07:23:35 devstack devstack@g-api.service[75500]: DEBUG glance_store.backend [-] Attempting to import store swift {{(pid=75500) _load_store /opt/stack/data/venv/lib/python3.12/site-packages/glance_store/backend.py:215}}
Aug 28 07:23:35 devstack devstack@g-api.service[75500]: DEBUG glance_store.backend [-] Attempting to import store vmware {{(pid=75500) _load_store /opt/stack/data/venv/lib/python3.12/site-packages/glance_store/backend.py:215}}
Aug 28 07:23:35 devstack devstack@g-api.service[75500]: DEBUG glance_store.backend [-] Registering options for group glance_store {{(pid=75500) register_opts /opt/stack/data/venv/lib/python3.12/site-packages/glance_store/backend.py:144}}
Aug 28 07:23:35 devstack devstack@g-api.service[75500]: DEBUG glance_store.backend [-] Registering options for group glance_store {{(pid=75500) register_opts /opt/stack/data/venv/lib/python3.12/site-packages/glance_store/backend.py:144}}
Aug 28 07:23:35 devstack devstack@g-api.service[75500]: DEBUG glance_store.backend [-] Attempting to import store file {{(pid=75500) _load_store /opt/stack/data/venv/lib/python3.12/site-packages/glance_store/backend.py:215}}
Aug 28 07:23:35 devstack devstack@g-api.service[75500]: DEBUG glance_store.capabilities [-] Store glance_store._drivers.filesystem.Store doesn't support updating dynamic storage capabilities. Please overwrite 'update_capabilities' method of the store to implement updating logics if needed. {{(pid=75500) update_capabilities /opt/stack/data/venv/lib/python3.12/site-packages/glance_store/capabilities.py:91}}
Aug 28 07:23:35 devstack devstack@g-api.service[75500]: DEBUG glance_store.backend [-] Registering store file with schemes ('file', 'filesystem') {{(pid=75500) create_stores /opt/stack/data/venv/lib/python3.12/site-packages/glance_store/backend.py:261}}
Aug 28 07:23:35 devstack devstack@g-api.service[75500]: DEBUG glance_store.driver [-] Late loading location class glance_store._drivers.filesystem.StoreLocation {{(pid=75500) get_store_location_class /opt/stack/data/venv/lib/python3.12/site-packages/glance_store/driver.py:134}}
Aug 28 07:23:35 devstack devstack@g-api.service[75500]: DEBUG glance_store.location [-] Registering scheme file with {'store': , 'location_class': , 'store_entry': 'file'} {{(pid=75500) register_scheme_map /opt/stack/data/venv/lib/python3.12/site-packages/glance_store/location.py:146}}
Aug 28 07:23:35 devstack devstack@g-api.service[75500]: DEBUG glance_store.location [-] Registering scheme filesystem with {'store': , 'location_class': , 'store_entry': 'file'} {{(pid=75500) register_scheme_map /opt/stack/data/venv/lib/python3.12/site-packages/glance_store/location.py:146}}
Aug 28 07:23:35 devstack devstack@g-api.service[75500]: DEBUG glance_store.backend [-] Attempting to import store http {{(pid=75500) _load_store /opt/stack/data/venv/lib/python3.12/site-packages/glance_store/backend.py:215}}
Aug 28 07:23:35 devstack devstack@g-api.service[75500]: DEBUG glance_store.capabilities [-] Store glance_store._drivers.http.Store doesn't support updating dynamic storage capabilities. Please overwrite 'update_capabilities' method of the store to implement updating logics if needed. {{(pid=75500) update_capabilities /opt/stack/data/venv/lib/python3.12/site-packages/glance_store/capabilities.py:91}}
Aug 28 07:23:35 devstack devstack@g-api.service[75500]: DEBUG glance_store.backend [-] Registering store http with schemes ('http', 'https') {{(pid=75500) create_stores /opt/stack/data/venv/lib/python3.12/site-packages/glance_store/backend.py:261}}
Aug 28 07:23:35 devstack devstack@g-api.service[75500]: DEBUG glance_store.driver [-] Late loading location class glance_store._drivers.http.StoreLocation {{(pid=75500) get_store_location_class /opt/stack/data/venv/lib/python3.12/site-packages/glance_store/driver.py:134}}
Aug 28 07:23:35 devstack devstack@g-api.service[75500]: DEBUG glance_store.location [-] Registering scheme http with {'store': , 'location_class': , 'store_entry': 'http'} {{(pid=75500) register_scheme_map /opt/stack/data/venv/lib/python3.12/site-packages/glance_store/location.py:146}}
Aug 28 07:23:35 devstack devstack@g-api.service[75500]: DEBUG glance_store.location [-] Registering scheme https with {'store': , 'location_class': , 'store_entry': 'http'} {{(pid=75500) register_scheme_map /opt/stack/data/venv/lib/python3.12/site-packages/glance_store/location.py:146}}
Aug 28 07:23:35 devstack devstack@g-api.service[75500]: DEBUG glance.sqlite_migration [-] SQLite caching database not located, skipping migration {{(pid=75500) get_db_path /opt/stack/glance/glance/sqlite_migration.py:68}}
Aug 28 07:23:35 devstack devstack@g-api.service[75500]: WARNING glance.common.wsgi_app [-] Import methods are enabled but staging directory /tmp/staging/ does not exist; Imports will fail!
Aug 28 07:23:35 devstack devstack@g-api.service[75501]: DEBUG glance_store.backend [-] Attempting to import store cinder {{(pid=75501) _load_store /opt/stack/data/venv/lib/python3.12/site-packages/glance_store/backend.py:215}}
Aug 28 07:23:35 devstack devstack@g-api.service[75501]: DEBUG glance_store.backend [-] Attempting to import store file {{(pid=75501) _load_store /opt/stack/data/venv/lib/python3.12/site-packages/glance_store/backend.py:215}}
Aug 28 07:23:35 devstack devstack@g-api.service[75501]: DEBUG glance_store.backend [-] Attempting to import store glance.store.cinder.Store {{(pid=75501) _load_store /opt/stack/data/venv/lib/python3.12/site-packages/glance_store/backend.py:215}}
Aug 28 07:23:35 devstack devstack@g-api.service[75501]: DEBUG glance_store.backend [-] Attempting to import store glance.store.filesystem.Store {{(pid=75501) _load_store /opt/stack/data/venv/lib/python3.12/site-packages/glance_store/backend.py:215}}
Aug 28 07:23:35 devstack devstack@g-api.service[75501]: DEBUG glance_store.backend [-] Attempting to import store glance.store.http.Store {{(pid=75501) _load_store /opt/stack/data/venv/lib/python3.12/site-packages/glance_store/backend.py:215}}
Aug 28 07:23:35 devstack devstack@g-api.service[75501]: DEBUG glance_store.backend [-] Attempting to import store glance.store.rbd.Store {{(pid=75501) _load_store /opt/stack/data/venv/lib/python3.12/site-packages/glance_store/backend.py:215}}
Aug 28 07:23:35 devstack devstack@g-api.service[75501]: DEBUG glance_store.backend [-] Attempting to import store glance.store.s3.Store {{(pid=75501) _load_store /opt/stack/data/venv/lib/python3.12/site-packages/glance_store/backend.py:215}}
Aug 28 07:23:35 devstack devstack@g-api.service[75501]: DEBUG glance_store.backend [-] Attempting to import store glance.store.swift.Store {{(pid=75501) _load_store /opt/stack/data/venv/lib/python3.12/site-packages/glance_store/backend.py:215}}
Aug 28 07:23:35 devstack devstack@g-api.service[75501]: DEBUG glance_store.backend [-] Attempting to import store glance.store.vmware_datastore.Store {{(pid=75501) _load_store /opt/stack/data/venv/lib/python3.12/site-packages/glance_store/backend.py:215}}
Aug 28 07:23:35 devstack devstack@g-api.service[75501]: DEBUG glance_store.backend [-] Attempting to import store http {{(pid=75501) _load_store /opt/stack/data/venv/lib/python3.12/site-packages/glance_store/backend.py:215}}
Aug 28 07:23:35 devstack devstack@g-api.service[75501]: DEBUG glance_store.backend [-] Attempting to import store no_conf {{(pid=75501) _load_store /opt/stack/data/venv/lib/python3.12/site-packages/glance_store/backend.py:215}}
Aug 28 07:23:35 devstack devstack@g-api.service[75501]: DEBUG glance_store.backend [-] Attempting to import store rbd {{(pid=75501) _load_store /opt/stack/data/venv/lib/python3.12/site-packages/glance_store/backend.py:215}}
Aug 28 07:23:35 devstack devstack@g-api.service[75501]: DEBUG glance_store.backend [-] Attempting to import store s3 {{(pid=75501) _load_store /opt/stack/data/venv/lib/python3.12/site-packages/glance_store/backend.py:215}}
Aug 28 07:23:35 devstack devstack@g-api.service[75501]: DEBUG glance_store.backend [-] Attempting to import store swift {{(pid=75501) _load_store /opt/stack/data/venv/lib/python3.12/site-packages/glance_store/backend.py:215}}
Aug 28 07:23:35 devstack devstack@g-api.service[75501]: DEBUG glance_store.backend [-] Attempting to import store vmware {{(pid=75501) _load_store /opt/stack/data/venv/lib/python3.12/site-packages/glance_store/backend.py:215}}
Aug 28 07:23:35 devstack devstack@g-api.service[75501]: DEBUG glance_store.backend [-] Registering options for group glance_store {{(pid=75501) register_opts /opt/stack/data/venv/lib/python3.12/site-packages/glance_store/backend.py:144}}
Aug 28 07:23:35 devstack devstack@g-api.service[75501]: DEBUG glance_store.backend [-] Registering options for group glance_store {{(pid=75501) register_opts /opt/stack/data/venv/lib/python3.12/site-packages/glance_store/backend.py:144}}
Aug 28 07:23:35 devstack devstack@g-api.service[75501]: DEBUG glance_store.backend [-] Attempting to import store file {{(pid=75501) _load_store /opt/stack/data/venv/lib/python3.12/site-packages/glance_store/backend.py:215}}
Aug 28 07:23:35 devstack devstack@g-api.service[75501]: DEBUG glance_store.capabilities [-] Store glance_store._drivers.filesystem.Store doesn't support updating dynamic storage capabilities. Please overwrite 'update_capabilities' method of the store to implement updating logics if needed. {{(pid=75501) update_capabilities /opt/stack/data/venv/lib/python3.12/site-packages/glance_store/capabilities.py:91}}
Aug 28 07:23:35 devstack devstack@g-api.service[75501]: DEBUG glance_store.backend [-] Registering store file with schemes ('file', 'filesystem') {{(pid=75501) create_stores /opt/stack/data/venv/lib/python3.12/site-packages/glance_store/backend.py:261}}
Aug 28 07:23:35 devstack devstack@g-api.service[75501]: DEBUG glance_store.driver [-] Late loading location class glance_store._drivers.filesystem.StoreLocation {{(pid=75501) get_store_location_class /opt/stack/data/venv/lib/python3.12/site-packages/glance_store/driver.py:134}}
Aug 28 07:23:35 devstack devstack@g-api.service[75501]: DEBUG glance_store.location [-] Registering scheme file with {'store': , 'location_class': , 'store_entry': 'file'} {{(pid=75501) register_scheme_map /opt/stack/data/venv/lib/python3.12/site-packages/glance_store/location.py:146}}
Aug 28 07:23:35 devstack devstack@g-api.service[75501]: DEBUG glance_store.location [-] Registering scheme filesystem with {'store': , 'location_class': , 'store_entry': 'file'} {{(pid=75501) register_scheme_map /opt/stack/data/venv/lib/python3.12/site-packages/glance_store/location.py:146}}
Aug 28 07:23:35 devstack devstack@g-api.service[75501]: DEBUG glance_store.backend [-] Attempting to import store http {{(pid=75501) _load_store /opt/stack/data/venv/lib/python3.12/site-packages/glance_store/backend.py:215}}
Aug 28 07:23:35 devstack devstack@g-api.service[75501]: DEBUG glance_store.capabilities [-] Store glance_store._drivers.http.Store doesn't support updating dynamic storage capabilities. Please overwrite 'update_capabilities' method of the store to implement updating logics if needed. {{(pid=75501) update_capabilities /opt/stack/data/venv/lib/python3.12/site-packages/glance_store/capabilities.py:91}}
Aug 28 07:23:35 devstack devstack@g-api.service[75501]: DEBUG glance_store.backend [-] Registering store http with schemes ('http', 'https') {{(pid=75501) create_stores /opt/stack/data/venv/lib/python3.12/site-packages/glance_store/backend.py:261}}
Aug 28 07:23:35 devstack devstack@g-api.service[75501]: DEBUG glance_store.driver [-] Late loading location class glance_store._drivers.http.StoreLocation {{(pid=75501) get_store_location_class /opt/stack/data/venv/lib/python3.12/site-packages/glance_store/driver.py:134}}
Aug 28 07:23:35 devstack devstack@g-api.service[75501]: DEBUG glance_store.location [-] Registering scheme http with {'store': , 'location_class': , 'store_entry': 'http'} {{(pid=75501) register_scheme_map /opt/stack/data/venv/lib/python3.12/site-packages/glance_store/location.py:146}}
Aug 28 07:23:35 devstack devstack@g-api.service[75501]: DEBUG glance_store.location [-] Registering scheme https with {'store': , 'location_class': , 'store_entry': 'http'} {{(pid=75501) register_scheme_map /opt/stack/data/venv/lib/python3.12/site-packages/glance_store/location.py:146}}
Aug 28 07:23:35 devstack devstack@g-api.service[75501]: DEBUG glance.sqlite_migration [-] SQLite caching database not located, skipping migration {{(pid=75501) get_db_path /opt/stack/glance/glance/sqlite_migration.py:68}}
Aug 28 07:23:35 devstack devstack@g-api.service[75501]: WARNING glance.common.wsgi_app [-] Import methods are enabled but staging directory /tmp/staging/ does not exist; Imports will fail!
Aug 28 07:23:36 devstack devstack@g-api.service[75500]: DEBUG glance.common.config [None req-77620542-396c-4749-b4ad-cc768c0f3060 None None] Loading glance-api-keystone+cachemanagement from /etc/glance/glance-api-paste.ini {{(pid=75500) load_paste_app /opt/stack/glance/glance/common/config.py:772}}
Aug 28 07:23:36 devstack devstack@g-api.service[75501]: DEBUG glance.common.config [None req-8d3dc3de-d6ef-4180-85f6-c68c0ba19775 None None] Loading glance-api-keystone+cachemanagement from /etc/glance/glance-api-paste.ini {{(pid=75501) load_paste_app /opt/stack/glance/glance/common/config.py:772}}
Aug 28 07:23:37 devstack devstack@g-api.service[75501]: INFO glance.image_cache [None req-8d3dc3de-d6ef-4180-85f6-c68c0ba19775 None None] Image cache loaded driver 'centralized_db'.
Aug 28 07:23:37 devstack devstack@g-api.service[75500]: INFO glance.image_cache [None req-77620542-396c-4749-b4ad-cc768c0f3060 None None] Image cache loaded driver 'centralized_db'.
Aug 28 07:23:37 devstack devstack@g-api.service[75500]: INFO dbcounter [None req-77620542-396c-4749-b4ad-cc768c0f3060 None None] Registered counter for database glance
Aug 28 07:23:37 devstack devstack@g-api.service[75501]: INFO dbcounter [None req-8d3dc3de-d6ef-4180-85f6-c68c0ba19775 None None] Registered counter for database glance
Aug 28 07:23:37 devstack devstack@g-api.service[75500]: DEBUG oslo_db.sqlalchemy.engines [None req-77620542-396c-4749-b4ad-cc768c0f3060 None None] MySQL server mode set to STRICT_TRANS_TABLES,STRICT_ALL_TABLES,NO_ZERO_IN_DATE,NO_ZERO_DATE,ERROR_FOR_DIVISION_BY_ZERO,TRADITIONAL,NO_ENGINE_SUBSTITUTION {{(pid=75500) _check_effective_sql_mode /opt/stack/data/venv/lib/python3.12/site-packages/oslo_db/sqlalchemy/engines.py:325}}
Aug 28 07:23:37 devstack devstack@g-api.service[75501]: DEBUG oslo_db.sqlalchemy.engines [None req-8d3dc3de-d6ef-4180-85f6-c68c0ba19775 None None] MySQL server mode set to STRICT_TRANS_TABLES,STRICT_ALL_TABLES,NO_ZERO_IN_DATE,NO_ZERO_DATE,ERROR_FOR_DIVISION_BY_ZERO,TRADITIONAL,NO_ENGINE_SUBSTITUTION {{(pid=75501) _check_effective_sql_mode /opt/stack/data/venv/lib/python3.12/site-packages/oslo_db/sqlalchemy/engines.py:325}}
Aug 28 07:23:37 devstack devstack@g-api.service[75500]: DEBUG dbcounter [-] [75500] Writer thread running {{(pid=75500) stat_writer /opt/stack/data/venv/lib/python3.12/site-packages/dbcounter.py:102}}
Aug 28 07:23:37 devstack devstack@g-api.service[75501]: DEBUG dbcounter [-] [75501] Writer thread running {{(pid=75501) stat_writer /opt/stack/data/venv/lib/python3.12/site-packages/dbcounter.py:102}}
Aug 28 07:23:37 devstack devstack@g-api.service[75501]: DEBUG glance.image_cache.drivers.centralized_db [None req-8d3dc3de-d6ef-4180-85f6-c68c0ba19775 None None] Node reference is already recorded, ignoring it {{(pid=75501) configure /opt/stack/glance/glance/image_cache/drivers/centralized_db.py:71}}
Aug 28 07:23:37 devstack devstack@g-api.service[75500]: INFO glance.image_cache [None req-77620542-396c-4749-b4ad-cc768c0f3060 None None] Image cache loaded driver 'centralized_db'.
Aug 28 07:23:37 devstack devstack@g-api.service[75501]: INFO glance.image_cache [None req-8d3dc3de-d6ef-4180-85f6-c68c0ba19775 None None] Image cache loaded driver 'centralized_db'.
Aug 28 07:23:37 devstack devstack@g-api.service[75500]: DEBUG glance.image_cache.drivers.centralized_db [None req-77620542-396c-4749-b4ad-cc768c0f3060 None None] Node reference is already recorded, ignoring it {{(pid=75500) configure /opt/stack/glance/glance/image_cache/drivers/centralized_db.py:71}}
Aug 28 07:23:37 devstack devstack@g-api.service[75500]: DEBUG glance.api.v2.cached_images [None req-77620542-396c-4749-b4ad-cc768c0f3060 None None] Started cache worker thread {{(pid=75500) __init__ /opt/stack/glance/glance/api/v2/cached_images.py:71}}
Aug 28 07:23:37 devstack devstack@g-api.service[75500]: INFO glance.image_cache [None req-77620542-396c-4749-b4ad-cc768c0f3060 None None] Image cache loaded driver 'centralized_db'.
Aug 28 07:23:37 devstack devstack@g-api.service[75501]: DEBUG glance.image_cache.drivers.centralized_db [None req-8d3dc3de-d6ef-4180-85f6-c68c0ba19775 None None] Node reference is already recorded, ignoring it {{(pid=75501) configure /opt/stack/glance/glance/image_cache/drivers/centralized_db.py:71}}
Aug 28 07:23:37 devstack devstack@g-api.service[75501]: DEBUG glance.api.v2.cached_images [None req-8d3dc3de-d6ef-4180-85f6-c68c0ba19775 None None] Started cache worker thread {{(pid=75501) __init__ /opt/stack/glance/glance/api/v2/cached_images.py:71}}
Aug 28 07:23:37 devstack devstack@g-api.service[75500]: DEBUG glance.image_cache.drivers.centralized_db [None req-77620542-396c-4749-b4ad-cc768c0f3060 None None] Node reference is already recorded, ignoring it {{(pid=75500) configure /opt/stack/glance/glance/image_cache/drivers/centralized_db.py:71}}
Aug 28 07:23:37 devstack devstack@g-api.service[75501]: INFO glance.image_cache [None req-8d3dc3de-d6ef-4180-85f6-c68c0ba19775 None None] Image cache loaded driver 'centralized_db'.
Aug 28 07:23:38 devstack devstack@g-api.service[75500]: INFO glance.api.middleware.cache_manage [None req-77620542-396c-4749-b4ad-cc768c0f3060 None None] Initialized image cache management middleware
Aug 28 07:23:38 devstack devstack@g-api.service[75500]: INFO glance.image_cache [None req-77620542-396c-4749-b4ad-cc768c0f3060 None None] Image cache loaded driver 'centralized_db'.
Aug 28 07:23:38 devstack devstack@g-api.service[75501]: DEBUG glance.image_cache.drivers.centralized_db [None req-8d3dc3de-d6ef-4180-85f6-c68c0ba19775 None None] Node reference is already recorded, ignoring it {{(pid=75501) configure /opt/stack/glance/glance/image_cache/drivers/centralized_db.py:71}}
Aug 28 07:23:38 devstack devstack@g-api.service[75500]: DEBUG glance.image_cache.drivers.centralized_db [None req-77620542-396c-4749-b4ad-cc768c0f3060 None None] Node reference is already recorded, ignoring it {{(pid=75500) configure /opt/stack/glance/glance/image_cache/drivers/centralized_db.py:71}}
Aug 28 07:23:38 devstack devstack@g-api.service[75501]: INFO glance.api.middleware.cache_manage [None req-8d3dc3de-d6ef-4180-85f6-c68c0ba19775 None None] Initialized image cache management middleware
Aug 28 07:23:38 devstack devstack@g-api.service[75501]: INFO glance.image_cache [None req-8d3dc3de-d6ef-4180-85f6-c68c0ba19775 None None] Image cache loaded driver 'centralized_db'.
Aug 28 07:23:38 devstack devstack@g-api.service[75500]: INFO glance.api.middleware.cache [None req-77620542-396c-4749-b4ad-cc768c0f3060 None None] Initialized image cache middleware
Aug 28 07:23:38 devstack devstack@g-api.service[75501]: DEBUG glance.image_cache.drivers.centralized_db [None req-8d3dc3de-d6ef-4180-85f6-c68c0ba19775 None None] Node reference is already recorded, ignoring it {{(pid=75501) configure /opt/stack/glance/glance/image_cache/drivers/centralized_db.py:71}}
Aug 28 07:23:38 devstack devstack@g-api.service[75501]: INFO glance.api.middleware.cache [None req-8d3dc3de-d6ef-4180-85f6-c68c0ba19775 None None] Initialized image cache middleware
Aug 28 07:23:38 devstack devstack@g-api.service[75500]: DEBUG glance.common.config [None req-77620542-396c-4749-b4ad-cc768c0f3060 None None] ******************************************************************************** {{(pid=75500) log_opt_values /opt/stack/data/venv/lib/python3.12/site-packages/oslo_config/cfg.py:3533}}
Aug 28 07:23:38 devstack devstack@g-api.service[75500]: DEBUG glance.common.config [None req-77620542-396c-4749-b4ad-cc768c0f3060 None None] Configuration options gathered from: {{(pid=75500) log_opt_values /opt/stack/data/venv/lib/python3.12/site-packages/oslo_config/cfg.py:3534}}
Aug 28 07:23:38 devstack devstack@g-api.service[75500]: DEBUG glance.common.config [None req-77620542-396c-4749-b4ad-cc768c0f3060 None None] command line args: [] {{(pid=75500) log_opt_values /opt/stack/data/venv/lib/python3.12/site-packages/oslo_config/cfg.py:3535}}
Aug 28 07:23:38 devstack devstack@g-api.service[75500]: DEBUG glance.common.config [None req-77620542-396c-4749-b4ad-cc768c0f3060 None None] config files: ['/etc/glance/glance-image-import.conf', '/etc/glance/glance-api.conf'] {{(pid=75500) log_opt_values /opt/stack/data/venv/lib/python3.12/site-packages/oslo_config/cfg.py:3536}}
Aug 28 07:23:38 devstack devstack@g-api.service[75500]: DEBUG glance.common.config [None req-77620542-396c-4749-b4ad-cc768c0f3060 None None] ================================================================================ {{(pid=75500) log_opt_values /opt/stack/data/venv/lib/python3.12/site-packages/oslo_config/cfg.py:3541}}
Aug 28 07:23:38 devstack devstack@g-api.service[75500]: DEBUG glance.common.config [None req-77620542-396c-4749-b4ad-cc768c0f3060 None None] allow_anonymous_access = False {{(pid=75500) log_opt_values /opt/stack/data/venv/lib/python3.12/site-packages/oslo_config/cfg.py:3549}}
Aug 28 07:23:38 devstack devstack@g-api.service[75500]: DEBUG glance.common.config [None req-77620542-396c-4749-b4ad-cc768c0f3060 None None] api_limit_max = 1000 {{(pid=75500) log_opt_values /opt/stack/data/venv/lib/python3.12/site-packages/oslo_config/cfg.py:3549}}
Aug 28 07:23:38 devstack devstack@g-api.service[75500]: DEBUG glance.common.config [None req-77620542-396c-4749-b4ad-cc768c0f3060 None None] config_dir = [] {{(pid=75500) log_opt_values /opt/stack/data/venv/lib/python3.12/site-packages/oslo_config/cfg.py:3549}}
Aug 28 07:23:38 devstack devstack@g-api.service[75500]: DEBUG glance.common.config [None req-77620542-396c-4749-b4ad-cc768c0f3060 None None] config_file = ['/etc/glance/glance-image-import.conf', '/etc/glance/glance-api.conf'] {{(pid=75500) log_opt_values /opt/stack/data/venv/lib/python3.12/site-packages/oslo_config/cfg.py:3549}}
Aug 28 07:23:38 devstack devstack@g-api.service[75500]: DEBUG glance.common.config [None req-77620542-396c-4749-b4ad-cc768c0f3060 None None] config_source = [] {{(pid=75500) log_opt_values /opt/stack/data/venv/lib/python3.12/site-packages/oslo_config/cfg.py:3549}}
Aug 28 07:23:38 devstack devstack@g-api.service[75500]: DEBUG glance.common.config [None req-77620542-396c-4749-b4ad-cc768c0f3060 None None] control_exchange = glance {{(pid=75500) log_opt_values /opt/stack/data/venv/lib/python3.12/site-packages/oslo_config/cfg.py:3549}}
Aug 28 07:23:38 devstack devstack@g-api.service[75500]: DEBUG glance.common.config [None req-77620542-396c-4749-b4ad-cc768c0f3060 None None] debug = True {{(pid=75500) log_opt_values /opt/stack/data/venv/lib/python3.12/site-packages/oslo_config/cfg.py:3549}}
Aug 28 07:23:38 devstack devstack@g-api.service[75500]: DEBUG glance.common.config [None req-77620542-396c-4749-b4ad-cc768c0f3060 None None] default_log_levels = ['amqp=WARN', 'boto=WARN', 'sqlalchemy=WARN', 'suds=INFO', 'oslo.messaging=INFO', 'oslo_messaging=INFO', 'iso8601=WARN', 'requests.packages.urllib3.connectionpool=WARN', 'urllib3.connectionpool=WARN', 'websocket=WARN', 'requests.packages.urllib3.util.retry=WARN', 'urllib3.util.retry=WARN', 'keystonemiddleware=WARN', 'routes.middleware=WARN', 'stevedore=WARN', 'taskflow=WARN', 'keystoneauth=WARN', 'oslo.cache=INFO', 'oslo_policy=INFO', 'dogpile.core.dogpile=INFO'] {{(pid=75500) log_opt_values /opt/stack/data/venv/lib/python3.12/site-packages/oslo_config/cfg.py:3549}}
Aug 28 07:23:38 devstack devstack@g-api.service[75500]: DEBUG glance.common.config [None req-77620542-396c-4749-b4ad-cc768c0f3060 None None] default_publisher_id = image.localhost {{(pid=75500) log_opt_values /opt/stack/data/venv/lib/python3.12/site-packages/oslo_config/cfg.py:3549}}
Aug 28 07:23:38 devstack devstack@g-api.service[75500]: DEBUG glance.common.config [None req-77620542-396c-4749-b4ad-cc768c0f3060 None None] delayed_delete = False {{(pid=75500) log_opt_values /opt/stack/data/venv/lib/python3.12/site-packages/oslo_config/cfg.py:3549}}
Aug 28 07:23:38 devstack devstack@g-api.service[75500]: DEBUG glance.common.config [None req-77620542-396c-4749-b4ad-cc768c0f3060 None None] digest_algorithm = sha256 {{(pid=75500) log_opt_values /opt/stack/data/venv/lib/python3.12/site-packages/oslo_config/cfg.py:3549}}
Aug 28 07:23:38 devstack devstack@g-api.service[75500]: DEBUG glance.common.config [None req-77620542-396c-4749-b4ad-cc768c0f3060 None None] disabled_notifications = [] {{(pid=75500) log_opt_values /opt/stack/data/venv/lib/python3.12/site-packages/oslo_config/cfg.py:3549}}
Aug 28 07:23:38 devstack devstack@g-api.service[75500]: DEBUG glance.common.config [None req-77620542-396c-4749-b4ad-cc768c0f3060 None None] do_secure_hash = True {{(pid=75500) log_opt_values /opt/stack/data/venv/lib/python3.12/site-packages/oslo_config/cfg.py:3549}}
Aug 28 07:23:38 devstack devstack@g-api.service[75500]: DEBUG glance.common.config [None req-77620542-396c-4749-b4ad-cc768c0f3060 None None] enabled_backends = None {{(pid=75500) log_opt_values /opt/stack/data/venv/lib/python3.12/site-packages/oslo_config/cfg.py:3549}}
Aug 28 07:23:38 devstack devstack@g-api.service[75500]: DEBUG glance.common.config [None req-77620542-396c-4749-b4ad-cc768c0f3060 None None] enabled_import_methods = ['glance-direct', 'web-download', 'copy-image'] {{(pid=75500) log_opt_values /opt/stack/data/venv/lib/python3.12/site-packages/oslo_config/cfg.py:3549}}
Aug 28 07:23:38 devstack devstack@g-api.service[75500]: DEBUG glance.common.config [None req-77620542-396c-4749-b4ad-cc768c0f3060 None None] hashing_algorithm = sha512 {{(pid=75500) log_opt_values /opt/stack/data/venv/lib/python3.12/site-packages/oslo_config/cfg.py:3549}}
Aug 28 07:23:38 devstack devstack@g-api.service[75500]: DEBUG glance.common.config [None req-77620542-396c-4749-b4ad-cc768c0f3060 None None] http_retries = 3 {{(pid=75500) log_opt_values /opt/stack/data/venv/lib/python3.12/site-packages/oslo_config/cfg.py:3549}}
Aug 28 07:23:38 devstack devstack@g-api.service[75500]: DEBUG glance.common.config [None req-77620542-396c-4749-b4ad-cc768c0f3060 None None] image_cache_dir = /opt/stack/data/glance/cache/ {{(pid=75500) log_opt_values /opt/stack/data/venv/lib/python3.12/site-packages/oslo_config/cfg.py:3549}}
Aug 28 07:23:38 devstack devstack@g-api.service[75500]: DEBUG glance.common.config [None req-77620542-396c-4749-b4ad-cc768c0f3060 None None] image_cache_driver = centralized_db {{(pid=75500) log_opt_values /opt/stack/data/venv/lib/python3.12/site-packages/oslo_config/cfg.py:3549}}
Aug 28 07:23:38 devstack devstack@g-api.service[75500]: DEBUG glance.common.config [None req-77620542-396c-4749-b4ad-cc768c0f3060 None None] image_cache_max_size = 10737418240 {{(pid=75500) log_opt_values /opt/stack/data/venv/lib/python3.12/site-packages/oslo_config/cfg.py:3549}}
Aug 28 07:23:38 devstack devstack@g-api.service[75500]: DEBUG glance.common.config [None req-77620542-396c-4749-b4ad-cc768c0f3060 None None] image_cache_sqlite_db = cache.db {{(pid=75500) log_opt_values /opt/stack/data/venv/lib/python3.12/site-packages/oslo_config/cfg.py:3549}}
Aug 28 07:23:38 devstack devstack@g-api.service[75500]: DEBUG glance.common.config [None req-77620542-396c-4749-b4ad-cc768c0f3060 None None] image_cache_stall_time = 86400 {{(pid=75500) log_opt_values /opt/stack/data/venv/lib/python3.12/site-packages/oslo_config/cfg.py:3549}}
Aug 28 07:23:38 devstack devstack@g-api.service[75500]: DEBUG glance.common.config [None req-77620542-396c-4749-b4ad-cc768c0f3060 None None] image_location_quota = 10 {{(pid=75500) log_opt_values /opt/stack/data/venv/lib/python3.12/site-packages/oslo_config/cfg.py:3549}}
Aug 28 07:23:38 devstack devstack@g-api.service[75500]: DEBUG glance.common.config [None req-77620542-396c-4749-b4ad-cc768c0f3060 None None] image_member_quota = 128 {{(pid=75500) log_opt_values /opt/stack/data/venv/lib/python3.12/site-packages/oslo_config/cfg.py:3549}}
Aug 28 07:23:38 devstack devstack@g-api.service[75500]: DEBUG glance.common.config [None req-77620542-396c-4749-b4ad-cc768c0f3060 None None] image_property_quota = 128 {{(pid=75500) log_opt_values /opt/stack/data/venv/lib/python3.12/site-packages/oslo_config/cfg.py:3549}}
Aug 28 07:23:38 devstack devstack@g-api.service[75500]: DEBUG glance.common.config [None req-77620542-396c-4749-b4ad-cc768c0f3060 None None] image_size_cap = 1099511627776 {{(pid=75500) log_opt_values /opt/stack/data/venv/lib/python3.12/site-packages/oslo_config/cfg.py:3549}}
Aug 28 07:23:38 devstack devstack@g-api.service[75500]: DEBUG glance.common.config [None req-77620542-396c-4749-b4ad-cc768c0f3060 None None] image_tag_quota = 128 {{(pid=75500) log_opt_values /opt/stack/data/venv/lib/python3.12/site-packages/oslo_config/cfg.py:3549}}
Aug 28 07:23:38 devstack devstack@g-api.service[75500]: DEBUG glance.common.config [None req-77620542-396c-4749-b4ad-cc768c0f3060 None None] instance_format = [instance: %(uuid)s] {{(pid=75500) log_opt_values /opt/stack/data/venv/lib/python3.12/site-packages/oslo_config/cfg.py:3549}}
Aug 28 07:23:38 devstack devstack@g-api.service[75500]: DEBUG glance.common.config [None req-77620542-396c-4749-b4ad-cc768c0f3060 None None] instance_uuid_format = [instance: %(uuid)s] {{(pid=75500) log_opt_values /opt/stack/data/venv/lib/python3.12/site-packages/oslo_config/cfg.py:3549}}
Aug 28 07:23:38 devstack devstack@g-api.service[75500]: DEBUG glance.common.config [None req-77620542-396c-4749-b4ad-cc768c0f3060 None None] limit_param_default = 25 {{(pid=75500) log_opt_values /opt/stack/data/venv/lib/python3.12/site-packages/oslo_config/cfg.py:3549}}
Aug 28 07:23:38 devstack devstack@g-api.service[75500]: DEBUG glance.common.config [None req-77620542-396c-4749-b4ad-cc768c0f3060 None None] log_color = False {{(pid=75500) log_opt_values /opt/stack/data/venv/lib/python3.12/site-packages/oslo_config/cfg.py:3549}}
Aug 28 07:23:38 devstack devstack@g-api.service[75500]: DEBUG glance.common.config [None req-77620542-396c-4749-b4ad-cc768c0f3060 None None] log_config_append = None {{(pid=75500) log_opt_values /opt/stack/data/venv/lib/python3.12/site-packages/oslo_config/cfg.py:3549}}
Aug 28 07:23:38 devstack devstack@g-api.service[75500]: DEBUG glance.common.config [None req-77620542-396c-4749-b4ad-cc768c0f3060 None None] log_date_format = %Y-%m-%d %H:%M:%S {{(pid=75500) log_opt_values /opt/stack/data/venv/lib/python3.12/site-packages/oslo_config/cfg.py:3549}}
Aug 28 07:23:38 devstack devstack@g-api.service[75500]: DEBUG glance.common.config [None req-77620542-396c-4749-b4ad-cc768c0f3060 None None] log_dir = None {{(pid=75500) log_opt_values /opt/stack/data/venv/lib/python3.12/site-packages/oslo_config/cfg.py:3549}}
Aug 28 07:23:38 devstack devstack@g-api.service[75500]: DEBUG glance.common.config [None req-77620542-396c-4749-b4ad-cc768c0f3060 None None] log_file = None {{(pid=75500) log_opt_values /opt/stack/data/venv/lib/python3.12/site-packages/oslo_config/cfg.py:3549}}
Aug 28 07:23:38 devstack devstack@g-api.service[75500]: DEBUG glance.common.config [None req-77620542-396c-4749-b4ad-cc768c0f3060 None None] log_rotate_interval = 1 {{(pid=75500) log_opt_values /opt/stack/data/venv/lib/python3.12/site-packages/oslo_config/cfg.py:3549}}
Aug 28 07:23:38 devstack devstack@g-api.service[75500]: DEBUG glance.common.config [None req-77620542-396c-4749-b4ad-cc768c0f3060 None None] log_rotate_interval_type = days {{(pid=75500) log_opt_values /opt/stack/data/venv/lib/python3.12/site-packages/oslo_config/cfg.py:3549}}
Aug 28 07:23:38 devstack devstack@g-api.service[75500]: DEBUG glance.common.config [None req-77620542-396c-4749-b4ad-cc768c0f3060 None None] log_rotation_type = none {{(pid=75500) log_opt_values /opt/stack/data/venv/lib/python3.12/site-packages/oslo_config/cfg.py:3549}}
Aug 28 07:23:38 devstack devstack@g-api.service[75500]: DEBUG glance.common.config [None req-77620542-396c-4749-b4ad-cc768c0f3060 None None] logging_context_format_string = %(color)s%(levelname)s %(name)s [%(global_request_id)s %(request_id)s %(project_name)s %(user_name)s%(color)s] %(instance)s%(color)s%(message)s {{(pid=75500) log_opt_values /opt/stack/data/venv/lib/python3.12/site-packages/oslo_config/cfg.py:3549}}
Aug 28 07:23:38 devstack devstack@g-api.service[75500]: DEBUG glance.common.config [None req-77620542-396c-4749-b4ad-cc768c0f3060 None None] logging_debug_format_suffix = {{(pid=%(process)d) %(funcName)s %(pathname)s:%(lineno)d}} {{(pid=75500) log_opt_values /opt/stack/data/venv/lib/python3.12/site-packages/oslo_config/cfg.py:3549}}
Aug 28 07:23:38 devstack devstack@g-api.service[75500]: DEBUG glance.common.config [None req-77620542-396c-4749-b4ad-cc768c0f3060 None None] logging_default_format_string = %(color)s%(levelname)s %(name)s [-%(color)s] %(instance)s%(color)s%(message)s {{(pid=75500) log_opt_values /opt/stack/data/venv/lib/python3.12/site-packages/oslo_config/cfg.py:3549}}
Aug 28 07:23:38 devstack devstack@g-api.service[75500]: DEBUG glance.common.config [None req-77620542-396c-4749-b4ad-cc768c0f3060 None None] logging_exception_prefix = ERROR %(name)s %(instance)s {{(pid=75500) log_opt_values /opt/stack/data/venv/lib/python3.12/site-packages/oslo_config/cfg.py:3549}}
Aug 28 07:23:38 devstack devstack@g-api.service[75500]: DEBUG glance.common.config [None req-77620542-396c-4749-b4ad-cc768c0f3060 None None] logging_user_identity_format = %(user)s %(project)s %(domain)s %(system_scope)s %(user_domain)s %(project_domain)s {{(pid=75500) log_opt_values /opt/stack/data/venv/lib/python3.12/site-packages/oslo_config/cfg.py:3549}}
Aug 28 07:23:38 devstack devstack@g-api.service[75500]: DEBUG glance.common.config [None req-77620542-396c-4749-b4ad-cc768c0f3060 None None] max_logfile_count = 30 {{(pid=75500) log_opt_values /opt/stack/data/venv/lib/python3.12/site-packages/oslo_config/cfg.py:3549}}
Aug 28 07:23:38 devstack devstack@g-api.service[75500]: DEBUG glance.common.config [None req-77620542-396c-4749-b4ad-cc768c0f3060 None None] max_logfile_size_mb = 200 {{(pid=75500) log_opt_values /opt/stack/data/venv/lib/python3.12/site-packages/oslo_config/cfg.py:3549}}
Aug 28 07:23:38 devstack devstack@g-api.service[75500]: DEBUG glance.common.config [None req-77620542-396c-4749-b4ad-cc768c0f3060 None None] max_request_id_length = 64 {{(pid=75500) log_opt_values /opt/stack/data/venv/lib/python3.12/site-packages/oslo_config/cfg.py:3549}}
Aug 28 07:23:38 devstack devstack@g-api.service[75500]: DEBUG glance.common.config [None req-77620542-396c-4749-b4ad-cc768c0f3060 None None] metadata_encryption_key = **** {{(pid=75500) log_opt_values /opt/stack/data/venv/lib/python3.12/site-packages/oslo_config/cfg.py:3549}}
Aug 28 07:23:38 devstack devstack@g-api.service[75500]: DEBUG glance.common.config [None req-77620542-396c-4749-b4ad-cc768c0f3060 None None] node_staging_uri = file:///tmp/staging/ {{(pid=75500) log_opt_values /opt/stack/data/venv/lib/python3.12/site-packages/oslo_config/cfg.py:3549}}
Aug 28 07:23:38 devstack devstack@g-api.service[75500]: DEBUG glance.common.config [None req-77620542-396c-4749-b4ad-cc768c0f3060 None None] property_protection_file = None {{(pid=75500) log_opt_values /opt/stack/data/venv/lib/python3.12/site-packages/oslo_config/cfg.py:3549}}
Aug 28 07:23:38 devstack devstack@g-api.service[75500]: DEBUG glance.common.config [None req-77620542-396c-4749-b4ad-cc768c0f3060 None None] property_protection_rule_format = roles {{(pid=75500) log_opt_values /opt/stack/data/venv/lib/python3.12/site-packages/oslo_config/cfg.py:3549}}
Aug 28 07:23:38 devstack devstack@g-api.service[75500]: DEBUG glance.common.config [None req-77620542-396c-4749-b4ad-cc768c0f3060 None None] public_endpoint = http://192.168.122.46/image {{(pid=75500) log_opt_values /opt/stack/data/venv/lib/python3.12/site-packages/oslo_config/cfg.py:3549}}
Aug 28 07:23:38 devstack devstack@g-api.service[75500]: DEBUG glance.common.config [None req-77620542-396c-4749-b4ad-cc768c0f3060 None None] publish_errors = False {{(pid=75500) log_opt_values /opt/stack/data/venv/lib/python3.12/site-packages/oslo_config/cfg.py:3549}}
Aug 28 07:23:38 devstack devstack@g-api.service[75500]: DEBUG glance.common.config [None req-77620542-396c-4749-b4ad-cc768c0f3060 None None] pydev_worker_debug_host = None {{(pid=75500) log_opt_values /opt/stack/data/venv/lib/python3.12/site-packages/oslo_config/cfg.py:3549}}
Aug 28 07:23:38 devstack devstack@g-api.service[75500]: DEBUG glance.common.config [None req-77620542-396c-4749-b4ad-cc768c0f3060 None None] pydev_worker_debug_port = 5678 {{(pid=75500) log_opt_values /opt/stack/data/venv/lib/python3.12/site-packages/oslo_config/cfg.py:3549}}
Aug 28 07:23:38 devstack devstack@g-api.service[75500]: DEBUG glance.common.config [None req-77620542-396c-4749-b4ad-cc768c0f3060 None None] rate_limit_burst = 0 {{(pid=75500) log_opt_values /opt/stack/data/venv/lib/python3.12/site-packages/oslo_config/cfg.py:3549}}
Aug 28 07:23:38 devstack devstack@g-api.service[75500]: DEBUG glance.common.config [None req-77620542-396c-4749-b4ad-cc768c0f3060 None None] rate_limit_except_level = CRITICAL {{(pid=75500) log_opt_values /opt/stack/data/venv/lib/python3.12/site-packages/oslo_config/cfg.py:3549}}
Aug 28 07:23:38 devstack devstack@g-api.service[75500]: DEBUG glance.common.config [None req-77620542-396c-4749-b4ad-cc768c0f3060 None None] rate_limit_interval = 0 {{(pid=75500) log_opt_values /opt/stack/data/venv/lib/python3.12/site-packages/oslo_config/cfg.py:3549}}
Aug 28 07:23:38 devstack devstack@g-api.service[75501]: DEBUG glance.common.config [None req-8d3dc3de-d6ef-4180-85f6-c68c0ba19775 None None] ******************************************************************************** {{(pid=75501) log_opt_values /opt/stack/data/venv/lib/python3.12/site-packages/oslo_config/cfg.py:3533}}
Aug 28 07:23:38 devstack devstack@g-api.service[75501]: DEBUG glance.common.config [None req-8d3dc3de-d6ef-4180-85f6-c68c0ba19775 None None] Configuration options gathered from: {{(pid=75501) log_opt_values /opt/stack/data/venv/lib/python3.12/site-packages/oslo_config/cfg.py:3534}}
Aug 28 07:23:38 devstack devstack@g-api.service[75500]: DEBUG glance.common.config [None req-77620542-396c-4749-b4ad-cc768c0f3060 None None] scrub_pool_size = 1 {{(pid=75500) log_opt_values /opt/stack/data/venv/lib/python3.12/site-packages/oslo_config/cfg.py:3549}}
Aug 28 07:23:38 devstack devstack@g-api.service[75500]: DEBUG glance.common.config [None req-77620542-396c-4749-b4ad-cc768c0f3060 None None] scrub_time = 0 {{(pid=75500) log_opt_values /opt/stack/data/venv/lib/python3.12/site-packages/oslo_config/cfg.py:3549}}
Aug 28 07:23:38 devstack devstack@g-api.service[75500]: DEBUG glance.common.config [None req-77620542-396c-4749-b4ad-cc768c0f3060 None None] shell_completion = None {{(pid=75500) log_opt_values /opt/stack/data/venv/lib/python3.12/site-packages/oslo_config/cfg.py:3549}}
Aug 28 07:23:38 devstack devstack@g-api.service[75501]: DEBUG glance.common.config [None req-8d3dc3de-d6ef-4180-85f6-c68c0ba19775 None None] command line args: [] {{(pid=75501) log_opt_values /opt/stack/data/venv/lib/python3.12/site-packages/oslo_config/cfg.py:3535}}
Aug 28 07:23:38 devstack devstack@g-api.service[75500]: DEBUG glance.common.config [None req-77620542-396c-4749-b4ad-cc768c0f3060 None None] show_image_direct_url = False {{(pid=75500) log_opt_values /opt/stack/data/venv/lib/python3.12/site-packages/oslo_config/cfg.py:3549}}
Aug 28 07:23:38 devstack devstack@g-api.service[75501]: DEBUG glance.common.config [None req-8d3dc3de-d6ef-4180-85f6-c68c0ba19775 None None] config files: ['/etc/glance/glance-image-import.conf', '/etc/glance/glance-api.conf'] {{(pid=75501) log_opt_values /opt/stack/data/venv/lib/python3.12/site-packages/oslo_config/cfg.py:3536}}
Aug 28 07:23:38 devstack devstack@g-api.service[75501]: DEBUG glance.common.config [None req-8d3dc3de-d6ef-4180-85f6-c68c0ba19775 None None] ================================================================================ {{(pid=75501) log_opt_values /opt/stack/data/venv/lib/python3.12/site-packages/oslo_config/cfg.py:3541}}
