Feb 11 16:57:06 devstack devstack@n-api.service[58627]: [uWSGI] getting INI configuration from /etc/nova/nova-api-uwsgi.ini
Feb 11 16:57:06 devstack devstack@n-api.service[58627]: *** Starting uWSGI 2.0.20-debian (64bit) on [Wed Feb 11 16:57:06 2026] ***
Feb 11 16:57:06 devstack devstack@n-api.service[58627]: compiled with version: 11.2.0 on 21 March 2022 11:00:44
Feb 11 16:57:06 devstack devstack@n-api.service[58627]: os: Linux-5.15.0-170-generic #180-Ubuntu SMP Fri Jan 9 16:10:31 UTC 2026
Feb 11 16:57:06 devstack devstack@n-api.service[58627]: nodename: devstack
Feb 11 16:57:06 devstack devstack@n-api.service[58627]: machine: x86_64
Feb 11 16:57:06 devstack devstack@n-api.service[58627]: clock source: unix
Feb 11 16:57:06 devstack devstack@n-api.service[58627]: pcre jit disabled
Feb 11 16:57:06 devstack devstack@n-api.service[58627]: detected number of CPU cores: 4
Feb 11 16:57:06 devstack devstack@n-api.service[58627]: current working directory: /
Feb 11 16:57:06 devstack devstack@n-api.service[58627]: detected binary path: /usr/bin/uwsgi-core
Feb 11 16:57:06 devstack devstack@n-api.service[58627]: your processes number limit is 47368
Feb 11 16:57:06 devstack devstack@n-api.service[58627]: your memory page size is 4096 bytes
Feb 11 16:57:06 devstack devstack@n-api.service[58627]: detected max file descriptor number: 2048
Feb 11 16:57:06 devstack devstack@n-api.service[58627]: lock engine: pthread robust mutexes
Feb 11 16:57:06 devstack devstack@n-api.service[58627]: thunder lock: enabled
Feb 11 16:57:06 devstack devstack@n-api.service[58627]: uwsgi socket 0 bound to UNIX address /var/run/uwsgi/nova-api.socket fd 4
Feb 11 16:57:06 devstack devstack@n-api.service[58627]: Python version: 3.10.12 (main, Jan 26 2026, 14:55:28) [GCC 11.4.0]
Feb 11 16:57:06 devstack devstack@n-api.service[58627]: PEP 405 virtualenv detected: /opt/stack/data/venv
Feb 11 16:57:06 devstack devstack@n-api.service[58627]: Set PythonHome to /opt/stack/data/venv
Feb 11 16:57:07 devstack devstack@n-api.service[58627]: Python main interpreter initialized at 0x55a3e368b1e0
Feb 11 16:57:07 devstack devstack@n-api.service[58627]: python threads support enabled
Feb 11 16:57:07 devstack devstack@n-api.service[58627]: your server socket listen backlog is limited to 100 connections
Feb 11 16:57:07 devstack devstack@n-api.service[58627]: your mercy for graceful operations on workers is 80 seconds
Feb 11 16:57:07 devstack devstack@n-api.service[58627]: mapped 403077 bytes (393 KB) for 2 cores
Feb 11 16:57:07 devstack devstack@n-api.service[58627]: *** Operational MODE: preforking ***
Feb 11 16:57:07 devstack devstack@n-api.service[58627]: *** uWSGI is running in multiple interpreter mode ***
Feb 11 16:57:07 devstack devstack@n-api.service[58627]: spawned uWSGI master process (pid: 58627)
Feb 11 16:57:07 devstack devstack@n-api.service[58627]: spawned uWSGI worker 1 (pid: 58628, cores: 1)
Feb 11 16:57:07 devstack devstack@n-api.service[58627]: spawned uWSGI worker 2 (pid: 58629, cores: 1)
Feb 11 16:57:07 devstack devstack@n-api.service[58627]: running "unix_signal:15 gracefully_kill_them_all" (master-start)...
Feb 11 16:57:07 devstack devstack@n-api.service[58629]: Service is starting with native threading. This is currently experimental. Do not use it in production without first testing it in pre-production.
Feb 11 16:57:07 devstack devstack@n-api.service[58628]: Service is starting with native threading. This is currently experimental. Do not use it in production without first testing it in pre-production.
Feb 11 16:57:09 devstack devstack@n-api.service[58628]: INFO dbcounter [None req-ff73c6a9-8412-4798-af9e-ad5d46e7d8e0 None None] Registered counter for database nova_api
Feb 11 16:57:09 devstack devstack@n-api.service[58629]: INFO dbcounter [None req-b412e547-285c-4b85-a5bd-baba29d8bcc8 None None] Registered counter for database nova_api
Feb 11 16:57:09 devstack devstack@n-api.service[58628]: DEBUG oslo_db.sqlalchemy.engines [None req-ff73c6a9-8412-4798-af9e-ad5d46e7d8e0 None None] MySQL server mode set to STRICT_TRANS_TABLES,STRICT_ALL_TABLES,NO_ZERO_IN_DATE,NO_ZERO_DATE,ERROR_FOR_DIVISION_BY_ZERO,TRADITIONAL,NO_ENGINE_SUBSTITUTION {{(pid=58628) _check_effective_sql_mode /opt/stack/data/venv/lib/python3.10/site-packages/oslo_db/sqlalchemy/engines.py:325}}
Feb 11 16:57:09 devstack devstack@n-api.service[58629]: DEBUG oslo_db.sqlalchemy.engines [None req-b412e547-285c-4b85-a5bd-baba29d8bcc8 None None] MySQL server mode set to STRICT_TRANS_TABLES,STRICT_ALL_TABLES,NO_ZERO_IN_DATE,NO_ZERO_DATE,ERROR_FOR_DIVISION_BY_ZERO,TRADITIONAL,NO_ENGINE_SUBSTITUTION {{(pid=58629) _check_effective_sql_mode /opt/stack/data/venv/lib/python3.10/site-packages/oslo_db/sqlalchemy/engines.py:325}}
Feb 11 16:57:09 devstack devstack@n-api.service[58629]: DEBUG dbcounter [-] [58629] Writer thread running {{(pid=58629) stat_writer /opt/stack/data/venv/lib/python3.10/site-packages/dbcounter.py:102}}
Feb 11 16:57:09 devstack devstack@n-api.service[58628]: DEBUG dbcounter [-] [58628] Writer thread running {{(pid=58628) stat_writer /opt/stack/data/venv/lib/python3.10/site-packages/dbcounter.py:102}}
Feb 11 16:57:09 devstack devstack@n-api.service[58629]: DEBUG nova.context [None req-b412e547-285c-4b85-a5bd-baba29d8bcc8 None None] Found 2 cells: 00000000-0000-0000-0000-000000000000(cell0),32872b74-ed8a-4a9b-93d0-2bfb04bfb536(cell1) {{(pid=58629) load_cells /opt/stack/nova/nova/context.py:509}}
Feb 11 16:57:09 devstack devstack@n-api.service[58629]: INFO nova.utils [None req-b412e547-285c-4b85-a5bd-baba29d8bcc8 None None] The cell worker thread pool MainProcess.cell_worker is initialized
Feb 11 16:57:09 devstack devstack@n-api.service[58628]: DEBUG nova.context [None req-ff73c6a9-8412-4798-af9e-ad5d46e7d8e0 None None] Found 2 cells: 00000000-0000-0000-0000-000000000000(cell0),32872b74-ed8a-4a9b-93d0-2bfb04bfb536(cell1) {{(pid=58628) load_cells /opt/stack/nova/nova/context.py:509}}
Feb 11 16:57:09 devstack devstack@n-api.service[58628]: INFO nova.utils [None req-ff73c6a9-8412-4798-af9e-ad5d46e7d8e0 None None] The cell worker thread pool MainProcess.cell_worker is initialized
Feb 11 16:57:09 devstack devstack@n-api.service[58629]: DEBUG oslo_concurrency.lockutils [None req-b412e547-285c-4b85-a5bd-baba29d8bcc8 None None] Acquiring lock "00000000-0000-0000-0000-000000000000" by "nova.context.set_target_cell..get_or_set_cached_cell_and_set_connections" {{(pid=58629) inner /opt/stack/data/venv/lib/python3.10/site-packages/oslo_concurrency/lockutils.py:506}}
Feb 11 16:57:09 devstack devstack@n-api.service[58629]: DEBUG oslo_concurrency.lockutils [None req-b412e547-285c-4b85-a5bd-baba29d8bcc8 None None] Lock "00000000-0000-0000-0000-000000000000" acquired by "nova.context.set_target_cell..get_or_set_cached_cell_and_set_connections" :: waited 0.000s {{(pid=58629) inner /opt/stack/data/venv/lib/python3.10/site-packages/oslo_concurrency/lockutils.py:519}}
Feb 11 16:57:09 devstack devstack@n-api.service[58629]: DEBUG oslo_concurrency.lockutils [None req-b412e547-285c-4b85-a5bd-baba29d8bcc8 None None] Lock "00000000-0000-0000-0000-000000000000" "released" by "nova.context.set_target_cell..get_or_set_cached_cell_and_set_connections" :: held 0.001s {{(pid=58629) inner /opt/stack/data/venv/lib/python3.10/site-packages/oslo_concurrency/lockutils.py:538}}
Feb 11 16:57:09 devstack devstack@n-api.service[58628]: DEBUG oslo_concurrency.lockutils [None req-ff73c6a9-8412-4798-af9e-ad5d46e7d8e0 None None] Acquiring lock "00000000-0000-0000-0000-000000000000" by "nova.context.set_target_cell..get_or_set_cached_cell_and_set_connections" {{(pid=58628) inner /opt/stack/data/venv/lib/python3.10/site-packages/oslo_concurrency/lockutils.py:506}}
Feb 11 16:57:09 devstack devstack@n-api.service[58629]: DEBUG oslo_concurrency.lockutils [None req-b412e547-285c-4b85-a5bd-baba29d8bcc8 None None] Acquiring lock "32872b74-ed8a-4a9b-93d0-2bfb04bfb536" by "nova.context.set_target_cell..get_or_set_cached_cell_and_set_connections" {{(pid=58629) inner /opt/stack/data/venv/lib/python3.10/site-packages/oslo_concurrency/lockutils.py:506}}
Feb 11 16:57:09 devstack devstack@n-api.service[58628]: DEBUG oslo_concurrency.lockutils [None req-ff73c6a9-8412-4798-af9e-ad5d46e7d8e0 None None] Lock "00000000-0000-0000-0000-000000000000" acquired by "nova.context.set_target_cell..get_or_set_cached_cell_and_set_connections" :: waited 0.000s {{(pid=58628) inner /opt/stack/data/venv/lib/python3.10/site-packages/oslo_concurrency/lockutils.py:519}}
Feb 11 16:57:09 devstack devstack@n-api.service[58629]: DEBUG oslo_concurrency.lockutils [None req-b412e547-285c-4b85-a5bd-baba29d8bcc8 None None] Lock "32872b74-ed8a-4a9b-93d0-2bfb04bfb536" acquired by "nova.context.set_target_cell..get_or_set_cached_cell_and_set_connections" :: waited 0.000s {{(pid=58629) inner /opt/stack/data/venv/lib/python3.10/site-packages/oslo_concurrency/lockutils.py:519}}
Feb 11 16:57:09 devstack devstack@n-api.service[58628]: DEBUG oslo_concurrency.lockutils [None req-ff73c6a9-8412-4798-af9e-ad5d46e7d8e0 None None] Lock "00000000-0000-0000-0000-000000000000" "released" by "nova.context.set_target_cell..get_or_set_cached_cell_and_set_connections" :: held 0.001s {{(pid=58628) inner /opt/stack/data/venv/lib/python3.10/site-packages/oslo_concurrency/lockutils.py:538}}
Feb 11 16:57:09 devstack devstack@n-api.service[58628]: DEBUG oslo_concurrency.lockutils [None req-ff73c6a9-8412-4798-af9e-ad5d46e7d8e0 None None] Acquiring lock "32872b74-ed8a-4a9b-93d0-2bfb04bfb536" by "nova.context.set_target_cell..get_or_set_cached_cell_and_set_connections" {{(pid=58628) inner /opt/stack/data/venv/lib/python3.10/site-packages/oslo_concurrency/lockutils.py:506}}
Feb 11 16:57:09 devstack devstack@n-api.service[58628]: DEBUG oslo_concurrency.lockutils [None req-ff73c6a9-8412-4798-af9e-ad5d46e7d8e0 None None] Lock "32872b74-ed8a-4a9b-93d0-2bfb04bfb536" acquired by "nova.context.set_target_cell..get_or_set_cached_cell_and_set_connections" :: waited 0.000s {{(pid=58628) inner /opt/stack/data/venv/lib/python3.10/site-packages/oslo_concurrency/lockutils.py:519}}
Feb 11 16:57:09 devstack devstack@n-api.service[58629]: DEBUG oslo_concurrency.lockutils [None req-b412e547-285c-4b85-a5bd-baba29d8bcc8 None None] Lock "32872b74-ed8a-4a9b-93d0-2bfb04bfb536" "released" by "nova.context.set_target_cell..get_or_set_cached_cell_and_set_connections" :: held 0.001s {{(pid=58629) inner /opt/stack/data/venv/lib/python3.10/site-packages/oslo_concurrency/lockutils.py:538}}
Feb 11 16:57:09 devstack devstack@n-api.service[58628]: DEBUG oslo_concurrency.lockutils [None req-ff73c6a9-8412-4798-af9e-ad5d46e7d8e0 None None] Lock "32872b74-ed8a-4a9b-93d0-2bfb04bfb536" "released" by "nova.context.set_target_cell..get_or_set_cached_cell_and_set_connections" :: held 0.001s {{(pid=58628) inner /opt/stack/data/venv/lib/python3.10/site-packages/oslo_concurrency/lockutils.py:538}}
Feb 11 16:57:09 devstack devstack@n-api.service[58629]: INFO dbcounter [None req-b412e547-285c-4b85-a5bd-baba29d8bcc8 None None] Registered counter for database nova_cell0
Feb 11 16:57:09 devstack devstack@n-api.service[58628]: INFO dbcounter [None req-ff73c6a9-8412-4798-af9e-ad5d46e7d8e0 None None] Registered counter for database nova_cell0
Feb 11 16:57:09 devstack devstack@n-api.service[58629]: INFO dbcounter [None req-b412e547-285c-4b85-a5bd-baba29d8bcc8 None None] Registered counter for database nova_cell1
Feb 11 16:57:09 devstack devstack@n-api.service[58629]: DEBUG oslo_db.sqlalchemy.engines [None req-b412e547-285c-4b85-a5bd-baba29d8bcc8 None None] MySQL server mode set to STRICT_TRANS_TABLES,STRICT_ALL_TABLES,NO_ZERO_IN_DATE,NO_ZERO_DATE,ERROR_FOR_DIVISION_BY_ZERO,TRADITIONAL,NO_ENGINE_SUBSTITUTION {{(pid=58629) _check_effective_sql_mode /opt/stack/data/venv/lib/python3.10/site-packages/oslo_db/sqlalchemy/engines.py:325}}
Feb 11 16:57:09 devstack devstack@n-api.service[58628]: INFO dbcounter [None req-ff73c6a9-8412-4798-af9e-ad5d46e7d8e0 None None] Registered counter for database nova_cell1
Feb 11 16:57:09 devstack devstack@n-api.service[58629]: DEBUG oslo_db.sqlalchemy.engines [None req-b412e547-285c-4b85-a5bd-baba29d8bcc8 None None] MySQL server mode set to STRICT_TRANS_TABLES,STRICT_ALL_TABLES,NO_ZERO_IN_DATE,NO_ZERO_DATE,ERROR_FOR_DIVISION_BY_ZERO,TRADITIONAL,NO_ENGINE_SUBSTITUTION {{(pid=58629) _check_effective_sql_mode /opt/stack/data/venv/lib/python3.10/site-packages/oslo_db/sqlalchemy/engines.py:325}}
Feb 11 16:57:09 devstack devstack@n-api.service[58628]: DEBUG oslo_db.sqlalchemy.engines [None req-ff73c6a9-8412-4798-af9e-ad5d46e7d8e0 None None] MySQL server mode set to STRICT_TRANS_TABLES,STRICT_ALL_TABLES,NO_ZERO_IN_DATE,NO_ZERO_DATE,ERROR_FOR_DIVISION_BY_ZERO,TRADITIONAL,NO_ENGINE_SUBSTITUTION {{(pid=58628) _check_effective_sql_mode /opt/stack/data/venv/lib/python3.10/site-packages/oslo_db/sqlalchemy/engines.py:325}}
Feb 11 16:57:09 devstack devstack@n-api.service[58628]: DEBUG oslo_db.sqlalchemy.engines [None req-ff73c6a9-8412-4798-af9e-ad5d46e7d8e0 None None] MySQL server mode set to STRICT_TRANS_TABLES,STRICT_ALL_TABLES,NO_ZERO_IN_DATE,NO_ZERO_DATE,ERROR_FOR_DIVISION_BY_ZERO,TRADITIONAL,NO_ENGINE_SUBSTITUTION {{(pid=58628) _check_effective_sql_mode /opt/stack/data/venv/lib/python3.10/site-packages/oslo_db/sqlalchemy/engines.py:325}}
Feb 11 16:57:09 devstack devstack@n-api.service[58629]: DEBUG dbcounter [-] [58629] Writer thread running {{(pid=58629) stat_writer /opt/stack/data/venv/lib/python3.10/site-packages/dbcounter.py:102}}
Feb 11 16:57:09 devstack devstack@n-api.service[58629]: DEBUG dbcounter [-] [58629] Writer thread running {{(pid=58629) stat_writer /opt/stack/data/venv/lib/python3.10/site-packages/dbcounter.py:102}}
Feb 11 16:57:09 devstack devstack@n-api.service[58629]: INFO dbcounter [None req-b412e547-285c-4b85-a5bd-baba29d8bcc8 None None] Registered counter for database nova_cell0
Feb 11 16:57:09 devstack devstack@n-api.service[58629]: DEBUG oslo_db.sqlalchemy.engines [None req-b412e547-285c-4b85-a5bd-baba29d8bcc8 None None] MySQL server mode set to STRICT_TRANS_TABLES,STRICT_ALL_TABLES,NO_ZERO_IN_DATE,NO_ZERO_DATE,ERROR_FOR_DIVISION_BY_ZERO,TRADITIONAL,NO_ENGINE_SUBSTITUTION {{(pid=58629) _check_effective_sql_mode /opt/stack/data/venv/lib/python3.10/site-packages/oslo_db/sqlalchemy/engines.py:325}}
Feb 11 16:57:09 devstack devstack@n-api.service[58628]: DEBUG dbcounter [-] [58628] Writer thread running {{(pid=58628) stat_writer /opt/stack/data/venv/lib/python3.10/site-packages/dbcounter.py:102}}
Feb 11 16:57:09 devstack devstack@n-api.service[58628]: DEBUG dbcounter [-] [58628] Writer thread running {{(pid=58628) stat_writer /opt/stack/data/venv/lib/python3.10/site-packages/dbcounter.py:102}}
Feb 11 16:57:09 devstack devstack@n-api.service[58629]: DEBUG dbcounter [-] [58629] Writer thread running {{(pid=58629) stat_writer /opt/stack/data/venv/lib/python3.10/site-packages/dbcounter.py:102}}
Feb 11 16:57:09 devstack devstack@n-api.service[58628]: INFO dbcounter [None req-ff73c6a9-8412-4798-af9e-ad5d46e7d8e0 None None] Registered counter for database nova_cell0
Feb 11 16:57:09 devstack devstack@n-api.service[58628]: DEBUG oslo_db.sqlalchemy.engines [None req-ff73c6a9-8412-4798-af9e-ad5d46e7d8e0 None None] MySQL server mode set to STRICT_TRANS_TABLES,STRICT_ALL_TABLES,NO_ZERO_IN_DATE,NO_ZERO_DATE,ERROR_FOR_DIVISION_BY_ZERO,TRADITIONAL,NO_ENGINE_SUBSTITUTION {{(pid=58628) _check_effective_sql_mode /opt/stack/data/venv/lib/python3.10/site-packages/oslo_db/sqlalchemy/engines.py:325}}
Feb 11 16:57:09 devstack devstack@n-api.service[58628]: DEBUG dbcounter [-] [58628] Writer thread running {{(pid=58628) stat_writer /opt/stack/data/venv/lib/python3.10/site-packages/dbcounter.py:102}}
Feb 11 16:57:10 devstack devstack@n-api.service[58629]: DEBUG oslo_concurrency.processutils [None req-b412e547-285c-4b85-a5bd-baba29d8bcc8 None None] Running cmd (subprocess): grep -F node.session.scan /sbin/iscsiadm {{(pid=58629) execute /opt/stack/data/venv/lib/python3.10/site-packages/oslo_concurrency/processutils.py:368}}
Feb 11 16:57:10 devstack devstack@n-api.service[58628]: DEBUG oslo_concurrency.processutils [None req-ff73c6a9-8412-4798-af9e-ad5d46e7d8e0 None None] Running cmd (subprocess): grep -F node.session.scan /sbin/iscsiadm {{(pid=58628) execute /opt/stack/data/venv/lib/python3.10/site-packages/oslo_concurrency/processutils.py:368}}
Feb 11 16:57:10 devstack devstack@n-api.service[58629]: DEBUG oslo_concurrency.processutils [None req-b412e547-285c-4b85-a5bd-baba29d8bcc8 None None] CMD "grep -F node.session.scan /sbin/iscsiadm" returned: 0 in 0.012s {{(pid=58629) execute /opt/stack/data/venv/lib/python3.10/site-packages/oslo_concurrency/processutils.py:396}}
Feb 11 16:57:10 devstack devstack@n-api.service[58628]: DEBUG oslo_concurrency.processutils [None req-ff73c6a9-8412-4798-af9e-ad5d46e7d8e0 None None] CMD "grep -F node.session.scan /sbin/iscsiadm" returned: 0 in 0.013s {{(pid=58628) execute /opt/stack/data/venv/lib/python3.10/site-packages/oslo_concurrency/processutils.py:396}}
Feb 11 16:57:11 devstack devstack@n-api.service[58629]: WARNING keystonemiddleware.auth_token [None req-b412e547-285c-4b85-a5bd-baba29d8bcc8 None None] AuthToken middleware is set with keystone_authtoken.service_token_roles_required set to False. This is backwards compatible but deprecated behaviour. Please set this to True.
Feb 11 16:57:11 devstack devstack@n-api.service[58629]: WARNING keystonemiddleware.auth_token [None req-b412e547-285c-4b85-a5bd-baba29d8bcc8 None None] Configuring www_authenticate_uri to point to the public identity endpoint is required; clients may not be able to authenticate against an admin endpoint
Feb 11 16:57:11 devstack devstack@n-api.service[58628]: WARNING keystonemiddleware.auth_token [None req-ff73c6a9-8412-4798-af9e-ad5d46e7d8e0 None None] AuthToken middleware is set with keystone_authtoken.service_token_roles_required set to False. This is backwards compatible but deprecated behaviour. Please set this to True.
Feb 11 16:57:11 devstack devstack@n-api.service[58628]: WARNING keystonemiddleware.auth_token [None req-ff73c6a9-8412-4798-af9e-ad5d46e7d8e0 None None] Configuring www_authenticate_uri to point to the public identity endpoint is required; clients may not be able to authenticate against an admin endpoint
Feb 11 16:57:11 devstack devstack@n-api.service[58629]: WARNING keystonemiddleware.auth_token [None req-b412e547-285c-4b85-a5bd-baba29d8bcc8 None None] AuthToken middleware is set with keystone_authtoken.service_token_roles_required set to False. This is backwards compatible but deprecated behaviour. Please set this to True.
Feb 11 16:57:11 devstack devstack@n-api.service[58629]: WARNING keystonemiddleware.auth_token [None req-b412e547-285c-4b85-a5bd-baba29d8bcc8 None None] Configuring www_authenticate_uri to point to the public identity endpoint is required; clients may not be able to authenticate against an admin endpoint
Feb 11 16:57:11 devstack devstack@n-api.service[58629]: DEBUG nova.api.openstack.wsgi_app [None req-b412e547-285c-4b85-a5bd-baba29d8bcc8 None None] ******************************************************************************** {{(pid=58629) log_opt_values /opt/stack/data/venv/lib/python3.10/site-packages/oslo_config/cfg.py:2804}}
Feb 11 16:57:11 devstack devstack@n-api.service[58629]: DEBUG nova.api.openstack.wsgi_app [None req-b412e547-285c-4b85-a5bd-baba29d8bcc8 None None] Configuration options gathered from: {{(pid=58629) log_opt_values /opt/stack/data/venv/lib/python3.10/site-packages/oslo_config/cfg.py:2805}}
Feb 11 16:57:11 devstack devstack@n-api.service[58629]: DEBUG nova.api.openstack.wsgi_app [None req-b412e547-285c-4b85-a5bd-baba29d8bcc8 None None] command line args: [] {{(pid=58629) log_opt_values /opt/stack/data/venv/lib/python3.10/site-packages/oslo_config/cfg.py:2806}}
Feb 11 16:57:11 devstack devstack@n-api.service[58629]: DEBUG nova.api.openstack.wsgi_app [None req-b412e547-285c-4b85-a5bd-baba29d8bcc8 None None] config files: ['/etc/nova/api-paste.ini', '/etc/nova/nova.conf'] {{(pid=58629) log_opt_values /opt/stack/data/venv/lib/python3.10/site-packages/oslo_config/cfg.py:2807}}
Feb 11 16:57:11 devstack devstack@n-api.service[58629]: DEBUG nova.api.openstack.wsgi_app [None req-b412e547-285c-4b85-a5bd-baba29d8bcc8 None None] ================================================================================ {{(pid=58629) log_opt_values /opt/stack/data/venv/lib/python3.10/site-packages/oslo_config/cfg.py:2809}}
Feb 11 16:57:11 devstack devstack@n-api.service[58629]: DEBUG nova.api.openstack.wsgi_app [None req-b412e547-285c-4b85-a5bd-baba29d8bcc8 None None] allow_resize_to_same_host = True {{(pid=58629) log_opt_values /opt/stack/data/venv/lib/python3.10/site-packages/oslo_config/cfg.py:2817}}
Feb 11 16:57:11 devstack devstack@n-api.service[58629]: DEBUG nova.api.openstack.wsgi_app [None req-b412e547-285c-4b85-a5bd-baba29d8bcc8 None None] arq_binding_timeout = 300 {{(pid=58629) log_opt_values /opt/stack/data/venv/lib/python3.10/site-packages/oslo_config/cfg.py:2817}}
Feb 11 16:57:11 devstack devstack@n-api.service[58629]: DEBUG nova.api.openstack.wsgi_app [None req-b412e547-285c-4b85-a5bd-baba29d8bcc8 None None] block_device_allocate_retries = 60 {{(pid=58629) log_opt_values /opt/stack/data/venv/lib/python3.10/site-packages/oslo_config/cfg.py:2817}}
Feb 11 16:57:11 devstack devstack@n-api.service[58629]: DEBUG nova.api.openstack.wsgi_app [None req-b412e547-285c-4b85-a5bd-baba29d8bcc8 None None] block_device_allocate_retries_interval = 3 {{(pid=58629) log_opt_values /opt/stack/data/venv/lib/python3.10/site-packages/oslo_config/cfg.py:2817}}
Feb 11 16:57:11 devstack devstack@n-api.service[58629]: DEBUG nova.api.openstack.wsgi_app [None req-b412e547-285c-4b85-a5bd-baba29d8bcc8 None None] cell_worker_thread_pool_size = 5 {{(pid=58629) log_opt_values /opt/stack/data/venv/lib/python3.10/site-packages/oslo_config/cfg.py:2817}}
Feb 11 16:57:11 devstack devstack@n-api.service[58629]: DEBUG nova.api.openstack.wsgi_app [None req-b412e547-285c-4b85-a5bd-baba29d8bcc8 None None] cert = self.pem {{(pid=58629) log_opt_values /opt/stack/data/venv/lib/python3.10/site-packages/oslo_config/cfg.py:2817}}
Feb 11 16:57:11 devstack devstack@n-api.service[58629]: DEBUG nova.api.openstack.wsgi_app [None req-b412e547-285c-4b85-a5bd-baba29d8bcc8 None None] compute_driver = libvirt.LibvirtDriver {{(pid=58629) log_opt_values /opt/stack/data/venv/lib/python3.10/site-packages/oslo_config/cfg.py:2817}}
Feb 11 16:57:11 devstack devstack@n-api.service[58629]: DEBUG nova.api.openstack.wsgi_app [None req-b412e547-285c-4b85-a5bd-baba29d8bcc8 None None] compute_monitors = [] {{(pid=58629) log_opt_values /opt/stack/data/venv/lib/python3.10/site-packages/oslo_config/cfg.py:2817}}
Feb 11 16:57:11 devstack devstack@n-api.service[58629]: DEBUG nova.api.openstack.wsgi_app [None req-b412e547-285c-4b85-a5bd-baba29d8bcc8 None None] config_dir = [] {{(pid=58629) log_opt_values /opt/stack/data/venv/lib/python3.10/site-packages/oslo_config/cfg.py:2817}}
Feb 11 16:57:11 devstack devstack@n-api.service[58629]: DEBUG nova.api.openstack.wsgi_app [None req-b412e547-285c-4b85-a5bd-baba29d8bcc8 None None] config_drive_format = iso9660 {{(pid=58629) log_opt_values /opt/stack/data/venv/lib/python3.10/site-packages/oslo_config/cfg.py:2817}}
Feb 11 16:57:11 devstack devstack@n-api.service[58629]: DEBUG nova.api.openstack.wsgi_app [None req-b412e547-285c-4b85-a5bd-baba29d8bcc8 None None] config_file = ['/etc/nova/api-paste.ini', '/etc/nova/nova.conf'] {{(pid=58629) log_opt_values /opt/stack/data/venv/lib/python3.10/site-packages/oslo_config/cfg.py:2817}}
Feb 11 16:57:11 devstack devstack@n-api.service[58629]: DEBUG nova.api.openstack.wsgi_app [None req-b412e547-285c-4b85-a5bd-baba29d8bcc8 None None] config_source = [] {{(pid=58629) log_opt_values /opt/stack/data/venv/lib/python3.10/site-packages/oslo_config/cfg.py:2817}}
Feb 11 16:57:11 devstack devstack@n-api.service[58629]: DEBUG nova.api.openstack.wsgi_app [None req-b412e547-285c-4b85-a5bd-baba29d8bcc8 None None] console_host = devstack {{(pid=58629) log_opt_values /opt/stack/data/venv/lib/python3.10/site-packages/oslo_config/cfg.py:2817}}
Feb 11 16:57:11 devstack devstack@n-api.service[58629]: DEBUG nova.api.openstack.wsgi_app [None req-b412e547-285c-4b85-a5bd-baba29d8bcc8 None None] control_exchange = nova {{(pid=58629) log_opt_values /opt/stack/data/venv/lib/python3.10/site-packages/oslo_config/cfg.py:2817}}
Feb 11 16:57:11 devstack devstack@n-api.service[58629]: DEBUG nova.api.openstack.wsgi_app [None req-b412e547-285c-4b85-a5bd-baba29d8bcc8 None None] cpu_allocation_ratio = None {{(pid=58629) log_opt_values /opt/stack/data/venv/lib/python3.10/site-packages/oslo_config/cfg.py:2817}}
Feb 11 16:57:11 devstack devstack@n-api.service[58629]: DEBUG nova.api.openstack.wsgi_app [None req-b412e547-285c-4b85-a5bd-baba29d8bcc8 None None] daemon = False {{(pid=58629) log_opt_values /opt/stack/data/venv/lib/python3.10/site-packages/oslo_config/cfg.py:2817}}
Feb 11 16:57:11 devstack devstack@n-api.service[58629]: DEBUG nova.api.openstack.wsgi_app [None req-b412e547-285c-4b85-a5bd-baba29d8bcc8 None None] debug = True {{(pid=58629) log_opt_values /opt/stack/data/venv/lib/python3.10/site-packages/oslo_config/cfg.py:2817}}
Feb 11 16:57:11 devstack devstack@n-api.service[58629]: DEBUG nova.api.openstack.wsgi_app [None req-b412e547-285c-4b85-a5bd-baba29d8bcc8 None None] default_access_ip_network_name = None {{(pid=58629) log_opt_values /opt/stack/data/venv/lib/python3.10/site-packages/oslo_config/cfg.py:2817}}
Feb 11 16:57:11 devstack devstack@n-api.service[58629]: DEBUG nova.api.openstack.wsgi_app [None req-b412e547-285c-4b85-a5bd-baba29d8bcc8 None None] default_availability_zone = nova {{(pid=58629) log_opt_values /opt/stack/data/venv/lib/python3.10/site-packages/oslo_config/cfg.py:2817}}
Feb 11 16:57:11 devstack devstack@n-api.service[58629]: DEBUG nova.api.openstack.wsgi_app [None req-b412e547-285c-4b85-a5bd-baba29d8bcc8 None None] default_ephemeral_format = ext4 {{(pid=58629) log_opt_values /opt/stack/data/venv/lib/python3.10/site-packages/oslo_config/cfg.py:2817}}
Feb 11 16:57:11 devstack devstack@n-api.service[58629]: DEBUG nova.api.openstack.wsgi_app [None req-b412e547-285c-4b85-a5bd-baba29d8bcc8 None None] default_green_pool_size = 1000 {{(pid=58629) log_opt_values /opt/stack/data/venv/lib/python3.10/site-packages/oslo_config/cfg.py:2817}}
Feb 11 16:57:11 devstack devstack@n-api.service[58629]: DEBUG nova.api.openstack.wsgi_app [None req-b412e547-285c-4b85-a5bd-baba29d8bcc8 None None] default_log_levels = ['amqp=WARN', 'boto=WARN', 'sqlalchemy=WARN', 'suds=INFO', 'oslo.messaging=INFO', 'oslo_messaging=INFO', 'iso8601=WARN', 'requests.packages.urllib3.connectionpool=WARN', 'urllib3.connectionpool=WARN', 'websocket=WARN', 'requests.packages.urllib3.util.retry=WARN', 'urllib3.util.retry=WARN', 'keystonemiddleware=WARN', 'routes.middleware=WARN', 'stevedore=WARN', 'taskflow=WARN', 'keystoneauth=WARN', 'oslo.cache=INFO', 'oslo_policy=INFO', 'dogpile.core.dogpile=INFO', 'glanceclient=WARN', 'oslo.privsep.daemon=INFO'] {{(pid=58629) log_opt_values /opt/stack/data/venv/lib/python3.10/site-packages/oslo_config/cfg.py:2817}}
Feb 11 16:57:11 devstack devstack@n-api.service[58629]: DEBUG nova.api.openstack.wsgi_app [None req-b412e547-285c-4b85-a5bd-baba29d8bcc8 None None] default_schedule_zone = None {{(pid=58629) log_opt_values /opt/stack/data/venv/lib/python3.10/site-packages/oslo_config/cfg.py:2817}}
Feb 11 16:57:11 devstack devstack@n-api.service[58629]: DEBUG nova.api.openstack.wsgi_app [None req-b412e547-285c-4b85-a5bd-baba29d8bcc8 None None] default_thread_pool_size = 10 {{(pid=58629) log_opt_values /opt/stack/data/venv/lib/python3.10/site-packages/oslo_config/cfg.py:2817}}
Feb 11 16:57:11 devstack devstack@n-api.service[58629]: DEBUG nova.api.openstack.wsgi_app [None req-b412e547-285c-4b85-a5bd-baba29d8bcc8 None None] disk_allocation_ratio = None {{(pid=58629) log_opt_values /opt/stack/data/venv/lib/python3.10/site-packages/oslo_config/cfg.py:2817}}
Feb 11 16:57:11 devstack devstack@n-api.service[58629]: DEBUG nova.api.openstack.wsgi_app [None req-b412e547-285c-4b85-a5bd-baba29d8bcc8 None None] enable_new_services = True {{(pid=58629) log_opt_values /opt/stack/data/venv/lib/python3.10/site-packages/oslo_config/cfg.py:2817}}
Feb 11 16:57:11 devstack devstack@n-api.service[58629]: DEBUG nova.api.openstack.wsgi_app [None req-b412e547-285c-4b85-a5bd-baba29d8bcc8 None None] flat_injected = False {{(pid=58629) log_opt_values /opt/stack/data/venv/lib/python3.10/site-packages/oslo_config/cfg.py:2817}}
Feb 11 16:57:11 devstack devstack@n-api.service[58629]: DEBUG nova.api.openstack.wsgi_app [None req-b412e547-285c-4b85-a5bd-baba29d8bcc8 None None] force_config_drive = False {{(pid=58629) log_opt_values /opt/stack/data/venv/lib/python3.10/site-packages/oslo_config/cfg.py:2817}}
Feb 11 16:57:11 devstack devstack@n-api.service[58629]: DEBUG nova.api.openstack.wsgi_app [None req-b412e547-285c-4b85-a5bd-baba29d8bcc8 None None] force_raw_images = True {{(pid=58629) log_opt_values /opt/stack/data/venv/lib/python3.10/site-packages/oslo_config/cfg.py:2817}}
Feb 11 16:57:11 devstack devstack@n-api.service[58629]: DEBUG nova.api.openstack.wsgi_app [None req-b412e547-285c-4b85-a5bd-baba29d8bcc8 None None] graceful_shutdown_timeout = 5 {{(pid=58629) log_opt_values /opt/stack/data/venv/lib/python3.10/site-packages/oslo_config/cfg.py:2817}}
Feb 11 16:57:11 devstack devstack@n-api.service[58629]: DEBUG nova.api.openstack.wsgi_app [None req-b412e547-285c-4b85-a5bd-baba29d8bcc8 None None] heal_instance_info_cache_interval = -1 {{(pid=58629) log_opt_values /opt/stack/data/venv/lib/python3.10/site-packages/oslo_config/cfg.py:2817}}
Feb 11 16:57:11 devstack devstack@n-api.service[58629]: DEBUG nova.api.openstack.wsgi_app [None req-b412e547-285c-4b85-a5bd-baba29d8bcc8 None None] host = devstack {{(pid=58629) log_opt_values /opt/stack/data/venv/lib/python3.10/site-packages/oslo_config/cfg.py:2817}}
Feb 11 16:57:11 devstack devstack@n-api.service[58629]: DEBUG nova.api.openstack.wsgi_app [None req-b412e547-285c-4b85-a5bd-baba29d8bcc8 None None] initial_cpu_allocation_ratio = 4.0 {{(pid=58629) log_opt_values /opt/stack/data/venv/lib/python3.10/site-packages/oslo_config/cfg.py:2817}}
Feb 11 16:57:11 devstack devstack@n-api.service[58629]: DEBUG nova.api.openstack.wsgi_app [None req-b412e547-285c-4b85-a5bd-baba29d8bcc8 None None] initial_disk_allocation_ratio = 1.0 {{(pid=58629) log_opt_values /opt/stack/data/venv/lib/python3.10/site-packages/oslo_config/cfg.py:2817}}
Feb 11 16:57:11 devstack devstack@n-api.service[58629]: DEBUG nova.api.openstack.wsgi_app [None req-b412e547-285c-4b85-a5bd-baba29d8bcc8 None None] initial_ram_allocation_ratio = 1.0 {{(pid=58629) log_opt_values /opt/stack/data/venv/lib/python3.10/site-packages/oslo_config/cfg.py:2817}}
Feb 11 16:57:11 devstack devstack@n-api.service[58629]: DEBUG nova.api.openstack.wsgi_app [None req-b412e547-285c-4b85-a5bd-baba29d8bcc8 None None] injected_network_template = /opt/stack/nova/nova/virt/interfaces.template {{(pid=58629) log_opt_values /opt/stack/data/venv/lib/python3.10/site-packages/oslo_config/cfg.py:2817}}
Feb 11 16:57:11 devstack devstack@n-api.service[58629]: DEBUG nova.api.openstack.wsgi_app [None req-b412e547-285c-4b85-a5bd-baba29d8bcc8 None None] instance_build_timeout = 0 {{(pid=58629) log_opt_values /opt/stack/data/venv/lib/python3.10/site-packages/oslo_config/cfg.py:2817}}
Feb 11 16:57:11 devstack devstack@n-api.service[58629]: DEBUG nova.api.openstack.wsgi_app [None req-b412e547-285c-4b85-a5bd-baba29d8bcc8 None None] instance_delete_interval = 300 {{(pid=58629) log_opt_values /opt/stack/data/venv/lib/python3.10/site-packages/oslo_config/cfg.py:2817}}
Feb 11 16:57:11 devstack devstack@n-api.service[58629]: DEBUG nova.api.openstack.wsgi_app [None req-b412e547-285c-4b85-a5bd-baba29d8bcc8 None None] instance_format = [instance: %(uuid)s] {{(pid=58629) log_opt_values /opt/stack/data/venv/lib/python3.10/site-packages/oslo_config/cfg.py:2817}}
Feb 11 16:57:11 devstack devstack@n-api.service[58629]: DEBUG nova.api.openstack.wsgi_app [None req-b412e547-285c-4b85-a5bd-baba29d8bcc8 None None] instance_name_template = instance-%08x {{(pid=58629) log_opt_values /opt/stack/data/venv/lib/python3.10/site-packages/oslo_config/cfg.py:2817}}
Feb 11 16:57:11 devstack devstack@n-api.service[58629]: DEBUG nova.api.openstack.wsgi_app [None req-b412e547-285c-4b85-a5bd-baba29d8bcc8 None None] instance_usage_audit = False {{(pid=58629) log_opt_values /opt/stack/data/venv/lib/python3.10/site-packages/oslo_config/cfg.py:2817}}
Feb 11 16:57:11 devstack devstack@n-api.service[58629]: DEBUG nova.api.openstack.wsgi_app [None req-b412e547-285c-4b85-a5bd-baba29d8bcc8 None None] instance_usage_audit_period = month {{(pid=58629) log_opt_values /opt/stack/data/venv/lib/python3.10/site-packages/oslo_config/cfg.py:2817}}
Feb 11 16:57:11 devstack devstack@n-api.service[58629]: DEBUG nova.api.openstack.wsgi_app [None req-b412e547-285c-4b85-a5bd-baba29d8bcc8 None None] instance_uuid_format = [instance: %(uuid)s] {{(pid=58629) log_opt_values /opt/stack/data/venv/lib/python3.10/site-packages/oslo_config/cfg.py:2817}}
Feb 11 16:57:11 devstack devstack@n-api.service[58629]: DEBUG nova.api.openstack.wsgi_app [None req-b412e547-285c-4b85-a5bd-baba29d8bcc8 None None] instances_path = /opt/stack/data/nova/instances {{(pid=58629) log_opt_values /opt/stack/data/venv/lib/python3.10/site-packages/oslo_config/cfg.py:2817}}
Feb 11 16:57:11 devstack devstack@n-api.service[58629]: DEBUG nova.api.openstack.wsgi_app [None req-b412e547-285c-4b85-a5bd-baba29d8bcc8 None None] internal_service_availability_zone = internal {{(pid=58629) log_opt_values /opt/stack/data/venv/lib/python3.10/site-packages/oslo_config/cfg.py:2817}}
Feb 11 16:57:11 devstack devstack@n-api.service[58629]: DEBUG nova.api.openstack.wsgi_app [None req-b412e547-285c-4b85-a5bd-baba29d8bcc8 None None] key = None {{(pid=58629) log_opt_values /opt/stack/data/venv/lib/python3.10/site-packages/oslo_config/cfg.py:2817}}
Feb 11 16:57:11 devstack devstack@n-api.service[58629]: DEBUG nova.api.openstack.wsgi_app [None req-b412e547-285c-4b85-a5bd-baba29d8bcc8 None None] live_migration_retry_count = 30 {{(pid=58629) log_opt_values /opt/stack/data/venv/lib/python3.10/site-packages/oslo_config/cfg.py:2817}}
Feb 11 16:57:11 devstack devstack@n-api.service[58629]: DEBUG nova.api.openstack.wsgi_app [None req-b412e547-285c-4b85-a5bd-baba29d8bcc8 None None] log_color = False {{(pid=58629) log_opt_values /opt/stack/data/venv/lib/python3.10/site-packages/oslo_config/cfg.py:2817}}
Feb 11 16:57:11 devstack devstack@n-api.service[58629]: DEBUG nova.api.openstack.wsgi_app [None req-b412e547-285c-4b85-a5bd-baba29d8bcc8 None None] log_config_append = None {{(pid=58629) log_opt_values /opt/stack/data/venv/lib/python3.10/site-packages/oslo_config/cfg.py:2817}}
Feb 11 16:57:11 devstack devstack@n-api.service[58629]: DEBUG nova.api.openstack.wsgi_app [None req-b412e547-285c-4b85-a5bd-baba29d8bcc8 None None] log_date_format = %Y-%m-%d %H:%M:%S {{(pid=58629) log_opt_values /opt/stack/data/venv/lib/python3.10/site-packages/oslo_config/cfg.py:2817}}
Feb 11 16:57:11 devstack devstack@n-api.service[58629]: DEBUG nova.api.openstack.wsgi_app [None req-b412e547-285c-4b85-a5bd-baba29d8bcc8 None None] log_dir = None {{(pid=58629) log_opt_values /opt/stack/data/venv/lib/python3.10/site-packages/oslo_config/cfg.py:2817}}
Feb 11 16:57:11 devstack devstack@n-api.service[58629]: DEBUG nova.api.openstack.wsgi_app [None req-b412e547-285c-4b85-a5bd-baba29d8bcc8 None None] log_file = None {{(pid=58629) log_opt_values /opt/stack/data/venv/lib/python3.10/site-packages/oslo_config/cfg.py:2817}}
Feb 11 16:57:11 devstack devstack@n-api.service[58629]: DEBUG nova.api.openstack.wsgi_app [None req-b412e547-285c-4b85-a5bd-baba29d8bcc8 None None] log_options = True {{(pid=58629) log_opt_values /opt/stack/data/venv/lib/python3.10/site-packages/oslo_config/cfg.py:2817}}
Feb 11 16:57:11 devstack devstack@n-api.service[58629]: DEBUG nova.api.openstack.wsgi_app [None req-b412e547-285c-4b85-a5bd-baba29d8bcc8 None None] log_rotate_interval = 1 {{(pid=58629) log_opt_values /opt/stack/data/venv/lib/python3.10/site-packages/oslo_config/cfg.py:2817}}
Feb 11 16:57:11 devstack devstack@n-api.service[58629]: DEBUG nova.api.openstack.wsgi_app [None req-b412e547-285c-4b85-a5bd-baba29d8bcc8 None None] log_rotate_interval_type = days {{(pid=58629) log_opt_values /opt/stack/data/venv/lib/python3.10/site-packages/oslo_config/cfg.py:2817}}
Feb 11 16:57:11 devstack devstack@n-api.service[58629]: DEBUG nova.api.openstack.wsgi_app [None req-b412e547-285c-4b85-a5bd-baba29d8bcc8 None None] log_rotation_type = none {{(pid=58629) log_opt_values /opt/stack/data/venv/lib/python3.10/site-packages/oslo_config/cfg.py:2817}}
Feb 11 16:57:11 devstack devstack@n-api.service[58628]: WARNING keystonemiddleware.auth_token [None req-ff73c6a9-8412-4798-af9e-ad5d46e7d8e0 None None] AuthToken middleware is set with keystone_authtoken.service_token_roles_required set to False. This is backwards compatible but deprecated behaviour. Please set this to True.
Feb 11 16:57:11 devstack devstack@n-api.service[58629]: DEBUG nova.api.openstack.wsgi_app [None req-b412e547-285c-4b85-a5bd-baba29d8bcc8 None None] logging_context_format_string = %(color)s%(levelname)s %(name)s [%(global_request_id)s %(request_id)s %(project_name)s %(user_name)s%(color)s] %(instance)s%(color)s%(message)s {{(pid=58629) log_opt_values /opt/stack/data/venv/lib/python3.10/site-packages/oslo_config/cfg.py:2817}}
Feb 11 16:57:11 devstack devstack@n-api.service[58629]: DEBUG nova.api.openstack.wsgi_app [None req-b412e547-285c-4b85-a5bd-baba29d8bcc8 None None] logging_debug_format_suffix = {{(pid=%(process)d) %(funcName)s %(pathname)s:%(lineno)d}} {{(pid=58629) log_opt_values /opt/stack/data/venv/lib/python3.10/site-packages/oslo_config/cfg.py:2817}}
Feb 11 16:57:11 devstack devstack@n-api.service[58629]: DEBUG nova.api.openstack.wsgi_app [None req-b412e547-285c-4b85-a5bd-baba29d8bcc8 None None] logging_default_format_string = %(color)s%(levelname)s %(name)s [-%(color)s] %(instance)s%(color)s%(message)s {{(pid=58629) log_opt_values /opt/stack/data/venv/lib/python3.10/site-packages/oslo_config/cfg.py:2817}}
Feb 11 16:57:11 devstack devstack@n-api.service[58629]: DEBUG nova.api.openstack.wsgi_app [None req-b412e547-285c-4b85-a5bd-baba29d8bcc8 None None] logging_exception_prefix = ERROR %(name)s %(instance)s {{(pid=58629) log_opt_values /opt/stack/data/venv/lib/python3.10/site-packages/oslo_config/cfg.py:2817}}
Feb 11 16:57:11 devstack devstack@n-api.service[58629]: DEBUG nova.api.openstack.wsgi_app [None req-b412e547-285c-4b85-a5bd-baba29d8bcc8 None None] logging_user_identity_format = %(user)s %(project)s %(domain)s %(system_scope)s %(user_domain)s %(project_domain)s {{(pid=58629) log_opt_values /opt/stack/data/venv/lib/python3.10/site-packages/oslo_config/cfg.py:2817}}
Feb 11 16:57:11 devstack devstack@n-api.service[58629]: DEBUG nova.api.openstack.wsgi_app [None req-b412e547-285c-4b85-a5bd-baba29d8bcc8 None None] long_rpc_timeout = 1800 {{(pid=58629) log_opt_values /opt/stack/data/venv/lib/python3.10/site-packages/oslo_config/cfg.py:2817}}
Feb 11 16:57:11 devstack devstack@n-api.service[58629]: DEBUG nova.api.openstack.wsgi_app [None req-b412e547-285c-4b85-a5bd-baba29d8bcc8 None None] max_concurrent_builds = 10 {{(pid=58629) log_opt_values /opt/stack/data/venv/lib/python3.10/site-packages/oslo_config/cfg.py:2817}}
Feb 11 16:57:11 devstack devstack@n-api.service[58629]: DEBUG nova.api.openstack.wsgi_app [None req-b412e547-285c-4b85-a5bd-baba29d8bcc8 None None] max_concurrent_live_migrations = 1 {{(pid=58629) log_opt_values /opt/stack/data/venv/lib/python3.10/site-packages/oslo_config/cfg.py:2817}}
Feb 11 16:57:11 devstack devstack@n-api.service[58629]: DEBUG nova.api.openstack.wsgi_app [None req-b412e547-285c-4b85-a5bd-baba29d8bcc8 None None] max_concurrent_snapshots = 5 {{(pid=58629) log_opt_values /opt/stack/data/venv/lib/python3.10/site-packages/oslo_config/cfg.py:2817}}
Feb 11 16:57:11 devstack devstack@n-api.service[58629]: DEBUG nova.api.openstack.wsgi_app [None req-b412e547-285c-4b85-a5bd-baba29d8bcc8 None None] max_local_block_devices = 3 {{(pid=58629) log_opt_values /opt/stack/data/venv/lib/python3.10/site-packages/oslo_config/cfg.py:2817}}
Feb 11 16:57:11 devstack devstack@n-api.service[58629]: DEBUG nova.api.openstack.wsgi_app [None req-b412e547-285c-4b85-a5bd-baba29d8bcc8 None None] max_logfile_count = 30 {{(pid=58629) log_opt_values /opt/stack/data/venv/lib/python3.10/site-packages/oslo_config/cfg.py:2817}}
Feb 11 16:57:11 devstack devstack@n-api.service[58629]: DEBUG nova.api.openstack.wsgi_app [None req-b412e547-285c-4b85-a5bd-baba29d8bcc8 None None] max_logfile_size_mb = 200 {{(pid=58629) log_opt_values /opt/stack/data/venv/lib/python3.10/site-packages/oslo_config/cfg.py:2817}}
Feb 11 16:57:11 devstack devstack@n-api.service[58629]: DEBUG nova.api.openstack.wsgi_app [None req-b412e547-285c-4b85-a5bd-baba29d8bcc8 None None] maximum_instance_delete_attempts = 5 {{(pid=58629) log_opt_values /opt/stack/data/venv/lib/python3.10/site-packages/oslo_config/cfg.py:2817}}
Feb 11 16:57:11 devstack devstack@n-api.service[58629]: DEBUG nova.api.openstack.wsgi_app [None req-b412e547-285c-4b85-a5bd-baba29d8bcc8 None None] migrate_max_retries = -1 {{(pid=58629) log_opt_values /opt/stack/data/venv/lib/python3.10/site-packages/oslo_config/cfg.py:2817}}
Feb 11 16:57:11 devstack devstack@n-api.service[58629]: DEBUG nova.api.openstack.wsgi_app [None req-b412e547-285c-4b85-a5bd-baba29d8bcc8 None None] mkisofs_cmd = genisoimage {{(pid=58629) log_opt_values /opt/stack/data/venv/lib/python3.10/site-packages/oslo_config/cfg.py:2817}}
Feb 11 16:57:11 devstack devstack@n-api.service[58629]: DEBUG nova.api.openstack.wsgi_app [None req-b412e547-285c-4b85-a5bd-baba29d8bcc8 None None] my_block_storage_ip = 192.168.122.170 {{(pid=58629) log_opt_values /opt/stack/data/venv/lib/python3.10/site-packages/oslo_config/cfg.py:2817}}
Feb 11 16:57:11 devstack devstack@n-api.service[58629]: DEBUG nova.api.openstack.wsgi_app [None req-b412e547-285c-4b85-a5bd-baba29d8bcc8 None None] my_ip = 192.168.122.170 {{(pid=58629) log_opt_values /opt/stack/data/venv/lib/python3.10/site-packages/oslo_config/cfg.py:2817}}
Feb 11 16:57:11 devstack devstack@n-api.service[58629]: DEBUG nova.api.openstack.wsgi_app [None req-b412e547-285c-4b85-a5bd-baba29d8bcc8 None None] my_shared_fs_storage_ip = 192.168.122.170 {{(pid=58629) log_opt_values /opt/stack/data/venv/lib/python3.10/site-packages/oslo_config/cfg.py:2817}}
Feb 11 16:57:11 devstack devstack@n-api.service[58629]: DEBUG nova.api.openstack.wsgi_app [None req-b412e547-285c-4b85-a5bd-baba29d8bcc8 None None] network_allocate_retries = 0 {{(pid=58629) log_opt_values /opt/stack/data/venv/lib/python3.10/site-packages/oslo_config/cfg.py:2817}}
Feb 11 16:57:11 devstack devstack@n-api.service[58628]: WARNING keystonemiddleware.auth_token [None req-ff73c6a9-8412-4798-af9e-ad5d46e7d8e0 None None] Configuring www_authenticate_uri to point to the public identity endpoint is required; clients may not be able to authenticate against an admin endpoint
Feb 11 16:57:11 devstack devstack@n-api.service[58629]: DEBUG nova.api.openstack.wsgi_app [None req-b412e547-285c-4b85-a5bd-baba29d8bcc8 None None] non_inheritable_image_properties = ['cache_in_nova', 'bittorrent'] {{(pid=58629) log_opt_values /opt/stack/data/venv/lib/python3.10/site-packages/oslo_config/cfg.py:2817}}
Feb 11 16:57:11 devstack devstack@n-api.service[58629]: DEBUG nova.api.openstack.wsgi_app [None req-b412e547-285c-4b85-a5bd-baba29d8bcc8 None None] osapi_compute_unique_server_name_scope = {{(pid=58629) log_opt_values /opt/stack/data/venv/lib/python3.10/site-packages/oslo_config/cfg.py:2817}}
Feb 11 16:57:11 devstack devstack@n-api.service[58629]: DEBUG nova.api.openstack.wsgi_app [None req-b412e547-285c-4b85-a5bd-baba29d8bcc8 None None] password_length = 12 {{(pid=58629) log_opt_values /opt/stack/data/venv/lib/python3.10/site-packages/oslo_config/cfg.py:2817}}
Feb 11 16:57:11 devstack devstack@n-api.service[58629]: DEBUG nova.api.openstack.wsgi_app [None req-b412e547-285c-4b85-a5bd-baba29d8bcc8 None None] periodic_enable = True {{(pid=58629) log_opt_values /opt/stack/data/venv/lib/python3.10/site-packages/oslo_config/cfg.py:2817}}
Feb 11 16:57:11 devstack devstack@n-api.service[58629]: DEBUG nova.api.openstack.wsgi_app [None req-b412e547-285c-4b85-a5bd-baba29d8bcc8 None None] periodic_fuzzy_delay = 60 {{(pid=58629) log_opt_values /opt/stack/data/venv/lib/python3.10/site-packages/oslo_config/cfg.py:2817}}
Feb 11 16:57:11 devstack devstack@n-api.service[58629]: DEBUG nova.api.openstack.wsgi_app [None req-b412e547-285c-4b85-a5bd-baba29d8bcc8 None None] pointer_model = ps2mouse {{(pid=58629) log_opt_values /opt/stack/data/venv/lib/python3.10/site-packages/oslo_config/cfg.py:2817}}
Feb 11 16:57:11 devstack devstack@n-api.service[58629]: DEBUG nova.api.openstack.wsgi_app [None req-b412e547-285c-4b85-a5bd-baba29d8bcc8 None None] preallocate_images = none {{(pid=58629) log_opt_values /opt/stack/data/venv/lib/python3.10/site-packages/oslo_config/cfg.py:2817}}
Feb 11 16:57:11 devstack devstack@n-api.service[58629]: DEBUG nova.api.openstack.wsgi_app [None req-b412e547-285c-4b85-a5bd-baba29d8bcc8 None None] publish_errors = False {{(pid=58629) log_opt_values /opt/stack/data/venv/lib/python3.10/site-packages/oslo_config/cfg.py:2817}}
Feb 11 16:57:11 devstack devstack@n-api.service[58629]: DEBUG nova.api.openstack.wsgi_app [None req-b412e547-285c-4b85-a5bd-baba29d8bcc8 None None] pybasedir = /opt/stack/nova {{(pid=58629) log_opt_values /opt/stack/data/venv/lib/python3.10/site-packages/oslo_config/cfg.py:2817}}
Feb 11 16:57:11 devstack devstack@n-api.service[58629]: DEBUG nova.api.openstack.wsgi_app [None req-b412e547-285c-4b85-a5bd-baba29d8bcc8 None None] ram_allocation_ratio = None {{(pid=58629) log_opt_values /opt/stack/data/venv/lib/python3.10/site-packages/oslo_config/cfg.py:2817}}
Feb 11 16:57:11 devstack devstack@n-api.service[58629]: DEBUG nova.api.openstack.wsgi_app [None req-b412e547-285c-4b85-a5bd-baba29d8bcc8 None None] rate_limit_burst = 0 {{(pid=58629) log_opt_values /opt/stack/data/venv/lib/python3.10/site-packages/oslo_config/cfg.py:2817}}
Feb 11 16:57:11 devstack devstack@n-api.service[58629]: DEBUG nova.api.openstack.wsgi_app [None req-b412e547-285c-4b85-a5bd-baba29d8bcc8 None None] rate_limit_except_level = CRITICAL {{(pid=58629) log_opt_values /opt/stack/data/venv/lib/python3.10/site-packages/oslo_config/cfg.py:2817}}
Feb 11 16:57:11 devstack devstack@n-api.service[58629]: DEBUG nova.api.openstack.wsgi_app [None req-b412e547-285c-4b85-a5bd-baba29d8bcc8 None None] rate_limit_interval = 0 {{(pid=58629) log_opt_values /opt/stack/data/venv/lib/python3.10/site-packages/oslo_config/cfg.py:2817}}
Feb 11 16:57:11 devstack devstack@n-api.service[58629]: DEBUG nova.api.openstack.wsgi_app [None req-b412e547-285c-4b85-a5bd-baba29d8bcc8 None None] reboot_timeout = 0 {{(pid=58629) log_opt_values /opt/stack/data/venv/lib/python3.10/site-packages/oslo_config/cfg.py:2817}}
Feb 11 16:57:11 devstack devstack@n-api.service[58629]: DEBUG nova.api.openstack.wsgi_app [None req-b412e547-285c-4b85-a5bd-baba29d8bcc8 None None] reclaim_instance_interval = 0 {{(pid=58629) log_opt_values /opt/stack/data/venv/lib/python3.10/site-packages/oslo_config/cfg.py:2817}}
Feb 11 16:57:11 devstack devstack@n-api.service[58629]: DEBUG nova.api.openstack.wsgi_app [None req-b412e547-285c-4b85-a5bd-baba29d8bcc8 None None] record = None {{(pid=58629) log_opt_values /opt/stack/data/venv/lib/python3.10/site-packages/oslo_config/cfg.py:2817}}
Feb 11 16:57:11 devstack devstack@n-api.service[58629]: DEBUG nova.api.openstack.wsgi_app [None req-b412e547-285c-4b85-a5bd-baba29d8bcc8 None None] reimage_timeout_per_gb = 20 {{(pid=58629) log_opt_values /opt/stack/data/venv/lib/python3.10/site-packages/oslo_config/cfg.py:2817}}
Feb 11 16:57:11 devstack devstack@n-api.service[58628]: DEBUG nova.api.openstack.wsgi_app [None req-ff73c6a9-8412-4798-af9e-ad5d46e7d8e0 None None] ******************************************************************************** {{(pid=58628) log_opt_values /opt/stack/data/venv/lib/python3.10/site-packages/oslo_config/cfg.py:2804}}
Feb 11 16:57:11 devstack devstack@n-api.service[58629]: DEBUG nova.api.openstack.wsgi_app [None req-b412e547-285c-4b85-a5bd-baba29d8bcc8 None None] report_interval = 120 {{(pid=58629) log_opt_values /opt/stack/data/venv/lib/python3.10/site-packages/oslo_config/cfg.py:2817}}
Feb 11 16:57:11 devstack devstack@n-api.service[58628]: DEBUG nova.api.openstack.wsgi_app [None req-ff73c6a9-8412-4798-af9e-ad5d46e7d8e0 None None] Configuration options gathered from: {{(pid=58628) log_opt_values /opt/stack/data/venv/lib/python3.10/site-packages/oslo_config/cfg.py:2805}}
Feb 11 16:57:11 devstack devstack@n-api.service[58629]: DEBUG nova.api.openstack.wsgi_app [None req-b412e547-285c-4b85-a5bd-baba29d8bcc8 None None] rescue_timeout = 0 {{(pid=58629) log_opt_values /opt/stack/data/venv/lib/python3.10/site-packages/oslo_config/cfg.py:2817}}
Feb 11 16:57:11 devstack devstack@n-api.service[58629]: DEBUG nova.api.openstack.wsgi_app [None req-b412e547-285c-4b85-a5bd-baba29d8bcc8 None None] reserved_host_cpus = 0 {{(pid=58629) log_opt_values /opt/stack/data/venv/lib/python3.10/site-packages/oslo_config/cfg.py:2817}}
Feb 11 16:57:11 devstack devstack@n-api.service[58628]: DEBUG nova.api.openstack.wsgi_app [None req-ff73c6a9-8412-4798-af9e-ad5d46e7d8e0 None None] command line args: [] {{(pid=58628) log_opt_values /opt/stack/data/venv/lib/python3.10/site-packages/oslo_config/cfg.py:2806}}
Feb 11 16:57:11 devstack devstack@n-api.service[58629]: DEBUG nova.api.openstack.wsgi_app [None req-b412e547-285c-4b85-a5bd-baba29d8bcc8 None None] reserved_host_disk_mb = 0 {{(pid=58629) log_opt_values /opt/stack/data/venv/lib/python3.10/site-packages/oslo_config/cfg.py:2817}}
