Sep 01 12:07:32 devstack cinder-volume[87084]: DEBUG oslo_concurrency.processutils [None req-cca1b818-2f20-4bbe-9900-8cb6c52d4607 tempest-SnapshotsActionsTest-1782740060 None] CMD "sudo cinder-rootwrap /etc/cinder/rootwrap.conf qemu-img rebase -u -b volume-b2ea7f04-f35d-4418-8c19-41c61d86b9d8 -F qcow2 /opt/stack/data/cinder/mnt/a7574b3cc7869ad47cc22ef56894f881/volume-b2ea7f04-f35d-4418-8c19-41c61d86b9d8.8ccd4c08-fc83-4fc1-98de-355e0ef0465a" returned: 0 in 0.478s {{(pid=87084) execute /opt/stack/data/venv/lib/python3.12/site-packages/oslo_concurrency/processutils.py:468}}
Sep 01 12:07:32 devstack cinder-volume[87084]: WARNING cinder.volume.drivers.remotefs [None req-cca1b818-2f20-4bbe-9900-8cb6c52d4607 tempest-SnapshotsActionsTest-1782740060 None] /opt/stack/data/cinder/mnt/a7574b3cc7869ad47cc22ef56894f881/volume-b2ea7f04-f35d-4418-8c19-41c61d86b9d8.8ccd4c08-fc83-4fc1-98de-355e0ef0465a is being set with open permissions: ugo+rw
Sep 01 12:07:32 devstack cinder-volume[87084]: DEBUG oslo_concurrency.processutils [None req-cca1b818-2f20-4bbe-9900-8cb6c52d4607 tempest-SnapshotsActionsTest-1782740060 None] Running cmd (subprocess): sudo cinder-rootwrap /etc/cinder/rootwrap.conf chmod ugo+rw /opt/stack/data/cinder/mnt/a7574b3cc7869ad47cc22ef56894f881/volume-b2ea7f04-f35d-4418-8c19-41c61d86b9d8.8ccd4c08-fc83-4fc1-98de-355e0ef0465a {{(pid=87084) execute /opt/stack/data/venv/lib/python3.12/site-packages/oslo_concurrency/processutils.py:440}}
Sep 01 12:07:32 devstack sudo[91094]: quobyte : PWD=/ ; USER=root ; COMMAND=/opt/stack/data/venv/bin/cinder-rootwrap /etc/cinder/rootwrap.conf chmod ugo+rw /opt/stack/data/cinder/mnt/a7574b3cc7869ad47cc22ef56894f881/volume-b2ea7f04-f35d-4418-8c19-41c61d86b9d8.8ccd4c08-fc83-4fc1-98de-355e0ef0465a
Sep 01 12:07:32 devstack sudo[91094]: pam_unix(sudo:session): session opened for user root(uid=0) by (uid=1000)
Sep 01 12:07:32 devstack sudo[91094]: pam_unix(sudo:session): session closed for user root
Sep 01 12:07:32 devstack cinder-volume[87084]: DEBUG oslo_concurrency.processutils [None req-cca1b818-2f20-4bbe-9900-8cb6c52d4607 tempest-SnapshotsActionsTest-1782740060 None] CMD "sudo cinder-rootwrap /etc/cinder/rootwrap.conf chmod ugo+rw /opt/stack/data/cinder/mnt/a7574b3cc7869ad47cc22ef56894f881/volume-b2ea7f04-f35d-4418-8c19-41c61d86b9d8.8ccd4c08-fc83-4fc1-98de-355e0ef0465a" returned: 0 in 0.345s {{(pid=87084) execute /opt/stack/data/venv/lib/python3.12/site-packages/oslo_concurrency/processutils.py:468}}
Sep 01 12:07:33 devstack cinder-volume[87084]: DEBUG oslo_concurrency.processutils [None req-cca1b818-2f20-4bbe-9900-8cb6c52d4607 tempest-SnapshotsActionsTest-1782740060 None] Running cmd (subprocess): sudo cinder-rootwrap /etc/cinder/rootwrap.conf truncate -s0 /opt/stack/data/cinder/mnt/a7574b3cc7869ad47cc22ef56894f881/volume-b2ea7f04-f35d-4418-8c19-41c61d86b9d8.info {{(pid=87084) execute /opt/stack/data/venv/lib/python3.12/site-packages/oslo_concurrency/processutils.py:440}}
Sep 01 12:07:33 devstack sudo[91097]: quobyte : PWD=/ ; USER=root ; COMMAND=/opt/stack/data/venv/bin/cinder-rootwrap /etc/cinder/rootwrap.conf truncate -s0 /opt/stack/data/cinder/mnt/a7574b3cc7869ad47cc22ef56894f881/volume-b2ea7f04-f35d-4418-8c19-41c61d86b9d8.info
Sep 01 12:07:33 devstack sudo[91097]: pam_unix(sudo:session): session opened for user root(uid=0) by (uid=1000)
Sep 01 12:07:33 devstack sudo[91097]: pam_unix(sudo:session): session closed for user root
Sep 01 12:07:33 devstack cinder-volume[87084]: DEBUG oslo_concurrency.processutils [None req-cca1b818-2f20-4bbe-9900-8cb6c52d4607 tempest-SnapshotsActionsTest-1782740060 None] CMD "sudo cinder-rootwrap /etc/cinder/rootwrap.conf truncate -s0 /opt/stack/data/cinder/mnt/a7574b3cc7869ad47cc22ef56894f881/volume-b2ea7f04-f35d-4418-8c19-41c61d86b9d8.info" returned: 0 in 0.323s {{(pid=87084) execute /opt/stack/data/venv/lib/python3.12/site-packages/oslo_concurrency/processutils.py:468}}
Sep 01 12:07:33 devstack cinder-volume[87084]: WARNING cinder.volume.drivers.remotefs [None req-cca1b818-2f20-4bbe-9900-8cb6c52d4607 tempest-SnapshotsActionsTest-1782740060 None] /opt/stack/data/cinder/mnt/a7574b3cc7869ad47cc22ef56894f881/volume-b2ea7f04-f35d-4418-8c19-41c61d86b9d8.info is being set with open permissions: ugo+rw
Sep 01 12:07:33 devstack cinder-volume[87084]: DEBUG oslo_concurrency.processutils [None req-cca1b818-2f20-4bbe-9900-8cb6c52d4607 tempest-SnapshotsActionsTest-1782740060 None] Running cmd (subprocess): sudo cinder-rootwrap /etc/cinder/rootwrap.conf chmod ugo+rw /opt/stack/data/cinder/mnt/a7574b3cc7869ad47cc22ef56894f881/volume-b2ea7f04-f35d-4418-8c19-41c61d86b9d8.info {{(pid=87084) execute /opt/stack/data/venv/lib/python3.12/site-packages/oslo_concurrency/processutils.py:440}}
Sep 01 12:07:33 devstack sudo[91100]: quobyte : PWD=/ ; USER=root ; COMMAND=/opt/stack/data/venv/bin/cinder-rootwrap /etc/cinder/rootwrap.conf chmod ugo+rw /opt/stack/data/cinder/mnt/a7574b3cc7869ad47cc22ef56894f881/volume-b2ea7f04-f35d-4418-8c19-41c61d86b9d8.info
Sep 01 12:07:33 devstack sudo[91100]: pam_unix(sudo:session): session opened for user root(uid=0) by (uid=1000)
Sep 01 12:07:33 devstack sudo[91100]: pam_unix(sudo:session): session closed for user root
Sep 01 12:07:33 devstack cinder-volume[87084]: DEBUG oslo_concurrency.processutils [None req-cca1b818-2f20-4bbe-9900-8cb6c52d4607 tempest-SnapshotsActionsTest-1782740060 None] CMD "sudo cinder-rootwrap /etc/cinder/rootwrap.conf chmod ugo+rw /opt/stack/data/cinder/mnt/a7574b3cc7869ad47cc22ef56894f881/volume-b2ea7f04-f35d-4418-8c19-41c61d86b9d8.info" returned: 0 in 0.373s {{(pid=87084) execute /opt/stack/data/venv/lib/python3.12/site-packages/oslo_concurrency/processutils.py:468}}
Sep 01 12:07:33 devstack cinder-volume[87084]: DEBUG oslo_concurrency.lockutils [None req-cca1b818-2f20-4bbe-9900-8cb6c52d4607 tempest-SnapshotsActionsTest-1782740060 None] Lock "quobyte" "released" by "cinder.volume.drivers.quobyte.QuobyteDriver.create_snapshot" :: held 2.949s {{(pid=87084) inner /opt/stack/data/venv/lib/python3.12/site-packages/oslo_concurrency/lockutils.py:544}}
Sep 01 12:07:33 devstack cinder-volume[87084]: INFO cinder.volume.manager [None req-cca1b818-2f20-4bbe-9900-8cb6c52d4607 tempest-SnapshotsActionsTest-1782740060 None] Create snapshot completed successfully
Sep 01 12:07:34 devstack cinder-volume[87084]: DEBUG oslo_concurrency.lockutils [None req-50497f64-d97b-4a88-8f57-d563fe8d34b0 tempest-SnapshotsActionsTest-1782740060 None] Acquiring lock "quobyte" by "cinder.volume.drivers.quobyte.QuobyteDriver.create_snapshot" {{(pid=87084) inner /opt/stack/data/venv/lib/python3.12/site-packages/oslo_concurrency/lockutils.py:512}}
Sep 01 12:07:34 devstack cinder-volume[87084]: DEBUG oslo_concurrency.lockutils [None req-50497f64-d97b-4a88-8f57-d563fe8d34b0 tempest-SnapshotsActionsTest-1782740060 None] Lock "quobyte" acquired by "cinder.volume.drivers.quobyte.QuobyteDriver.create_snapshot" :: waited 0.004s {{(pid=87084) inner /opt/stack/data/venv/lib/python3.12/site-packages/oslo_concurrency/lockutils.py:525}}
Sep 01 12:07:35 devstack cinder-volume[87084]: DEBUG cinder.volume.drivers.remotefs [None req-50497f64-d97b-4a88-8f57-d563fe8d34b0 tempest-SnapshotsActionsTest-1782740060 None] Creating offline snapshot fff94f98-d5e2-4c8b-8777-46032b272722 of volume b2ea7f04-f35d-4418-8c19-41c61d86b9d8 {{(pid=87084) _create_snapshot /opt/stack/cinder/cinder/volume/drivers/remotefs.py:1816}}
Sep 01 12:07:35 devstack cinder-volume[87084]: DEBUG oslo.privsep.daemon [-] privsep: reply[2f0fd849-5a68-4680-8f58-c893e8899bf4]: (4, 'qcow2') {{(pid=88419) _call_back /opt/stack/data/venv/lib/python3.12/site-packages/oslo_privsep/daemon.py:580}}
Sep 01 12:07:35 devstack cinder-volume[87084]: DEBUG oslo_concurrency.processutils [None req-50497f64-d97b-4a88-8f57-d563fe8d34b0 tempest-SnapshotsActionsTest-1782740060 None] Running cmd (subprocess): /opt/stack/data/venv/bin/python3.12 -m oslo_concurrency.prlimit --as=1073741824 --cpu=60 -- sudo cinder-rootwrap /etc/cinder/rootwrap.conf env LC_ALL=C qemu-img info -f qcow2 --output=json --force-share /opt/stack/data/cinder/mnt/a7574b3cc7869ad47cc22ef56894f881/volume-b2ea7f04-f35d-4418-8c19-41c61d86b9d8.8ccd4c08-fc83-4fc1-98de-355e0ef0465a {{(pid=87084) execute /opt/stack/data/venv/lib/python3.12/site-packages/oslo_concurrency/processutils.py:440}}
Sep 01 12:07:35 devstack sudo[91123]: quobyte : PWD=/ ; USER=root ; COMMAND=/opt/stack/data/venv/bin/cinder-rootwrap /etc/cinder/rootwrap.conf env LC_ALL=C qemu-img info -f qcow2 --output=json --force-share /opt/stack/data/cinder/mnt/a7574b3cc7869ad47cc22ef56894f881/volume-b2ea7f04-f35d-4418-8c19-41c61d86b9d8.8ccd4c08-fc83-4fc1-98de-355e0ef0465a
Sep 01 12:07:35 devstack sudo[91123]: pam_unix(sudo:session): session opened for user root(uid=0) by (uid=1000)
Sep 01 12:07:35 devstack sudo[91123]: pam_unix(sudo:session): session closed for user root
Sep 01 12:07:35 devstack cinder-volume[87084]: DEBUG oslo_concurrency.processutils [None req-50497f64-d97b-4a88-8f57-d563fe8d34b0 tempest-SnapshotsActionsTest-1782740060 None] CMD "/opt/stack/data/venv/bin/python3.12 -m oslo_concurrency.prlimit --as=1073741824 --cpu=60 -- sudo cinder-rootwrap /etc/cinder/rootwrap.conf env LC_ALL=C qemu-img info -f qcow2 --output=json --force-share /opt/stack/data/cinder/mnt/a7574b3cc7869ad47cc22ef56894f881/volume-b2ea7f04-f35d-4418-8c19-41c61d86b9d8.8ccd4c08-fc83-4fc1-98de-355e0ef0465a" returned: 0 in 0.810s {{(pid=87084) execute /opt/stack/data/venv/lib/python3.12/site-packages/oslo_concurrency/processutils.py:468}}
Sep 01 12:07:35 devstack cinder-volume[87084]: DEBUG cinder.volume.drivers.remotefs [None req-50497f64-d97b-4a88-8f57-d563fe8d34b0 tempest-SnapshotsActionsTest-1782740060 None] Fetching qemu-img info with special backing_file_template: (/opt/stack/data/cinder/mnt/[0-9a-f]+/)?(volume-b2ea7f04-f35d-4418-8c19-41c61d86b9d8(.(tmp-snap-)?[0-9a-f-]+)?|volume_from_snapshot_cache/(tmp-snap-)?[0-9a-f-]+(.(child-|parent-)[0-9a-f-]+)?)$ {{(pid=87084) _qemu_img_info_base /opt/stack/cinder/cinder/volume/drivers/remotefs.py:896}}
Sep 01 12:07:35 devstack cinder-volume[87084]: DEBUG oslo_concurrency.processutils [None req-50497f64-d97b-4a88-8f57-d563fe8d34b0 tempest-SnapshotsActionsTest-1782740060 None] Running cmd (subprocess): sudo cinder-rootwrap /etc/cinder/rootwrap.conf qemu-img create -f qcow2 -o backing_file=/opt/stack/data/cinder/mnt/a7574b3cc7869ad47cc22ef56894f881/volume-b2ea7f04-f35d-4418-8c19-41c61d86b9d8.8ccd4c08-fc83-4fc1-98de-355e0ef0465a,backing_fmt=qcow2 /opt/stack/data/cinder/mnt/a7574b3cc7869ad47cc22ef56894f881/volume-b2ea7f04-f35d-4418-8c19-41c61d86b9d8.fff94f98-d5e2-4c8b-8777-46032b272722 1G {{(pid=87084) execute /opt/stack/data/venv/lib/python3.12/site-packages/oslo_concurrency/processutils.py:440}}
Sep 01 12:07:36 devstack sudo[91155]: quobyte : PWD=/ ; USER=root ; COMMAND=/opt/stack/data/venv/bin/cinder-rootwrap /etc/cinder/rootwrap.conf qemu-img create -f qcow2 -o backing_file=/opt/stack/data/cinder/mnt/a7574b3cc7869ad47cc22ef56894f881/volume-b2ea7f04-f35d-4418-8c19-41c61d86b9d8.8ccd4c08-fc83-4fc1-98de-355e0ef0465a,backing_fmt=qcow2 /opt/stack/data/cinder/mnt/a7574b3cc7869ad47cc22ef56894f881/volume-b2ea7f04-f35d-4418-8c19-41c61d86b9d8.fff94f98-d5e2-4c8b-8777-46032b272722 1G
Sep 01 12:07:36 devstack sudo[91155]: pam_unix(sudo:session): session opened for user root(uid=0) by (uid=1000)
Sep 01 12:07:36 devstack sudo[91155]: pam_unix(sudo:session): session closed for user root
Sep 01 12:07:36 devstack cinder-volume[87084]: DEBUG oslo_concurrency.processutils [None req-50497f64-d97b-4a88-8f57-d563fe8d34b0 tempest-SnapshotsActionsTest-1782740060 None] CMD "sudo cinder-rootwrap /etc/cinder/rootwrap.conf qemu-img create -f qcow2 -o backing_file=/opt/stack/data/cinder/mnt/a7574b3cc7869ad47cc22ef56894f881/volume-b2ea7f04-f35d-4418-8c19-41c61d86b9d8.8ccd4c08-fc83-4fc1-98de-355e0ef0465a,backing_fmt=qcow2 /opt/stack/data/cinder/mnt/a7574b3cc7869ad47cc22ef56894f881/volume-b2ea7f04-f35d-4418-8c19-41c61d86b9d8.fff94f98-d5e2-4c8b-8777-46032b272722 1G" returned: 0 in 0.666s {{(pid=87084) execute /opt/stack/data/venv/lib/python3.12/site-packages/oslo_concurrency/processutils.py:468}}
Sep 01 12:07:36 devstack cinder-volume[87084]: DEBUG oslo_concurrency.processutils [None req-50497f64-d97b-4a88-8f57-d563fe8d34b0 tempest-SnapshotsActionsTest-1782740060 None] Running cmd (subprocess): sudo cinder-rootwrap /etc/cinder/rootwrap.conf qemu-img rebase -u -b volume-b2ea7f04-f35d-4418-8c19-41c61d86b9d8.8ccd4c08-fc83-4fc1-98de-355e0ef0465a -F qcow2 /opt/stack/data/cinder/mnt/a7574b3cc7869ad47cc22ef56894f881/volume-b2ea7f04-f35d-4418-8c19-41c61d86b9d8.fff94f98-d5e2-4c8b-8777-46032b272722 {{(pid=87084) execute /opt/stack/data/venv/lib/python3.12/site-packages/oslo_concurrency/processutils.py:440}}
Sep 01 12:07:36 devstack sudo[91172]: quobyte : PWD=/ ; USER=root ; COMMAND=/opt/stack/data/venv/bin/cinder-rootwrap /etc/cinder/rootwrap.conf qemu-img rebase -u -b volume-b2ea7f04-f35d-4418-8c19-41c61d86b9d8.8ccd4c08-fc83-4fc1-98de-355e0ef0465a -F qcow2 /opt/stack/data/cinder/mnt/a7574b3cc7869ad47cc22ef56894f881/volume-b2ea7f04-f35d-4418-8c19-41c61d86b9d8.fff94f98-d5e2-4c8b-8777-46032b272722
Sep 01 12:07:36 devstack sudo[91172]: pam_unix(sudo:session): session opened for user root(uid=0) by (uid=1000)
Sep 01 12:07:36 devstack sudo[91172]: pam_unix(sudo:session): session closed for user root
Sep 01 12:07:37 devstack cinder-volume[87084]: DEBUG oslo_concurrency.processutils [None req-50497f64-d97b-4a88-8f57-d563fe8d34b0 tempest-SnapshotsActionsTest-1782740060 None] CMD "sudo cinder-rootwrap /etc/cinder/rootwrap.conf qemu-img rebase -u -b volume-b2ea7f04-f35d-4418-8c19-41c61d86b9d8.8ccd4c08-fc83-4fc1-98de-355e0ef0465a -F qcow2 /opt/stack/data/cinder/mnt/a7574b3cc7869ad47cc22ef56894f881/volume-b2ea7f04-f35d-4418-8c19-41c61d86b9d8.fff94f98-d5e2-4c8b-8777-46032b272722" returned: 0 in 0.367s {{(pid=87084) execute /opt/stack/data/venv/lib/python3.12/site-packages/oslo_concurrency/processutils.py:468}}
Sep 01 12:07:37 devstack cinder-volume[87084]: WARNING cinder.volume.drivers.remotefs [None req-50497f64-d97b-4a88-8f57-d563fe8d34b0 tempest-SnapshotsActionsTest-1782740060 None] /opt/stack/data/cinder/mnt/a7574b3cc7869ad47cc22ef56894f881/volume-b2ea7f04-f35d-4418-8c19-41c61d86b9d8.fff94f98-d5e2-4c8b-8777-46032b272722 is being set with open permissions: ugo+rw
Sep 01 12:07:37 devstack cinder-volume[87084]: DEBUG oslo_concurrency.processutils [None req-50497f64-d97b-4a88-8f57-d563fe8d34b0 tempest-SnapshotsActionsTest-1782740060 None] Running cmd (subprocess): sudo cinder-rootwrap /etc/cinder/rootwrap.conf chmod ugo+rw /opt/stack/data/cinder/mnt/a7574b3cc7869ad47cc22ef56894f881/volume-b2ea7f04-f35d-4418-8c19-41c61d86b9d8.fff94f98-d5e2-4c8b-8777-46032b272722 {{(pid=87084) execute /opt/stack/data/venv/lib/python3.12/site-packages/oslo_concurrency/processutils.py:440}}
Sep 01 12:07:37 devstack sudo[91179]: quobyte : PWD=/ ; USER=root ; COMMAND=/opt/stack/data/venv/bin/cinder-rootwrap /etc/cinder/rootwrap.conf chmod ugo+rw /opt/stack/data/cinder/mnt/a7574b3cc7869ad47cc22ef56894f881/volume-b2ea7f04-f35d-4418-8c19-41c61d86b9d8.fff94f98-d5e2-4c8b-8777-46032b272722
Sep 01 12:07:37 devstack sudo[91179]: pam_unix(sudo:session): session opened for user root(uid=0) by (uid=1000)
Sep 01 12:07:37 devstack sudo[91179]: pam_unix(sudo:session): session closed for user root
Sep 01 12:07:37 devstack cinder-volume[87084]: DEBUG oslo_concurrency.processutils [None req-50497f64-d97b-4a88-8f57-d563fe8d34b0 tempest-SnapshotsActionsTest-1782740060 None] CMD "sudo cinder-rootwrap /etc/cinder/rootwrap.conf chmod ugo+rw /opt/stack/data/cinder/mnt/a7574b3cc7869ad47cc22ef56894f881/volume-b2ea7f04-f35d-4418-8c19-41c61d86b9d8.fff94f98-d5e2-4c8b-8777-46032b272722" returned: 0 in 0.357s {{(pid=87084) execute /opt/stack/data/venv/lib/python3.12/site-packages/oslo_concurrency/processutils.py:468}}
Sep 01 12:07:37 devstack cinder-volume[87084]: DEBUG oslo_concurrency.lockutils [None req-50497f64-d97b-4a88-8f57-d563fe8d34b0 tempest-SnapshotsActionsTest-1782740060 None] Lock "quobyte" "released" by "cinder.volume.drivers.quobyte.QuobyteDriver.create_snapshot" :: held 2.475s {{(pid=87084) inner /opt/stack/data/venv/lib/python3.12/site-packages/oslo_concurrency/lockutils.py:544}}
Sep 01 12:07:37 devstack cinder-volume[87084]: INFO cinder.volume.manager [None req-50497f64-d97b-4a88-8f57-d563fe8d34b0 tempest-SnapshotsActionsTest-1782740060 None] Create snapshot completed successfully
Sep 01 12:07:37 devstack cinder-volume[87084]: DEBUG oslo_concurrency.lockutils [req-e2ee5413-d53a-471d-84aa-98f472fe4156 req-fc1fc456-a143-4373-af66-f45b08ac9f1a tempest-TaggedAttachmentsTest-1487015619 None] Acquiring lock "quobyte" by "cinder.volume.drivers.quobyte.QuobyteDriver.initialize_connection" {{(pid=87084) inner /opt/stack/data/venv/lib/python3.12/site-packages/oslo_concurrency/lockutils.py:512}}
Sep 01 12:07:37 devstack cinder-volume[87084]: DEBUG oslo_concurrency.lockutils [req-e2ee5413-d53a-471d-84aa-98f472fe4156 req-fc1fc456-a143-4373-af66-f45b08ac9f1a tempest-TaggedAttachmentsTest-1487015619 None] Lock "quobyte" acquired by "cinder.volume.drivers.quobyte.QuobyteDriver.initialize_connection" :: waited 0.001s {{(pid=87084) inner /opt/stack/data/venv/lib/python3.12/site-packages/oslo_concurrency/lockutils.py:525}}
Sep 01 12:07:37 devstack cinder-volume[87084]: DEBUG oslo_concurrency.lockutils [req-e2ee5413-d53a-471d-84aa-98f472fe4156 req-fc1fc456-a143-4373-af66-f45b08ac9f1a tempest-TaggedAttachmentsTest-1487015619 None] Lock "quobyte" "released" by "cinder.volume.drivers.quobyte.QuobyteDriver.initialize_connection" :: held 0.013s {{(pid=87084) inner /opt/stack/data/venv/lib/python3.12/site-packages/oslo_concurrency/lockutils.py:544}}
Sep 01 12:07:37 devstack cinder-volume[87084]: DEBUG cinder.volume.manager [req-e2ee5413-d53a-471d-84aa-98f472fe4156 req-fc1fc456-a143-4373-af66-f45b08ac9f1a tempest-TaggedAttachmentsTest-1487015619 None] Connection info returned from driver {'export': 'osci02.corp.quobyte.com/cinder-vol-45609e5c-6a0e-436d-b1ef-4d40c8e94cf1', 'name': 'volume-ea5f572b-8860-43b2-971c-602ffb344b10', 'options': None, 'format': 'qcow2', 'qos_specs': None, 'access_mode': 'rw', 'encrypted': False, 'cacheable': False, 'driver_volume_type': 'quobyte', 'mount_point_base': '/opt/stack/data/cinder/mnt', 'attachment_id': 'bce9a852-ae63-45d4-8cc4-ebf6aeeaff24', 'enforce_multipath': True} {{(pid=87084) _connection_create /opt/stack/cinder/cinder/volume/manager.py:4924}}
Sep 01 12:07:37 devstack cinder-volume[87084]: INFO cinder.volume.manager [req-e2ee5413-d53a-471d-84aa-98f472fe4156 req-fc1fc456-a143-4373-af66-f45b08ac9f1a tempest-TaggedAttachmentsTest-1487015619 None] attachment_update completed successfully.
Sep 01 12:07:38 devstack cinder-volume[87084]: DEBUG cinder.coordination [None req-ba7d15dc-846a-4275-afbd-68f39121e131 tempest-SnapshotsActionsTest-535320734 None] Acquiring lock "cinder-fff94f98-d5e2-4c8b-8777-46032b272722-delete_snapshot" by "delete_snapshot" {{(pid=87084) __acquire /opt/stack/cinder/cinder/coordination.py:138}}
Sep 01 12:07:38 devstack cinder-volume[87084]: DEBUG cinder.coordination [None req-ba7d15dc-846a-4275-afbd-68f39121e131 tempest-SnapshotsActionsTest-535320734 None] Lock "cinder-fff94f98-d5e2-4c8b-8777-46032b272722-delete_snapshot" acquired by "delete_snapshot" :: waited 0.023s {{(pid=87084) __acquire /opt/stack/cinder/cinder/coordination.py:141}}
Sep 01 12:07:38 devstack cinder-volume[87084]: DEBUG cinder.coordination [None req-ba7d15dc-846a-4275-afbd-68f39121e131 tempest-SnapshotsActionsTest-535320734 None] Acquiring lock "cinder-quobyte-b2ea7f04-f35d-4418-8c19-41c61d86b9d8" by "delete_snapshot" {{(pid=87084) __acquire /opt/stack/cinder/cinder/coordination.py:138}}
Sep 01 12:07:38 devstack cinder-volume[87084]: DEBUG cinder.coordination [None req-ba7d15dc-846a-4275-afbd-68f39121e131 tempest-SnapshotsActionsTest-535320734 None] Lock "cinder-quobyte-b2ea7f04-f35d-4418-8c19-41c61d86b9d8" acquired by "delete_snapshot" :: waited 0.032s {{(pid=87084) __acquire /opt/stack/cinder/cinder/coordination.py:141}}
Sep 01 12:07:38 devstack cinder-volume[87084]: DEBUG cinder.coordination [None req-ba7d15dc-846a-4275-afbd-68f39121e131 tempest-SnapshotsActionsTest-535320734 None] Acquiring lock "cinder-quobyte-fff94f98-d5e2-4c8b-8777-46032b272722" by "_delete_snapshot" {{(pid=87084) __acquire /opt/stack/cinder/cinder/coordination.py:138}}
Sep 01 12:07:38 devstack cinder-volume[87084]: DEBUG cinder.coordination [None req-ba7d15dc-846a-4275-afbd-68f39121e131 tempest-SnapshotsActionsTest-535320734 None] Lock "cinder-quobyte-fff94f98-d5e2-4c8b-8777-46032b272722" acquired by "_delete_snapshot" :: waited 0.024s {{(pid=87084) __acquire /opt/stack/cinder/cinder/coordination.py:141}}
Sep 01 12:07:38 devstack cinder-volume[87084]: DEBUG cinder.volume.drivers.remotefs [None req-ba7d15dc-846a-4275-afbd-68f39121e131 tempest-SnapshotsActionsTest-535320734 None] Deleting offline snapshot fff94f98-d5e2-4c8b-8777-46032b272722 of volume b2ea7f04-f35d-4418-8c19-41c61d86b9d8 {{(pid=87084) _delete_snapshot /opt/stack/cinder/cinder/volume/drivers/remotefs.py:1288}}
Sep 01 12:07:38 devstack cinder-volume[87084]: DEBUG cinder.volume.drivers.remotefs [None req-ba7d15dc-846a-4275-afbd-68f39121e131 tempest-SnapshotsActionsTest-535320734 None] snapshot_file for this snap is: volume-b2ea7f04-f35d-4418-8c19-41c61d86b9d8.fff94f98-d5e2-4c8b-8777-46032b272722 {{(pid=87084) _delete_snapshot /opt/stack/cinder/cinder/volume/drivers/remotefs.py:1317}}
Sep 01 12:07:38 devstack cinder-volume[87084]: DEBUG oslo.privsep.daemon [-] privsep: reply[d1cc1af3-1aac-4129-9375-279aebeccdd6]: (4, 'qcow2') {{(pid=88419) _call_back /opt/stack/data/venv/lib/python3.12/site-packages/oslo_privsep/daemon.py:580}}
Sep 01 12:07:38 devstack cinder-volume[87084]: DEBUG oslo_concurrency.processutils [None req-ba7d15dc-846a-4275-afbd-68f39121e131 tempest-SnapshotsActionsTest-535320734 None] Running cmd (subprocess): /opt/stack/data/venv/bin/python3.12 -m oslo_concurrency.prlimit --as=1073741824 --cpu=60 -- sudo cinder-rootwrap /etc/cinder/rootwrap.conf env LC_ALL=C qemu-img info -f qcow2 --output=json --force-share /opt/stack/data/cinder/mnt/a7574b3cc7869ad47cc22ef56894f881/volume-b2ea7f04-f35d-4418-8c19-41c61d86b9d8.fff94f98-d5e2-4c8b-8777-46032b272722 {{(pid=87084) execute /opt/stack/data/venv/lib/python3.12/site-packages/oslo_concurrency/processutils.py:440}}
Sep 01 12:07:38 devstack sudo[91201]: quobyte : PWD=/ ; USER=root ; COMMAND=/opt/stack/data/venv/bin/cinder-rootwrap /etc/cinder/rootwrap.conf env LC_ALL=C qemu-img info -f qcow2 --output=json --force-share /opt/stack/data/cinder/mnt/a7574b3cc7869ad47cc22ef56894f881/volume-b2ea7f04-f35d-4418-8c19-41c61d86b9d8.fff94f98-d5e2-4c8b-8777-46032b272722
Sep 01 12:07:38 devstack sudo[91201]: pam_unix(sudo:session): session opened for user root(uid=0) by (uid=1000)
Sep 01 12:07:38 devstack cinder-volume[87084]: DEBUG oslo_concurrency.lockutils [req-c2201768-4f02-44fe-9c8a-a9d0bd04a05b req-2d4534f8-79ff-458c-963c-b1c81999bade tempest-ServerActionsTestOtherA-1571640185 None] Acquiring lock "quobyte" by "cinder.volume.drivers.quobyte.QuobyteDriver.initialize_connection" {{(pid=87084) inner /opt/stack/data/venv/lib/python3.12/site-packages/oslo_concurrency/lockutils.py:512}}
Sep 01 12:07:38 devstack cinder-volume[87084]: DEBUG oslo_concurrency.lockutils [req-c2201768-4f02-44fe-9c8a-a9d0bd04a05b req-2d4534f8-79ff-458c-963c-b1c81999bade tempest-ServerActionsTestOtherA-1571640185 None] Lock "quobyte" acquired by "cinder.volume.drivers.quobyte.QuobyteDriver.initialize_connection" :: waited 0.002s {{(pid=87084) inner /opt/stack/data/venv/lib/python3.12/site-packages/oslo_concurrency/lockutils.py:525}}
Sep 01 12:07:38 devstack cinder-volume[87084]: DEBUG oslo_concurrency.lockutils [req-c2201768-4f02-44fe-9c8a-a9d0bd04a05b req-2d4534f8-79ff-458c-963c-b1c81999bade tempest-ServerActionsTestOtherA-1571640185 None] Lock "quobyte" "released" by "cinder.volume.drivers.quobyte.QuobyteDriver.initialize_connection" :: held 0.017s {{(pid=87084) inner /opt/stack/data/venv/lib/python3.12/site-packages/oslo_concurrency/lockutils.py:544}}
Sep 01 12:07:38 devstack cinder-volume[87084]: DEBUG cinder.volume.manager [req-c2201768-4f02-44fe-9c8a-a9d0bd04a05b req-2d4534f8-79ff-458c-963c-b1c81999bade tempest-ServerActionsTestOtherA-1571640185 None] Connection info returned from driver {'export': 'osci02.corp.quobyte.com/cinder-vol-45609e5c-6a0e-436d-b1ef-4d40c8e94cf1', 'name': 'volume-95307a56-7b23-44f6-927d-e098de01f204', 'options': None, 'format': 'qcow2', 'qos_specs': None, 'access_mode': 'rw', 'encrypted': False, 'cacheable': False, 'driver_volume_type': 'quobyte', 'mount_point_base': '/opt/stack/data/cinder/mnt', 'attachment_id': 'b92f2101-c582-4431-a399-f98ee4fccac3', 'enforce_multipath': True} {{(pid=87084) _connection_create /opt/stack/cinder/cinder/volume/manager.py:4924}}
Sep 01 12:07:38 devstack cinder-volume[87084]: INFO cinder.volume.manager [req-c2201768-4f02-44fe-9c8a-a9d0bd04a05b req-2d4534f8-79ff-458c-963c-b1c81999bade tempest-ServerActionsTestOtherA-1571640185 None] attachment_update completed successfully.
Sep 01 12:07:38 devstack sudo[91201]: pam_unix(sudo:session): session closed for user root
Sep 01 12:07:38 devstack cinder-volume[87084]: DEBUG oslo_concurrency.processutils [None req-ba7d15dc-846a-4275-afbd-68f39121e131 tempest-SnapshotsActionsTest-535320734 None] CMD "/opt/stack/data/venv/bin/python3.12 -m oslo_concurrency.prlimit --as=1073741824 --cpu=60 -- sudo cinder-rootwrap /etc/cinder/rootwrap.conf env LC_ALL=C qemu-img info -f qcow2 --output=json --force-share /opt/stack/data/cinder/mnt/a7574b3cc7869ad47cc22ef56894f881/volume-b2ea7f04-f35d-4418-8c19-41c61d86b9d8.fff94f98-d5e2-4c8b-8777-46032b272722" returned: 0 in 0.467s {{(pid=87084) execute /opt/stack/data/venv/lib/python3.12/site-packages/oslo_concurrency/processutils.py:468}}
Sep 01 12:07:38 devstack cinder-volume[87084]: DEBUG cinder.volume.drivers.remotefs [None req-ba7d15dc-846a-4275-afbd-68f39121e131 tempest-SnapshotsActionsTest-535320734 None] Fetching qemu-img info with special backing_file_template: (/opt/stack/data/cinder/mnt/[0-9a-f]+/)?(volume-b2ea7f04-f35d-4418-8c19-41c61d86b9d8(.(tmp-snap-)?[0-9a-f-]+)?|volume_from_snapshot_cache/(tmp-snap-)?[0-9a-f-]+(.(child-|parent-)[0-9a-f-]+)?)$ {{(pid=87084) _qemu_img_info_base /opt/stack/cinder/cinder/volume/drivers/remotefs.py:896}}
Sep 01 12:07:39 devstack cinder-volume[87084]: DEBUG oslo.privsep.daemon [-] privsep: reply[5ccec24f-5137-4640-a8ca-a25c79d19b2c]: (4, 'qcow2') {{(pid=88419) _call_back /opt/stack/data/venv/lib/python3.12/site-packages/oslo_privsep/daemon.py:580}}
Sep 01 12:07:39 devstack cinder-volume[87084]: DEBUG oslo_concurrency.processutils [None req-ba7d15dc-846a-4275-afbd-68f39121e131 tempest-SnapshotsActionsTest-535320734 None] Running cmd (subprocess): /opt/stack/data/venv/bin/python3.12 -m oslo_concurrency.prlimit --as=1073741824 --cpu=60 -- sudo cinder-rootwrap /etc/cinder/rootwrap.conf env LC_ALL=C qemu-img info -f qcow2 --output=json --force-share /opt/stack/data/cinder/mnt/a7574b3cc7869ad47cc22ef56894f881/volume-b2ea7f04-f35d-4418-8c19-41c61d86b9d8.8ccd4c08-fc83-4fc1-98de-355e0ef0465a {{(pid=87084) execute /opt/stack/data/venv/lib/python3.12/site-packages/oslo_concurrency/processutils.py:440}}
Sep 01 12:07:39 devstack sudo[91218]: quobyte : PWD=/ ; USER=root ; COMMAND=/opt/stack/data/venv/bin/cinder-rootwrap /etc/cinder/rootwrap.conf env LC_ALL=C qemu-img info -f qcow2 --output=json --force-share /opt/stack/data/cinder/mnt/a7574b3cc7869ad47cc22ef56894f881/volume-b2ea7f04-f35d-4418-8c19-41c61d86b9d8.8ccd4c08-fc83-4fc1-98de-355e0ef0465a
Sep 01 12:07:39 devstack sudo[91218]: pam_unix(sudo:session): session opened for user root(uid=0) by (uid=1000)
Sep 01 12:07:39 devstack sudo[91218]: pam_unix(sudo:session): session closed for user root
Sep 01 12:07:39 devstack cinder-volume[87084]: DEBUG oslo_concurrency.processutils [None req-ba7d15dc-846a-4275-afbd-68f39121e131 tempest-SnapshotsActionsTest-535320734 None] CMD "/opt/stack/data/venv/bin/python3.12 -m oslo_concurrency.prlimit --as=1073741824 --cpu=60 -- sudo cinder-rootwrap /etc/cinder/rootwrap.conf env LC_ALL=C qemu-img info -f qcow2 --output=json --force-share /opt/stack/data/cinder/mnt/a7574b3cc7869ad47cc22ef56894f881/volume-b2ea7f04-f35d-4418-8c19-41c61d86b9d8.8ccd4c08-fc83-4fc1-98de-355e0ef0465a" returned: 0 in 0.626s {{(pid=87084) execute /opt/stack/data/venv/lib/python3.12/site-packages/oslo_concurrency/processutils.py:468}}
Sep 01 12:07:39 devstack cinder-volume[87084]: DEBUG cinder.volume.drivers.remotefs [None req-ba7d15dc-846a-4275-afbd-68f39121e131 tempest-SnapshotsActionsTest-535320734 None] Fetching qemu-img info with special backing_file_template: (/opt/stack/data/cinder/mnt/[0-9a-f]+/)?(volume-b2ea7f04-f35d-4418-8c19-41c61d86b9d8(.(tmp-snap-)?[0-9a-f-]+)?|volume_from_snapshot_cache/(tmp-snap-)?[0-9a-f-]+(.(child-|parent-)[0-9a-f-]+)?)$ {{(pid=87084) _qemu_img_info_base /opt/stack/cinder/cinder/volume/drivers/remotefs.py:896}}
Sep 01 12:07:39 devstack cinder-volume[87084]: DEBUG oslo_concurrency.processutils [None req-ba7d15dc-846a-4275-afbd-68f39121e131 tempest-SnapshotsActionsTest-535320734 None] Running cmd (subprocess): sudo cinder-rootwrap /etc/cinder/rootwrap.conf qemu-img commit -d /opt/stack/data/cinder/mnt/a7574b3cc7869ad47cc22ef56894f881/volume-b2ea7f04-f35d-4418-8c19-41c61d86b9d8.fff94f98-d5e2-4c8b-8777-46032b272722 {{(pid=87084) execute /opt/stack/data/venv/lib/python3.12/site-packages/oslo_concurrency/processutils.py:440}}
Sep 01 12:07:39 devstack sudo[91225]: quobyte : PWD=/ ; USER=root ; COMMAND=/opt/stack/data/venv/bin/cinder-rootwrap /etc/cinder/rootwrap.conf qemu-img commit -d /opt/stack/data/cinder/mnt/a7574b3cc7869ad47cc22ef56894f881/volume-b2ea7f04-f35d-4418-8c19-41c61d86b9d8.fff94f98-d5e2-4c8b-8777-46032b272722
Sep 01 12:07:39 devstack sudo[91225]: pam_unix(sudo:session): session opened for user root(uid=0) by (uid=1000)
Sep 01 12:07:40 devstack sudo[91225]: pam_unix(sudo:session): session closed for user root
Sep 01 12:07:40 devstack cinder-volume[87084]: DEBUG oslo_concurrency.processutils [None req-ba7d15dc-846a-4275-afbd-68f39121e131 tempest-SnapshotsActionsTest-535320734 None] CMD "sudo cinder-rootwrap /etc/cinder/rootwrap.conf qemu-img commit -d /opt/stack/data/cinder/mnt/a7574b3cc7869ad47cc22ef56894f881/volume-b2ea7f04-f35d-4418-8c19-41c61d86b9d8.fff94f98-d5e2-4c8b-8777-46032b272722" returned: 0 in 0.465s {{(pid=87084) execute /opt/stack/data/venv/lib/python3.12/site-packages/oslo_concurrency/processutils.py:468}}
Sep 01 12:07:40 devstack cinder-volume[87084]: DEBUG oslo_concurrency.processutils [None req-ba7d15dc-846a-4275-afbd-68f39121e131 tempest-SnapshotsActionsTest-535320734 None] Running cmd (subprocess): sudo cinder-rootwrap /etc/cinder/rootwrap.conf rm -f /opt/stack/data/cinder/mnt/a7574b3cc7869ad47cc22ef56894f881/volume-b2ea7f04-f35d-4418-8c19-41c61d86b9d8.fff94f98-d5e2-4c8b-8777-46032b272722 {{(pid=87084) execute /opt/stack/data/venv/lib/python3.12/site-packages/oslo_concurrency/processutils.py:440}}
Sep 01 12:07:40 devstack sudo[91233]: quobyte : PWD=/ ; USER=root ; COMMAND=/opt/stack/data/venv/bin/cinder-rootwrap /etc/cinder/rootwrap.conf rm -f /opt/stack/data/cinder/mnt/a7574b3cc7869ad47cc22ef56894f881/volume-b2ea7f04-f35d-4418-8c19-41c61d86b9d8.fff94f98-d5e2-4c8b-8777-46032b272722
Sep 01 12:07:40 devstack sudo[91233]: pam_unix(sudo:session): session opened for user root(uid=0) by (uid=1000)
Sep 01 12:07:40 devstack cinder-volume[87084]: INFO cinder.volume.manager [req-4a8c137e-cca8-4e47-80d5-9a65e1f560c8 req-c8eb2dc2-985c-4d87-a4de-f8de227dfdad tempest-TaggedAttachmentsTest-1487015619 None] Terminate volume connection completed successfully.
Sep 01 12:07:40 devstack cinder-volume[87084]: DEBUG cinder.volume.manager [req-4a8c137e-cca8-4e47-80d5-9a65e1f560c8 req-c8eb2dc2-985c-4d87-a4de-f8de227dfdad tempest-TaggedAttachmentsTest-1487015619 None] Deleting attachment bce9a852-ae63-45d4-8cc4-ebf6aeeaff24. {{(pid=87084) attachment_delete /opt/stack/cinder/cinder/volume/manager.py:5055}}
Sep 01 12:07:40 devstack sudo[91233]: pam_unix(sudo:session): session closed for user root
Sep 01 12:07:40 devstack cinder-volume[87084]: DEBUG oslo_concurrency.processutils [None req-ba7d15dc-846a-4275-afbd-68f39121e131 tempest-SnapshotsActionsTest-535320734 None] CMD "sudo cinder-rootwrap /etc/cinder/rootwrap.conf rm -f /opt/stack/data/cinder/mnt/a7574b3cc7869ad47cc22ef56894f881/volume-b2ea7f04-f35d-4418-8c19-41c61d86b9d8.fff94f98-d5e2-4c8b-8777-46032b272722" returned: 0 in 0.293s {{(pid=87084) execute /opt/stack/data/venv/lib/python3.12/site-packages/oslo_concurrency/processutils.py:468}}
Sep 01 12:07:40 devstack cinder-volume[87084]: DEBUG cinder.coordination [None req-ba7d15dc-846a-4275-afbd-68f39121e131 tempest-SnapshotsActionsTest-535320734 None] Lock "cinder-quobyte-fff94f98-d5e2-4c8b-8777-46032b272722" released by "_delete_snapshot" :: held 2.043s {{(pid=87084) __release /opt/stack/cinder/cinder/coordination.py:152}}
Sep 01 12:07:40 devstack cinder-volume[87084]: DEBUG cinder.coordination [None req-ba7d15dc-846a-4275-afbd-68f39121e131 tempest-SnapshotsActionsTest-535320734 None] Lock "cinder-quobyte-b2ea7f04-f35d-4418-8c19-41c61d86b9d8" released by "delete_snapshot" :: held 2.081s {{(pid=87084) __release /opt/stack/cinder/cinder/coordination.py:152}}
Sep 01 12:07:40 devstack cinder-volume[87084]: DEBUG cinder.quota [None req-ba7d15dc-846a-4275-afbd-68f39121e131 tempest-SnapshotsActionsTest-535320734 None] Created reservations ['0bf13d56-155a-468d-851d-b1d9d03b8120', '0a6a0279-a275-4250-9302-c412f770c9c1', '2c3e012c-84df-473a-b632-d7f0a86f7d69', '77b7a3c6-8363-4160-a4eb-0d3392a53525'] {{(pid=87084) reserve /opt/stack/cinder/cinder/quota.py:752}}
Sep 01 12:07:40 devstack cinder-volume[87084]: INFO cinder.volume.manager [None req-ba7d15dc-846a-4275-afbd-68f39121e131 tempest-SnapshotsActionsTest-535320734 None] Delete snapshot completed successfully.
Sep 01 12:07:40 devstack cinder-volume[87084]: DEBUG cinder.coordination [None req-ba7d15dc-846a-4275-afbd-68f39121e131 tempest-SnapshotsActionsTest-535320734 None] Lock "cinder-fff94f98-d5e2-4c8b-8777-46032b272722-delete_snapshot" released by "delete_snapshot" :: held 2.287s {{(pid=87084) __release /opt/stack/cinder/cinder/coordination.py:152}}
Sep 01 12:07:41 devstack cinder-volume[87084]: DEBUG oslo_service.periodic_task [None req-b192a980-faa1-499e-9dbf-cf72796d234f None None] Running periodic task VolumeManager.publish_service_capabilities {{(pid=87084) run_periodic_tasks /opt/stack/data/venv/lib/python3.12/site-packages/oslo_service/periodic_task.py:254}}
Sep 01 12:07:41 devstack cinder-volume[87084]: DEBUG oslo_concurrency.lockutils [None req-b192a980-faa1-499e-9dbf-cf72796d234f None None] Acquiring lock "quobyte_ensure" by "cinder.volume.drivers.quobyte.QuobyteDriver._ensure_shares_mounted" {{(pid=87084) inner /opt/stack/data/venv/lib/python3.12/site-packages/oslo_concurrency/lockutils.py:512}}
Sep 01 12:07:41 devstack cinder-volume[87084]: DEBUG oslo_concurrency.lockutils [None req-b192a980-faa1-499e-9dbf-cf72796d234f None None] Lock "quobyte_ensure" acquired by "cinder.volume.drivers.quobyte.QuobyteDriver._ensure_shares_mounted" :: waited 0.001s {{(pid=87084) inner /opt/stack/data/venv/lib/python3.12/site-packages/oslo_concurrency/lockutils.py:525}}
Sep 01 12:07:41 devstack cinder-volume[87084]: DEBUG cinder.volume.drivers.quobyte [None req-b192a980-faa1-499e-9dbf-cf72796d234f None None] Quobyte Volume URL set to: {'osci02.corp.quobyte.com/cinder-vol-45609e5c-6a0e-436d-b1ef-4d40c8e94cf1': None} {{(pid=87084) _load_shares_config /opt/stack/cinder/cinder/volume/drivers/quobyte.py:662}}
Sep 01 12:07:41 devstack cinder-volume[87084]: DEBUG cinder.volume.drivers.quobyte [None req-b192a980-faa1-499e-9dbf-cf72796d234f None None] Available shares ['osci02.corp.quobyte.com/cinder-vol-45609e5c-6a0e-436d-b1ef-4d40c8e94cf1'] {{(pid=87084) _ensure_shares_mounted /opt/stack/cinder/cinder/volume/drivers/quobyte.py:692}}
Sep 01 12:07:41 devstack cinder-volume[87084]: DEBUG oslo_concurrency.lockutils [None req-b192a980-faa1-499e-9dbf-cf72796d234f None None] Lock "quobyte_ensure" "released" by "cinder.volume.drivers.quobyte.QuobyteDriver._ensure_shares_mounted" :: held 0.012s {{(pid=87084) inner /opt/stack/data/venv/lib/python3.12/site-packages/oslo_concurrency/lockutils.py:544}}
Sep 01 12:07:41 devstack cinder-volume[87084]: DEBUG oslo_concurrency.processutils [None req-b192a980-faa1-499e-9dbf-cf72796d234f None None] Running cmd (subprocess): sudo cinder-rootwrap /etc/cinder/rootwrap.conf df --portability --block-size 1 /opt/stack/data/cinder/mnt/a7574b3cc7869ad47cc22ef56894f881 {{(pid=87084) execute /opt/stack/data/venv/lib/python3.12/site-packages/oslo_concurrency/processutils.py:440}}
Sep 01 12:07:41 devstack sudo[91255]: quobyte : PWD=/ ; USER=root ; COMMAND=/opt/stack/data/venv/bin/cinder-rootwrap /etc/cinder/rootwrap.conf df --portability --block-size 1 /opt/stack/data/cinder/mnt/a7574b3cc7869ad47cc22ef56894f881
Sep 01 12:07:41 devstack sudo[91255]: pam_unix(sudo:session): session opened for user root(uid=0) by (uid=1000)
Sep 01 12:07:42 devstack sudo[91255]: pam_unix(sudo:session): session closed for user root
Sep 01 12:07:42 devstack cinder-volume[87084]: DEBUG oslo_concurrency.processutils [None req-b192a980-faa1-499e-9dbf-cf72796d234f None None] CMD "sudo cinder-rootwrap /etc/cinder/rootwrap.conf df --portability --block-size 1 /opt/stack/data/cinder/mnt/a7574b3cc7869ad47cc22ef56894f881" returned: 0 in 0.545s {{(pid=87084) execute /opt/stack/data/venv/lib/python3.12/site-packages/oslo_concurrency/processutils.py:468}}
Sep 01 12:07:42 devstack cinder-volume[87084]: DEBUG cinder.manager [None req-b192a980-faa1-499e-9dbf-cf72796d234f None None] Notifying Schedulers of capabilities ... {{(pid=87084) _publish_service_capabilities /opt/stack/cinder/cinder/manager.py:219}}
Sep 01 12:07:42 devstack cinder-volume[87084]: DEBUG oslo_concurrency.lockutils [None req-91612719-ff35-4b68-92ee-fd9b58666120 tempest-SnapshotsActionsTest-1782740060 None] Acquiring lock "quobyte" by "cinder.volume.drivers.quobyte.QuobyteDriver.create_snapshot" {{(pid=87084) inner /opt/stack/data/venv/lib/python3.12/site-packages/oslo_concurrency/lockutils.py:512}}
Sep 01 12:07:42 devstack cinder-volume[87084]: DEBUG oslo_concurrency.lockutils [None req-91612719-ff35-4b68-92ee-fd9b58666120 tempest-SnapshotsActionsTest-1782740060 None] Lock "quobyte" acquired by "cinder.volume.drivers.quobyte.QuobyteDriver.create_snapshot" :: waited 0.001s {{(pid=87084) inner /opt/stack/data/venv/lib/python3.12/site-packages/oslo_concurrency/lockutils.py:525}}
Sep 01 12:07:42 devstack cinder-volume[87084]: DEBUG oslo_service.periodic_task [None req-b192a980-faa1-499e-9dbf-cf72796d234f None None] Running periodic task VolumeManager._thread_info {{(pid=87084) run_periodic_tasks /opt/stack/data/venv/lib/python3.12/site-packages/oslo_service/periodic_task.py:254}}
Sep 01 12:07:42 devstack cinder-volume[87084]: DEBUG cinder.volume.manager [None req-b192a980-faa1-499e-9dbf-cf72796d234f None None] thread count: 8 {{(pid=87084) _thread_info /opt/stack/cinder/cinder/volume/manager.py:5472}}
Sep 01 12:07:42 devstack cinder-volume[87084]: DEBUG cinder.volume.manager [None req-b192a980-faa1-499e-9dbf-cf72796d234f None None] thread info: [<_MainThread(MainThread, started 138561610330240)>, , , , , , , ] {{(pid=87084) _thread_info /opt/stack/cinder/cinder/volume/manager.py:5473}}
Sep 01 12:07:42 devstack cinder-volume[87084]: DEBUG cinder.volume.drivers.remotefs [None req-91612719-ff35-4b68-92ee-fd9b58666120 tempest-SnapshotsActionsTest-1782740060 None] Creating offline snapshot 4654f9f3-252a-40c7-9e32-a49b24ecbc02 of volume b2ea7f04-f35d-4418-8c19-41c61d86b9d8 {{(pid=87084) _create_snapshot /opt/stack/cinder/cinder/volume/drivers/remotefs.py:1816}}
Sep 01 12:07:42 devstack cinder-volume[87084]: DEBUG oslo.privsep.daemon [-] privsep: reply[5ab642d5-cdb9-424c-ab29-09473fb8f776]: (4, 'qcow2') {{(pid=88419) _call_back /opt/stack/data/venv/lib/python3.12/site-packages/oslo_privsep/daemon.py:580}}
Sep 01 12:07:42 devstack cinder-volume[87084]: DEBUG oslo_concurrency.processutils [None req-91612719-ff35-4b68-92ee-fd9b58666120 tempest-SnapshotsActionsTest-1782740060 None] Running cmd (subprocess): /opt/stack/data/venv/bin/python3.12 -m oslo_concurrency.prlimit --as=1073741824 --cpu=60 -- sudo cinder-rootwrap /etc/cinder/rootwrap.conf env LC_ALL=C qemu-img info -f qcow2 --output=json --force-share /opt/stack/data/cinder/mnt/a7574b3cc7869ad47cc22ef56894f881/volume-b2ea7f04-f35d-4418-8c19-41c61d86b9d8.8ccd4c08-fc83-4fc1-98de-355e0ef0465a {{(pid=87084) execute /opt/stack/data/venv/lib/python3.12/site-packages/oslo_concurrency/processutils.py:440}}
Sep 01 12:07:42 devstack sudo[91263]: quobyte : PWD=/ ; USER=root ; COMMAND=/opt/stack/data/venv/bin/cinder-rootwrap /etc/cinder/rootwrap.conf env LC_ALL=C qemu-img info -f qcow2 --output=json --force-share /opt/stack/data/cinder/mnt/a7574b3cc7869ad47cc22ef56894f881/volume-b2ea7f04-f35d-4418-8c19-41c61d86b9d8.8ccd4c08-fc83-4fc1-98de-355e0ef0465a
Sep 01 12:07:42 devstack sudo[91263]: pam_unix(sudo:session): session opened for user root(uid=0) by (uid=1000)
Sep 01 12:07:43 devstack sudo[91263]: pam_unix(sudo:session): session closed for user root
Sep 01 12:07:43 devstack cinder-volume[87084]: DEBUG oslo_concurrency.processutils [None req-91612719-ff35-4b68-92ee-fd9b58666120 tempest-SnapshotsActionsTest-1782740060 None] CMD "/opt/stack/data/venv/bin/python3.12 -m oslo_concurrency.prlimit --as=1073741824 --cpu=60 -- sudo cinder-rootwrap /etc/cinder/rootwrap.conf env LC_ALL=C qemu-img info -f qcow2 --output=json --force-share /opt/stack/data/cinder/mnt/a7574b3cc7869ad47cc22ef56894f881/volume-b2ea7f04-f35d-4418-8c19-41c61d86b9d8.8ccd4c08-fc83-4fc1-98de-355e0ef0465a" returned: 0 in 0.666s {{(pid=87084) execute /opt/stack/data/venv/lib/python3.12/site-packages/oslo_concurrency/processutils.py:468}}
Sep 01 12:07:43 devstack cinder-volume[87084]: DEBUG cinder.volume.drivers.remotefs [None req-91612719-ff35-4b68-92ee-fd9b58666120 tempest-SnapshotsActionsTest-1782740060 None] Fetching qemu-img info with special backing_file_template: (/opt/stack/data/cinder/mnt/[0-9a-f]+/)?(volume-b2ea7f04-f35d-4418-8c19-41c61d86b9d8(.(tmp-snap-)?[0-9a-f-]+)?|volume_from_snapshot_cache/(tmp-snap-)?[0-9a-f-]+(.(child-|parent-)[0-9a-f-]+)?)$ {{(pid=87084) _qemu_img_info_base /opt/stack/cinder/cinder/volume/drivers/remotefs.py:896}}
Sep 01 12:07:43 devstack cinder-volume[87084]: DEBUG oslo_concurrency.processutils [None req-91612719-ff35-4b68-92ee-fd9b58666120 tempest-SnapshotsActionsTest-1782740060 None] Running cmd (subprocess): sudo cinder-rootwrap /etc/cinder/rootwrap.conf qemu-img create -f qcow2 -o backing_file=/opt/stack/data/cinder/mnt/a7574b3cc7869ad47cc22ef56894f881/volume-b2ea7f04-f35d-4418-8c19-41c61d86b9d8.8ccd4c08-fc83-4fc1-98de-355e0ef0465a,backing_fmt=qcow2 /opt/stack/data/cinder/mnt/a7574b3cc7869ad47cc22ef56894f881/volume-b2ea7f04-f35d-4418-8c19-41c61d86b9d8.4654f9f3-252a-40c7-9e32-a49b24ecbc02 1G {{(pid=87084) execute /opt/stack/data/venv/lib/python3.12/site-packages/oslo_concurrency/processutils.py:440}}
Sep 01 12:07:43 devstack sudo[91275]: quobyte : PWD=/ ; USER=root ; COMMAND=/opt/stack/data/venv/bin/cinder-rootwrap /etc/cinder/rootwrap.conf qemu-img create -f qcow2 -o backing_file=/opt/stack/data/cinder/mnt/a7574b3cc7869ad47cc22ef56894f881/volume-b2ea7f04-f35d-4418-8c19-41c61d86b9d8.8ccd4c08-fc83-4fc1-98de-355e0ef0465a,backing_fmt=qcow2 /opt/stack/data/cinder/mnt/a7574b3cc7869ad47cc22ef56894f881/volume-b2ea7f04-f35d-4418-8c19-41c61d86b9d8.4654f9f3-252a-40c7-9e32-a49b24ecbc02 1G
Sep 01 12:07:43 devstack sudo[91275]: pam_unix(sudo:session): session opened for user root(uid=0) by (uid=1000)
Sep 01 12:07:43 devstack cinder-volume[87084]: INFO cinder.volume.manager [req-9b553028-3000-48df-87d4-9c0762d3011f req-5f86f170-f2cc-4d4e-9c28-370b3159de73 tempest-ServerActionsTestOtherA-1571640185 None] Terminate volume connection completed successfully.
Sep 01 12:07:43 devstack cinder-volume[87084]: DEBUG cinder.volume.manager [req-9b553028-3000-48df-87d4-9c0762d3011f req-5f86f170-f2cc-4d4e-9c28-370b3159de73 tempest-ServerActionsTestOtherA-1571640185 None] Deleting attachment b92f2101-c582-4431-a399-f98ee4fccac3. {{(pid=87084) attachment_delete /opt/stack/cinder/cinder/volume/manager.py:5055}}
Sep 01 12:07:43 devstack sudo[91275]: pam_unix(sudo:session): session closed for user root
Sep 01 12:07:43 devstack cinder-volume[87084]: DEBUG oslo_concurrency.processutils [None req-91612719-ff35-4b68-92ee-fd9b58666120 tempest-SnapshotsActionsTest-1782740060 None] CMD "sudo cinder-rootwrap /etc/cinder/rootwrap.conf qemu-img create -f qcow2 -o backing_file=/opt/stack/data/cinder/mnt/a7574b3cc7869ad47cc22ef56894f881/volume-b2ea7f04-f35d-4418-8c19-41c61d86b9d8.8ccd4c08-fc83-4fc1-98de-355e0ef0465a,backing_fmt=qcow2 /opt/stack/data/cinder/mnt/a7574b3cc7869ad47cc22ef56894f881/volume-b2ea7f04-f35d-4418-8c19-41c61d86b9d8.4654f9f3-252a-40c7-9e32-a49b24ecbc02 1G" returned: 0 in 0.577s {{(pid=87084) execute /opt/stack/data/venv/lib/python3.12/site-packages/oslo_concurrency/processutils.py:468}}
Sep 01 12:07:43 devstack cinder-volume[87084]: DEBUG oslo_concurrency.processutils [None req-91612719-ff35-4b68-92ee-fd9b58666120 tempest-SnapshotsActionsTest-1782740060 None] Running cmd (subprocess): sudo cinder-rootwrap /etc/cinder/rootwrap.conf qemu-img rebase -u -b volume-b2ea7f04-f35d-4418-8c19-41c61d86b9d8.8ccd4c08-fc83-4fc1-98de-355e0ef0465a -F qcow2 /opt/stack/data/cinder/mnt/a7574b3cc7869ad47cc22ef56894f881/volume-b2ea7f04-f35d-4418-8c19-41c61d86b9d8.4654f9f3-252a-40c7-9e32-a49b24ecbc02 {{(pid=87084) execute /opt/stack/data/venv/lib/python3.12/site-packages/oslo_concurrency/processutils.py:440}}
Sep 01 12:07:43 devstack sudo[91284]: quobyte : PWD=/ ; USER=root ; COMMAND=/opt/stack/data/venv/bin/cinder-rootwrap /etc/cinder/rootwrap.conf qemu-img rebase -u -b volume-b2ea7f04-f35d-4418-8c19-41c61d86b9d8.8ccd4c08-fc83-4fc1-98de-355e0ef0465a -F qcow2 /opt/stack/data/cinder/mnt/a7574b3cc7869ad47cc22ef56894f881/volume-b2ea7f04-f35d-4418-8c19-41c61d86b9d8.4654f9f3-252a-40c7-9e32-a49b24ecbc02
Sep 01 12:07:43 devstack sudo[91284]: pam_unix(sudo:session): session opened for user root(uid=0) by (uid=1000)
Sep 01 12:07:44 devstack sudo[91284]: pam_unix(sudo:session): session closed for user root
Sep 01 12:07:44 devstack cinder-volume[87084]: DEBUG oslo_concurrency.processutils [None req-91612719-ff35-4b68-92ee-fd9b58666120 tempest-SnapshotsActionsTest-1782740060 None] CMD "sudo cinder-rootwrap /etc/cinder/rootwrap.conf qemu-img rebase -u -b volume-b2ea7f04-f35d-4418-8c19-41c61d86b9d8.8ccd4c08-fc83-4fc1-98de-355e0ef0465a -F qcow2 /opt/stack/data/cinder/mnt/a7574b3cc7869ad47cc22ef56894f881/volume-b2ea7f04-f35d-4418-8c19-41c61d86b9d8.4654f9f3-252a-40c7-9e32-a49b24ecbc02" returned: 0 in 0.782s {{(pid=87084) execute /opt/stack/data/venv/lib/python3.12/site-packages/oslo_concurrency/processutils.py:468}}
Sep 01 12:07:44 devstack cinder-volume[87084]: WARNING cinder.volume.drivers.remotefs [None req-91612719-ff35-4b68-92ee-fd9b58666120 tempest-SnapshotsActionsTest-1782740060 None] /opt/stack/data/cinder/mnt/a7574b3cc7869ad47cc22ef56894f881/volume-b2ea7f04-f35d-4418-8c19-41c61d86b9d8.4654f9f3-252a-40c7-9e32-a49b24ecbc02 is being set with open permissions: ugo+rw
Sep 01 12:07:44 devstack cinder-volume[87084]: DEBUG oslo_concurrency.processutils [None req-91612719-ff35-4b68-92ee-fd9b58666120 tempest-SnapshotsActionsTest-1782740060 None] Running cmd (subprocess): sudo cinder-rootwrap /etc/cinder/rootwrap.conf chmod ugo+rw /opt/stack/data/cinder/mnt/a7574b3cc7869ad47cc22ef56894f881/volume-b2ea7f04-f35d-4418-8c19-41c61d86b9d8.4654f9f3-252a-40c7-9e32-a49b24ecbc02 {{(pid=87084) execute /opt/stack/data/venv/lib/python3.12/site-packages/oslo_concurrency/processutils.py:440}}
Sep 01 12:07:44 devstack sudo[91310]: quobyte : PWD=/ ; USER=root ; COMMAND=/opt/stack/data/venv/bin/cinder-rootwrap /etc/cinder/rootwrap.conf chmod ugo+rw /opt/stack/data/cinder/mnt/a7574b3cc7869ad47cc22ef56894f881/volume-b2ea7f04-f35d-4418-8c19-41c61d86b9d8.4654f9f3-252a-40c7-9e32-a49b24ecbc02
Sep 01 12:07:44 devstack sudo[91310]: pam_unix(sudo:session): session opened for user root(uid=0) by (uid=1000)
Sep 01 12:07:45 devstack sudo[91310]: pam_unix(sudo:session): session closed for user root
Sep 01 12:07:45 devstack cinder-volume[87084]: DEBUG oslo_concurrency.processutils [None req-91612719-ff35-4b68-92ee-fd9b58666120 tempest-SnapshotsActionsTest-1782740060 None] CMD "sudo cinder-rootwrap /etc/cinder/rootwrap.conf chmod ugo+rw /opt/stack/data/cinder/mnt/a7574b3cc7869ad47cc22ef56894f881/volume-b2ea7f04-f35d-4418-8c19-41c61d86b9d8.4654f9f3-252a-40c7-9e32-a49b24ecbc02" returned: 0 in 0.518s {{(pid=87084) execute /opt/stack/data/venv/lib/python3.12/site-packages/oslo_concurrency/processutils.py:468}}
Sep 01 12:07:45 devstack cinder-volume[87084]: DEBUG oslo_concurrency.lockutils [None req-91612719-ff35-4b68-92ee-fd9b58666120 tempest-SnapshotsActionsTest-1782740060 None] Lock "quobyte" "released" by "cinder.volume.drivers.quobyte.QuobyteDriver.create_snapshot" :: held 2.778s {{(pid=87084) inner /opt/stack/data/venv/lib/python3.12/site-packages/oslo_concurrency/lockutils.py:544}}
Sep 01 12:07:45 devstack cinder-volume[87084]: INFO cinder.volume.manager [None req-91612719-ff35-4b68-92ee-fd9b58666120 tempest-SnapshotsActionsTest-1782740060 None] Create snapshot completed successfully
Sep 01 12:07:45 devstack cinder-volume[87084]: DEBUG oslo_concurrency.lockutils [req-9b553028-3000-48df-87d4-9c0762d3011f req-0e215b19-67f8-4103-9fcc-d41ac62a7d78 tempest-ServerActionsTestOtherA-1571640185 None] Acquiring lock "quobyte" by "cinder.volume.drivers.quobyte.QuobyteDriver.initialize_connection" {{(pid=87084) inner /opt/stack/data/venv/lib/python3.12/site-packages/oslo_concurrency/lockutils.py:512}}
