Aug 09 11:20:57 devstack cinder-volume[89191]: INFO cinder.volume.drivers.remotefs [None req-97c4417b-5195-4290-a31b-d88752447480 tempest-GroupSnapshotsTest-684869966 None] casted to osci02.corp.quobyte.com/cinder-vol-d3767b59-df43-4fee-9b16-bf53de8e30ce
Aug 09 11:20:57 devstack cinder-volume[89191]: DEBUG oslo_concurrency.processutils [None req-97c4417b-5195-4290-a31b-d88752447480 tempest-GroupSnapshotsTest-684869966 None] Running cmd (subprocess): sudo cinder-rootwrap /etc/cinder/rootwrap.conf qemu-img create -f qcow2 -o preallocation=metadata /opt/stack/data/cinder/mnt/6ad94fb632b69afb0627e9ed0c69728d/volume-5f760567-a212-492a-83fc-9f3f008f5d02 1073741824 {{(pid=89191) execute /opt/stack/data/venv/lib/python3.12/site-packages/oslo_concurrency/processutils.py:440}}
Aug 09 11:20:57 devstack sudo[94847]: quobyte : PWD=/ ; USER=root ; COMMAND=/opt/stack/data/venv/bin/cinder-rootwrap /etc/cinder/rootwrap.conf qemu-img create -f qcow2 -o preallocation=metadata /opt/stack/data/cinder/mnt/6ad94fb632b69afb0627e9ed0c69728d/volume-5f760567-a212-492a-83fc-9f3f008f5d02 1073741824
Aug 09 11:20:57 devstack sudo[94847]: pam_unix(sudo:session): session opened for user root(uid=0) by (uid=1000)
Aug 09 11:20:58 devstack sudo[94844]: pam_unix(sudo:session): session closed for user root
Aug 09 11:20:58 devstack cinder-volume[89191]: DEBUG oslo_concurrency.processutils [None req-837c171a-b385-4d14-809c-e7663349f6b4 tempest-GroupsTest-2038970989 None] CMD "/opt/stack/data/venv/bin/python3.12 -m oslo_concurrency.prlimit --as=1073741824 --cpu=60 -- sudo cinder-rootwrap /etc/cinder/rootwrap.conf env LC_ALL=C qemu-img info -f qcow2 --output=json --force-share /opt/stack/data/cinder/mnt/6ad94fb632b69afb0627e9ed0c69728d/volume-c3fcaee9-2d83-4ccc-89f4-15305c268742" returned: 0 in 0.484s {{(pid=89191) execute /opt/stack/data/venv/lib/python3.12/site-packages/oslo_concurrency/processutils.py:468}}
Aug 09 11:20:58 devstack cinder-volume[89191]: DEBUG oslo_concurrency.processutils [None req-837c171a-b385-4d14-809c-e7663349f6b4 tempest-GroupsTest-2038970989 None] Running cmd (subprocess): sudo cinder-rootwrap /etc/cinder/rootwrap.conf rm -f /opt/stack/data/cinder/mnt/6ad94fb632b69afb0627e9ed0c69728d/volume-c3fcaee9-2d83-4ccc-89f4-15305c268742 {{(pid=89191) execute /opt/stack/data/venv/lib/python3.12/site-packages/oslo_concurrency/processutils.py:440}}
Aug 09 11:20:58 devstack sudo[94853]: quobyte : PWD=/ ; USER=root ; COMMAND=/opt/stack/data/venv/bin/cinder-rootwrap /etc/cinder/rootwrap.conf rm -f /opt/stack/data/cinder/mnt/6ad94fb632b69afb0627e9ed0c69728d/volume-c3fcaee9-2d83-4ccc-89f4-15305c268742
Aug 09 11:20:58 devstack sudo[94853]: pam_unix(sudo:session): session opened for user root(uid=0) by (uid=1000)
Aug 09 11:20:58 devstack sudo[94853]: pam_unix(sudo:session): session closed for user root
Aug 09 11:20:58 devstack cinder-volume[89191]: DEBUG oslo_concurrency.processutils [None req-837c171a-b385-4d14-809c-e7663349f6b4 tempest-GroupsTest-2038970989 None] CMD "sudo cinder-rootwrap /etc/cinder/rootwrap.conf rm -f /opt/stack/data/cinder/mnt/6ad94fb632b69afb0627e9ed0c69728d/volume-c3fcaee9-2d83-4ccc-89f4-15305c268742" returned: 0 in 0.363s {{(pid=89191) execute /opt/stack/data/venv/lib/python3.12/site-packages/oslo_concurrency/processutils.py:468}}
Aug 09 11:20:58 devstack sudo[94847]: pam_unix(sudo:session): session closed for user root
Aug 09 11:20:58 devstack cinder-volume[89191]: DEBUG oslo_concurrency.processutils [None req-97c4417b-5195-4290-a31b-d88752447480 tempest-GroupSnapshotsTest-684869966 None] CMD "sudo cinder-rootwrap /etc/cinder/rootwrap.conf qemu-img create -f qcow2 -o preallocation=metadata /opt/stack/data/cinder/mnt/6ad94fb632b69afb0627e9ed0c69728d/volume-5f760567-a212-492a-83fc-9f3f008f5d02 1073741824" returned: 0 in 0.646s {{(pid=89191) execute /opt/stack/data/venv/lib/python3.12/site-packages/oslo_concurrency/processutils.py:468}}
Aug 09 11:20:58 devstack cinder-volume[89191]: DEBUG cinder.coordination [None req-837c171a-b385-4d14-809c-e7663349f6b4 tempest-GroupsTest-2038970989 None] Lock "cinder-quobyte-c3fcaee9-2d83-4ccc-89f4-15305c268742" released by "delete_volume" :: held 0.942s {{(pid=89191) __release /opt/stack/cinder/cinder/coordination.py:152}}
Aug 09 11:20:58 devstack cinder-volume[89191]: DEBUG oslo_concurrency.processutils [None req-97c4417b-5195-4290-a31b-d88752447480 tempest-GroupSnapshotsTest-684869966 None] Running cmd (subprocess): sudo cinder-rootwrap /etc/cinder/rootwrap.conf chmod ugo+rw /opt/stack/data/cinder/mnt/6ad94fb632b69afb0627e9ed0c69728d/volume-5f760567-a212-492a-83fc-9f3f008f5d02 {{(pid=89191) execute /opt/stack/data/venv/lib/python3.12/site-packages/oslo_concurrency/processutils.py:440}}
Aug 09 11:20:58 devstack sudo[94861]: quobyte : PWD=/ ; USER=root ; COMMAND=/opt/stack/data/venv/bin/cinder-rootwrap /etc/cinder/rootwrap.conf chmod ugo+rw /opt/stack/data/cinder/mnt/6ad94fb632b69afb0627e9ed0c69728d/volume-5f760567-a212-492a-83fc-9f3f008f5d02
Aug 09 11:20:58 devstack sudo[94861]: pam_unix(sudo:session): session opened for user root(uid=0) by (uid=1000)
Aug 09 11:20:58 devstack cinder-volume[89191]: DEBUG cinder.quota [None req-837c171a-b385-4d14-809c-e7663349f6b4 tempest-GroupsTest-2038970989 None] Created reservations ['56a2b15d-7b1b-4dfd-9e5a-f90d0e373fb9'] {{(pid=89191) reserve /opt/stack/cinder/cinder/quota.py:752}}
Aug 09 11:20:58 devstack cinder-volume[89191]: WARNING cinder.quota [None req-837c171a-b385-4d14-809c-e7663349f6b4 tempest-GroupsTest-2038970989 None] Deprecated: Default quota for resource: volumes_tempest-GroupsTest-volume-type-1590165707 is set by the default quota flag: quota_volumes_tempest-GroupsTest-volume-type-1590165707, it is now deprecated. Please use the default quota class for default quota.
Aug 09 11:20:58 devstack cinder-volume[89191]: WARNING cinder.quota [None req-837c171a-b385-4d14-809c-e7663349f6b4 tempest-GroupsTest-2038970989 None] Deprecated: Default quota for resource: gigabytes_tempest-GroupsTest-volume-type-1590165707 is set by the default quota flag: quota_gigabytes_tempest-GroupsTest-volume-type-1590165707, it is now deprecated. Please use the default quota class for default quota.
Aug 09 11:20:58 devstack cinder-volume[89191]: DEBUG cinder.quota [None req-837c171a-b385-4d14-809c-e7663349f6b4 tempest-GroupsTest-2038970989 None] Created reservations ['eb9da7e3-1f93-4940-a875-7e3e8ab260f9', '7809a1a8-27a0-4a77-a0f3-3cc5cf0ac3f3', '5e47651e-4438-40ce-8d02-587b655c0b7b', '4861e0fd-88e2-4705-9d2a-ff1e5de7fc8c'] {{(pid=89191) reserve /opt/stack/cinder/cinder/quota.py:752}}
Aug 09 11:20:58 devstack cinder-volume[89191]: DEBUG cinder.quota [None req-837c171a-b385-4d14-809c-e7663349f6b4 tempest-GroupsTest-2038970989 None] Created reservations ['1eea2d1e-71ed-4174-b42e-83c0ea91cc7e', '789d5a9a-7ccf-4e79-8264-834742ef54c1', 'f014aa84-f281-4f4b-8bb7-459314ec65da', '7564578f-b89d-454e-9e52-da9f1fe4e7b1'] {{(pid=89191) reserve /opt/stack/cinder/cinder/quota.py:752}}
Aug 09 11:20:58 devstack sudo[94861]: pam_unix(sudo:session): session closed for user root
Aug 09 11:20:58 devstack cinder-volume[89191]: DEBUG oslo_concurrency.processutils [None req-97c4417b-5195-4290-a31b-d88752447480 tempest-GroupSnapshotsTest-684869966 None] CMD "sudo cinder-rootwrap /etc/cinder/rootwrap.conf chmod ugo+rw /opt/stack/data/cinder/mnt/6ad94fb632b69afb0627e9ed0c69728d/volume-5f760567-a212-492a-83fc-9f3f008f5d02" returned: 0 in 0.284s {{(pid=89191) execute /opt/stack/data/venv/lib/python3.12/site-packages/oslo_concurrency/processutils.py:468}}
Aug 09 11:20:58 devstack cinder-volume[89191]: DEBUG cinder.volume.drivers.quobyte [None req-97c4417b-5195-4290-a31b-d88752447480 tempest-GroupSnapshotsTest-684869966 None] <== create_volume: return (1019ms) {'provider_location': 'osci02.corp.quobyte.com/cinder-vol-d3767b59-df43-4fee-9b16-bf53de8e30ce'} {{(pid=89191) trace_logging_wrapper /opt/stack/cinder/cinder/volume/volume_utils.py:1522}}
Aug 09 11:20:58 devstack cinder-volume[89191]: DEBUG oslo_concurrency.lockutils [None req-97c4417b-5195-4290-a31b-d88752447480 tempest-GroupSnapshotsTest-684869966 None] Lock "quobyte" "released" by "cinder.volume.drivers.quobyte.QuobyteDriver.create_volume" :: held 1.023s {{(pid=89191) inner /opt/stack/data/venv/lib/python3.12/site-packages/oslo_concurrency/lockutils.py:544}}
Aug 09 11:20:58 devstack cinder-volume[89191]: DEBUG cinder.volume.manager [None req-97c4417b-5195-4290-a31b-d88752447480 tempest-GroupSnapshotsTest-684869966 None] Task 'cinder.volume.flows.manager.create_volume.CreateVolumeFromSpecTask;volume:create' (f60722a2-e858-458f-af6c-3f2fef49e9a4) transitioned into state 'SUCCESS' from state 'RUNNING' with result '{'status': 'creating', 'volume_name': 'volume-5f760567-a212-492a-83fc-9f3f008f5d02', 'volume_size': 1}' {{(pid=89191) _task_receiver /opt/stack/data/venv/lib/python3.12/site-packages/taskflow/listeners/logging.py:218}}
Aug 09 11:20:58 devstack cinder-volume[89191]: DEBUG cinder.volume.manager [None req-97c4417b-5195-4290-a31b-d88752447480 tempest-GroupSnapshotsTest-684869966 None] Task 'cinder.volume.flows.manager.create_volume.CreateVolumeOnFinishTask;volume:create, create.end' (2c5b7b76-ff33-4e56-a579-d5d0fa4a3467) transitioned into state 'RUNNING' from state 'PENDING' {{(pid=89191) _task_receiver /opt/stack/data/venv/lib/python3.12/site-packages/taskflow/listeners/logging.py:242}}
Aug 09 11:20:58 devstack cinder-volume[89191]: INFO cinder.volume.flows.manager.create_volume [None req-97c4417b-5195-4290-a31b-d88752447480 tempest-GroupSnapshotsTest-684869966 None] Volume volume-5f760567-a212-492a-83fc-9f3f008f5d02 (5f760567-a212-492a-83fc-9f3f008f5d02): created successfully
Aug 09 11:20:58 devstack cinder-volume[89191]: DEBUG cinder.volume.manager [None req-97c4417b-5195-4290-a31b-d88752447480 tempest-GroupSnapshotsTest-684869966 None] Task 'cinder.volume.flows.manager.create_volume.CreateVolumeOnFinishTask;volume:create, create.end' (2c5b7b76-ff33-4e56-a579-d5d0fa4a3467) transitioned into state 'SUCCESS' from state 'RUNNING' with result 'None' {{(pid=89191) _task_receiver /opt/stack/data/venv/lib/python3.12/site-packages/taskflow/listeners/logging.py:218}}
Aug 09 11:20:58 devstack cinder-volume[89191]: DEBUG cinder.volume.manager [None req-97c4417b-5195-4290-a31b-d88752447480 tempest-GroupSnapshotsTest-684869966 None] Flow 'volume_create_manager' (563d18d7-218f-476c-ab45-7d639f91e736) transitioned into state 'SUCCESS' from state 'RUNNING' {{(pid=89191) _flow_receiver /opt/stack/data/venv/lib/python3.12/site-packages/taskflow/listeners/logging.py:160}}
Aug 09 11:20:58 devstack cinder-volume[89191]: INFO cinder.volume.manager [None req-97c4417b-5195-4290-a31b-d88752447480 tempest-GroupSnapshotsTest-684869966 None] Created volume successfully.
Aug 09 11:20:59 devstack cinder-volume[89191]: DEBUG oslo_concurrency.lockutils [None req-837c171a-b385-4d14-809c-e7663349f6b4 tempest-GroupsTest-2038970989 None] Acquiring lock "quobyte_ensure" by "cinder.volume.drivers.quobyte.QuobyteDriver._ensure_shares_mounted" {{(pid=89191) inner /opt/stack/data/venv/lib/python3.12/site-packages/oslo_concurrency/lockutils.py:512}}
Aug 09 11:20:59 devstack cinder-volume[89191]: DEBUG oslo_concurrency.lockutils [None req-837c171a-b385-4d14-809c-e7663349f6b4 tempest-GroupsTest-2038970989 None] Lock "quobyte_ensure" acquired by "cinder.volume.drivers.quobyte.QuobyteDriver._ensure_shares_mounted" :: waited 0.001s {{(pid=89191) inner /opt/stack/data/venv/lib/python3.12/site-packages/oslo_concurrency/lockutils.py:525}}
Aug 09 11:20:59 devstack cinder-volume[89191]: DEBUG cinder.volume.drivers.quobyte [None req-837c171a-b385-4d14-809c-e7663349f6b4 tempest-GroupsTest-2038970989 None] Quobyte Volume URL set to: {'osci02.corp.quobyte.com/cinder-vol-d3767b59-df43-4fee-9b16-bf53de8e30ce': None} {{(pid=89191) _load_shares_config /opt/stack/cinder/cinder/volume/drivers/quobyte.py:665}}
Aug 09 11:20:59 devstack cinder-volume[89191]: DEBUG cinder.volume.drivers.quobyte [None req-837c171a-b385-4d14-809c-e7663349f6b4 tempest-GroupsTest-2038970989 None] Available shares ['osci02.corp.quobyte.com/cinder-vol-d3767b59-df43-4fee-9b16-bf53de8e30ce'] {{(pid=89191) _ensure_shares_mounted /opt/stack/cinder/cinder/volume/drivers/quobyte.py:695}}
Aug 09 11:20:59 devstack cinder-volume[89191]: DEBUG oslo_concurrency.lockutils [None req-837c171a-b385-4d14-809c-e7663349f6b4 tempest-GroupsTest-2038970989 None] Lock "quobyte_ensure" "released" by "cinder.volume.drivers.quobyte.QuobyteDriver._ensure_shares_mounted" :: held 0.011s {{(pid=89191) inner /opt/stack/data/venv/lib/python3.12/site-packages/oslo_concurrency/lockutils.py:544}}
Aug 09 11:20:59 devstack cinder-volume[89191]: DEBUG oslo_concurrency.processutils [None req-837c171a-b385-4d14-809c-e7663349f6b4 tempest-GroupsTest-2038970989 None] Running cmd (subprocess): sudo cinder-rootwrap /etc/cinder/rootwrap.conf df --portability --block-size 1 /opt/stack/data/cinder/mnt/6ad94fb632b69afb0627e9ed0c69728d {{(pid=89191) execute /opt/stack/data/venv/lib/python3.12/site-packages/oslo_concurrency/processutils.py:440}}
Aug 09 11:20:59 devstack sudo[94864]: quobyte : PWD=/ ; USER=root ; COMMAND=/opt/stack/data/venv/bin/cinder-rootwrap /etc/cinder/rootwrap.conf df --portability --block-size 1 /opt/stack/data/cinder/mnt/6ad94fb632b69afb0627e9ed0c69728d
Aug 09 11:20:59 devstack sudo[94864]: pam_unix(sudo:session): session opened for user root(uid=0) by (uid=1000)
Aug 09 11:20:59 devstack sudo[94864]: pam_unix(sudo:session): session closed for user root
Aug 09 11:20:59 devstack cinder-volume[89191]: DEBUG oslo_concurrency.processutils [None req-837c171a-b385-4d14-809c-e7663349f6b4 tempest-GroupsTest-2038970989 None] CMD "sudo cinder-rootwrap /etc/cinder/rootwrap.conf df --portability --block-size 1 /opt/stack/data/cinder/mnt/6ad94fb632b69afb0627e9ed0c69728d" returned: 0 in 0.431s {{(pid=89191) execute /opt/stack/data/venv/lib/python3.12/site-packages/oslo_concurrency/processutils.py:468}}
Aug 09 11:20:59 devstack cinder-volume[89191]: DEBUG cinder.manager [None req-837c171a-b385-4d14-809c-e7663349f6b4 tempest-GroupsTest-2038970989 None] Notifying Schedulers of capabilities ... {{(pid=89191) _publish_service_capabilities /opt/stack/cinder/cinder/manager.py:219}}
Aug 09 11:20:59 devstack cinder-volume[89191]: INFO cinder.volume.manager [None req-837c171a-b385-4d14-809c-e7663349f6b4 tempest-GroupsTest-2038970989 None] Delete group completed successfully.
Aug 09 11:21:00 devstack cinder-volume[89191]: INFO cinder.volume.manager [None req-028f5b2a-52a5-4238-a243-ce1efe264f10 tempest-GroupSnapshotsTest-684869966 None] GroupSnapshot 4b09c013-b0c6-4288-8714-df12efe6179c: creating.
Aug 09 11:21:00 devstack cinder-volume[89191]: DEBUG cinder.volume.manager [None req-028f5b2a-52a5-4238-a243-ce1efe264f10 tempest-GroupSnapshotsTest-684869966 None] Group snapshot 4b09c013-b0c6-4288-8714-df12efe6179c: creating. {{(pid=89191) create_group_snapshot /opt/stack/cinder/cinder/volume/manager.py:4175}}
Aug 09 11:21:00 devstack cinder-volume[89191]: DEBUG oslo_concurrency.lockutils [None req-028f5b2a-52a5-4238-a243-ce1efe264f10 tempest-GroupSnapshotsTest-684869966 None] Acquiring lock "quobyte" by "cinder.volume.drivers.quobyte.QuobyteDriver.create_snapshot" {{(pid=89191) inner /opt/stack/data/venv/lib/python3.12/site-packages/oslo_concurrency/lockutils.py:512}}
Aug 09 11:21:00 devstack cinder-volume[89191]: DEBUG oslo_concurrency.lockutils [None req-028f5b2a-52a5-4238-a243-ce1efe264f10 tempest-GroupSnapshotsTest-684869966 None] Lock "quobyte" acquired by "cinder.volume.drivers.quobyte.QuobyteDriver.create_snapshot" :: waited 0.001s {{(pid=89191) inner /opt/stack/data/venv/lib/python3.12/site-packages/oslo_concurrency/lockutils.py:525}}
Aug 09 11:21:00 devstack cinder-volume[89191]: DEBUG cinder.volume.drivers.remotefs [None req-028f5b2a-52a5-4238-a243-ce1efe264f10 tempest-GroupSnapshotsTest-684869966 None] Creating offline snapshot c89a4624-a22a-45cf-abdf-b47d15584fca of volume 5f760567-a212-492a-83fc-9f3f008f5d02 {{(pid=89191) _create_snapshot /opt/stack/cinder/cinder/volume/drivers/remotefs.py:1816}}
Aug 09 11:21:00 devstack cinder-volume[89191]: DEBUG oslo.privsep.daemon [-] privsep: reply[de76792b-9d08-469b-97e9-76886aec65f0]: (4, 'qcow2') {{(pid=91121) _call_back /opt/stack/data/venv/lib/python3.12/site-packages/oslo_privsep/daemon.py:580}}
Aug 09 11:21:00 devstack cinder-volume[89191]: DEBUG oslo_concurrency.processutils [None req-028f5b2a-52a5-4238-a243-ce1efe264f10 tempest-GroupSnapshotsTest-684869966 None] Running cmd (subprocess): /opt/stack/data/venv/bin/python3.12 -m oslo_concurrency.prlimit --as=1073741824 --cpu=60 -- sudo cinder-rootwrap /etc/cinder/rootwrap.conf env LC_ALL=C qemu-img info -f qcow2 --output=json --force-share /opt/stack/data/cinder/mnt/6ad94fb632b69afb0627e9ed0c69728d/volume-5f760567-a212-492a-83fc-9f3f008f5d02 {{(pid=89191) execute /opt/stack/data/venv/lib/python3.12/site-packages/oslo_concurrency/processutils.py:440}}
Aug 09 11:21:01 devstack sudo[94933]: quobyte : PWD=/ ; USER=root ; COMMAND=/opt/stack/data/venv/bin/cinder-rootwrap /etc/cinder/rootwrap.conf env LC_ALL=C qemu-img info -f qcow2 --output=json --force-share /opt/stack/data/cinder/mnt/6ad94fb632b69afb0627e9ed0c69728d/volume-5f760567-a212-492a-83fc-9f3f008f5d02
Aug 09 11:21:01 devstack sudo[94933]: pam_unix(sudo:session): session opened for user root(uid=0) by (uid=1000)
Aug 09 11:21:01 devstack sudo[94933]: pam_unix(sudo:session): session closed for user root
Aug 09 11:21:01 devstack cinder-volume[89191]: DEBUG oslo_concurrency.processutils [None req-028f5b2a-52a5-4238-a243-ce1efe264f10 tempest-GroupSnapshotsTest-684869966 None] CMD "/opt/stack/data/venv/bin/python3.12 -m oslo_concurrency.prlimit --as=1073741824 --cpu=60 -- sudo cinder-rootwrap /etc/cinder/rootwrap.conf env LC_ALL=C qemu-img info -f qcow2 --output=json --force-share /opt/stack/data/cinder/mnt/6ad94fb632b69afb0627e9ed0c69728d/volume-5f760567-a212-492a-83fc-9f3f008f5d02" returned: 0 in 0.483s {{(pid=89191) execute /opt/stack/data/venv/lib/python3.12/site-packages/oslo_concurrency/processutils.py:468}}
Aug 09 11:21:01 devstack cinder-volume[89191]: DEBUG oslo_concurrency.processutils [None req-028f5b2a-52a5-4238-a243-ce1efe264f10 tempest-GroupSnapshotsTest-684869966 None] Running cmd (subprocess): sudo cinder-rootwrap /etc/cinder/rootwrap.conf qemu-img create -f qcow2 -o backing_file=/opt/stack/data/cinder/mnt/6ad94fb632b69afb0627e9ed0c69728d/volume-5f760567-a212-492a-83fc-9f3f008f5d02,backing_fmt=qcow2 /opt/stack/data/cinder/mnt/6ad94fb632b69afb0627e9ed0c69728d/volume-5f760567-a212-492a-83fc-9f3f008f5d02.c89a4624-a22a-45cf-abdf-b47d15584fca 1G {{(pid=89191) execute /opt/stack/data/venv/lib/python3.12/site-packages/oslo_concurrency/processutils.py:440}}
Aug 09 11:21:01 devstack sudo[94956]: quobyte : PWD=/ ; USER=root ; COMMAND=/opt/stack/data/venv/bin/cinder-rootwrap /etc/cinder/rootwrap.conf qemu-img create -f qcow2 -o backing_file=/opt/stack/data/cinder/mnt/6ad94fb632b69afb0627e9ed0c69728d/volume-5f760567-a212-492a-83fc-9f3f008f5d02,backing_fmt=qcow2 /opt/stack/data/cinder/mnt/6ad94fb632b69afb0627e9ed0c69728d/volume-5f760567-a212-492a-83fc-9f3f008f5d02.c89a4624-a22a-45cf-abdf-b47d15584fca 1G
Aug 09 11:21:01 devstack sudo[94956]: pam_unix(sudo:session): session opened for user root(uid=0) by (uid=1000)
Aug 09 11:21:01 devstack sudo[94956]: pam_unix(sudo:session): session closed for user root
Aug 09 11:21:01 devstack cinder-volume[89191]: DEBUG oslo_concurrency.processutils [None req-028f5b2a-52a5-4238-a243-ce1efe264f10 tempest-GroupSnapshotsTest-684869966 None] CMD "sudo cinder-rootwrap /etc/cinder/rootwrap.conf qemu-img create -f qcow2 -o backing_file=/opt/stack/data/cinder/mnt/6ad94fb632b69afb0627e9ed0c69728d/volume-5f760567-a212-492a-83fc-9f3f008f5d02,backing_fmt=qcow2 /opt/stack/data/cinder/mnt/6ad94fb632b69afb0627e9ed0c69728d/volume-5f760567-a212-492a-83fc-9f3f008f5d02.c89a4624-a22a-45cf-abdf-b47d15584fca 1G" returned: 0 in 0.586s {{(pid=89191) execute /opt/stack/data/venv/lib/python3.12/site-packages/oslo_concurrency/processutils.py:468}}
Aug 09 11:21:01 devstack cinder-volume[89191]: DEBUG oslo_concurrency.processutils [None req-028f5b2a-52a5-4238-a243-ce1efe264f10 tempest-GroupSnapshotsTest-684869966 None] Running cmd (subprocess): sudo cinder-rootwrap /etc/cinder/rootwrap.conf qemu-img rebase -u -b volume-5f760567-a212-492a-83fc-9f3f008f5d02 -F qcow2 /opt/stack/data/cinder/mnt/6ad94fb632b69afb0627e9ed0c69728d/volume-5f760567-a212-492a-83fc-9f3f008f5d02.c89a4624-a22a-45cf-abdf-b47d15584fca {{(pid=89191) execute /opt/stack/data/venv/lib/python3.12/site-packages/oslo_concurrency/processutils.py:440}}
Aug 09 11:21:02 devstack sudo[94963]: quobyte : PWD=/ ; USER=root ; COMMAND=/opt/stack/data/venv/bin/cinder-rootwrap /etc/cinder/rootwrap.conf qemu-img rebase -u -b volume-5f760567-a212-492a-83fc-9f3f008f5d02 -F qcow2 /opt/stack/data/cinder/mnt/6ad94fb632b69afb0627e9ed0c69728d/volume-5f760567-a212-492a-83fc-9f3f008f5d02.c89a4624-a22a-45cf-abdf-b47d15584fca
Aug 09 11:21:02 devstack sudo[94963]: pam_unix(sudo:session): session opened for user root(uid=0) by (uid=1000)
Aug 09 11:21:02 devstack sudo[94963]: pam_unix(sudo:session): session closed for user root
Aug 09 11:21:02 devstack cinder-volume[89191]: DEBUG oslo_concurrency.processutils [None req-028f5b2a-52a5-4238-a243-ce1efe264f10 tempest-GroupSnapshotsTest-684869966 None] CMD "sudo cinder-rootwrap /etc/cinder/rootwrap.conf qemu-img rebase -u -b volume-5f760567-a212-492a-83fc-9f3f008f5d02 -F qcow2 /opt/stack/data/cinder/mnt/6ad94fb632b69afb0627e9ed0c69728d/volume-5f760567-a212-492a-83fc-9f3f008f5d02.c89a4624-a22a-45cf-abdf-b47d15584fca" returned: 0 in 0.414s {{(pid=89191) execute /opt/stack/data/venv/lib/python3.12/site-packages/oslo_concurrency/processutils.py:468}}
Aug 09 11:21:02 devstack cinder-volume[89191]: WARNING cinder.volume.drivers.remotefs [None req-028f5b2a-52a5-4238-a243-ce1efe264f10 tempest-GroupSnapshotsTest-684869966 None] /opt/stack/data/cinder/mnt/6ad94fb632b69afb0627e9ed0c69728d/volume-5f760567-a212-492a-83fc-9f3f008f5d02.c89a4624-a22a-45cf-abdf-b47d15584fca is being set with open permissions: ugo+rw: NotImplementedError
Aug 09 11:21:02 devstack cinder-volume[89191]: DEBUG oslo_concurrency.processutils [None req-028f5b2a-52a5-4238-a243-ce1efe264f10 tempest-GroupSnapshotsTest-684869966 None] Running cmd (subprocess): sudo cinder-rootwrap /etc/cinder/rootwrap.conf chmod ugo+rw /opt/stack/data/cinder/mnt/6ad94fb632b69afb0627e9ed0c69728d/volume-5f760567-a212-492a-83fc-9f3f008f5d02.c89a4624-a22a-45cf-abdf-b47d15584fca {{(pid=89191) execute /opt/stack/data/venv/lib/python3.12/site-packages/oslo_concurrency/processutils.py:440}}
Aug 09 11:21:02 devstack sudo[94972]: quobyte : PWD=/ ; USER=root ; COMMAND=/opt/stack/data/venv/bin/cinder-rootwrap /etc/cinder/rootwrap.conf chmod ugo+rw /opt/stack/data/cinder/mnt/6ad94fb632b69afb0627e9ed0c69728d/volume-5f760567-a212-492a-83fc-9f3f008f5d02.c89a4624-a22a-45cf-abdf-b47d15584fca
Aug 09 11:21:02 devstack sudo[94972]: pam_unix(sudo:session): session opened for user root(uid=0) by (uid=1000)
Aug 09 11:21:02 devstack sudo[94972]: pam_unix(sudo:session): session closed for user root
Aug 09 11:21:02 devstack cinder-volume[89191]: DEBUG oslo_concurrency.processutils [None req-028f5b2a-52a5-4238-a243-ce1efe264f10 tempest-GroupSnapshotsTest-684869966 None] CMD "sudo cinder-rootwrap /etc/cinder/rootwrap.conf chmod ugo+rw /opt/stack/data/cinder/mnt/6ad94fb632b69afb0627e9ed0c69728d/volume-5f760567-a212-492a-83fc-9f3f008f5d02.c89a4624-a22a-45cf-abdf-b47d15584fca" returned: 0 in 0.390s {{(pid=89191) execute /opt/stack/data/venv/lib/python3.12/site-packages/oslo_concurrency/processutils.py:468}}
Aug 09 11:21:02 devstack cinder-volume[89191]: DEBUG oslo_concurrency.processutils [None req-028f5b2a-52a5-4238-a243-ce1efe264f10 tempest-GroupSnapshotsTest-684869966 None] Running cmd (subprocess): sudo cinder-rootwrap /etc/cinder/rootwrap.conf truncate -s0 /opt/stack/data/cinder/mnt/6ad94fb632b69afb0627e9ed0c69728d/volume-5f760567-a212-492a-83fc-9f3f008f5d02.info {{(pid=89191) execute /opt/stack/data/venv/lib/python3.12/site-packages/oslo_concurrency/processutils.py:440}}
Aug 09 11:21:02 devstack sudo[94981]: quobyte : PWD=/ ; USER=root ; COMMAND=/opt/stack/data/venv/bin/cinder-rootwrap /etc/cinder/rootwrap.conf truncate -s0 /opt/stack/data/cinder/mnt/6ad94fb632b69afb0627e9ed0c69728d/volume-5f760567-a212-492a-83fc-9f3f008f5d02.info
Aug 09 11:21:02 devstack sudo[94981]: pam_unix(sudo:session): session opened for user root(uid=0) by (uid=1000)
Aug 09 11:21:03 devstack cinder-volume[89191]: INFO cinder.volume.manager [req-1a26fc9f-5ad6-4e0f-9b70-4e81d6710176 req-be28a234-d33b-41ad-830d-1f3ef2c77d73 tempest-ServerActionsTestOtherA-2045662703 None] Terminate volume connection completed successfully.
Aug 09 11:21:03 devstack cinder-volume[89191]: DEBUG cinder.volume.manager [req-1a26fc9f-5ad6-4e0f-9b70-4e81d6710176 req-be28a234-d33b-41ad-830d-1f3ef2c77d73 tempest-ServerActionsTestOtherA-2045662703 None] Deleting attachment ed7e254b-4e2c-4362-b85c-c65898e80ff4. {{(pid=89191) attachment_delete /opt/stack/cinder/cinder/volume/manager.py:5055}}
Aug 09 11:21:03 devstack sudo[94981]: pam_unix(sudo:session): session closed for user root
Aug 09 11:21:03 devstack cinder-volume[89191]: DEBUG oslo_concurrency.processutils [None req-028f5b2a-52a5-4238-a243-ce1efe264f10 tempest-GroupSnapshotsTest-684869966 None] CMD "sudo cinder-rootwrap /etc/cinder/rootwrap.conf truncate -s0 /opt/stack/data/cinder/mnt/6ad94fb632b69afb0627e9ed0c69728d/volume-5f760567-a212-492a-83fc-9f3f008f5d02.info" returned: 0 in 0.541s {{(pid=89191) execute /opt/stack/data/venv/lib/python3.12/site-packages/oslo_concurrency/processutils.py:468}}
Aug 09 11:21:03 devstack cinder-volume[89191]: WARNING cinder.volume.drivers.remotefs [None req-028f5b2a-52a5-4238-a243-ce1efe264f10 tempest-GroupSnapshotsTest-684869966 None] /opt/stack/data/cinder/mnt/6ad94fb632b69afb0627e9ed0c69728d/volume-5f760567-a212-492a-83fc-9f3f008f5d02.info is being set with open permissions: ugo+rw: NotImplementedError
Aug 09 11:21:03 devstack cinder-volume[89191]: DEBUG oslo_concurrency.processutils [None req-028f5b2a-52a5-4238-a243-ce1efe264f10 tempest-GroupSnapshotsTest-684869966 None] Running cmd (subprocess): sudo cinder-rootwrap /etc/cinder/rootwrap.conf chmod ugo+rw /opt/stack/data/cinder/mnt/6ad94fb632b69afb0627e9ed0c69728d/volume-5f760567-a212-492a-83fc-9f3f008f5d02.info {{(pid=89191) execute /opt/stack/data/venv/lib/python3.12/site-packages/oslo_concurrency/processutils.py:440}}
Aug 09 11:21:03 devstack sudo[94986]: quobyte : PWD=/ ; USER=root ; COMMAND=/opt/stack/data/venv/bin/cinder-rootwrap /etc/cinder/rootwrap.conf chmod ugo+rw /opt/stack/data/cinder/mnt/6ad94fb632b69afb0627e9ed0c69728d/volume-5f760567-a212-492a-83fc-9f3f008f5d02.info
Aug 09 11:21:03 devstack sudo[94986]: pam_unix(sudo:session): session opened for user root(uid=0) by (uid=1000)
Aug 09 11:21:03 devstack sudo[94986]: pam_unix(sudo:session): session closed for user root
Aug 09 11:21:03 devstack cinder-volume[89191]: DEBUG oslo_concurrency.processutils [None req-028f5b2a-52a5-4238-a243-ce1efe264f10 tempest-GroupSnapshotsTest-684869966 None] CMD "sudo cinder-rootwrap /etc/cinder/rootwrap.conf chmod ugo+rw /opt/stack/data/cinder/mnt/6ad94fb632b69afb0627e9ed0c69728d/volume-5f760567-a212-492a-83fc-9f3f008f5d02.info" returned: 0 in 0.326s {{(pid=89191) execute /opt/stack/data/venv/lib/python3.12/site-packages/oslo_concurrency/processutils.py:468}}
Aug 09 11:21:03 devstack cinder-volume[89191]: DEBUG oslo_concurrency.lockutils [None req-028f5b2a-52a5-4238-a243-ce1efe264f10 tempest-GroupSnapshotsTest-684869966 None] Lock "quobyte" "released" by "cinder.volume.drivers.quobyte.QuobyteDriver.create_snapshot" :: held 2.898s {{(pid=89191) inner /opt/stack/data/venv/lib/python3.12/site-packages/oslo_concurrency/lockutils.py:544}}
Aug 09 11:21:03 devstack cinder-volume[89191]: INFO cinder.volume.manager [None req-028f5b2a-52a5-4238-a243-ce1efe264f10 tempest-GroupSnapshotsTest-684869966 None] group_snapshot 4b09c013-b0c6-4288-8714-df12efe6179c: created successfully
Aug 09 11:21:04 devstack cinder-volume[89191]: INFO cinder.volume.manager [None req-5f6c30f3-20c6-4c84-9a6f-360de6bbfc0b tempest-GroupSnapshotsTest-684869966 None] group_snapshot 4b09c013-b0c6-4288-8714-df12efe6179c: deleting
Aug 09 11:21:04 devstack cinder-volume[89191]: DEBUG cinder.volume.manager [None req-5f6c30f3-20c6-4c84-9a6f-360de6bbfc0b tempest-GroupSnapshotsTest-684869966 None] group_snapshot 4b09c013-b0c6-4288-8714-df12efe6179c: deleting {{(pid=89191) delete_group_snapshot /opt/stack/cinder/cinder/volume/manager.py:4350}}
Aug 09 11:21:04 devstack cinder-volume[89191]: DEBUG cinder.coordination [None req-5f6c30f3-20c6-4c84-9a6f-360de6bbfc0b tempest-GroupSnapshotsTest-684869966 None] Acquiring lock "cinder-quobyte-5f760567-a212-492a-83fc-9f3f008f5d02" by "delete_snapshot" {{(pid=89191) __acquire /opt/stack/cinder/cinder/coordination.py:138}}
Aug 09 11:21:04 devstack cinder-volume[89191]: DEBUG cinder.coordination [None req-5f6c30f3-20c6-4c84-9a6f-360de6bbfc0b tempest-GroupSnapshotsTest-684869966 None] Lock "cinder-quobyte-5f760567-a212-492a-83fc-9f3f008f5d02" acquired by "delete_snapshot" :: waited 0.025s {{(pid=89191) __acquire /opt/stack/cinder/cinder/coordination.py:141}}
Aug 09 11:21:04 devstack cinder-volume[89191]: DEBUG cinder.coordination [None req-5f6c30f3-20c6-4c84-9a6f-360de6bbfc0b tempest-GroupSnapshotsTest-684869966 None] Acquiring lock "cinder-quobyte-c89a4624-a22a-45cf-abdf-b47d15584fca" by "_delete_snapshot" {{(pid=89191) __acquire /opt/stack/cinder/cinder/coordination.py:138}}
Aug 09 11:21:04 devstack cinder-volume[89191]: DEBUG cinder.coordination [None req-5f6c30f3-20c6-4c84-9a6f-360de6bbfc0b tempest-GroupSnapshotsTest-684869966 None] Lock "cinder-quobyte-c89a4624-a22a-45cf-abdf-b47d15584fca" acquired by "_delete_snapshot" :: waited 0.019s {{(pid=89191) __acquire /opt/stack/cinder/cinder/coordination.py:141}}
Aug 09 11:21:04 devstack cinder-volume[89191]: DEBUG cinder.volume.drivers.remotefs [None req-5f6c30f3-20c6-4c84-9a6f-360de6bbfc0b tempest-GroupSnapshotsTest-684869966 None] Deleting offline snapshot c89a4624-a22a-45cf-abdf-b47d15584fca of volume 5f760567-a212-492a-83fc-9f3f008f5d02 {{(pid=89191) _delete_snapshot /opt/stack/cinder/cinder/volume/drivers/remotefs.py:1288}}
Aug 09 11:21:04 devstack cinder-volume[89191]: DEBUG cinder.volume.drivers.remotefs [None req-5f6c30f3-20c6-4c84-9a6f-360de6bbfc0b tempest-GroupSnapshotsTest-684869966 None] snapshot_file for this snap is: volume-5f760567-a212-492a-83fc-9f3f008f5d02.c89a4624-a22a-45cf-abdf-b47d15584fca {{(pid=89191) _delete_snapshot /opt/stack/cinder/cinder/volume/drivers/remotefs.py:1317}}
Aug 09 11:21:04 devstack cinder-volume[89191]: DEBUG oslo.privsep.daemon [-] privsep: reply[b65517db-5f4b-4d46-99ff-5ee47648fc90]: (4, 'qcow2') {{(pid=91121) _call_back /opt/stack/data/venv/lib/python3.12/site-packages/oslo_privsep/daemon.py:580}}
Aug 09 11:21:04 devstack cinder-volume[89191]: DEBUG oslo_concurrency.processutils [None req-5f6c30f3-20c6-4c84-9a6f-360de6bbfc0b tempest-GroupSnapshotsTest-684869966 None] Running cmd (subprocess): /opt/stack/data/venv/bin/python3.12 -m oslo_concurrency.prlimit --as=1073741824 --cpu=60 -- sudo cinder-rootwrap /etc/cinder/rootwrap.conf env LC_ALL=C qemu-img info -f qcow2 --output=json --force-share /opt/stack/data/cinder/mnt/6ad94fb632b69afb0627e9ed0c69728d/volume-5f760567-a212-492a-83fc-9f3f008f5d02.c89a4624-a22a-45cf-abdf-b47d15584fca {{(pid=89191) execute /opt/stack/data/venv/lib/python3.12/site-packages/oslo_concurrency/processutils.py:440}}
Aug 09 11:21:04 devstack sudo[94989]: quobyte : PWD=/ ; USER=root ; COMMAND=/opt/stack/data/venv/bin/cinder-rootwrap /etc/cinder/rootwrap.conf env LC_ALL=C qemu-img info -f qcow2 --output=json --force-share /opt/stack/data/cinder/mnt/6ad94fb632b69afb0627e9ed0c69728d/volume-5f760567-a212-492a-83fc-9f3f008f5d02.c89a4624-a22a-45cf-abdf-b47d15584fca
Aug 09 11:21:04 devstack sudo[94989]: pam_unix(sudo:session): session opened for user root(uid=0) by (uid=1000)
Aug 09 11:21:04 devstack sudo[94989]: pam_unix(sudo:session): session closed for user root
Aug 09 11:21:04 devstack cinder-volume[89191]: DEBUG oslo_concurrency.processutils [None req-5f6c30f3-20c6-4c84-9a6f-360de6bbfc0b tempest-GroupSnapshotsTest-684869966 None] CMD "/opt/stack/data/venv/bin/python3.12 -m oslo_concurrency.prlimit --as=1073741824 --cpu=60 -- sudo cinder-rootwrap /etc/cinder/rootwrap.conf env LC_ALL=C qemu-img info -f qcow2 --output=json --force-share /opt/stack/data/cinder/mnt/6ad94fb632b69afb0627e9ed0c69728d/volume-5f760567-a212-492a-83fc-9f3f008f5d02.c89a4624-a22a-45cf-abdf-b47d15584fca" returned: 0 in 0.507s {{(pid=89191) execute /opt/stack/data/venv/lib/python3.12/site-packages/oslo_concurrency/processutils.py:468}}
Aug 09 11:21:04 devstack cinder-volume[89191]: DEBUG cinder.volume.drivers.remotefs [None req-5f6c30f3-20c6-4c84-9a6f-360de6bbfc0b tempest-GroupSnapshotsTest-684869966 None] Fetching qemu-img info with special backing_file_template: (/opt/stack/data/cinder/mnt/[0-9a-f]+/)?(volume-5f760567-a212-492a-83fc-9f3f008f5d02(.(tmp-snap-)?[0-9a-f-]+)?|volume_from_snapshot_cache/(tmp-snap-)?[0-9a-f-]+(.(child-|parent-)[0-9a-f-]+)?)$ {{(pid=89191) _qemu_img_info_base /opt/stack/cinder/cinder/volume/drivers/remotefs.py:896}}
Aug 09 11:21:05 devstack cinder-volume[89191]: DEBUG oslo.privsep.daemon [-] privsep: reply[3c3dc4b0-ec39-4883-bdb6-2b87a8ae1a27]: (4, 'qcow2') {{(pid=91121) _call_back /opt/stack/data/venv/lib/python3.12/site-packages/oslo_privsep/daemon.py:580}}
Aug 09 11:21:05 devstack cinder-volume[89191]: DEBUG oslo_concurrency.processutils [None req-5f6c30f3-20c6-4c84-9a6f-360de6bbfc0b tempest-GroupSnapshotsTest-684869966 None] Running cmd (subprocess): /opt/stack/data/venv/bin/python3.12 -m oslo_concurrency.prlimit --as=1073741824 --cpu=60 -- sudo cinder-rootwrap /etc/cinder/rootwrap.conf env LC_ALL=C qemu-img info -f qcow2 --output=json --force-share /opt/stack/data/cinder/mnt/6ad94fb632b69afb0627e9ed0c69728d/volume-5f760567-a212-492a-83fc-9f3f008f5d02 {{(pid=89191) execute /opt/stack/data/venv/lib/python3.12/site-packages/oslo_concurrency/processutils.py:440}}
Aug 09 11:21:05 devstack sudo[94996]: quobyte : PWD=/ ; USER=root ; COMMAND=/opt/stack/data/venv/bin/cinder-rootwrap /etc/cinder/rootwrap.conf env LC_ALL=C qemu-img info -f qcow2 --output=json --force-share /opt/stack/data/cinder/mnt/6ad94fb632b69afb0627e9ed0c69728d/volume-5f760567-a212-492a-83fc-9f3f008f5d02
Aug 09 11:21:05 devstack sudo[94996]: pam_unix(sudo:session): session opened for user root(uid=0) by (uid=1000)
Aug 09 11:21:05 devstack sudo[94996]: pam_unix(sudo:session): session closed for user root
Aug 09 11:21:05 devstack cinder-volume[89191]: DEBUG oslo_concurrency.processutils [None req-5f6c30f3-20c6-4c84-9a6f-360de6bbfc0b tempest-GroupSnapshotsTest-684869966 None] CMD "/opt/stack/data/venv/bin/python3.12 -m oslo_concurrency.prlimit --as=1073741824 --cpu=60 -- sudo cinder-rootwrap /etc/cinder/rootwrap.conf env LC_ALL=C qemu-img info -f qcow2 --output=json --force-share /opt/stack/data/cinder/mnt/6ad94fb632b69afb0627e9ed0c69728d/volume-5f760567-a212-492a-83fc-9f3f008f5d02" returned: 0 in 0.719s {{(pid=89191) execute /opt/stack/data/venv/lib/python3.12/site-packages/oslo_concurrency/processutils.py:468}}
Aug 09 11:21:05 devstack cinder-volume[89191]: DEBUG oslo_concurrency.processutils [None req-5f6c30f3-20c6-4c84-9a6f-360de6bbfc0b tempest-GroupSnapshotsTest-684869966 None] Running cmd (subprocess): sudo cinder-rootwrap /etc/cinder/rootwrap.conf qemu-img commit -d /opt/stack/data/cinder/mnt/6ad94fb632b69afb0627e9ed0c69728d/volume-5f760567-a212-492a-83fc-9f3f008f5d02.c89a4624-a22a-45cf-abdf-b47d15584fca {{(pid=89191) execute /opt/stack/data/venv/lib/python3.12/site-packages/oslo_concurrency/processutils.py:440}}
Aug 09 11:21:05 devstack sudo[95020]: quobyte : PWD=/ ; USER=root ; COMMAND=/opt/stack/data/venv/bin/cinder-rootwrap /etc/cinder/rootwrap.conf qemu-img commit -d /opt/stack/data/cinder/mnt/6ad94fb632b69afb0627e9ed0c69728d/volume-5f760567-a212-492a-83fc-9f3f008f5d02.c89a4624-a22a-45cf-abdf-b47d15584fca
Aug 09 11:21:05 devstack sudo[95020]: pam_unix(sudo:session): session opened for user root(uid=0) by (uid=1000)
Aug 09 11:21:06 devstack sudo[95020]: pam_unix(sudo:session): session closed for user root
Aug 09 11:21:06 devstack cinder-volume[89191]: DEBUG oslo_concurrency.processutils [None req-5f6c30f3-20c6-4c84-9a6f-360de6bbfc0b tempest-GroupSnapshotsTest-684869966 None] CMD "sudo cinder-rootwrap /etc/cinder/rootwrap.conf qemu-img commit -d /opt/stack/data/cinder/mnt/6ad94fb632b69afb0627e9ed0c69728d/volume-5f760567-a212-492a-83fc-9f3f008f5d02.c89a4624-a22a-45cf-abdf-b47d15584fca" returned: 0 in 0.623s {{(pid=89191) execute /opt/stack/data/venv/lib/python3.12/site-packages/oslo_concurrency/processutils.py:468}}
Aug 09 11:21:06 devstack cinder-volume[89191]: DEBUG oslo_concurrency.processutils [None req-5f6c30f3-20c6-4c84-9a6f-360de6bbfc0b tempest-GroupSnapshotsTest-684869966 None] Running cmd (subprocess): sudo cinder-rootwrap /etc/cinder/rootwrap.conf rm -f /opt/stack/data/cinder/mnt/6ad94fb632b69afb0627e9ed0c69728d/volume-5f760567-a212-492a-83fc-9f3f008f5d02.c89a4624-a22a-45cf-abdf-b47d15584fca {{(pid=89191) execute /opt/stack/data/venv/lib/python3.12/site-packages/oslo_concurrency/processutils.py:440}}
Aug 09 11:21:06 devstack sudo[95032]: quobyte : PWD=/ ; USER=root ; COMMAND=/opt/stack/data/venv/bin/cinder-rootwrap /etc/cinder/rootwrap.conf rm -f /opt/stack/data/cinder/mnt/6ad94fb632b69afb0627e9ed0c69728d/volume-5f760567-a212-492a-83fc-9f3f008f5d02.c89a4624-a22a-45cf-abdf-b47d15584fca
Aug 09 11:21:06 devstack sudo[95032]: pam_unix(sudo:session): session opened for user root(uid=0) by (uid=1000)
Aug 09 11:21:06 devstack sudo[95032]: pam_unix(sudo:session): session closed for user root
Aug 09 11:21:06 devstack cinder-volume[89191]: DEBUG oslo_concurrency.processutils [None req-5f6c30f3-20c6-4c84-9a6f-360de6bbfc0b tempest-GroupSnapshotsTest-684869966 None] CMD "sudo cinder-rootwrap /etc/cinder/rootwrap.conf rm -f /opt/stack/data/cinder/mnt/6ad94fb632b69afb0627e9ed0c69728d/volume-5f760567-a212-492a-83fc-9f3f008f5d02.c89a4624-a22a-45cf-abdf-b47d15584fca" returned: 0 in 0.420s {{(pid=89191) execute /opt/stack/data/venv/lib/python3.12/site-packages/oslo_concurrency/processutils.py:468}}
Aug 09 11:21:06 devstack cinder-volume[89191]: DEBUG cinder.coordination [None req-5f6c30f3-20c6-4c84-9a6f-360de6bbfc0b tempest-GroupSnapshotsTest-684869966 None] Lock "cinder-quobyte-c89a4624-a22a-45cf-abdf-b47d15584fca" released by "_delete_snapshot" :: held 2.497s {{(pid=89191) __release /opt/stack/cinder/cinder/coordination.py:152}}
Aug 09 11:21:06 devstack cinder-volume[89191]: DEBUG cinder.coordination [None req-5f6c30f3-20c6-4c84-9a6f-360de6bbfc0b tempest-GroupSnapshotsTest-684869966 None] Lock "cinder-quobyte-5f760567-a212-492a-83fc-9f3f008f5d02" released by "delete_snapshot" :: held 2.532s {{(pid=89191) __release /opt/stack/cinder/cinder/coordination.py:152}}
Aug 09 11:21:07 devstack cinder-volume[89191]: WARNING cinder.quota [None req-5f6c30f3-20c6-4c84-9a6f-360de6bbfc0b tempest-GroupSnapshotsTest-684869966 None] Deprecated: Default quota for resource: gigabytes_tempest-GroupSnapshotsTest-volume-type-2094154133 is set by the default quota flag: quota_gigabytes_tempest-GroupSnapshotsTest-volume-type-2094154133, it is now deprecated. Please use the default quota class for default quota.
Aug 09 11:21:07 devstack cinder-volume[89191]: WARNING cinder.quota [None req-5f6c30f3-20c6-4c84-9a6f-360de6bbfc0b tempest-GroupSnapshotsTest-684869966 None] Deprecated: Default quota for resource: snapshots_tempest-GroupSnapshotsTest-volume-type-2094154133 is set by the default quota flag: quota_snapshots_tempest-GroupSnapshotsTest-volume-type-2094154133, it is now deprecated. Please use the default quota class for default quota.
Aug 09 11:21:07 devstack cinder-volume[89191]: DEBUG cinder.quota [None req-5f6c30f3-20c6-4c84-9a6f-360de6bbfc0b tempest-GroupSnapshotsTest-684869966 None] Created reservations ['30ff00da-a29a-433a-a181-5080bc61280a', '316a221d-f370-4d9f-92fc-1e79df4e0b19', 'e67fc206-058d-4bb2-98a8-de6f4e5dca11', '9c640135-57f7-4872-bd40-7273a1bc9175'] {{(pid=89191) reserve /opt/stack/cinder/cinder/quota.py:752}}
Aug 09 11:21:07 devstack cinder-volume[89191]: INFO cinder.volume.manager [None req-5f6c30f3-20c6-4c84-9a6f-360de6bbfc0b tempest-GroupSnapshotsTest-684869966 None] group_snapshot 4b09c013-b0c6-4288-8714-df12efe6179c: deleted successfully
Aug 09 11:21:08 devstack cinder-volume[89191]: DEBUG cinder.coordination [None req-f649d005-31b8-4063-8289-0a0c93100334 tempest-GroupSnapshotsTest-684869966 None] Acquiring lock "cinder-quobyte-5f760567-a212-492a-83fc-9f3f008f5d02" by "delete_volume" {{(pid=89191) __acquire /opt/stack/cinder/cinder/coordination.py:138}}
Aug 09 11:21:08 devstack cinder-volume[89191]: DEBUG cinder.coordination [None req-f649d005-31b8-4063-8289-0a0c93100334 tempest-GroupSnapshotsTest-684869966 None] Lock "cinder-quobyte-5f760567-a212-492a-83fc-9f3f008f5d02" acquired by "delete_volume" :: waited 0.035s {{(pid=89191) __acquire /opt/stack/cinder/cinder/coordination.py:141}}
Aug 09 11:21:08 devstack cinder-volume[89191]: DEBUG oslo.privsep.daemon [-] privsep: reply[11e5c413-70cd-4d18-9ff6-5c24b243921e]: (4, 'qcow2') {{(pid=91121) _call_back /opt/stack/data/venv/lib/python3.12/site-packages/oslo_privsep/daemon.py:580}}
Aug 09 11:21:08 devstack cinder-volume[89191]: DEBUG oslo_concurrency.processutils [None req-f649d005-31b8-4063-8289-0a0c93100334 tempest-GroupSnapshotsTest-684869966 None] Running cmd (subprocess): /opt/stack/data/venv/bin/python3.12 -m oslo_concurrency.prlimit --as=1073741824 --cpu=60 -- sudo cinder-rootwrap /etc/cinder/rootwrap.conf env LC_ALL=C qemu-img info -f qcow2 --output=json --force-share /opt/stack/data/cinder/mnt/6ad94fb632b69afb0627e9ed0c69728d/volume-5f760567-a212-492a-83fc-9f3f008f5d02 {{(pid=89191) execute /opt/stack/data/venv/lib/python3.12/site-packages/oslo_concurrency/processutils.py:440}}
Aug 09 11:21:08 devstack sudo[95040]: quobyte : PWD=/ ; USER=root ; COMMAND=/opt/stack/data/venv/bin/cinder-rootwrap /etc/cinder/rootwrap.conf env LC_ALL=C qemu-img info -f qcow2 --output=json --force-share /opt/stack/data/cinder/mnt/6ad94fb632b69afb0627e9ed0c69728d/volume-5f760567-a212-492a-83fc-9f3f008f5d02
Aug 09 11:21:08 devstack sudo[95040]: pam_unix(sudo:session): session opened for user root(uid=0) by (uid=1000)
Aug 09 11:21:08 devstack sudo[95040]: pam_unix(sudo:session): session closed for user root
Aug 09 11:21:08 devstack cinder-volume[89191]: DEBUG oslo_concurrency.processutils [None req-f649d005-31b8-4063-8289-0a0c93100334 tempest-GroupSnapshotsTest-684869966 None] CMD "/opt/stack/data/venv/bin/python3.12 -m oslo_concurrency.prlimit --as=1073741824 --cpu=60 -- sudo cinder-rootwrap /etc/cinder/rootwrap.conf env LC_ALL=C qemu-img info -f qcow2 --output=json --force-share /opt/stack/data/cinder/mnt/6ad94fb632b69afb0627e9ed0c69728d/volume-5f760567-a212-492a-83fc-9f3f008f5d02" returned: 0 in 0.414s {{(pid=89191) execute /opt/stack/data/venv/lib/python3.12/site-packages/oslo_concurrency/processutils.py:468}}
Aug 09 11:21:08 devstack cinder-volume[89191]: DEBUG oslo_concurrency.processutils [None req-f649d005-31b8-4063-8289-0a0c93100334 tempest-GroupSnapshotsTest-684869966 None] Running cmd (subprocess): sudo cinder-rootwrap /etc/cinder/rootwrap.conf rm -f /opt/stack/data/cinder/mnt/6ad94fb632b69afb0627e9ed0c69728d/volume-5f760567-a212-492a-83fc-9f3f008f5d02 {{(pid=89191) execute /opt/stack/data/venv/lib/python3.12/site-packages/oslo_concurrency/processutils.py:440}}
Aug 09 11:21:08 devstack sudo[95045]: quobyte : PWD=/ ; USER=root ; COMMAND=/opt/stack/data/venv/bin/cinder-rootwrap /etc/cinder/rootwrap.conf rm -f /opt/stack/data/cinder/mnt/6ad94fb632b69afb0627e9ed0c69728d/volume-5f760567-a212-492a-83fc-9f3f008f5d02
Aug 09 11:21:08 devstack sudo[95045]: pam_unix(sudo:session): session opened for user root(uid=0) by (uid=1000)
Aug 09 11:21:09 devstack sudo[95045]: pam_unix(sudo:session): session closed for user root
Aug 09 11:21:09 devstack cinder-volume[89191]: DEBUG oslo_concurrency.processutils [None req-f649d005-31b8-4063-8289-0a0c93100334 tempest-GroupSnapshotsTest-684869966 None] CMD "sudo cinder-rootwrap /etc/cinder/rootwrap.conf rm -f /opt/stack/data/cinder/mnt/6ad94fb632b69afb0627e9ed0c69728d/volume-5f760567-a212-492a-83fc-9f3f008f5d02" returned: 0 in 0.257s {{(pid=89191) execute /opt/stack/data/venv/lib/python3.12/site-packages/oslo_concurrency/processutils.py:468}}
Aug 09 11:21:09 devstack cinder-volume[89191]: DEBUG cinder.coordination [None req-f649d005-31b8-4063-8289-0a0c93100334 tempest-GroupSnapshotsTest-684869966 None] Lock "cinder-quobyte-5f760567-a212-492a-83fc-9f3f008f5d02" released by "delete_volume" :: held 0.759s {{(pid=89191) __release /opt/stack/cinder/cinder/coordination.py:152}}
Aug 09 11:21:09 devstack cinder-volume[89191]: DEBUG cinder.quota [None req-f649d005-31b8-4063-8289-0a0c93100334 tempest-GroupSnapshotsTest-684869966 None] Created reservations ['55d6d73c-8e8c-44ba-88ec-a32f17a39588'] {{(pid=89191) reserve /opt/stack/cinder/cinder/quota.py:752}}
Aug 09 11:21:09 devstack cinder-volume[89191]: WARNING cinder.quota [None req-f649d005-31b8-4063-8289-0a0c93100334 tempest-GroupSnapshotsTest-684869966 None] Deprecated: Default quota for resource: volumes_tempest-GroupSnapshotsTest-volume-type-2094154133 is set by the default quota flag: quota_volumes_tempest-GroupSnapshotsTest-volume-type-2094154133, it is now deprecated. Please use the default quota class for default quota.
Aug 09 11:21:09 devstack cinder-volume[89191]: DEBUG cinder.quota [None req-f649d005-31b8-4063-8289-0a0c93100334 tempest-GroupSnapshotsTest-684869966 None] Created reservations ['22cfe016-fae9-499c-baa4-9054f7de3fd9', '3a8500b8-8bda-449f-b0a3-fd4dbb11e46e', '50e2ad3d-b42a-431e-aa85-dbb5e58e87ac', 'eea3742b-8b69-4b9c-b65c-484abadf0afd'] {{(pid=89191) reserve /opt/stack/cinder/cinder/quota.py:752}}
Aug 09 11:21:09 devstack cinder-volume[89191]: DEBUG oslo_concurrency.lockutils [None req-f649d005-31b8-4063-8289-0a0c93100334 tempest-GroupSnapshotsTest-684869966 None] Acquiring lock "quobyte_ensure" by "cinder.volume.drivers.quobyte.QuobyteDriver._ensure_shares_mounted" {{(pid=89191) inner /opt/stack/data/venv/lib/python3.12/site-packages/oslo_concurrency/lockutils.py:512}}
Aug 09 11:21:09 devstack cinder-volume[89191]: DEBUG oslo_concurrency.lockutils [None req-f649d005-31b8-4063-8289-0a0c93100334 tempest-GroupSnapshotsTest-684869966 None] Lock "quobyte_ensure" acquired by "cinder.volume.drivers.quobyte.QuobyteDriver._ensure_shares_mounted" :: waited 0.001s {{(pid=89191) inner /opt/stack/data/venv/lib/python3.12/site-packages/oslo_concurrency/lockutils.py:525}}
Aug 09 11:21:09 devstack cinder-volume[89191]: DEBUG cinder.volume.drivers.quobyte [None req-f649d005-31b8-4063-8289-0a0c93100334 tempest-GroupSnapshotsTest-684869966 None] Quobyte Volume URL set to: {'osci02.corp.quobyte.com/cinder-vol-d3767b59-df43-4fee-9b16-bf53de8e30ce': None} {{(pid=89191) _load_shares_config /opt/stack/cinder/cinder/volume/drivers/quobyte.py:665}}
Aug 09 11:21:09 devstack cinder-volume[89191]: DEBUG cinder.volume.drivers.quobyte [None req-f649d005-31b8-4063-8289-0a0c93100334 tempest-GroupSnapshotsTest-684869966 None] Available shares ['osci02.corp.quobyte.com/cinder-vol-d3767b59-df43-4fee-9b16-bf53de8e30ce'] {{(pid=89191) _ensure_shares_mounted /opt/stack/cinder/cinder/volume/drivers/quobyte.py:695}}
Aug 09 11:21:09 devstack cinder-volume[89191]: DEBUG oslo_concurrency.lockutils [None req-f649d005-31b8-4063-8289-0a0c93100334 tempest-GroupSnapshotsTest-684869966 None] Lock "quobyte_ensure" "released" by "cinder.volume.drivers.quobyte.QuobyteDriver._ensure_shares_mounted" :: held 0.006s {{(pid=89191) inner /opt/stack/data/venv/lib/python3.12/site-packages/oslo_concurrency/lockutils.py:544}}
Aug 09 11:21:09 devstack cinder-volume[89191]: DEBUG oslo_concurrency.processutils [None req-f649d005-31b8-4063-8289-0a0c93100334 tempest-GroupSnapshotsTest-684869966 None] Running cmd (subprocess): sudo cinder-rootwrap /etc/cinder/rootwrap.conf df --portability --block-size 1 /opt/stack/data/cinder/mnt/6ad94fb632b69afb0627e9ed0c69728d {{(pid=89191) execute /opt/stack/data/venv/lib/python3.12/site-packages/oslo_concurrency/processutils.py:440}}
Aug 09 11:21:09 devstack sudo[95049]: quobyte : PWD=/ ; USER=root ; COMMAND=/opt/stack/data/venv/bin/cinder-rootwrap /etc/cinder/rootwrap.conf df --portability --block-size 1 /opt/stack/data/cinder/mnt/6ad94fb632b69afb0627e9ed0c69728d
Aug 09 11:21:09 devstack sudo[95049]: pam_unix(sudo:session): session opened for user root(uid=0) by (uid=1000)
Aug 09 11:21:09 devstack sudo[95049]: pam_unix(sudo:session): session closed for user root
Aug 09 11:21:09 devstack cinder-volume[89191]: DEBUG oslo_concurrency.processutils [None req-f649d005-31b8-4063-8289-0a0c93100334 tempest-GroupSnapshotsTest-684869966 None] CMD "sudo cinder-rootwrap /etc/cinder/rootwrap.conf df --portability --block-size 1 /opt/stack/data/cinder/mnt/6ad94fb632b69afb0627e9ed0c69728d" returned: 0 in 0.419s {{(pid=89191) execute /opt/stack/data/venv/lib/python3.12/site-packages/oslo_concurrency/processutils.py:468}}
Aug 09 11:21:09 devstack cinder-volume[89191]: DEBUG cinder.manager [None req-f649d005-31b8-4063-8289-0a0c93100334 tempest-GroupSnapshotsTest-684869966 None] Notifying Schedulers of capabilities ... {{(pid=89191) _publish_service_capabilities /opt/stack/cinder/cinder/manager.py:219}}
Aug 09 11:21:09 devstack cinder-volume[89191]: INFO cinder.volume.manager [None req-f649d005-31b8-4063-8289-0a0c93100334 tempest-GroupSnapshotsTest-684869966 None] Delete group completed successfully.
