Jul 10 19:40:53 devstack cinder-volume[87164]: DEBUG cinder.volume.manager [None req-1fe8ad0b-7310-4742-9c73-059ff1c1882a tempest-VolumesDeleteCascade-1834376857 None] Task 'cinder.volume.flows.manager.create_volume.CreateVolumeFromSpecTask;volume:create' (36b3ea2b-6831-4fb1-be99-351f771ad20a) transitioned into state 'RUNNING' from state 'PENDING' {{(pid=87164) _task_receiver /opt/stack/data/venv/lib/python3.12/site-packages/taskflow/listeners/logging.py:242}}
Jul 10 19:40:53 devstack cinder-volume[87164]: INFO cinder.volume.flows.manager.create_volume [None req-1fe8ad0b-7310-4742-9c73-059ff1c1882a tempest-VolumesDeleteCascade-1834376857 None] Volume 4ab7d4aa-a5cb-4ac9-b052-54e6b4551c08: being created as raw with specification: {'status': 'creating', 'volume_name': 'volume-4ab7d4aa-a5cb-4ac9-b052-54e6b4551c08', 'volume_size': 1}
Jul 10 19:40:53 devstack cinder-volume[87164]: DEBUG oslo_concurrency.lockutils [None req-1fe8ad0b-7310-4742-9c73-059ff1c1882a tempest-VolumesDeleteCascade-1834376857 None] Acquiring lock "quobyte" by "cinder.volume.drivers.quobyte.QuobyteDriver.create_volume" {{(pid=87164) inner /opt/stack/data/venv/lib/python3.12/site-packages/oslo_concurrency/lockutils.py:511}}
Jul 10 19:40:54 devstack sudo[92926]: pam_unix(sudo:session): session closed for user root
Jul 10 19:40:54 devstack cinder-volume[87164]: DEBUG oslo_concurrency.processutils [None req-acdfbf9c-90d5-48fc-a854-fd3940f7f58e tempest-VolumesSnapshotListTestJSON-246840896 None] CMD "sudo cinder-rootwrap /etc/cinder/rootwrap.conf qemu-img create -f qcow2 -o preallocation=metadata /opt/stack/data/cinder/mnt/311705b38d810cf05319163beb33224a/volume-cbba63d9-07b5-43fc-9ff1-2db61213e2b5 1073741824" returned: 0 in 1.154s {{(pid=87164) execute /opt/stack/data/venv/lib/python3.12/site-packages/oslo_concurrency/processutils.py:468}}
Jul 10 19:40:54 devstack cinder-volume[87164]: DEBUG oslo_concurrency.processutils [None req-acdfbf9c-90d5-48fc-a854-fd3940f7f58e tempest-VolumesSnapshotListTestJSON-246840896 None] Running cmd (subprocess): sudo cinder-rootwrap /etc/cinder/rootwrap.conf chmod ugo+rw /opt/stack/data/cinder/mnt/311705b38d810cf05319163beb33224a/volume-cbba63d9-07b5-43fc-9ff1-2db61213e2b5 {{(pid=87164) execute /opt/stack/data/venv/lib/python3.12/site-packages/oslo_concurrency/processutils.py:440}}
Jul 10 19:40:54 devstack sudo[92949]: quobyte : PWD=/ ; USER=root ; COMMAND=/opt/stack/data/venv/bin/cinder-rootwrap /etc/cinder/rootwrap.conf chmod ugo+rw /opt/stack/data/cinder/mnt/311705b38d810cf05319163beb33224a/volume-cbba63d9-07b5-43fc-9ff1-2db61213e2b5
Jul 10 19:40:54 devstack sudo[92949]: pam_unix(sudo:session): session opened for user root(uid=0) by (uid=1000)
Jul 10 19:40:55 devstack sudo[92949]: pam_unix(sudo:session): session closed for user root
Jul 10 19:40:55 devstack cinder-volume[87164]: DEBUG oslo_concurrency.processutils [None req-acdfbf9c-90d5-48fc-a854-fd3940f7f58e tempest-VolumesSnapshotListTestJSON-246840896 None] CMD "sudo cinder-rootwrap /etc/cinder/rootwrap.conf chmod ugo+rw /opt/stack/data/cinder/mnt/311705b38d810cf05319163beb33224a/volume-cbba63d9-07b5-43fc-9ff1-2db61213e2b5" returned: 0 in 0.793s {{(pid=87164) execute /opt/stack/data/venv/lib/python3.12/site-packages/oslo_concurrency/processutils.py:468}}
Jul 10 19:40:55 devstack cinder-volume[87164]: DEBUG cinder.volume.drivers.quobyte [None req-acdfbf9c-90d5-48fc-a854-fd3940f7f58e tempest-VolumesSnapshotListTestJSON-246840896 None] <== create_volume: return (2004ms) {'provider_location': 'osci02.corp.quobyte.com/cinder-vol-d4cce388-4626-48c1-96f5-5da6b66594d6'} {{(pid=87164) trace_logging_wrapper /opt/stack/cinder/cinder/volume/volume_utils.py:1522}}
Jul 10 19:40:55 devstack cinder-volume[87164]: DEBUG oslo_concurrency.lockutils [None req-acdfbf9c-90d5-48fc-a854-fd3940f7f58e tempest-VolumesSnapshotListTestJSON-246840896 None] Lock "quobyte" "released" by "cinder.volume.drivers.quobyte.QuobyteDriver.create_volume" :: held 2.008s {{(pid=87164) inner /opt/stack/data/venv/lib/python3.12/site-packages/oslo_concurrency/lockutils.py:543}}
Jul 10 19:40:55 devstack cinder-volume[87164]: DEBUG oslo_concurrency.lockutils [None req-1fe8ad0b-7310-4742-9c73-059ff1c1882a tempest-VolumesDeleteCascade-1834376857 None] Lock "quobyte" acquired by "cinder.volume.drivers.quobyte.QuobyteDriver.create_volume" :: waited 1.199s {{(pid=87164) inner /opt/stack/data/venv/lib/python3.12/site-packages/oslo_concurrency/lockutils.py:524}}
Jul 10 19:40:55 devstack cinder-volume[87164]: DEBUG cinder.volume.drivers.quobyte [None req-1fe8ad0b-7310-4742-9c73-059ff1c1882a tempest-VolumesDeleteCascade-1834376857 None] ==> create_volume: call "{'self': , 'volume': Volume(_name_id=None,admin_metadata=,attach_status='detached',availability_zone='nova',bootable=False,cluster=,cluster_name=None,consistencygroup=,consistencygroup_id=None,created_at=2026-07-10T17:40:53Z,deleted=False,deleted_at=None,display_description=None,display_name='tempest-VolumesDeleteCascade-Volume-949605158',ec2_id=None,encryption_key_id=None,glance_metadata=,group=,group_id=None,host='devstack@QuobyteHD#QuobyteHD',id=4ab7d4aa-a5cb-4ac9-b052-54e6b4551c08,launched_at=None,metadata={},migration_status=None,multiattach=False,previous_status=None,project_id='c021d7da71f24343b2099f0e6698589a',provider_auth=None,provider_geometry=None,provider_id=None,provider_location=None,replication_driver_data=None,replication_extended_status=None,replication_status=None,scheduled_at=2026-07-10T17:40:54Z,service_uuid=None,shared_targets=True,size=1,snapshot_id=None,snapshots=,source_volid=None,status='creating',terminated_at=None,updated_at=2026-07-10T17:40:54Z,use_quota=True,user_id='32539ca9d27c4e89bd22486d5bbb79d2',volume_attachment=VolumeAttachmentList,volume_type=VolumeType(62fb8ba8-9014-4b5f-a4d3-199b58a05c38),volume_type_id=62fb8ba8-9014-4b5f-a4d3-199b58a05c38)}" {{(pid=87164) trace_logging_wrapper /opt/stack/cinder/cinder/volume/volume_utils.py:1497}}
Jul 10 19:40:55 devstack cinder-volume[87164]: DEBUG cinder.volume.drivers.remotefs [None req-1fe8ad0b-7310-4742-9c73-059ff1c1882a tempest-VolumesDeleteCascade-1834376857 None] Creating volume 4ab7d4aa-a5cb-4ac9-b052-54e6b4551c08 {{(pid=87164) create_volume /opt/stack/cinder/cinder/volume/drivers/remotefs.py:292}}
Jul 10 19:40:55 devstack cinder-volume[87164]: DEBUG oslo_concurrency.lockutils [None req-1fe8ad0b-7310-4742-9c73-059ff1c1882a tempest-VolumesDeleteCascade-1834376857 None] Acquiring lock "quobyte_ensure" by "cinder.volume.drivers.quobyte.QuobyteDriver._ensure_shares_mounted" {{(pid=87164) inner /opt/stack/data/venv/lib/python3.12/site-packages/oslo_concurrency/lockutils.py:511}}
Jul 10 19:40:55 devstack cinder-volume[87164]: DEBUG oslo_concurrency.lockutils [None req-1fe8ad0b-7310-4742-9c73-059ff1c1882a tempest-VolumesDeleteCascade-1834376857 None] Lock "quobyte_ensure" acquired by "cinder.volume.drivers.quobyte.QuobyteDriver._ensure_shares_mounted" :: waited 0.000s {{(pid=87164) inner /opt/stack/data/venv/lib/python3.12/site-packages/oslo_concurrency/lockutils.py:524}}
Jul 10 19:40:55 devstack cinder-volume[87164]: DEBUG cinder.volume.drivers.quobyte [None req-1fe8ad0b-7310-4742-9c73-059ff1c1882a tempest-VolumesDeleteCascade-1834376857 None] Quobyte Volume URL set to: {'osci02.corp.quobyte.com/cinder-vol-d4cce388-4626-48c1-96f5-5da6b66594d6': None} {{(pid=87164) _load_shares_config /opt/stack/cinder/cinder/volume/drivers/quobyte.py:617}}
Jul 10 19:40:55 devstack cinder-volume[87164]: DEBUG cinder.volume.drivers.quobyte [None req-1fe8ad0b-7310-4742-9c73-059ff1c1882a tempest-VolumesDeleteCascade-1834376857 None] Available shares ['osci02.corp.quobyte.com/cinder-vol-d4cce388-4626-48c1-96f5-5da6b66594d6'] {{(pid=87164) _ensure_shares_mounted /opt/stack/cinder/cinder/volume/drivers/quobyte.py:647}}
Jul 10 19:40:55 devstack cinder-volume[87164]: DEBUG oslo_concurrency.lockutils [None req-1fe8ad0b-7310-4742-9c73-059ff1c1882a tempest-VolumesDeleteCascade-1834376857 None] Lock "quobyte_ensure" "released" by "cinder.volume.drivers.quobyte.QuobyteDriver._ensure_shares_mounted" :: held 0.006s {{(pid=87164) inner /opt/stack/data/venv/lib/python3.12/site-packages/oslo_concurrency/lockutils.py:543}}
Jul 10 19:40:55 devstack cinder-volume[87164]: DEBUG cinder.volume.drivers.quobyte [None req-1fe8ad0b-7310-4742-9c73-059ff1c1882a tempest-VolumesDeleteCascade-1834376857 None] Selected osci02.corp.quobyte.com/cinder-vol-d4cce388-4626-48c1-96f5-5da6b66594d6 as target Quobyte volume. {{(pid=87164) _find_share /opt/stack/cinder/cinder/volume/drivers/quobyte.py:668}}
Jul 10 19:40:55 devstack cinder-volume[87164]: INFO cinder.volume.drivers.remotefs [None req-1fe8ad0b-7310-4742-9c73-059ff1c1882a tempest-VolumesDeleteCascade-1834376857 None] casted to osci02.corp.quobyte.com/cinder-vol-d4cce388-4626-48c1-96f5-5da6b66594d6
Jul 10 19:40:55 devstack cinder-volume[87164]: DEBUG oslo_concurrency.processutils [None req-1fe8ad0b-7310-4742-9c73-059ff1c1882a tempest-VolumesDeleteCascade-1834376857 None] Running cmd (subprocess): sudo cinder-rootwrap /etc/cinder/rootwrap.conf qemu-img create -f qcow2 -o preallocation=metadata /opt/stack/data/cinder/mnt/311705b38d810cf05319163beb33224a/volume-4ab7d4aa-a5cb-4ac9-b052-54e6b4551c08 1073741824 {{(pid=87164) execute /opt/stack/data/venv/lib/python3.12/site-packages/oslo_concurrency/processutils.py:440}}
Jul 10 19:40:55 devstack cinder-volume[87164]: DEBUG cinder.volume.manager [None req-acdfbf9c-90d5-48fc-a854-fd3940f7f58e tempest-VolumesSnapshotListTestJSON-246840896 None] Task 'cinder.volume.flows.manager.create_volume.CreateVolumeFromSpecTask;volume:create' (ef0986c3-2eb7-409a-97a0-141991aff2a9) transitioned into state 'SUCCESS' from state 'RUNNING' with result '{'status': 'creating', 'volume_name': 'volume-cbba63d9-07b5-43fc-9ff1-2db61213e2b5', 'volume_size': 1}' {{(pid=87164) _task_receiver /opt/stack/data/venv/lib/python3.12/site-packages/taskflow/listeners/logging.py:218}}
Jul 10 19:40:55 devstack sudo[92957]: quobyte : PWD=/ ; USER=root ; COMMAND=/opt/stack/data/venv/bin/cinder-rootwrap /etc/cinder/rootwrap.conf qemu-img create -f qcow2 -o preallocation=metadata /opt/stack/data/cinder/mnt/311705b38d810cf05319163beb33224a/volume-4ab7d4aa-a5cb-4ac9-b052-54e6b4551c08 1073741824
Jul 10 19:40:55 devstack cinder-volume[87164]: DEBUG cinder.volume.manager [None req-acdfbf9c-90d5-48fc-a854-fd3940f7f58e tempest-VolumesSnapshotListTestJSON-246840896 None] Task 'cinder.volume.flows.manager.create_volume.CreateVolumeOnFinishTask;volume:create, create.end' (3d1ad0de-6680-4089-a5a9-8dc362bf8ca7) transitioned into state 'RUNNING' from state 'PENDING' {{(pid=87164) _task_receiver /opt/stack/data/venv/lib/python3.12/site-packages/taskflow/listeners/logging.py:242}}
Jul 10 19:40:55 devstack sudo[92957]: pam_unix(sudo:session): session opened for user root(uid=0) by (uid=1000)
Jul 10 19:40:55 devstack cinder-volume[87164]: INFO cinder.volume.flows.manager.create_volume [None req-acdfbf9c-90d5-48fc-a854-fd3940f7f58e tempest-VolumesSnapshotListTestJSON-246840896 None] Volume volume-cbba63d9-07b5-43fc-9ff1-2db61213e2b5 (cbba63d9-07b5-43fc-9ff1-2db61213e2b5): created successfully
Jul 10 19:40:55 devstack cinder-volume[87164]: DEBUG cinder.volume.manager [None req-acdfbf9c-90d5-48fc-a854-fd3940f7f58e tempest-VolumesSnapshotListTestJSON-246840896 None] Task 'cinder.volume.flows.manager.create_volume.CreateVolumeOnFinishTask;volume:create, create.end' (3d1ad0de-6680-4089-a5a9-8dc362bf8ca7) transitioned into state 'SUCCESS' from state 'RUNNING' with result 'None' {{(pid=87164) _task_receiver /opt/stack/data/venv/lib/python3.12/site-packages/taskflow/listeners/logging.py:218}}
Jul 10 19:40:55 devstack cinder-volume[87164]: DEBUG cinder.volume.manager [None req-acdfbf9c-90d5-48fc-a854-fd3940f7f58e tempest-VolumesSnapshotListTestJSON-246840896 None] Flow 'volume_create_manager' (00d14c75-7c49-4db2-b96f-ebd3480aed3d) transitioned into state 'SUCCESS' from state 'RUNNING' {{(pid=87164) _flow_receiver /opt/stack/data/venv/lib/python3.12/site-packages/taskflow/listeners/logging.py:160}}
Jul 10 19:40:55 devstack cinder-volume[87164]: INFO cinder.volume.manager [None req-acdfbf9c-90d5-48fc-a854-fd3940f7f58e tempest-VolumesSnapshotListTestJSON-246840896 None] Created volume successfully.
Jul 10 19:40:56 devstack sudo[92957]: pam_unix(sudo:session): session closed for user root
Jul 10 19:40:56 devstack cinder-volume[87164]: DEBUG oslo_concurrency.processutils [None req-1fe8ad0b-7310-4742-9c73-059ff1c1882a tempest-VolumesDeleteCascade-1834376857 None] CMD "sudo cinder-rootwrap /etc/cinder/rootwrap.conf qemu-img create -f qcow2 -o preallocation=metadata /opt/stack/data/cinder/mnt/311705b38d810cf05319163beb33224a/volume-4ab7d4aa-a5cb-4ac9-b052-54e6b4551c08 1073741824" returned: 0 in 0.950s {{(pid=87164) execute /opt/stack/data/venv/lib/python3.12/site-packages/oslo_concurrency/processutils.py:468}}
Jul 10 19:40:56 devstack cinder-volume[87164]: DEBUG oslo_concurrency.processutils [None req-1fe8ad0b-7310-4742-9c73-059ff1c1882a tempest-VolumesDeleteCascade-1834376857 None] Running cmd (subprocess): sudo cinder-rootwrap /etc/cinder/rootwrap.conf chmod ugo+rw /opt/stack/data/cinder/mnt/311705b38d810cf05319163beb33224a/volume-4ab7d4aa-a5cb-4ac9-b052-54e6b4551c08 {{(pid=87164) execute /opt/stack/data/venv/lib/python3.12/site-packages/oslo_concurrency/processutils.py:440}}
Jul 10 19:40:56 devstack sudo[92982]: quobyte : PWD=/ ; USER=root ; COMMAND=/opt/stack/data/venv/bin/cinder-rootwrap /etc/cinder/rootwrap.conf chmod ugo+rw /opt/stack/data/cinder/mnt/311705b38d810cf05319163beb33224a/volume-4ab7d4aa-a5cb-4ac9-b052-54e6b4551c08
Jul 10 19:40:56 devstack sudo[92982]: pam_unix(sudo:session): session opened for user root(uid=0) by (uid=1000)
Jul 10 19:40:56 devstack cinder-volume[87164]: DEBUG oslo_concurrency.lockutils [None req-c651ba49-05a9-40e1-a294-bfcf9ff29992 tempest-VolumesSnapshotListTestJSON-246840896 None] Acquiring lock "quobyte" by "cinder.volume.drivers.quobyte.QuobyteDriver.create_snapshot" {{(pid=87164) inner /opt/stack/data/venv/lib/python3.12/site-packages/oslo_concurrency/lockutils.py:511}}
Jul 10 19:40:57 devstack sudo[92982]: pam_unix(sudo:session): session closed for user root
Jul 10 19:40:57 devstack cinder-volume[87164]: DEBUG oslo_concurrency.processutils [None req-1fe8ad0b-7310-4742-9c73-059ff1c1882a tempest-VolumesDeleteCascade-1834376857 None] CMD "sudo cinder-rootwrap /etc/cinder/rootwrap.conf chmod ugo+rw /opt/stack/data/cinder/mnt/311705b38d810cf05319163beb33224a/volume-4ab7d4aa-a5cb-4ac9-b052-54e6b4551c08" returned: 0 in 0.887s {{(pid=87164) execute /opt/stack/data/venv/lib/python3.12/site-packages/oslo_concurrency/processutils.py:468}}
Jul 10 19:40:57 devstack cinder-volume[87164]: DEBUG cinder.volume.drivers.quobyte [None req-1fe8ad0b-7310-4742-9c73-059ff1c1882a tempest-VolumesDeleteCascade-1834376857 None] <== create_volume: return (1921ms) {'provider_location': 'osci02.corp.quobyte.com/cinder-vol-d4cce388-4626-48c1-96f5-5da6b66594d6'} {{(pid=87164) trace_logging_wrapper /opt/stack/cinder/cinder/volume/volume_utils.py:1522}}
Jul 10 19:40:57 devstack cinder-volume[87164]: DEBUG oslo_concurrency.lockutils [None req-1fe8ad0b-7310-4742-9c73-059ff1c1882a tempest-VolumesDeleteCascade-1834376857 None] Lock "quobyte" "released" by "cinder.volume.drivers.quobyte.QuobyteDriver.create_volume" :: held 1.925s {{(pid=87164) inner /opt/stack/data/venv/lib/python3.12/site-packages/oslo_concurrency/lockutils.py:543}}
Jul 10 19:40:57 devstack cinder-volume[87164]: DEBUG oslo_concurrency.lockutils [None req-c651ba49-05a9-40e1-a294-bfcf9ff29992 tempest-VolumesSnapshotListTestJSON-246840896 None] Lock "quobyte" acquired by "cinder.volume.drivers.quobyte.QuobyteDriver.create_snapshot" :: waited 0.607s {{(pid=87164) inner /opt/stack/data/venv/lib/python3.12/site-packages/oslo_concurrency/lockutils.py:524}}
Jul 10 19:40:57 devstack cinder-volume[87164]: DEBUG cinder.volume.drivers.remotefs [None req-c651ba49-05a9-40e1-a294-bfcf9ff29992 tempest-VolumesSnapshotListTestJSON-246840896 None] Creating offline snapshot 3881324a-8acc-43b7-a5fb-7b32251c2bc6 of volume cbba63d9-07b5-43fc-9ff1-2db61213e2b5 {{(pid=87164) _create_snapshot /opt/stack/cinder/cinder/volume/drivers/remotefs.py:1816}}
Jul 10 19:40:57 devstack cinder-volume[87164]: DEBUG cinder.volume.manager [None req-1fe8ad0b-7310-4742-9c73-059ff1c1882a tempest-VolumesDeleteCascade-1834376857 None] Task 'cinder.volume.flows.manager.create_volume.CreateVolumeFromSpecTask;volume:create' (36b3ea2b-6831-4fb1-be99-351f771ad20a) transitioned into state 'SUCCESS' from state 'RUNNING' with result '{'status': 'creating', 'volume_name': 'volume-4ab7d4aa-a5cb-4ac9-b052-54e6b4551c08', 'volume_size': 1}' {{(pid=87164) _task_receiver /opt/stack/data/venv/lib/python3.12/site-packages/taskflow/listeners/logging.py:218}}
Jul 10 19:40:57 devstack cinder-volume[87164]: DEBUG cinder.volume.manager [None req-1fe8ad0b-7310-4742-9c73-059ff1c1882a tempest-VolumesDeleteCascade-1834376857 None] Task 'cinder.volume.flows.manager.create_volume.CreateVolumeOnFinishTask;volume:create, create.end' (c0fec4ba-8824-41bb-8f8c-25d5a892aa89) transitioned into state 'RUNNING' from state 'PENDING' {{(pid=87164) _task_receiver /opt/stack/data/venv/lib/python3.12/site-packages/taskflow/listeners/logging.py:242}}
Jul 10 19:40:57 devstack cinder-volume[87164]: DEBUG oslo.privsep.daemon [-] privsep: reply[b2b4dc18-764c-4788-a463-c0cac5712121]: (4, 'qcow2') {{(pid=88215) _call_back /opt/stack/data/venv/lib/python3.12/site-packages/oslo_privsep/daemon.py:580}}
Jul 10 19:40:57 devstack cinder-volume[87164]: DEBUG oslo_concurrency.processutils [None req-c651ba49-05a9-40e1-a294-bfcf9ff29992 tempest-VolumesSnapshotListTestJSON-246840896 None] Running cmd (subprocess): /opt/stack/data/venv/bin/python3.12 -m oslo_concurrency.prlimit --as=1073741824 --cpu=60 -- sudo cinder-rootwrap /etc/cinder/rootwrap.conf env LC_ALL=C qemu-img info -f qcow2 --output=json --force-share /opt/stack/data/cinder/mnt/311705b38d810cf05319163beb33224a/volume-cbba63d9-07b5-43fc-9ff1-2db61213e2b5 {{(pid=87164) execute /opt/stack/data/venv/lib/python3.12/site-packages/oslo_concurrency/processutils.py:440}}
Jul 10 19:40:57 devstack cinder-volume[87164]: INFO cinder.volume.flows.manager.create_volume [None req-1fe8ad0b-7310-4742-9c73-059ff1c1882a tempest-VolumesDeleteCascade-1834376857 None] Volume volume-4ab7d4aa-a5cb-4ac9-b052-54e6b4551c08 (4ab7d4aa-a5cb-4ac9-b052-54e6b4551c08): created successfully
Jul 10 19:40:57 devstack cinder-volume[87164]: DEBUG cinder.volume.manager [None req-1fe8ad0b-7310-4742-9c73-059ff1c1882a tempest-VolumesDeleteCascade-1834376857 None] Task 'cinder.volume.flows.manager.create_volume.CreateVolumeOnFinishTask;volume:create, create.end' (c0fec4ba-8824-41bb-8f8c-25d5a892aa89) transitioned into state 'SUCCESS' from state 'RUNNING' with result 'None' {{(pid=87164) _task_receiver /opt/stack/data/venv/lib/python3.12/site-packages/taskflow/listeners/logging.py:218}}
Jul 10 19:40:57 devstack cinder-volume[87164]: DEBUG cinder.volume.manager [None req-1fe8ad0b-7310-4742-9c73-059ff1c1882a tempest-VolumesDeleteCascade-1834376857 None] Flow 'volume_create_manager' (cc68badc-6438-47a5-b008-883d2e5753e7) transitioned into state 'SUCCESS' from state 'RUNNING' {{(pid=87164) _flow_receiver /opt/stack/data/venv/lib/python3.12/site-packages/taskflow/listeners/logging.py:160}}
Jul 10 19:40:57 devstack cinder-volume[87164]: INFO cinder.volume.manager [None req-1fe8ad0b-7310-4742-9c73-059ff1c1882a tempest-VolumesDeleteCascade-1834376857 None] Created volume successfully.
Jul 10 19:40:57 devstack sudo[92987]: quobyte : PWD=/ ; USER=root ; COMMAND=/opt/stack/data/venv/bin/cinder-rootwrap /etc/cinder/rootwrap.conf env LC_ALL=C qemu-img info -f qcow2 --output=json --force-share /opt/stack/data/cinder/mnt/311705b38d810cf05319163beb33224a/volume-cbba63d9-07b5-43fc-9ff1-2db61213e2b5
Jul 10 19:40:57 devstack sudo[92987]: pam_unix(sudo:session): session opened for user root(uid=0) by (uid=1000)
Jul 10 19:40:58 devstack sudo[92987]: pam_unix(sudo:session): session closed for user root
Jul 10 19:40:58 devstack cinder-volume[87164]: DEBUG oslo_concurrency.processutils [None req-c651ba49-05a9-40e1-a294-bfcf9ff29992 tempest-VolumesSnapshotListTestJSON-246840896 None] CMD "/opt/stack/data/venv/bin/python3.12 -m oslo_concurrency.prlimit --as=1073741824 --cpu=60 -- sudo cinder-rootwrap /etc/cinder/rootwrap.conf env LC_ALL=C qemu-img info -f qcow2 --output=json --force-share /opt/stack/data/cinder/mnt/311705b38d810cf05319163beb33224a/volume-cbba63d9-07b5-43fc-9ff1-2db61213e2b5" returned: 0 in 1.025s {{(pid=87164) execute /opt/stack/data/venv/lib/python3.12/site-packages/oslo_concurrency/processutils.py:468}}
Jul 10 19:40:58 devstack cinder-volume[87164]: DEBUG oslo_concurrency.processutils [None req-c651ba49-05a9-40e1-a294-bfcf9ff29992 tempest-VolumesSnapshotListTestJSON-246840896 None] Running cmd (subprocess): sudo cinder-rootwrap /etc/cinder/rootwrap.conf qemu-img create -f qcow2 -o backing_file=/opt/stack/data/cinder/mnt/311705b38d810cf05319163beb33224a/volume-cbba63d9-07b5-43fc-9ff1-2db61213e2b5,backing_fmt=qcow2 /opt/stack/data/cinder/mnt/311705b38d810cf05319163beb33224a/volume-cbba63d9-07b5-43fc-9ff1-2db61213e2b5.3881324a-8acc-43b7-a5fb-7b32251c2bc6 1G {{(pid=87164) execute /opt/stack/data/venv/lib/python3.12/site-packages/oslo_concurrency/processutils.py:440}}
Jul 10 19:40:58 devstack sudo[92992]: quobyte : PWD=/ ; USER=root ; COMMAND=/opt/stack/data/venv/bin/cinder-rootwrap /etc/cinder/rootwrap.conf qemu-img create -f qcow2 -o backing_file=/opt/stack/data/cinder/mnt/311705b38d810cf05319163beb33224a/volume-cbba63d9-07b5-43fc-9ff1-2db61213e2b5,backing_fmt=qcow2 /opt/stack/data/cinder/mnt/311705b38d810cf05319163beb33224a/volume-cbba63d9-07b5-43fc-9ff1-2db61213e2b5.3881324a-8acc-43b7-a5fb-7b32251c2bc6 1G
Jul 10 19:40:58 devstack sudo[92992]: pam_unix(sudo:session): session opened for user root(uid=0) by (uid=1000)
Jul 10 19:40:58 devstack cinder-volume[87164]: DEBUG oslo_concurrency.lockutils [None req-dfb9e002-09f4-4941-ad9f-7a1c7aed761f tempest-VolumesDeleteCascade-1834376857 None] Acquiring lock "quobyte" by "cinder.volume.drivers.quobyte.QuobyteDriver.create_snapshot" {{(pid=87164) inner /opt/stack/data/venv/lib/python3.12/site-packages/oslo_concurrency/lockutils.py:511}}
Jul 10 19:40:59 devstack sudo[92992]: pam_unix(sudo:session): session closed for user root
Jul 10 19:40:59 devstack cinder-volume[87164]: DEBUG oslo_concurrency.processutils [None req-c651ba49-05a9-40e1-a294-bfcf9ff29992 tempest-VolumesSnapshotListTestJSON-246840896 None] CMD "sudo cinder-rootwrap /etc/cinder/rootwrap.conf qemu-img create -f qcow2 -o backing_file=/opt/stack/data/cinder/mnt/311705b38d810cf05319163beb33224a/volume-cbba63d9-07b5-43fc-9ff1-2db61213e2b5,backing_fmt=qcow2 /opt/stack/data/cinder/mnt/311705b38d810cf05319163beb33224a/volume-cbba63d9-07b5-43fc-9ff1-2db61213e2b5.3881324a-8acc-43b7-a5fb-7b32251c2bc6 1G" returned: 0 in 1.401s {{(pid=87164) execute /opt/stack/data/venv/lib/python3.12/site-packages/oslo_concurrency/processutils.py:468}}
Jul 10 19:40:59 devstack cinder-volume[87164]: DEBUG oslo_concurrency.processutils [None req-c651ba49-05a9-40e1-a294-bfcf9ff29992 tempest-VolumesSnapshotListTestJSON-246840896 None] Running cmd (subprocess): sudo cinder-rootwrap /etc/cinder/rootwrap.conf qemu-img rebase -u -b volume-cbba63d9-07b5-43fc-9ff1-2db61213e2b5 -F qcow2 /opt/stack/data/cinder/mnt/311705b38d810cf05319163beb33224a/volume-cbba63d9-07b5-43fc-9ff1-2db61213e2b5.3881324a-8acc-43b7-a5fb-7b32251c2bc6 {{(pid=87164) execute /opt/stack/data/venv/lib/python3.12/site-packages/oslo_concurrency/processutils.py:440}}
Jul 10 19:40:59 devstack sudo[92998]: quobyte : PWD=/ ; USER=root ; COMMAND=/opt/stack/data/venv/bin/cinder-rootwrap /etc/cinder/rootwrap.conf qemu-img rebase -u -b volume-cbba63d9-07b5-43fc-9ff1-2db61213e2b5 -F qcow2 /opt/stack/data/cinder/mnt/311705b38d810cf05319163beb33224a/volume-cbba63d9-07b5-43fc-9ff1-2db61213e2b5.3881324a-8acc-43b7-a5fb-7b32251c2bc6
Jul 10 19:40:59 devstack sudo[92998]: pam_unix(sudo:session): session opened for user root(uid=0) by (uid=1000)
Jul 10 19:41:00 devstack sudo[92998]: pam_unix(sudo:session): session closed for user root
Jul 10 19:41:00 devstack cinder-volume[87164]: DEBUG oslo_concurrency.processutils [None req-c651ba49-05a9-40e1-a294-bfcf9ff29992 tempest-VolumesSnapshotListTestJSON-246840896 None] CMD "sudo cinder-rootwrap /etc/cinder/rootwrap.conf qemu-img rebase -u -b volume-cbba63d9-07b5-43fc-9ff1-2db61213e2b5 -F qcow2 /opt/stack/data/cinder/mnt/311705b38d810cf05319163beb33224a/volume-cbba63d9-07b5-43fc-9ff1-2db61213e2b5.3881324a-8acc-43b7-a5fb-7b32251c2bc6" returned: 0 in 0.860s {{(pid=87164) execute /opt/stack/data/venv/lib/python3.12/site-packages/oslo_concurrency/processutils.py:468}}
Jul 10 19:41:00 devstack cinder-volume[87164]: WARNING cinder.volume.drivers.remotefs [None req-c651ba49-05a9-40e1-a294-bfcf9ff29992 tempest-VolumesSnapshotListTestJSON-246840896 None] /opt/stack/data/cinder/mnt/311705b38d810cf05319163beb33224a/volume-cbba63d9-07b5-43fc-9ff1-2db61213e2b5.3881324a-8acc-43b7-a5fb-7b32251c2bc6 is being set with open permissions: ugo+rw
Jul 10 19:41:00 devstack cinder-volume[87164]: DEBUG oslo_concurrency.processutils [None req-c651ba49-05a9-40e1-a294-bfcf9ff29992 tempest-VolumesSnapshotListTestJSON-246840896 None] Running cmd (subprocess): sudo cinder-rootwrap /etc/cinder/rootwrap.conf chmod ugo+rw /opt/stack/data/cinder/mnt/311705b38d810cf05319163beb33224a/volume-cbba63d9-07b5-43fc-9ff1-2db61213e2b5.3881324a-8acc-43b7-a5fb-7b32251c2bc6 {{(pid=87164) execute /opt/stack/data/venv/lib/python3.12/site-packages/oslo_concurrency/processutils.py:440}}
Jul 10 19:41:00 devstack sudo[93017]: quobyte : PWD=/ ; USER=root ; COMMAND=/opt/stack/data/venv/bin/cinder-rootwrap /etc/cinder/rootwrap.conf chmod ugo+rw /opt/stack/data/cinder/mnt/311705b38d810cf05319163beb33224a/volume-cbba63d9-07b5-43fc-9ff1-2db61213e2b5.3881324a-8acc-43b7-a5fb-7b32251c2bc6
Jul 10 19:41:00 devstack sudo[93017]: pam_unix(sudo:session): session opened for user root(uid=0) by (uid=1000)
Jul 10 19:41:01 devstack sudo[93017]: pam_unix(sudo:session): session closed for user root
Jul 10 19:41:01 devstack cinder-volume[87164]: DEBUG oslo_concurrency.processutils [None req-c651ba49-05a9-40e1-a294-bfcf9ff29992 tempest-VolumesSnapshotListTestJSON-246840896 None] CMD "sudo cinder-rootwrap /etc/cinder/rootwrap.conf chmod ugo+rw /opt/stack/data/cinder/mnt/311705b38d810cf05319163beb33224a/volume-cbba63d9-07b5-43fc-9ff1-2db61213e2b5.3881324a-8acc-43b7-a5fb-7b32251c2bc6" returned: 0 in 0.674s {{(pid=87164) execute /opt/stack/data/venv/lib/python3.12/site-packages/oslo_concurrency/processutils.py:468}}
Jul 10 19:41:01 devstack cinder-volume[87164]: DEBUG oslo_concurrency.processutils [None req-c651ba49-05a9-40e1-a294-bfcf9ff29992 tempest-VolumesSnapshotListTestJSON-246840896 None] Running cmd (subprocess): sudo cinder-rootwrap /etc/cinder/rootwrap.conf truncate -s0 /opt/stack/data/cinder/mnt/311705b38d810cf05319163beb33224a/volume-cbba63d9-07b5-43fc-9ff1-2db61213e2b5.info {{(pid=87164) execute /opt/stack/data/venv/lib/python3.12/site-packages/oslo_concurrency/processutils.py:440}}
Jul 10 19:41:01 devstack sudo[93025]: quobyte : PWD=/ ; USER=root ; COMMAND=/opt/stack/data/venv/bin/cinder-rootwrap /etc/cinder/rootwrap.conf truncate -s0 /opt/stack/data/cinder/mnt/311705b38d810cf05319163beb33224a/volume-cbba63d9-07b5-43fc-9ff1-2db61213e2b5.info
Jul 10 19:41:01 devstack sudo[93025]: pam_unix(sudo:session): session opened for user root(uid=0) by (uid=1000)
Jul 10 19:41:01 devstack sudo[93025]: pam_unix(sudo:session): session closed for user root
Jul 10 19:41:01 devstack cinder-volume[87164]: DEBUG oslo_concurrency.processutils [None req-c651ba49-05a9-40e1-a294-bfcf9ff29992 tempest-VolumesSnapshotListTestJSON-246840896 None] CMD "sudo cinder-rootwrap /etc/cinder/rootwrap.conf truncate -s0 /opt/stack/data/cinder/mnt/311705b38d810cf05319163beb33224a/volume-cbba63d9-07b5-43fc-9ff1-2db61213e2b5.info" returned: 0 in 0.740s {{(pid=87164) execute /opt/stack/data/venv/lib/python3.12/site-packages/oslo_concurrency/processutils.py:468}}
Jul 10 19:41:01 devstack cinder-volume[87164]: WARNING cinder.volume.drivers.remotefs [None req-c651ba49-05a9-40e1-a294-bfcf9ff29992 tempest-VolumesSnapshotListTestJSON-246840896 None] /opt/stack/data/cinder/mnt/311705b38d810cf05319163beb33224a/volume-cbba63d9-07b5-43fc-9ff1-2db61213e2b5.info is being set with open permissions: ugo+rw
Jul 10 19:41:01 devstack cinder-volume[87164]: DEBUG oslo_concurrency.processutils [None req-c651ba49-05a9-40e1-a294-bfcf9ff29992 tempest-VolumesSnapshotListTestJSON-246840896 None] Running cmd (subprocess): sudo cinder-rootwrap /etc/cinder/rootwrap.conf chmod ugo+rw /opt/stack/data/cinder/mnt/311705b38d810cf05319163beb33224a/volume-cbba63d9-07b5-43fc-9ff1-2db61213e2b5.info {{(pid=87164) execute /opt/stack/data/venv/lib/python3.12/site-packages/oslo_concurrency/processutils.py:440}}
Jul 10 19:41:01 devstack sudo[93048]: quobyte : PWD=/ ; USER=root ; COMMAND=/opt/stack/data/venv/bin/cinder-rootwrap /etc/cinder/rootwrap.conf chmod ugo+rw /opt/stack/data/cinder/mnt/311705b38d810cf05319163beb33224a/volume-cbba63d9-07b5-43fc-9ff1-2db61213e2b5.info
Jul 10 19:41:01 devstack sudo[93048]: pam_unix(sudo:session): session opened for user root(uid=0) by (uid=1000)
Jul 10 19:41:02 devstack sudo[93048]: pam_unix(sudo:session): session closed for user root
Jul 10 19:41:02 devstack cinder-volume[87164]: DEBUG oslo_concurrency.processutils [None req-c651ba49-05a9-40e1-a294-bfcf9ff29992 tempest-VolumesSnapshotListTestJSON-246840896 None] CMD "sudo cinder-rootwrap /etc/cinder/rootwrap.conf chmod ugo+rw /opt/stack/data/cinder/mnt/311705b38d810cf05319163beb33224a/volume-cbba63d9-07b5-43fc-9ff1-2db61213e2b5.info" returned: 0 in 0.695s {{(pid=87164) execute /opt/stack/data/venv/lib/python3.12/site-packages/oslo_concurrency/processutils.py:468}}
Jul 10 19:41:02 devstack cinder-volume[87164]: DEBUG oslo_concurrency.lockutils [None req-c651ba49-05a9-40e1-a294-bfcf9ff29992 tempest-VolumesSnapshotListTestJSON-246840896 None] Lock "quobyte" "released" by "cinder.volume.drivers.quobyte.QuobyteDriver.create_snapshot" :: held 5.489s {{(pid=87164) inner /opt/stack/data/venv/lib/python3.12/site-packages/oslo_concurrency/lockutils.py:543}}
Jul 10 19:41:02 devstack cinder-volume[87164]: DEBUG oslo_concurrency.lockutils [None req-dfb9e002-09f4-4941-ad9f-7a1c7aed761f tempest-VolumesDeleteCascade-1834376857 None] Lock "quobyte" acquired by "cinder.volume.drivers.quobyte.QuobyteDriver.create_snapshot" :: waited 4.074s {{(pid=87164) inner /opt/stack/data/venv/lib/python3.12/site-packages/oslo_concurrency/lockutils.py:524}}
Jul 10 19:41:02 devstack cinder-volume[87164]: DEBUG cinder.volume.drivers.remotefs [None req-dfb9e002-09f4-4941-ad9f-7a1c7aed761f tempest-VolumesDeleteCascade-1834376857 None] Creating offline snapshot 031c4a81-41d5-49b4-ac8e-8194f97fa707 of volume 4ab7d4aa-a5cb-4ac9-b052-54e6b4551c08 {{(pid=87164) _create_snapshot /opt/stack/cinder/cinder/volume/drivers/remotefs.py:1816}}
Jul 10 19:41:02 devstack cinder-volume[87164]: DEBUG oslo.privsep.daemon [-] privsep: reply[09605786-0691-453a-8fed-e2205e88e2d9]: (4, 'qcow2') {{(pid=88215) _call_back /opt/stack/data/venv/lib/python3.12/site-packages/oslo_privsep/daemon.py:580}}
Jul 10 19:41:02 devstack cinder-volume[87164]: DEBUG oslo_concurrency.processutils [None req-dfb9e002-09f4-4941-ad9f-7a1c7aed761f tempest-VolumesDeleteCascade-1834376857 None] Running cmd (subprocess): /opt/stack/data/venv/bin/python3.12 -m oslo_concurrency.prlimit --as=1073741824 --cpu=60 -- sudo cinder-rootwrap /etc/cinder/rootwrap.conf env LC_ALL=C qemu-img info -f qcow2 --output=json --force-share /opt/stack/data/cinder/mnt/311705b38d810cf05319163beb33224a/volume-4ab7d4aa-a5cb-4ac9-b052-54e6b4551c08 {{(pid=87164) execute /opt/stack/data/venv/lib/python3.12/site-packages/oslo_concurrency/processutils.py:440}}
Jul 10 19:41:02 devstack cinder-volume[87164]: INFO cinder.volume.manager [None req-c651ba49-05a9-40e1-a294-bfcf9ff29992 tempest-VolumesSnapshotListTestJSON-246840896 None] Create snapshot completed successfully
Jul 10 19:41:02 devstack sudo[93053]: quobyte : PWD=/ ; USER=root ; COMMAND=/opt/stack/data/venv/bin/cinder-rootwrap /etc/cinder/rootwrap.conf env LC_ALL=C qemu-img info -f qcow2 --output=json --force-share /opt/stack/data/cinder/mnt/311705b38d810cf05319163beb33224a/volume-4ab7d4aa-a5cb-4ac9-b052-54e6b4551c08
Jul 10 19:41:02 devstack sudo[93053]: pam_unix(sudo:session): session opened for user root(uid=0) by (uid=1000)
Jul 10 19:41:02 devstack cinder-volume[87164]: DEBUG oslo_concurrency.lockutils [None req-b7b41376-ba94-4714-91a6-d6642194c5f7 tempest-VolumesSnapshotListTestJSON-246840896 None] Acquiring lock "quobyte" by "cinder.volume.drivers.quobyte.QuobyteDriver.create_snapshot" {{(pid=87164) inner /opt/stack/data/venv/lib/python3.12/site-packages/oslo_concurrency/lockutils.py:511}}
Jul 10 19:41:03 devstack sudo[93053]: pam_unix(sudo:session): session closed for user root
Jul 10 19:41:03 devstack cinder-volume[87164]: DEBUG oslo_concurrency.processutils [None req-dfb9e002-09f4-4941-ad9f-7a1c7aed761f tempest-VolumesDeleteCascade-1834376857 None] CMD "/opt/stack/data/venv/bin/python3.12 -m oslo_concurrency.prlimit --as=1073741824 --cpu=60 -- sudo cinder-rootwrap /etc/cinder/rootwrap.conf env LC_ALL=C qemu-img info -f qcow2 --output=json --force-share /opt/stack/data/cinder/mnt/311705b38d810cf05319163beb33224a/volume-4ab7d4aa-a5cb-4ac9-b052-54e6b4551c08" returned: 0 in 0.779s {{(pid=87164) execute /opt/stack/data/venv/lib/python3.12/site-packages/oslo_concurrency/processutils.py:468}}
Jul 10 19:41:03 devstack cinder-volume[87164]: DEBUG oslo_concurrency.processutils [None req-dfb9e002-09f4-4941-ad9f-7a1c7aed761f tempest-VolumesDeleteCascade-1834376857 None] Running cmd (subprocess): sudo cinder-rootwrap /etc/cinder/rootwrap.conf qemu-img create -f qcow2 -o backing_file=/opt/stack/data/cinder/mnt/311705b38d810cf05319163beb33224a/volume-4ab7d4aa-a5cb-4ac9-b052-54e6b4551c08,backing_fmt=qcow2 /opt/stack/data/cinder/mnt/311705b38d810cf05319163beb33224a/volume-4ab7d4aa-a5cb-4ac9-b052-54e6b4551c08.031c4a81-41d5-49b4-ac8e-8194f97fa707 1G {{(pid=87164) execute /opt/stack/data/venv/lib/python3.12/site-packages/oslo_concurrency/processutils.py:440}}
Jul 10 19:41:03 devstack sudo[93060]: quobyte : PWD=/ ; USER=root ; COMMAND=/opt/stack/data/venv/bin/cinder-rootwrap /etc/cinder/rootwrap.conf qemu-img create -f qcow2 -o backing_file=/opt/stack/data/cinder/mnt/311705b38d810cf05319163beb33224a/volume-4ab7d4aa-a5cb-4ac9-b052-54e6b4551c08,backing_fmt=qcow2 /opt/stack/data/cinder/mnt/311705b38d810cf05319163beb33224a/volume-4ab7d4aa-a5cb-4ac9-b052-54e6b4551c08.031c4a81-41d5-49b4-ac8e-8194f97fa707 1G
Jul 10 19:41:03 devstack sudo[93060]: pam_unix(sudo:session): session opened for user root(uid=0) by (uid=1000)
Jul 10 19:41:04 devstack sudo[93060]: pam_unix(sudo:session): session closed for user root
Jul 10 19:41:04 devstack cinder-volume[87164]: DEBUG oslo_concurrency.processutils [None req-dfb9e002-09f4-4941-ad9f-7a1c7aed761f tempest-VolumesDeleteCascade-1834376857 None] CMD "sudo cinder-rootwrap /etc/cinder/rootwrap.conf qemu-img create -f qcow2 -o backing_file=/opt/stack/data/cinder/mnt/311705b38d810cf05319163beb33224a/volume-4ab7d4aa-a5cb-4ac9-b052-54e6b4551c08,backing_fmt=qcow2 /opt/stack/data/cinder/mnt/311705b38d810cf05319163beb33224a/volume-4ab7d4aa-a5cb-4ac9-b052-54e6b4551c08.031c4a81-41d5-49b4-ac8e-8194f97fa707 1G" returned: 0 in 0.845s {{(pid=87164) execute /opt/stack/data/venv/lib/python3.12/site-packages/oslo_concurrency/processutils.py:468}}
Jul 10 19:41:04 devstack cinder-volume[87164]: DEBUG oslo_concurrency.processutils [None req-dfb9e002-09f4-4941-ad9f-7a1c7aed761f tempest-VolumesDeleteCascade-1834376857 None] Running cmd (subprocess): sudo cinder-rootwrap /etc/cinder/rootwrap.conf qemu-img rebase -u -b volume-4ab7d4aa-a5cb-4ac9-b052-54e6b4551c08 -F qcow2 /opt/stack/data/cinder/mnt/311705b38d810cf05319163beb33224a/volume-4ab7d4aa-a5cb-4ac9-b052-54e6b4551c08.031c4a81-41d5-49b4-ac8e-8194f97fa707 {{(pid=87164) execute /opt/stack/data/venv/lib/python3.12/site-packages/oslo_concurrency/processutils.py:440}}
Jul 10 19:41:04 devstack sudo[93066]: quobyte : PWD=/ ; USER=root ; COMMAND=/opt/stack/data/venv/bin/cinder-rootwrap /etc/cinder/rootwrap.conf qemu-img rebase -u -b volume-4ab7d4aa-a5cb-4ac9-b052-54e6b4551c08 -F qcow2 /opt/stack/data/cinder/mnt/311705b38d810cf05319163beb33224a/volume-4ab7d4aa-a5cb-4ac9-b052-54e6b4551c08.031c4a81-41d5-49b4-ac8e-8194f97fa707
Jul 10 19:41:04 devstack sudo[93066]: pam_unix(sudo:session): session opened for user root(uid=0) by (uid=1000)
Jul 10 19:41:04 devstack sudo[93066]: pam_unix(sudo:session): session closed for user root
Jul 10 19:41:04 devstack cinder-volume[87164]: DEBUG oslo_concurrency.processutils [None req-dfb9e002-09f4-4941-ad9f-7a1c7aed761f tempest-VolumesDeleteCascade-1834376857 None] CMD "sudo cinder-rootwrap /etc/cinder/rootwrap.conf qemu-img rebase -u -b volume-4ab7d4aa-a5cb-4ac9-b052-54e6b4551c08 -F qcow2 /opt/stack/data/cinder/mnt/311705b38d810cf05319163beb33224a/volume-4ab7d4aa-a5cb-4ac9-b052-54e6b4551c08.031c4a81-41d5-49b4-ac8e-8194f97fa707" returned: 0 in 0.673s {{(pid=87164) execute /opt/stack/data/venv/lib/python3.12/site-packages/oslo_concurrency/processutils.py:468}}
Jul 10 19:41:04 devstack cinder-volume[87164]: WARNING cinder.volume.drivers.remotefs [None req-dfb9e002-09f4-4941-ad9f-7a1c7aed761f tempest-VolumesDeleteCascade-1834376857 None] /opt/stack/data/cinder/mnt/311705b38d810cf05319163beb33224a/volume-4ab7d4aa-a5cb-4ac9-b052-54e6b4551c08.031c4a81-41d5-49b4-ac8e-8194f97fa707 is being set with open permissions: ugo+rw
Jul 10 19:41:04 devstack cinder-volume[87164]: DEBUG oslo_concurrency.processutils [None req-dfb9e002-09f4-4941-ad9f-7a1c7aed761f tempest-VolumesDeleteCascade-1834376857 None] Running cmd (subprocess): sudo cinder-rootwrap /etc/cinder/rootwrap.conf chmod ugo+rw /opt/stack/data/cinder/mnt/311705b38d810cf05319163beb33224a/volume-4ab7d4aa-a5cb-4ac9-b052-54e6b4551c08.031c4a81-41d5-49b4-ac8e-8194f97fa707 {{(pid=87164) execute /opt/stack/data/venv/lib/python3.12/site-packages/oslo_concurrency/processutils.py:440}}
Jul 10 19:41:04 devstack sudo[93071]: quobyte : PWD=/ ; USER=root ; COMMAND=/opt/stack/data/venv/bin/cinder-rootwrap /etc/cinder/rootwrap.conf chmod ugo+rw /opt/stack/data/cinder/mnt/311705b38d810cf05319163beb33224a/volume-4ab7d4aa-a5cb-4ac9-b052-54e6b4551c08.031c4a81-41d5-49b4-ac8e-8194f97fa707
Jul 10 19:41:04 devstack sudo[93071]: pam_unix(sudo:session): session opened for user root(uid=0) by (uid=1000)
Jul 10 19:41:05 devstack sudo[93071]: pam_unix(sudo:session): session closed for user root
Jul 10 19:41:05 devstack cinder-volume[87164]: DEBUG oslo_concurrency.processutils [None req-dfb9e002-09f4-4941-ad9f-7a1c7aed761f tempest-VolumesDeleteCascade-1834376857 None] CMD "sudo cinder-rootwrap /etc/cinder/rootwrap.conf chmod ugo+rw /opt/stack/data/cinder/mnt/311705b38d810cf05319163beb33224a/volume-4ab7d4aa-a5cb-4ac9-b052-54e6b4551c08.031c4a81-41d5-49b4-ac8e-8194f97fa707" returned: 0 in 0.668s {{(pid=87164) execute /opt/stack/data/venv/lib/python3.12/site-packages/oslo_concurrency/processutils.py:468}}
Jul 10 19:41:05 devstack cinder-volume[87164]: DEBUG oslo_concurrency.processutils [None req-dfb9e002-09f4-4941-ad9f-7a1c7aed761f tempest-VolumesDeleteCascade-1834376857 None] Running cmd (subprocess): sudo cinder-rootwrap /etc/cinder/rootwrap.conf truncate -s0 /opt/stack/data/cinder/mnt/311705b38d810cf05319163beb33224a/volume-4ab7d4aa-a5cb-4ac9-b052-54e6b4551c08.info {{(pid=87164) execute /opt/stack/data/venv/lib/python3.12/site-packages/oslo_concurrency/processutils.py:440}}
Jul 10 19:41:05 devstack sudo[93074]: quobyte : PWD=/ ; USER=root ; COMMAND=/opt/stack/data/venv/bin/cinder-rootwrap /etc/cinder/rootwrap.conf truncate -s0 /opt/stack/data/cinder/mnt/311705b38d810cf05319163beb33224a/volume-4ab7d4aa-a5cb-4ac9-b052-54e6b4551c08.info
Jul 10 19:41:05 devstack sudo[93074]: pam_unix(sudo:session): session opened for user root(uid=0) by (uid=1000)
Jul 10 19:41:06 devstack sudo[93074]: pam_unix(sudo:session): session closed for user root
Jul 10 19:41:06 devstack cinder-volume[87164]: DEBUG oslo_concurrency.processutils [None req-dfb9e002-09f4-4941-ad9f-7a1c7aed761f tempest-VolumesDeleteCascade-1834376857 None] CMD "sudo cinder-rootwrap /etc/cinder/rootwrap.conf truncate -s0 /opt/stack/data/cinder/mnt/311705b38d810cf05319163beb33224a/volume-4ab7d4aa-a5cb-4ac9-b052-54e6b4551c08.info" returned: 0 in 0.671s {{(pid=87164) execute /opt/stack/data/venv/lib/python3.12/site-packages/oslo_concurrency/processutils.py:468}}
Jul 10 19:41:06 devstack cinder-volume[87164]: WARNING cinder.volume.drivers.remotefs [None req-dfb9e002-09f4-4941-ad9f-7a1c7aed761f tempest-VolumesDeleteCascade-1834376857 None] /opt/stack/data/cinder/mnt/311705b38d810cf05319163beb33224a/volume-4ab7d4aa-a5cb-4ac9-b052-54e6b4551c08.info is being set with open permissions: ugo+rw
Jul 10 19:41:06 devstack cinder-volume[87164]: DEBUG oslo_concurrency.processutils [None req-dfb9e002-09f4-4941-ad9f-7a1c7aed761f tempest-VolumesDeleteCascade-1834376857 None] Running cmd (subprocess): sudo cinder-rootwrap /etc/cinder/rootwrap.conf chmod ugo+rw /opt/stack/data/cinder/mnt/311705b38d810cf05319163beb33224a/volume-4ab7d4aa-a5cb-4ac9-b052-54e6b4551c08.info {{(pid=87164) execute /opt/stack/data/venv/lib/python3.12/site-packages/oslo_concurrency/processutils.py:440}}
Jul 10 19:41:06 devstack sudo[93077]: quobyte : PWD=/ ; USER=root ; COMMAND=/opt/stack/data/venv/bin/cinder-rootwrap /etc/cinder/rootwrap.conf chmod ugo+rw /opt/stack/data/cinder/mnt/311705b38d810cf05319163beb33224a/volume-4ab7d4aa-a5cb-4ac9-b052-54e6b4551c08.info
Jul 10 19:41:06 devstack sudo[93077]: pam_unix(sudo:session): session opened for user root(uid=0) by (uid=1000)
Jul 10 19:41:06 devstack sudo[93077]: pam_unix(sudo:session): session closed for user root
Jul 10 19:41:06 devstack cinder-volume[87164]: DEBUG oslo_concurrency.processutils [None req-dfb9e002-09f4-4941-ad9f-7a1c7aed761f tempest-VolumesDeleteCascade-1834376857 None] CMD "sudo cinder-rootwrap /etc/cinder/rootwrap.conf chmod ugo+rw /opt/stack/data/cinder/mnt/311705b38d810cf05319163beb33224a/volume-4ab7d4aa-a5cb-4ac9-b052-54e6b4551c08.info" returned: 0 in 0.707s {{(pid=87164) execute /opt/stack/data/venv/lib/python3.12/site-packages/oslo_concurrency/processutils.py:468}}
Jul 10 19:41:06 devstack cinder-volume[87164]: DEBUG oslo_concurrency.lockutils [None req-dfb9e002-09f4-4941-ad9f-7a1c7aed761f tempest-VolumesDeleteCascade-1834376857 None] Lock "quobyte" "released" by "cinder.volume.drivers.quobyte.QuobyteDriver.create_snapshot" :: held 4.449s {{(pid=87164) inner /opt/stack/data/venv/lib/python3.12/site-packages/oslo_concurrency/lockutils.py:543}}
Jul 10 19:41:06 devstack cinder-volume[87164]: DEBUG oslo_concurrency.lockutils [None req-b7b41376-ba94-4714-91a6-d6642194c5f7 tempest-VolumesSnapshotListTestJSON-246840896 None] Lock "quobyte" acquired by "cinder.volume.drivers.quobyte.QuobyteDriver.create_snapshot" :: waited 4.135s {{(pid=87164) inner /opt/stack/data/venv/lib/python3.12/site-packages/oslo_concurrency/lockutils.py:524}}
Jul 10 19:41:07 devstack cinder-volume[87164]: DEBUG cinder.volume.drivers.remotefs [None req-b7b41376-ba94-4714-91a6-d6642194c5f7 tempest-VolumesSnapshotListTestJSON-246840896 None] Creating offline snapshot 42c24925-2613-4cd5-9fe5-613793a8f0a3 of volume cbba63d9-07b5-43fc-9ff1-2db61213e2b5 {{(pid=87164) _create_snapshot /opt/stack/cinder/cinder/volume/drivers/remotefs.py:1816}}
Jul 10 19:41:07 devstack cinder-volume[87164]: DEBUG oslo.privsep.daemon [-] privsep: reply[0e690665-c022-430b-8916-1f1f71c96104]: (4, 'qcow2') {{(pid=88215) _call_back /opt/stack/data/venv/lib/python3.12/site-packages/oslo_privsep/daemon.py:580}}
Jul 10 19:41:07 devstack cinder-volume[87164]: DEBUG oslo_concurrency.processutils [None req-b7b41376-ba94-4714-91a6-d6642194c5f7 tempest-VolumesSnapshotListTestJSON-246840896 None] Running cmd (subprocess): /opt/stack/data/venv/bin/python3.12 -m oslo_concurrency.prlimit --as=1073741824 --cpu=60 -- sudo cinder-rootwrap /etc/cinder/rootwrap.conf env LC_ALL=C qemu-img info -f qcow2 --output=json --force-share /opt/stack/data/cinder/mnt/311705b38d810cf05319163beb33224a/volume-cbba63d9-07b5-43fc-9ff1-2db61213e2b5.3881324a-8acc-43b7-a5fb-7b32251c2bc6 {{(pid=87164) execute /opt/stack/data/venv/lib/python3.12/site-packages/oslo_concurrency/processutils.py:440}}
Jul 10 19:41:07 devstack cinder-volume[87164]: INFO cinder.volume.manager [None req-dfb9e002-09f4-4941-ad9f-7a1c7aed761f tempest-VolumesDeleteCascade-1834376857 None] Create snapshot completed successfully
Jul 10 19:41:07 devstack sudo[93080]: quobyte : PWD=/ ; USER=root ; COMMAND=/opt/stack/data/venv/bin/cinder-rootwrap /etc/cinder/rootwrap.conf env LC_ALL=C qemu-img info -f qcow2 --output=json --force-share /opt/stack/data/cinder/mnt/311705b38d810cf05319163beb33224a/volume-cbba63d9-07b5-43fc-9ff1-2db61213e2b5.3881324a-8acc-43b7-a5fb-7b32251c2bc6
Jul 10 19:41:07 devstack sudo[93080]: pam_unix(sudo:session): session opened for user root(uid=0) by (uid=1000)
Jul 10 19:41:07 devstack cinder-volume[87164]: DEBUG cinder.volume.flows.manager.create_volume [None req-540b86c4-1577-4dbd-b3e3-f686f0f76223 tempest-ServersNegativeTestJSON-2084453743 None] Volume reschedule parameters: True retry: {'num_attempts': 1, 'backends': ['devstack@QuobyteHD#QuobyteHD'], 'hosts': ['devstack@QuobyteHD#QuobyteHD']} {{(pid=87164) get_flow /opt/stack/cinder/cinder/volume/flows/manager/create_volume.py:1397}}
Jul 10 19:41:07 devstack cinder-volume[87164]: DEBUG cinder.volume.manager [None req-540b86c4-1577-4dbd-b3e3-f686f0f76223 tempest-ServersNegativeTestJSON-2084453743 None] Flow 'volume_create_manager' (bb4f1d04-d401-4bfa-8460-864c5e40a7bf) transitioned into state 'RUNNING' from state 'PENDING' {{(pid=87164) _flow_receiver /opt/stack/data/venv/lib/python3.12/site-packages/taskflow/listeners/logging.py:160}}
Jul 10 19:41:07 devstack cinder-volume[87164]: DEBUG cinder.volume.manager [None req-540b86c4-1577-4dbd-b3e3-f686f0f76223 tempest-ServersNegativeTestJSON-2084453743 None] Task 'cinder.volume.flows.manager.create_volume.ExtractVolumeRefTask;volume:create' (b054acbf-9acf-4f44-9afc-a34c7448af3b) transitioned into state 'RUNNING' from state 'PENDING' {{(pid=87164) _task_receiver /opt/stack/data/venv/lib/python3.12/site-packages/taskflow/listeners/logging.py:242}}
Jul 10 19:41:07 devstack cinder-volume[87164]: DEBUG dbcounter [-] [87164] Writing DB stats cinder:UPDATE=119,cinder:SELECT=74,cinder:DELETE=10,cinder:INSERT=31 {{(pid=87164) stat_writer /opt/stack/data/venv/lib/python3.12/site-packages/dbcounter.py:115}}
Jul 10 19:41:07 devstack cinder-volume[87164]: DEBUG cinder.volume.manager [None req-540b86c4-1577-4dbd-b3e3-f686f0f76223 tempest-ServersNegativeTestJSON-2084453743 None] Task 'cinder.volume.flows.manager.create_volume.ExtractVolumeRefTask;volume:create' (b054acbf-9acf-4f44-9afc-a34c7448af3b) transitioned into state 'SUCCESS' from state 'RUNNING' with result 'Volume(_name_id=None,admin_metadata=,attach_status='detached',availability_zone='nova',bootable=False,cluster=,cluster_name=None,consistencygroup=,consistencygroup_id=None,created_at=2026-07-10T17:41:07Z,deleted=False,deleted_at=None,display_description=None,display_name='tempest-ServersNegativeTestJSON-volume-951431287',ec2_id=None,encryption_key_id=None,glance_metadata=,group=,group_id=None,host='devstack@QuobyteHD#QuobyteHD',id=835c463d-c6b1-4f94-8614-1b1ae43006de,launched_at=None,metadata={},migration_status=None,multiattach=False,previous_status=None,project_id='a8f3d37c34cc4f7083114e682a8ab216',provider_auth=None,provider_geometry=None,provider_id=None,provider_location=None,replication_driver_data=None,replication_extended_status=None,replication_status=None,scheduled_at=2026-07-10T17:41:08Z,service_uuid=None,shared_targets=True,size=1,snapshot_id=None,snapshots=,source_volid=None,status='creating',terminated_at=None,updated_at=2026-07-10T17:41:08Z,use_quota=True,user_id='a651e860b3924441abe6d163aa319bf8',volume_attachment=VolumeAttachmentList,volume_type=VolumeType(62fb8ba8-9014-4b5f-a4d3-199b58a05c38),volume_type_id=62fb8ba8-9014-4b5f-a4d3-199b58a05c38)' {{(pid=87164) _task_receiver /opt/stack/data/venv/lib/python3.12/site-packages/taskflow/listeners/logging.py:218}}
Jul 10 19:41:07 devstack cinder-volume[87164]: DEBUG cinder.volume.manager [None req-540b86c4-1577-4dbd-b3e3-f686f0f76223 tempest-ServersNegativeTestJSON-2084453743 None] Task 'cinder.volume.flows.manager.create_volume.OnFailureRescheduleTask;volume:create' (b3e83a6c-a909-451c-a3c9-5b845570cb86) transitioned into state 'RUNNING' from state 'PENDING' {{(pid=87164) _task_receiver /opt/stack/data/venv/lib/python3.12/site-packages/taskflow/listeners/logging.py:242}}
Jul 10 19:41:07 devstack cinder-volume[87164]: DEBUG cinder.volume.manager [None req-540b86c4-1577-4dbd-b3e3-f686f0f76223 tempest-ServersNegativeTestJSON-2084453743 None] Task 'cinder.volume.flows.manager.create_volume.OnFailureRescheduleTask;volume:create' (b3e83a6c-a909-451c-a3c9-5b845570cb86) transitioned into state 'SUCCESS' from state 'RUNNING' with result 'None' {{(pid=87164) _task_receiver /opt/stack/data/venv/lib/python3.12/site-packages/taskflow/listeners/logging.py:218}}
Jul 10 19:41:07 devstack cinder-volume[87164]: DEBUG cinder.volume.manager [None req-540b86c4-1577-4dbd-b3e3-f686f0f76223 tempest-ServersNegativeTestJSON-2084453743 None] Task 'cinder.volume.flows.manager.create_volume.ExtractVolumeSpecTask;volume:create' (d0357e6c-7722-4404-9ce3-a36eb2eb5266) transitioned into state 'RUNNING' from state 'PENDING' {{(pid=87164) _task_receiver /opt/stack/data/venv/lib/python3.12/site-packages/taskflow/listeners/logging.py:242}}
