Jan 12 12:14:52 devstack devstack@g-api.service[74463]: DEBUG glance.common.config [None req-068914ab-b57c-486d-8ebf-87e80fa886b9 None None] barbican_service_user.cafile = None {{(pid=74463) log_opt_values /opt/stack/data/venv/lib/python3.10/site-packages/oslo_config/cfg.py:2824}}
Jan 12 12:14:52 devstack devstack@g-api.service[74463]: DEBUG glance.common.config [None req-068914ab-b57c-486d-8ebf-87e80fa886b9 None None] barbican_service_user.certfile = None {{(pid=74463) log_opt_values /opt/stack/data/venv/lib/python3.10/site-packages/oslo_config/cfg.py:2824}}
Jan 12 12:14:52 devstack devstack@g-api.service[74463]: DEBUG glance.common.config [None req-068914ab-b57c-486d-8ebf-87e80fa886b9 None None] barbican_service_user.collect_timing = False {{(pid=74463) log_opt_values /opt/stack/data/venv/lib/python3.10/site-packages/oslo_config/cfg.py:2824}}
Jan 12 12:14:52 devstack devstack@g-api.service[74463]: DEBUG glance.common.config [None req-068914ab-b57c-486d-8ebf-87e80fa886b9 None None] barbican_service_user.insecure = False {{(pid=74463) log_opt_values /opt/stack/data/venv/lib/python3.10/site-packages/oslo_config/cfg.py:2824}}
Jan 12 12:14:52 devstack devstack@g-api.service[74463]: DEBUG glance.common.config [None req-068914ab-b57c-486d-8ebf-87e80fa886b9 None None] barbican_service_user.keyfile = None {{(pid=74463) log_opt_values /opt/stack/data/venv/lib/python3.10/site-packages/oslo_config/cfg.py:2824}}
Jan 12 12:14:52 devstack devstack@g-api.service[74463]: DEBUG glance.common.config [None req-068914ab-b57c-486d-8ebf-87e80fa886b9 None None] barbican_service_user.split_loggers = False {{(pid=74463) log_opt_values /opt/stack/data/venv/lib/python3.10/site-packages/oslo_config/cfg.py:2824}}
Jan 12 12:14:52 devstack devstack@g-api.service[74463]: DEBUG glance.common.config [None req-068914ab-b57c-486d-8ebf-87e80fa886b9 None None] barbican_service_user.timeout = None {{(pid=74463) log_opt_values /opt/stack/data/venv/lib/python3.10/site-packages/oslo_config/cfg.py:2824}}
Jan 12 12:14:52 devstack devstack@g-api.service[74463]: DEBUG glance.common.config [None req-068914ab-b57c-486d-8ebf-87e80fa886b9 None None] database.asyncio_connection = **** {{(pid=74463) log_opt_values /opt/stack/data/venv/lib/python3.10/site-packages/oslo_config/cfg.py:2824}}
Jan 12 12:14:52 devstack devstack@g-api.service[74463]: DEBUG glance.common.config [None req-068914ab-b57c-486d-8ebf-87e80fa886b9 None None] database.asyncio_slave_connection = **** {{(pid=74463) log_opt_values /opt/stack/data/venv/lib/python3.10/site-packages/oslo_config/cfg.py:2824}}
Jan 12 12:14:52 devstack devstack@g-api.service[74463]: DEBUG glance.common.config [None req-068914ab-b57c-486d-8ebf-87e80fa886b9 None None] database.backend = sqlalchemy {{(pid=74463) log_opt_values /opt/stack/data/venv/lib/python3.10/site-packages/oslo_config/cfg.py:2824}}
Jan 12 12:14:52 devstack devstack@g-api.service[74463]: DEBUG glance.common.config [None req-068914ab-b57c-486d-8ebf-87e80fa886b9 None None] database.connection = **** {{(pid=74463) log_opt_values /opt/stack/data/venv/lib/python3.10/site-packages/oslo_config/cfg.py:2824}}
Jan 12 12:14:52 devstack devstack@g-api.service[74463]: DEBUG glance.common.config [None req-068914ab-b57c-486d-8ebf-87e80fa886b9 None None] database.connection_debug = 0 {{(pid=74463) log_opt_values /opt/stack/data/venv/lib/python3.10/site-packages/oslo_config/cfg.py:2824}}
Jan 12 12:14:52 devstack devstack@g-api.service[74463]: DEBUG glance.common.config [None req-068914ab-b57c-486d-8ebf-87e80fa886b9 None None] database.connection_parameters = {{(pid=74463) log_opt_values /opt/stack/data/venv/lib/python3.10/site-packages/oslo_config/cfg.py:2824}}
Jan 12 12:14:52 devstack devstack@g-api.service[74463]: DEBUG glance.common.config [None req-068914ab-b57c-486d-8ebf-87e80fa886b9 None None] database.connection_recycle_time = 3600 {{(pid=74463) log_opt_values /opt/stack/data/venv/lib/python3.10/site-packages/oslo_config/cfg.py:2824}}
Jan 12 12:14:52 devstack devstack@g-api.service[74463]: DEBUG glance.common.config [None req-068914ab-b57c-486d-8ebf-87e80fa886b9 None None] database.connection_trace = False {{(pid=74463) log_opt_values /opt/stack/data/venv/lib/python3.10/site-packages/oslo_config/cfg.py:2824}}
Jan 12 12:14:52 devstack devstack@g-api.service[74463]: DEBUG glance.common.config [None req-068914ab-b57c-486d-8ebf-87e80fa886b9 None None] database.db_inc_retry_interval = True {{(pid=74463) log_opt_values /opt/stack/data/venv/lib/python3.10/site-packages/oslo_config/cfg.py:2824}}
Jan 12 12:14:52 devstack devstack@g-api.service[74463]: DEBUG glance.common.config [None req-068914ab-b57c-486d-8ebf-87e80fa886b9 None None] database.db_max_retries = 20 {{(pid=74463) log_opt_values /opt/stack/data/venv/lib/python3.10/site-packages/oslo_config/cfg.py:2824}}
Jan 12 12:14:52 devstack devstack@g-api.service[74463]: DEBUG glance.common.config [None req-068914ab-b57c-486d-8ebf-87e80fa886b9 None None] database.db_max_retry_interval = 10 {{(pid=74463) log_opt_values /opt/stack/data/venv/lib/python3.10/site-packages/oslo_config/cfg.py:2824}}
Jan 12 12:14:52 devstack devstack@g-api.service[74463]: DEBUG glance.common.config [None req-068914ab-b57c-486d-8ebf-87e80fa886b9 None None] database.db_retry_interval = 1 {{(pid=74463) log_opt_values /opt/stack/data/venv/lib/python3.10/site-packages/oslo_config/cfg.py:2824}}
Jan 12 12:14:52 devstack devstack@g-api.service[74463]: DEBUG glance.common.config [None req-068914ab-b57c-486d-8ebf-87e80fa886b9 None None] database.max_overflow = 50 {{(pid=74463) log_opt_values /opt/stack/data/venv/lib/python3.10/site-packages/oslo_config/cfg.py:2824}}
Jan 12 12:14:52 devstack devstack@g-api.service[74463]: DEBUG glance.common.config [None req-068914ab-b57c-486d-8ebf-87e80fa886b9 None None] database.max_pool_size = 5 {{(pid=74463) log_opt_values /opt/stack/data/venv/lib/python3.10/site-packages/oslo_config/cfg.py:2824}}
Jan 12 12:14:52 devstack devstack@g-api.service[74463]: DEBUG glance.common.config [None req-068914ab-b57c-486d-8ebf-87e80fa886b9 None None] database.max_retries = 10 {{(pid=74463) log_opt_values /opt/stack/data/venv/lib/python3.10/site-packages/oslo_config/cfg.py:2824}}
Jan 12 12:14:52 devstack devstack@g-api.service[74463]: DEBUG glance.common.config [None req-068914ab-b57c-486d-8ebf-87e80fa886b9 None None] database.mysql_sql_mode = TRADITIONAL {{(pid=74463) log_opt_values /opt/stack/data/venv/lib/python3.10/site-packages/oslo_config/cfg.py:2824}}
Jan 12 12:14:52 devstack devstack@g-api.service[74463]: DEBUG glance.common.config [None req-068914ab-b57c-486d-8ebf-87e80fa886b9 None None] database.mysql_wsrep_sync_wait = None {{(pid=74463) log_opt_values /opt/stack/data/venv/lib/python3.10/site-packages/oslo_config/cfg.py:2824}}
Jan 12 12:14:52 devstack devstack@g-api.service[74463]: DEBUG glance.common.config [None req-068914ab-b57c-486d-8ebf-87e80fa886b9 None None] database.pool_timeout = None {{(pid=74463) log_opt_values /opt/stack/data/venv/lib/python3.10/site-packages/oslo_config/cfg.py:2824}}
Jan 12 12:14:52 devstack devstack@g-api.service[74463]: DEBUG glance.common.config [None req-068914ab-b57c-486d-8ebf-87e80fa886b9 None None] database.retry_interval = 10 {{(pid=74463) log_opt_values /opt/stack/data/venv/lib/python3.10/site-packages/oslo_config/cfg.py:2824}}
Jan 12 12:14:52 devstack devstack@g-api.service[74463]: DEBUG glance.common.config [None req-068914ab-b57c-486d-8ebf-87e80fa886b9 None None] database.slave_connection = **** {{(pid=74463) log_opt_values /opt/stack/data/venv/lib/python3.10/site-packages/oslo_config/cfg.py:2824}}
Jan 12 12:14:52 devstack devstack@g-api.service[74463]: DEBUG glance.common.config [None req-068914ab-b57c-486d-8ebf-87e80fa886b9 None None] database.sqlite_synchronous = True {{(pid=74463) log_opt_values /opt/stack/data/venv/lib/python3.10/site-packages/oslo_config/cfg.py:2824}}
Jan 12 12:14:52 devstack devstack@g-api.service[74463]: DEBUG glance.common.config [None req-068914ab-b57c-486d-8ebf-87e80fa886b9 None None] database.use_db_reconnect = False {{(pid=74463) log_opt_values /opt/stack/data/venv/lib/python3.10/site-packages/oslo_config/cfg.py:2824}}
Jan 12 12:14:52 devstack devstack@g-api.service[74463]: DEBUG glance.common.config [None req-068914ab-b57c-486d-8ebf-87e80fa886b9 None None] healthcheck.allowed_source_ranges = [] {{(pid=74463) log_opt_values /opt/stack/data/venv/lib/python3.10/site-packages/oslo_config/cfg.py:2824}}
Jan 12 12:14:52 devstack devstack@g-api.service[74463]: DEBUG glance.common.config [None req-068914ab-b57c-486d-8ebf-87e80fa886b9 None None] healthcheck.backends = ['disable_by_file'] {{(pid=74463) log_opt_values /opt/stack/data/venv/lib/python3.10/site-packages/oslo_config/cfg.py:2824}}
Jan 12 12:14:52 devstack devstack@g-api.service[74463]: DEBUG glance.common.config [None req-068914ab-b57c-486d-8ebf-87e80fa886b9 None None] healthcheck.detailed = False {{(pid=74463) log_opt_values /opt/stack/data/venv/lib/python3.10/site-packages/oslo_config/cfg.py:2824}}
Jan 12 12:14:52 devstack devstack@g-api.service[74463]: DEBUG glance.common.config [None req-068914ab-b57c-486d-8ebf-87e80fa886b9 None None] healthcheck.disable_by_file_path = None {{(pid=74463) log_opt_values /opt/stack/data/venv/lib/python3.10/site-packages/oslo_config/cfg.py:2824}}
Jan 12 12:14:52 devstack devstack@g-api.service[74463]: DEBUG glance.common.config [None req-068914ab-b57c-486d-8ebf-87e80fa886b9 None None] healthcheck.ignore_proxied_requests = False {{(pid=74463) log_opt_values /opt/stack/data/venv/lib/python3.10/site-packages/oslo_config/cfg.py:2824}}
Jan 12 12:14:52 devstack devstack@g-api.service[74463]: DEBUG glance.common.config [None req-068914ab-b57c-486d-8ebf-87e80fa886b9 None None] ******************************************************************************** {{(pid=74463) log_opt_values /opt/stack/data/venv/lib/python3.10/site-packages/oslo_config/cfg.py:2828}}
Jan 12 12:14:52 devstack devstack@g-api.service[74463]: WSGI app 0 (mountpoint='') ready in 4 seconds on interpreter 0x55d9f8e276a0 pid: 74463 (default app)
Jan 12 12:14:57 devstack devstack@g-api.service[74461]: DEBUG glance.api.middleware.version_negotiation [None req-cf828c4d-de67-4233-9895-ec7c36053792 None None] Determining version of request: GET / Accept: application/json {{(pid=74461) process_request /opt/stack/glance/glance/api/middleware/version_negotiation.py:44}}
Jan 12 12:14:57 devstack devstack@g-api.service[74461]: DEBUG glance.api.middleware.version_negotiation [None req-cf828c4d-de67-4233-9895-ec7c36053792 None None] Using url versioning {{(pid=74461) process_request /opt/stack/glance/glance/api/middleware/version_negotiation.py:57}}
Jan 12 12:14:57 devstack devstack@g-api.service[74461]: DEBUG glance.api.middleware.version_negotiation [None req-cf828c4d-de67-4233-9895-ec7c36053792 None None] Unknown version. Returning version choices. {{(pid=74461) process_request /opt/stack/glance/glance/api/middleware/version_negotiation.py:64}}
Jan 12 12:14:57 devstack devstack@g-api.service[74461]: [pid: 74461|app: 0|req: 2/2] 127.0.0.1 () {34 vars in 516 bytes} [Mon Jan 12 12:14:57 2026] GET / => generated 1446 bytes in 2 msecs (HTTP/1.1 300) 3 headers in 106 bytes (1 switches on core 0)
Jan 12 12:14:57 devstack devstack@g-api.service[74463]: DEBUG glance.api.middleware.version_negotiation [None req-068914ab-b57c-486d-8ebf-87e80fa886b9 None None] Determining version of request: POST /v2/images Accept: */* {{(pid=74463) process_request /opt/stack/glance/glance/api/middleware/version_negotiation.py:44}}
Jan 12 12:14:57 devstack devstack@g-api.service[74463]: DEBUG glance.api.middleware.version_negotiation [None req-068914ab-b57c-486d-8ebf-87e80fa886b9 None None] Using url versioning {{(pid=74463) process_request /opt/stack/glance/glance/api/middleware/version_negotiation.py:57}}
Jan 12 12:14:57 devstack devstack@g-api.service[74463]: DEBUG glance.api.middleware.version_negotiation [None req-068914ab-b57c-486d-8ebf-87e80fa886b9 None None] Matched version: v2 {{(pid=74463) process_request /opt/stack/glance/glance/api/middleware/version_negotiation.py:69}}
Jan 12 12:14:57 devstack devstack@g-api.service[74463]: DEBUG glance.api.middleware.version_negotiation [None req-068914ab-b57c-486d-8ebf-87e80fa886b9 None None] new path /v2/images {{(pid=74463) process_request /opt/stack/glance/glance/api/middleware/version_negotiation.py:70}}
Jan 12 12:14:58 devstack devstack@g-api.service[74463]: [pid: 74463|app: 0|req: 1/3] 127.0.0.1 () {40 vars in 779 bytes} [Mon Jan 12 12:14:57 2026] POST /v2/images => generated 807 bytes in 824 msecs (HTTP/1.1 201) 6 headers in 314 bytes (1 switches on core 0)
Jan 12 12:14:58 devstack devstack@g-api.service[74461]: DEBUG glance.api.middleware.version_negotiation [None req-cf828c4d-de67-4233-9895-ec7c36053792 None None] Determining version of request: PUT /v2/images/159c256f-1141-44ef-b2f6-31182c1704f9/file Accept: {{(pid=74461) process_request /opt/stack/glance/glance/api/middleware/version_negotiation.py:44}}
Jan 12 12:14:58 devstack devstack@g-api.service[74461]: DEBUG glance.api.middleware.version_negotiation [None req-cf828c4d-de67-4233-9895-ec7c36053792 None None] Using url versioning {{(pid=74461) process_request /opt/stack/glance/glance/api/middleware/version_negotiation.py:57}}
Jan 12 12:14:58 devstack devstack@g-api.service[74461]: DEBUG glance.api.middleware.version_negotiation [None req-cf828c4d-de67-4233-9895-ec7c36053792 None None] Matched version: v2 {{(pid=74461) process_request /opt/stack/glance/glance/api/middleware/version_negotiation.py:69}}
Jan 12 12:14:58 devstack devstack@g-api.service[74461]: DEBUG glance.api.middleware.version_negotiation [None req-cf828c4d-de67-4233-9895-ec7c36053792 None None] new path /v2/images/159c256f-1141-44ef-b2f6-31182c1704f9/file {{(pid=74461) process_request /opt/stack/glance/glance/api/middleware/version_negotiation.py:70}}
Jan 12 12:14:58 devstack devstack@g-api.service[74461]: INFO glance.api.v2.image_data [None req-196a2871-7c7d-4209-909e-3f80bd436418 admin admin] Unable to create trust: no such option collect_timing in group [keystone_authtoken] Use the existing user token.
Jan 12 12:14:59 devstack devstack@g-api.service[74461]: DEBUG glance.location [None req-196a2871-7c7d-4209-909e-3f80bd436418 admin admin] Enabling in-flight format inspection for qcow2 {{(pid=74461) set_data /opt/stack/glance/glance/location.py:616}}
Jan 12 12:14:59 devstack devstack@g-api.service[74461]: DEBUG oslo_utils.imageutils.format_inspector [None req-196a2871-7c7d-4209-909e-3f80bd436418 admin admin] Format inspector for vmdk does not match, excluding from consideration (Signature KDMV not found: b'QFI\xfb') {{(pid=74461) _process_chunk /opt/stack/data/venv/lib/python3.10/site-packages/oslo_utils/imageutils/format_inspector.py:1537}}
Jan 12 12:14:59 devstack devstack@g-api.service[74461]: DEBUG oslo_utils.imageutils.format_inspector [None req-196a2871-7c7d-4209-909e-3f80bd436418 admin admin] Format inspector for vhdx does not match, excluding from consideration (Region signature not found at 30000) {{(pid=74461) _process_chunk /opt/stack/data/venv/lib/python3.10/site-packages/oslo_utils/imageutils/format_inspector.py:1537}}
Jan 12 12:14:59 devstack devstack@g-api.service[74461]: DEBUG glance_store._drivers.filesystem [None req-196a2871-7c7d-4209-909e-3f80bd436418 admin admin] Wrote 21692416 bytes to /opt/stack/data/glance/images/159c256f-1141-44ef-b2f6-31182c1704f9 with checksum 87617e24a5e30cb3b87fda8c0764838f and multihash 9a9bce0083a00939ec17c11febbfc767aa211aaa54f51e75c5a8b271a9b5637c77205a518b7a2007cb391d23cceb01e0e4e8d64832317151bc85b734b92a7be0 {{(pid=74461) add /opt/stack/data/venv/lib/python3.10/site-packages/glance_store/_drivers/filesystem.py:794}}
Jan 12 12:14:59 devstack devstack@g-api.service[74461]: INFO glance.location [None req-196a2871-7c7d-4209-909e-3f80bd436418 admin admin] Image format matched and virtual size computed: 117440512
Jan 12 12:14:59 devstack devstack@g-api.service[74461]: DEBUG glance_store.backend [None req-196a2871-7c7d-4209-909e-3f80bd436418 admin admin] Skipping store.set_acls... not implemented. {{(pid=74461) set_acls /opt/stack/data/venv/lib/python3.10/site-packages/glance_store/backend.py:507}}
Jan 12 12:14:59 devstack devstack@g-api.service[74461]: [pid: 74461|app: 0|req: 3/4] 127.0.0.1 () {40 vars in 872 bytes} [Mon Jan 12 12:14:58 2026] PUT /v2/images/159c256f-1141-44ef-b2f6-31182c1704f9/file => generated 0 bytes in 1297 msecs (HTTP/1.1 204) 4 headers in 171 bytes (1 switches on core 0)
Jan 12 12:14:59 devstack devstack@g-api.service[74463]: DEBUG glance.api.middleware.version_negotiation [None req-0e1a362a-02c3-430a-b5b7-499adf47bbca admin admin] Determining version of request: GET /v2/images/159c256f-1141-44ef-b2f6-31182c1704f9 Accept: */* {{(pid=74463) process_request /opt/stack/glance/glance/api/middleware/version_negotiation.py:44}}
Jan 12 12:14:59 devstack devstack@g-api.service[74463]: DEBUG glance.api.middleware.version_negotiation [None req-0e1a362a-02c3-430a-b5b7-499adf47bbca admin admin] Using url versioning {{(pid=74463) process_request /opt/stack/glance/glance/api/middleware/version_negotiation.py:57}}
Jan 12 12:14:59 devstack devstack@g-api.service[74463]: DEBUG glance.api.middleware.version_negotiation [None req-0e1a362a-02c3-430a-b5b7-499adf47bbca admin admin] Matched version: v2 {{(pid=74463) process_request /opt/stack/glance/glance/api/middleware/version_negotiation.py:69}}
Jan 12 12:14:59 devstack devstack@g-api.service[74463]: DEBUG glance.api.middleware.version_negotiation [None req-0e1a362a-02c3-430a-b5b7-499adf47bbca admin admin] new path /v2/images/159c256f-1141-44ef-b2f6-31182c1704f9 {{(pid=74463) process_request /opt/stack/glance/glance/api/middleware/version_negotiation.py:70}}
Jan 12 12:14:59 devstack devstack@g-api.service[74463]: [pid: 74463|app: 0|req: 2/5] 127.0.0.1 () {36 vars in 799 bytes} [Mon Jan 12 12:14:59 2026] GET /v2/images/159c256f-1141-44ef-b2f6-31182c1704f9 => generated 976 bytes in 15 msecs (HTTP/1.1 200) 4 headers in 157 bytes (1 switches on core 0)
Jan 12 12:15:09 devstack devstack@g-api.service[74461]: DEBUG dbcounter [-] [74461] Writing DB stats glance:INSERT=5,glance:SELECT=16,glance:UPDATE=2 {{(pid=74461) stat_writer /opt/stack/data/venv/lib/python3.10/site-packages/dbcounter.py:115}}
Jan 12 12:15:09 devstack devstack@g-api.service[74463]: DEBUG dbcounter [-] [74463] Writing DB stats glance:INSERT=9,glance:SELECT=6 {{(pid=74463) stat_writer /opt/stack/data/venv/lib/python3.10/site-packages/dbcounter.py:115}}
Jan 12 12:15:36 devstack devstack@g-api.service[74461]: DEBUG glance.api.middleware.version_negotiation [None req-196a2871-7c7d-4209-909e-3f80bd436418 admin admin] Determining version of request: GET / Accept: application/json {{(pid=74461) process_request /opt/stack/glance/glance/api/middleware/version_negotiation.py:44}}
Jan 12 12:15:36 devstack devstack@g-api.service[74461]: DEBUG glance.api.middleware.version_negotiation [None req-196a2871-7c7d-4209-909e-3f80bd436418 admin admin] Using url versioning {{(pid=74461) process_request /opt/stack/glance/glance/api/middleware/version_negotiation.py:57}}
Jan 12 12:15:36 devstack devstack@g-api.service[74461]: DEBUG glance.api.middleware.version_negotiation [None req-196a2871-7c7d-4209-909e-3f80bd436418 admin admin] Unknown version. Returning version choices. {{(pid=74461) process_request /opt/stack/glance/glance/api/middleware/version_negotiation.py:64}}
Jan 12 12:15:36 devstack devstack@g-api.service[74461]: [pid: 74461|app: 0|req: 4/6] 127.0.0.1 () {34 vars in 513 bytes} [Mon Jan 12 12:15:36 2026] GET / => generated 1446 bytes in 3 msecs (HTTP/1.1 300) 3 headers in 106 bytes (1 switches on core 0)
Jan 12 12:15:36 devstack devstack@g-api.service[74463]: DEBUG glance.api.middleware.version_negotiation [None req-e125ef69-424b-4541-aacd-2853db98ebc2 admin admin] Determining version of request: GET /v2/images Accept: application/json {{(pid=74463) process_request /opt/stack/glance/glance/api/middleware/version_negotiation.py:44}}
Jan 12 12:15:36 devstack devstack@g-api.service[74463]: DEBUG glance.api.middleware.version_negotiation [None req-e125ef69-424b-4541-aacd-2853db98ebc2 admin admin] Using url versioning {{(pid=74463) process_request /opt/stack/glance/glance/api/middleware/version_negotiation.py:57}}
Jan 12 12:15:36 devstack devstack@g-api.service[74463]: DEBUG glance.api.middleware.version_negotiation [None req-e125ef69-424b-4541-aacd-2853db98ebc2 admin admin] Matched version: v2 {{(pid=74463) process_request /opt/stack/glance/glance/api/middleware/version_negotiation.py:69}}
Jan 12 12:15:36 devstack devstack@g-api.service[74463]: DEBUG glance.api.middleware.version_negotiation [None req-e125ef69-424b-4541-aacd-2853db98ebc2 admin admin] new path /v2/images {{(pid=74463) process_request /opt/stack/glance/glance/api/middleware/version_negotiation.py:70}}
Jan 12 12:15:36 devstack devstack@g-api.service[74463]: [pid: 74463|app: 0|req: 3/7] 127.0.0.1 () {36 vars in 735 bytes} [Mon Jan 12 12:15:36 2026] GET /v2/images => generated 1045 bytes in 58 msecs (HTTP/1.1 200) 4 headers in 158 bytes (1 switches on core 0)
Jan 12 12:15:42 devstack devstack@g-api.service[74461]: DEBUG glance.api.middleware.version_negotiation [None req-196a2871-7c7d-4209-909e-3f80bd436418 admin admin] Determining version of request: GET / Accept: application/json {{(pid=74461) process_request /opt/stack/glance/glance/api/middleware/version_negotiation.py:44}}
Jan 12 12:15:42 devstack devstack@g-api.service[74461]: DEBUG glance.api.middleware.version_negotiation [None req-196a2871-7c7d-4209-909e-3f80bd436418 admin admin] Using url versioning {{(pid=74461) process_request /opt/stack/glance/glance/api/middleware/version_negotiation.py:57}}
Jan 12 12:15:42 devstack devstack@g-api.service[74461]: DEBUG glance.api.middleware.version_negotiation [None req-196a2871-7c7d-4209-909e-3f80bd436418 admin admin] Unknown version. Returning version choices. {{(pid=74461) process_request /opt/stack/glance/glance/api/middleware/version_negotiation.py:64}}
Jan 12 12:15:42 devstack devstack@g-api.service[74461]: [pid: 74461|app: 0|req: 5/8] 127.0.0.1 () {34 vars in 513 bytes} [Mon Jan 12 12:15:42 2026] GET / => generated 1446 bytes in 2 msecs (HTTP/1.1 300) 3 headers in 106 bytes (1 switches on core 0)
Jan 12 12:15:42 devstack devstack@g-api.service[74463]: DEBUG glance.api.middleware.version_negotiation [None req-9ccfeabe-0ede-4621-a979-d2ce42f67c32 admin admin] Determining version of request: GET /v2/images/159c256f-1141-44ef-b2f6-31182c1704f9 Accept: */* {{(pid=74463) process_request /opt/stack/glance/glance/api/middleware/version_negotiation.py:44}}
Jan 12 12:15:42 devstack devstack@g-api.service[74463]: DEBUG glance.api.middleware.version_negotiation [None req-9ccfeabe-0ede-4621-a979-d2ce42f67c32 admin admin] Using url versioning {{(pid=74463) process_request /opt/stack/glance/glance/api/middleware/version_negotiation.py:57}}
Jan 12 12:15:42 devstack devstack@g-api.service[74463]: DEBUG glance.api.middleware.version_negotiation [None req-9ccfeabe-0ede-4621-a979-d2ce42f67c32 admin admin] Matched version: v2 {{(pid=74463) process_request /opt/stack/glance/glance/api/middleware/version_negotiation.py:69}}
Jan 12 12:15:42 devstack devstack@g-api.service[74463]: DEBUG glance.api.middleware.version_negotiation [None req-9ccfeabe-0ede-4621-a979-d2ce42f67c32 admin admin] new path /v2/images/159c256f-1141-44ef-b2f6-31182c1704f9 {{(pid=74463) process_request /opt/stack/glance/glance/api/middleware/version_negotiation.py:70}}
Jan 12 12:15:42 devstack devstack@g-api.service[74463]: [pid: 74463|app: 0|req: 4/9] 127.0.0.1 () {36 vars in 796 bytes} [Mon Jan 12 12:15:42 2026] GET /v2/images/159c256f-1141-44ef-b2f6-31182c1704f9 => generated 976 bytes in 42 msecs (HTTP/1.1 200) 4 headers in 157 bytes (1 switches on core 0)
Jan 12 12:15:46 devstack devstack@g-api.service[74461]: DEBUG glance.api.middleware.version_negotiation [None req-196a2871-7c7d-4209-909e-3f80bd436418 admin admin] Determining version of request: GET / Accept: application/json {{(pid=74461) process_request /opt/stack/glance/glance/api/middleware/version_negotiation.py:44}}
Jan 12 12:15:46 devstack devstack@g-api.service[74461]: DEBUG glance.api.middleware.version_negotiation [None req-196a2871-7c7d-4209-909e-3f80bd436418 admin admin] Using url versioning {{(pid=74461) process_request /opt/stack/glance/glance/api/middleware/version_negotiation.py:57}}
Jan 12 12:15:46 devstack devstack@g-api.service[74461]: DEBUG glance.api.middleware.version_negotiation [None req-196a2871-7c7d-4209-909e-3f80bd436418 admin admin] Unknown version. Returning version choices. {{(pid=74461) process_request /opt/stack/glance/glance/api/middleware/version_negotiation.py:64}}
Jan 12 12:15:46 devstack devstack@g-api.service[74461]: [pid: 74461|app: 0|req: 6/10] 127.0.0.1 () {34 vars in 513 bytes} [Mon Jan 12 12:15:46 2026] GET / => generated 1446 bytes in 3 msecs (HTTP/1.1 300) 3 headers in 106 bytes (1 switches on core 0)
Jan 12 12:15:46 devstack devstack@g-api.service[74463]: DEBUG glance.api.middleware.version_negotiation [None req-440f3d44-f809-4c59-b511-2a8ab91eab88 admin admin] Determining version of request: GET /v2/images/159c256f-1141-44ef-b2f6-31182c1704f9 Accept: */* {{(pid=74463) process_request /opt/stack/glance/glance/api/middleware/version_negotiation.py:44}}
Jan 12 12:15:46 devstack devstack@g-api.service[74463]: DEBUG glance.api.middleware.version_negotiation [None req-440f3d44-f809-4c59-b511-2a8ab91eab88 admin admin] Using url versioning {{(pid=74463) process_request /opt/stack/glance/glance/api/middleware/version_negotiation.py:57}}
Jan 12 12:15:46 devstack devstack@g-api.service[74463]: DEBUG glance.api.middleware.version_negotiation [None req-440f3d44-f809-4c59-b511-2a8ab91eab88 admin admin] Matched version: v2 {{(pid=74463) process_request /opt/stack/glance/glance/api/middleware/version_negotiation.py:69}}
Jan 12 12:15:46 devstack devstack@g-api.service[74463]: DEBUG glance.api.middleware.version_negotiation [None req-440f3d44-f809-4c59-b511-2a8ab91eab88 admin admin] new path /v2/images/159c256f-1141-44ef-b2f6-31182c1704f9 {{(pid=74463) process_request /opt/stack/glance/glance/api/middleware/version_negotiation.py:70}}
Jan 12 12:15:46 devstack devstack@g-api.service[74463]: [pid: 74463|app: 0|req: 5/11] 127.0.0.1 () {36 vars in 796 bytes} [Mon Jan 12 12:15:46 2026] GET /v2/images/159c256f-1141-44ef-b2f6-31182c1704f9 => generated 976 bytes in 45 msecs (HTTP/1.1 200) 4 headers in 157 bytes (1 switches on core 0)
Jan 12 12:15:56 devstack devstack@g-api.service[74463]: DEBUG dbcounter [-] [74463] Writing DB stats glance:SELECT=5 {{(pid=74463) stat_writer /opt/stack/data/venv/lib/python3.10/site-packages/dbcounter.py:115}}
Jan 12 12:17:03 devstack devstack@g-api.service[74461]: DEBUG glance.api.middleware.version_negotiation [None req-196a2871-7c7d-4209-909e-3f80bd436418 admin admin] Determining version of request: GET / Accept: application/json {{(pid=74461) process_request /opt/stack/glance/glance/api/middleware/version_negotiation.py:44}}
Jan 12 12:17:03 devstack devstack@g-api.service[74461]: DEBUG glance.api.middleware.version_negotiation [None req-196a2871-7c7d-4209-909e-3f80bd436418 admin admin] Using url versioning {{(pid=74461) process_request /opt/stack/glance/glance/api/middleware/version_negotiation.py:57}}
Jan 12 12:17:03 devstack devstack@g-api.service[74461]: DEBUG glance.api.middleware.version_negotiation [None req-196a2871-7c7d-4209-909e-3f80bd436418 admin admin] Unknown version. Returning version choices. {{(pid=74461) process_request /opt/stack/glance/glance/api/middleware/version_negotiation.py:64}}
Jan 12 12:17:03 devstack devstack@g-api.service[74461]: [pid: 74461|app: 0|req: 7/12] 127.0.0.1 () {36 vars in 484 bytes} [Mon Jan 12 12:17:03 2026] GET / => generated 1446 bytes in 2 msecs (HTTP/1.1 300) 3 headers in 106 bytes (1 switches on core 0)
Jan 12 12:18:10 devstack devstack@g-api.service[74463]: DEBUG glance.api.middleware.version_negotiation [None req-fc5c7ee4-21b4-4c96-8f67-6c1ebd537e7a admin admin] Determining version of request: GET /v2/images/159c256f-1141-44ef-b2f6-31182c1704f9 Accept: */* {{(pid=74463) process_request /opt/stack/glance/glance/api/middleware/version_negotiation.py:44}}
Jan 12 12:18:10 devstack devstack@g-api.service[74463]: DEBUG glance.api.middleware.version_negotiation [None req-fc5c7ee4-21b4-4c96-8f67-6c1ebd537e7a admin admin] Using url versioning {{(pid=74463) process_request /opt/stack/glance/glance/api/middleware/version_negotiation.py:57}}
Jan 12 12:18:10 devstack devstack@g-api.service[74463]: DEBUG glance.api.middleware.version_negotiation [None req-fc5c7ee4-21b4-4c96-8f67-6c1ebd537e7a admin admin] Matched version: v2 {{(pid=74463) process_request /opt/stack/glance/glance/api/middleware/version_negotiation.py:69}}
Jan 12 12:18:10 devstack devstack@g-api.service[74463]: DEBUG glance.api.middleware.version_negotiation [None req-fc5c7ee4-21b4-4c96-8f67-6c1ebd537e7a admin admin] new path /v2/images/159c256f-1141-44ef-b2f6-31182c1704f9 {{(pid=74463) process_request /opt/stack/glance/glance/api/middleware/version_negotiation.py:70}}
Jan 12 12:18:10 devstack devstack@g-api.service[74463]: WARNING keystonemiddleware.auth_token [None req-fc5c7ee4-21b4-4c96-8f67-6c1ebd537e7a admin admin] A valid token was submitted as a service token, but it was not a valid service token. This is incorrect but backwards compatible behaviour. This will be removed in future releases.
Jan 12 12:18:10 devstack devstack@g-api.service[74463]: [pid: 74463|app: 0|req: 6/13] 127.0.0.1 () {42 vars in 1055 bytes} [Mon Jan 12 12:18:10 2026] GET /v2/images/159c256f-1141-44ef-b2f6-31182c1704f9 => generated 976 bytes in 119 msecs (HTTP/1.1 200) 4 headers in 157 bytes (1 switches on core 0)
Jan 12 12:18:10 devstack devstack@g-api.service[74461]: DEBUG glance.api.middleware.version_negotiation [None req-196a2871-7c7d-4209-909e-3f80bd436418 admin admin] Determining version of request: GET /v2/schemas/image Accept: */* {{(pid=74461) process_request /opt/stack/glance/glance/api/middleware/version_negotiation.py:44}}
Jan 12 12:18:10 devstack devstack@g-api.service[74461]: DEBUG glance.api.middleware.version_negotiation [None req-196a2871-7c7d-4209-909e-3f80bd436418 admin admin] Using url versioning {{(pid=74461) process_request /opt/stack/glance/glance/api/middleware/version_negotiation.py:57}}
Jan 12 12:18:10 devstack devstack@g-api.service[74461]: DEBUG glance.api.middleware.version_negotiation [None req-196a2871-7c7d-4209-909e-3f80bd436418 admin admin] Matched version: v2 {{(pid=74461) process_request /opt/stack/glance/glance/api/middleware/version_negotiation.py:69}}
Jan 12 12:18:10 devstack devstack@g-api.service[74461]: DEBUG glance.api.middleware.version_negotiation [None req-196a2871-7c7d-4209-909e-3f80bd436418 admin admin] new path /v2/schemas/image {{(pid=74461) process_request /opt/stack/glance/glance/api/middleware/version_negotiation.py:70}}
Jan 12 12:18:10 devstack devstack@g-api.service[74461]: WARNING keystonemiddleware.auth_token [None req-196a2871-7c7d-4209-909e-3f80bd436418 admin admin] A valid token was submitted as a service token, but it was not a valid service token. This is incorrect but backwards compatible behaviour. This will be removed in future releases.
Jan 12 12:18:10 devstack devstack@g-api.service[74461]: [pid: 74461|app: 0|req: 8/14] 127.0.0.1 () {42 vars in 995 bytes} [Mon Jan 12 12:18:10 2026] GET /v2/schemas/image => generated 6083 bytes in 6 msecs (HTTP/1.1 200) 4 headers in 158 bytes (1 switches on core 0)
Jan 12 12:18:10 devstack devstack@g-api.service[74463]: DEBUG glance.api.middleware.version_negotiation [None req-cda30c6d-038a-40fe-9d1e-db13b1304bdb tempest-TaggedBootDevicesTest_v242-1180034587 tempest-TaggedBootDevicesTest_v242-1180034587-project-member] Determining version of request: GET /v2/schemas/image Accept: */* {{(pid=74463) process_request /opt/stack/glance/glance/api/middleware/version_negotiation.py:44}}
Jan 12 12:18:10 devstack devstack@g-api.service[74463]: DEBUG glance.api.middleware.version_negotiation [None req-cda30c6d-038a-40fe-9d1e-db13b1304bdb tempest-TaggedBootDevicesTest_v242-1180034587 tempest-TaggedBootDevicesTest_v242-1180034587-project-member] Using url versioning {{(pid=74463) process_request /opt/stack/glance/glance/api/middleware/version_negotiation.py:57}}
Jan 12 12:18:10 devstack devstack@g-api.service[74463]: DEBUG glance.api.middleware.version_negotiation [None req-cda30c6d-038a-40fe-9d1e-db13b1304bdb tempest-TaggedBootDevicesTest_v242-1180034587 tempest-TaggedBootDevicesTest_v242-1180034587-project-member] Matched version: v2 {{(pid=74463) process_request /opt/stack/glance/glance/api/middleware/version_negotiation.py:69}}
Jan 12 12:18:10 devstack devstack@g-api.service[74463]: DEBUG glance.api.middleware.version_negotiation [None req-cda30c6d-038a-40fe-9d1e-db13b1304bdb tempest-TaggedBootDevicesTest_v242-1180034587 tempest-TaggedBootDevicesTest_v242-1180034587-project-member] new path /v2/schemas/image {{(pid=74463) process_request /opt/stack/glance/glance/api/middleware/version_negotiation.py:70}}
Jan 12 12:18:10 devstack devstack@g-api.service[74463]: [pid: 74463|app: 0|req: 7/15] 127.0.0.1 () {42 vars in 995 bytes} [Mon Jan 12 12:18:10 2026] GET /v2/schemas/image => generated 6083 bytes in 5 msecs (HTTP/1.1 200) 4 headers in 158 bytes (1 switches on core 0)
Jan 12 12:18:10 devstack devstack@g-api.service[74461]: DEBUG glance.api.middleware.version_negotiation [None req-cda30c6d-038a-40fe-9d1e-db13b1304bdb tempest-TaggedBootDevicesTest_v242-1180034587 tempest-TaggedBootDevicesTest_v242-1180034587-project-member] Determining version of request: GET /v2/images/159c256f-1141-44ef-b2f6-31182c1704f9 Accept: */* {{(pid=74461) process_request /opt/stack/glance/glance/api/middleware/version_negotiation.py:44}}
Jan 12 12:18:10 devstack devstack@g-api.service[74461]: DEBUG glance.api.middleware.version_negotiation [None req-cda30c6d-038a-40fe-9d1e-db13b1304bdb tempest-TaggedBootDevicesTest_v242-1180034587 tempest-TaggedBootDevicesTest_v242-1180034587-project-member] Using url versioning {{(pid=74461) process_request /opt/stack/glance/glance/api/middleware/version_negotiation.py:57}}
Jan 12 12:18:10 devstack devstack@g-api.service[74461]: DEBUG glance.api.middleware.version_negotiation [None req-cda30c6d-038a-40fe-9d1e-db13b1304bdb tempest-TaggedBootDevicesTest_v242-1180034587 tempest-TaggedBootDevicesTest_v242-1180034587-project-member] Matched version: v2 {{(pid=74461) process_request /opt/stack/glance/glance/api/middleware/version_negotiation.py:69}}
Jan 12 12:18:10 devstack devstack@g-api.service[74461]: DEBUG glance.api.middleware.version_negotiation [None req-cda30c6d-038a-40fe-9d1e-db13b1304bdb tempest-TaggedBootDevicesTest_v242-1180034587 tempest-TaggedBootDevicesTest_v242-1180034587-project-member] new path /v2/images/159c256f-1141-44ef-b2f6-31182c1704f9 {{(pid=74461) process_request /opt/stack/glance/glance/api/middleware/version_negotiation.py:70}}
Jan 12 12:18:11 devstack devstack@g-api.service[74461]: [pid: 74461|app: 0|req: 9/16] 127.0.0.1 () {42 vars in 1055 bytes} [Mon Jan 12 12:18:10 2026] GET /v2/images/159c256f-1141-44ef-b2f6-31182c1704f9 => generated 976 bytes in 35 msecs (HTTP/1.1 200) 4 headers in 157 bytes (1 switches on core 0)
Jan 12 12:18:11 devstack devstack@g-api.service[74463]: DEBUG glance.api.middleware.version_negotiation [None req-cda30c6d-038a-40fe-9d1e-db13b1304bdb tempest-TaggedBootDevicesTest_v242-1180034587 tempest-TaggedBootDevicesTest_v242-1180034587-project-member] Determining version of request: GET /v2/schemas/image Accept: */* {{(pid=74463) process_request /opt/stack/glance/glance/api/middleware/version_negotiation.py:44}}
Jan 12 12:18:11 devstack devstack@g-api.service[74463]: DEBUG glance.api.middleware.version_negotiation [None req-cda30c6d-038a-40fe-9d1e-db13b1304bdb tempest-TaggedBootDevicesTest_v242-1180034587 tempest-TaggedBootDevicesTest_v242-1180034587-project-member] Using url versioning {{(pid=74463) process_request /opt/stack/glance/glance/api/middleware/version_negotiation.py:57}}
Jan 12 12:18:11 devstack devstack@g-api.service[74463]: DEBUG glance.api.middleware.version_negotiation [None req-cda30c6d-038a-40fe-9d1e-db13b1304bdb tempest-TaggedBootDevicesTest_v242-1180034587 tempest-TaggedBootDevicesTest_v242-1180034587-project-member] Matched version: v2 {{(pid=74463) process_request /opt/stack/glance/glance/api/middleware/version_negotiation.py:69}}
Jan 12 12:18:11 devstack devstack@g-api.service[74463]: DEBUG glance.api.middleware.version_negotiation [None req-cda30c6d-038a-40fe-9d1e-db13b1304bdb tempest-TaggedBootDevicesTest_v242-1180034587 tempest-TaggedBootDevicesTest_v242-1180034587-project-member] new path /v2/schemas/image {{(pid=74463) process_request /opt/stack/glance/glance/api/middleware/version_negotiation.py:70}}
Jan 12 12:18:11 devstack devstack@g-api.service[74463]: [pid: 74463|app: 0|req: 8/17] 127.0.0.1 () {42 vars in 995 bytes} [Mon Jan 12 12:18:11 2026] GET /v2/schemas/image => generated 6083 bytes in 6 msecs (HTTP/1.1 200) 4 headers in 158 bytes (1 switches on core 0)
Jan 12 12:18:11 devstack devstack@g-api.service[74461]: DEBUG glance.api.middleware.version_negotiation [None req-cda30c6d-038a-40fe-9d1e-db13b1304bdb tempest-TaggedBootDevicesTest_v242-1180034587 tempest-TaggedBootDevicesTest_v242-1180034587-project-member] Determining version of request: GET /v2/schemas/image Accept: */* {{(pid=74461) process_request /opt/stack/glance/glance/api/middleware/version_negotiation.py:44}}
Jan 12 12:18:11 devstack devstack@g-api.service[74461]: DEBUG glance.api.middleware.version_negotiation [None req-cda30c6d-038a-40fe-9d1e-db13b1304bdb tempest-TaggedBootDevicesTest_v242-1180034587 tempest-TaggedBootDevicesTest_v242-1180034587-project-member] Using url versioning {{(pid=74461) process_request /opt/stack/glance/glance/api/middleware/version_negotiation.py:57}}
Jan 12 12:18:11 devstack devstack@g-api.service[74461]: DEBUG glance.api.middleware.version_negotiation [None req-cda30c6d-038a-40fe-9d1e-db13b1304bdb tempest-TaggedBootDevicesTest_v242-1180034587 tempest-TaggedBootDevicesTest_v242-1180034587-project-member] Matched version: v2 {{(pid=74461) process_request /opt/stack/glance/glance/api/middleware/version_negotiation.py:69}}
Jan 12 12:18:11 devstack devstack@g-api.service[74461]: DEBUG glance.api.middleware.version_negotiation [None req-cda30c6d-038a-40fe-9d1e-db13b1304bdb tempest-TaggedBootDevicesTest_v242-1180034587 tempest-TaggedBootDevicesTest_v242-1180034587-project-member] new path /v2/schemas/image {{(pid=74461) process_request /opt/stack/glance/glance/api/middleware/version_negotiation.py:70}}
Jan 12 12:18:11 devstack devstack@g-api.service[74461]: [pid: 74461|app: 0|req: 10/18] 127.0.0.1 () {42 vars in 995 bytes} [Mon Jan 12 12:18:11 2026] GET /v2/schemas/image => generated 6083 bytes in 5 msecs (HTTP/1.1 200) 4 headers in 158 bytes (1 switches on core 0)
Jan 12 12:18:11 devstack devstack@g-api.service[74463]: DEBUG glance.api.middleware.version_negotiation [None req-cda30c6d-038a-40fe-9d1e-db13b1304bdb tempest-TaggedBootDevicesTest_v242-1180034587 tempest-TaggedBootDevicesTest_v242-1180034587-project-member] Determining version of request: GET /v2/images/159c256f-1141-44ef-b2f6-31182c1704f9 Accept: */* {{(pid=74463) process_request /opt/stack/glance/glance/api/middleware/version_negotiation.py:44}}
Jan 12 12:18:11 devstack devstack@g-api.service[74463]: DEBUG glance.api.middleware.version_negotiation [None req-cda30c6d-038a-40fe-9d1e-db13b1304bdb tempest-TaggedBootDevicesTest_v242-1180034587 tempest-TaggedBootDevicesTest_v242-1180034587-project-member] Using url versioning {{(pid=74463) process_request /opt/stack/glance/glance/api/middleware/version_negotiation.py:57}}
Jan 12 12:18:11 devstack devstack@g-api.service[74463]: DEBUG glance.api.middleware.version_negotiation [None req-cda30c6d-038a-40fe-9d1e-db13b1304bdb tempest-TaggedBootDevicesTest_v242-1180034587 tempest-TaggedBootDevicesTest_v242-1180034587-project-member] Matched version: v2 {{(pid=74463) process_request /opt/stack/glance/glance/api/middleware/version_negotiation.py:69}}
Jan 12 12:18:11 devstack devstack@g-api.service[74463]: DEBUG glance.api.middleware.version_negotiation [None req-cda30c6d-038a-40fe-9d1e-db13b1304bdb tempest-TaggedBootDevicesTest_v242-1180034587 tempest-TaggedBootDevicesTest_v242-1180034587-project-member] new path /v2/images/159c256f-1141-44ef-b2f6-31182c1704f9 {{(pid=74463) process_request /opt/stack/glance/glance/api/middleware/version_negotiation.py:70}}
Jan 12 12:18:11 devstack devstack@g-api.service[74463]: [pid: 74463|app: 0|req: 9/19] 127.0.0.1 () {42 vars in 1055 bytes} [Mon Jan 12 12:18:11 2026] GET /v2/images/159c256f-1141-44ef-b2f6-31182c1704f9 => generated 976 bytes in 16 msecs (HTTP/1.1 200) 4 headers in 157 bytes (1 switches on core 0)
Jan 12 12:18:11 devstack devstack@g-api.service[74461]: DEBUG glance.api.middleware.version_negotiation [None req-cda30c6d-038a-40fe-9d1e-db13b1304bdb tempest-TaggedBootDevicesTest_v242-1180034587 tempest-TaggedBootDevicesTest_v242-1180034587-project-member] Determining version of request: GET /v2/schemas/image Accept: */* {{(pid=74461) process_request /opt/stack/glance/glance/api/middleware/version_negotiation.py:44}}
Jan 12 12:18:11 devstack devstack@g-api.service[74461]: DEBUG glance.api.middleware.version_negotiation [None req-cda30c6d-038a-40fe-9d1e-db13b1304bdb tempest-TaggedBootDevicesTest_v242-1180034587 tempest-TaggedBootDevicesTest_v242-1180034587-project-member] Using url versioning {{(pid=74461) process_request /opt/stack/glance/glance/api/middleware/version_negotiation.py:57}}
Jan 12 12:18:11 devstack devstack@g-api.service[74461]: DEBUG glance.api.middleware.version_negotiation [None req-cda30c6d-038a-40fe-9d1e-db13b1304bdb tempest-TaggedBootDevicesTest_v242-1180034587 tempest-TaggedBootDevicesTest_v242-1180034587-project-member] Matched version: v2 {{(pid=74461) process_request /opt/stack/glance/glance/api/middleware/version_negotiation.py:69}}
Jan 12 12:18:11 devstack devstack@g-api.service[74461]: DEBUG glance.api.middleware.version_negotiation [None req-cda30c6d-038a-40fe-9d1e-db13b1304bdb tempest-TaggedBootDevicesTest_v242-1180034587 tempest-TaggedBootDevicesTest_v242-1180034587-project-member] new path /v2/schemas/image {{(pid=74461) process_request /opt/stack/glance/glance/api/middleware/version_negotiation.py:70}}
Jan 12 12:18:11 devstack devstack@g-api.service[74461]: [pid: 74461|app: 0|req: 11/20] 127.0.0.1 () {42 vars in 995 bytes} [Mon Jan 12 12:18:11 2026] GET /v2/schemas/image => generated 6083 bytes in 5 msecs (HTTP/1.1 200) 4 headers in 158 bytes (1 switches on core 0)
Jan 12 12:18:11 devstack devstack@g-api.service[74463]: DEBUG glance.api.middleware.version_negotiation [None req-cda30c6d-038a-40fe-9d1e-db13b1304bdb tempest-TaggedBootDevicesTest_v242-1180034587 tempest-TaggedBootDevicesTest_v242-1180034587-project-member] Determining version of request: GET /v2/schemas/image Accept: */* {{(pid=74463) process_request /opt/stack/glance/glance/api/middleware/version_negotiation.py:44}}
Jan 12 12:18:11 devstack devstack@g-api.service[74463]: DEBUG glance.api.middleware.version_negotiation [None req-cda30c6d-038a-40fe-9d1e-db13b1304bdb tempest-TaggedBootDevicesTest_v242-1180034587 tempest-TaggedBootDevicesTest_v242-1180034587-project-member] Using url versioning {{(pid=74463) process_request /opt/stack/glance/glance/api/middleware/version_negotiation.py:57}}
Jan 12 12:18:11 devstack devstack@g-api.service[74463]: DEBUG glance.api.middleware.version_negotiation [None req-cda30c6d-038a-40fe-9d1e-db13b1304bdb tempest-TaggedBootDevicesTest_v242-1180034587 tempest-TaggedBootDevicesTest_v242-1180034587-project-member] Matched version: v2 {{(pid=74463) process_request /opt/stack/glance/glance/api/middleware/version_negotiation.py:69}}
Jan 12 12:18:11 devstack devstack@g-api.service[74463]: DEBUG glance.api.middleware.version_negotiation [None req-cda30c6d-038a-40fe-9d1e-db13b1304bdb tempest-TaggedBootDevicesTest_v242-1180034587 tempest-TaggedBootDevicesTest_v242-1180034587-project-member] new path /v2/schemas/image {{(pid=74463) process_request /opt/stack/glance/glance/api/middleware/version_negotiation.py:70}}
Jan 12 12:18:11 devstack devstack@g-api.service[74463]: [pid: 74463|app: 0|req: 10/21] 127.0.0.1 () {42 vars in 995 bytes} [Mon Jan 12 12:18:11 2026] GET /v2/schemas/image => generated 6083 bytes in 7 msecs (HTTP/1.1 200) 4 headers in 158 bytes (1 switches on core 0)
Jan 12 12:18:12 devstack devstack@g-api.service[74461]: DEBUG glance.api.middleware.version_negotiation [None req-cda30c6d-038a-40fe-9d1e-db13b1304bdb tempest-TaggedBootDevicesTest_v242-1180034587 tempest-TaggedBootDevicesTest_v242-1180034587-project-member] Determining version of request: GET /v2/images/159c256f-1141-44ef-b2f6-31182c1704f9 Accept: application/json {{(pid=74461) process_request /opt/stack/glance/glance/api/middleware/version_negotiation.py:44}}
Jan 12 12:18:12 devstack devstack@g-api.service[74461]: DEBUG glance.api.middleware.version_negotiation [None req-cda30c6d-038a-40fe-9d1e-db13b1304bdb tempest-TaggedBootDevicesTest_v242-1180034587 tempest-TaggedBootDevicesTest_v242-1180034587-project-member] Using url versioning {{(pid=74461) process_request /opt/stack/glance/glance/api/middleware/version_negotiation.py:57}}
Jan 12 12:18:12 devstack devstack@g-api.service[74461]: DEBUG glance.api.middleware.version_negotiation [None req-cda30c6d-038a-40fe-9d1e-db13b1304bdb tempest-TaggedBootDevicesTest_v242-1180034587 tempest-TaggedBootDevicesTest_v242-1180034587-project-member] Matched version: v2 {{(pid=74461) process_request /opt/stack/glance/glance/api/middleware/version_negotiation.py:69}}
Jan 12 12:18:12 devstack devstack@g-api.service[74461]: DEBUG glance.api.middleware.version_negotiation [None req-cda30c6d-038a-40fe-9d1e-db13b1304bdb tempest-TaggedBootDevicesTest_v242-1180034587 tempest-TaggedBootDevicesTest_v242-1180034587-project-member] new path /v2/images/159c256f-1141-44ef-b2f6-31182c1704f9 {{(pid=74461) process_request /opt/stack/glance/glance/api/middleware/version_negotiation.py:70}}
Jan 12 12:18:12 devstack devstack@g-api.service[74461]: [pid: 74461|app: 0|req: 12/22] 127.0.0.1 () {38 vars in 780 bytes} [Mon Jan 12 12:18:12 2026] GET /v2/images/159c256f-1141-44ef-b2f6-31182c1704f9 => generated 976 bytes in 168 msecs (HTTP/1.1 200) 4 headers in 157 bytes (1 switches on core 0)
Jan 12 12:18:12 devstack devstack@g-api.service[74463]: DEBUG glance.api.middleware.version_negotiation [None req-cda30c6d-038a-40fe-9d1e-db13b1304bdb tempest-TaggedBootDevicesTest_v242-1180034587 tempest-TaggedBootDevicesTest_v242-1180034587-project-member] Determining version of request: GET /v2/images/159c256f-1141-44ef-b2f6-31182c1704f9/file Accept: application/json {{(pid=74463) process_request /opt/stack/glance/glance/api/middleware/version_negotiation.py:44}}
Jan 12 12:18:12 devstack devstack@g-api.service[74463]: DEBUG glance.api.middleware.version_negotiation [None req-cda30c6d-038a-40fe-9d1e-db13b1304bdb tempest-TaggedBootDevicesTest_v242-1180034587 tempest-TaggedBootDevicesTest_v242-1180034587-project-member] Using url versioning {{(pid=74463) process_request /opt/stack/glance/glance/api/middleware/version_negotiation.py:57}}
Jan 12 12:18:12 devstack devstack@g-api.service[74463]: DEBUG glance.api.middleware.version_negotiation [None req-cda30c6d-038a-40fe-9d1e-db13b1304bdb tempest-TaggedBootDevicesTest_v242-1180034587 tempest-TaggedBootDevicesTest_v242-1180034587-project-member] Matched version: v2 {{(pid=74463) process_request /opt/stack/glance/glance/api/middleware/version_negotiation.py:69}}
Jan 12 12:18:12 devstack devstack@g-api.service[74463]: DEBUG glance.api.middleware.version_negotiation [None req-cda30c6d-038a-40fe-9d1e-db13b1304bdb tempest-TaggedBootDevicesTest_v242-1180034587 tempest-TaggedBootDevicesTest_v242-1180034587-project-member] new path /v2/images/159c256f-1141-44ef-b2f6-31182c1704f9/file {{(pid=74463) process_request /opt/stack/glance/glance/api/middleware/version_negotiation.py:70}}
Jan 12 12:18:12 devstack devstack@g-api.service[74463]: DEBUG glance_store._drivers.filesystem [None req-b199eb81-01ce-43be-9179-fe0cccedd2ad tempest-AttachSCSIVolumeTestJSON-1744955132 tempest-AttachSCSIVolumeTestJSON-1744955132-project-admin] Found image at /opt/stack/data/glance/images/159c256f-1141-44ef-b2f6-31182c1704f9. Returning in ChunkedFile. {{(pid=74463) get /opt/stack/data/venv/lib/python3.10/site-packages/glance_store/_drivers/filesystem.py:618}}
Jan 12 12:18:12 devstack devstack@g-api.service[74463]: DEBUG glance.image_cache [None req-b199eb81-01ce-43be-9179-fe0cccedd2ad tempest-AttachSCSIVolumeTestJSON-1744955132 tempest-AttachSCSIVolumeTestJSON-1744955132-project-admin] Tee'ing image '159c256f-1141-44ef-b2f6-31182c1704f9' into cache {{(pid=74463) get_caching_iter /opt/stack/glance/glance/image_cache/__init__.py:350}}
Jan 12 12:18:12 devstack devstack@g-api.service[74461]: DEBUG glance.api.middleware.version_negotiation [None req-f8a45f99-6873-47ef-8071-3f2d8e890453 tempest-AttachSCSIVolumeTestJSON-1744955132 tempest-AttachSCSIVolumeTestJSON-1744955132-project-admin] Determining version of request: POST /v2/images Accept: application/json {{(pid=74461) process_request /opt/stack/glance/glance/api/middleware/version_negotiation.py:44}}
Jan 12 12:18:12 devstack devstack@g-api.service[74461]: DEBUG glance.api.middleware.version_negotiation [None req-f8a45f99-6873-47ef-8071-3f2d8e890453 tempest-AttachSCSIVolumeTestJSON-1744955132 tempest-AttachSCSIVolumeTestJSON-1744955132-project-admin] Using url versioning {{(pid=74461) process_request /opt/stack/glance/glance/api/middleware/version_negotiation.py:57}}
