Jul 05 19:27:12 devstack devstack@n-api.service[60837]: DEBUG nova.api.openstack.wsgi_app [None req-5983f70e-73eb-49bc-9804-5223cdb3b483 None None] keystone_authtoken.memcache_tls_enabled = False {{(pid=60837) log_opt_values /opt/stack/data/venv/lib/python3.12/site-packages/oslo_config/cfg.py:3253}}
Jul 05 19:27:12 devstack devstack@n-api.service[60838]: DEBUG nova.api.openstack.wsgi_app [None req-86e6174e-c9b7-475e-8ffd-4e1e29b9c7f2 None None] keystone_authtoken.memcache_password = {{(pid=60838) log_opt_values /opt/stack/data/venv/lib/python3.12/site-packages/oslo_config/cfg.py:3253}}
Jul 05 19:27:12 devstack devstack@n-api.service[60837]: DEBUG nova.api.openstack.wsgi_app [None req-5983f70e-73eb-49bc-9804-5223cdb3b483 None None] keystone_authtoken.memcache_tls_keyfile = None {{(pid=60837) log_opt_values /opt/stack/data/venv/lib/python3.12/site-packages/oslo_config/cfg.py:3253}}
Jul 05 19:27:12 devstack devstack@n-api.service[60838]: DEBUG nova.api.openstack.wsgi_app [None req-86e6174e-c9b7-475e-8ffd-4e1e29b9c7f2 None None] keystone_authtoken.memcache_pool_conn_get_timeout = 10 {{(pid=60838) log_opt_values /opt/stack/data/venv/lib/python3.12/site-packages/oslo_config/cfg.py:3253}}
Jul 05 19:27:12 devstack devstack@n-api.service[60837]: DEBUG nova.api.openstack.wsgi_app [None req-5983f70e-73eb-49bc-9804-5223cdb3b483 None None] keystone_authtoken.memcache_use_advanced_pool = True {{(pid=60837) log_opt_values /opt/stack/data/venv/lib/python3.12/site-packages/oslo_config/cfg.py:3253}}
Jul 05 19:27:12 devstack devstack@n-api.service[60838]: DEBUG nova.api.openstack.wsgi_app [None req-86e6174e-c9b7-475e-8ffd-4e1e29b9c7f2 None None] keystone_authtoken.memcache_pool_dead_retry = 300 {{(pid=60838) log_opt_values /opt/stack/data/venv/lib/python3.12/site-packages/oslo_config/cfg.py:3253}}
Jul 05 19:27:12 devstack devstack@n-api.service[60837]: DEBUG nova.api.openstack.wsgi_app [None req-5983f70e-73eb-49bc-9804-5223cdb3b483 None None] keystone_authtoken.memcache_username = {{(pid=60837) log_opt_values /opt/stack/data/venv/lib/python3.12/site-packages/oslo_config/cfg.py:3253}}
Jul 05 19:27:12 devstack devstack@n-api.service[60838]: DEBUG nova.api.openstack.wsgi_app [None req-86e6174e-c9b7-475e-8ffd-4e1e29b9c7f2 None None] keystone_authtoken.memcache_pool_maxsize = 10 {{(pid=60838) log_opt_values /opt/stack/data/venv/lib/python3.12/site-packages/oslo_config/cfg.py:3253}}
Jul 05 19:27:12 devstack devstack@n-api.service[60837]: DEBUG nova.api.openstack.wsgi_app [None req-5983f70e-73eb-49bc-9804-5223cdb3b483 None None] keystone_authtoken.memcached_servers = ['localhost:11211'] {{(pid=60837) log_opt_values /opt/stack/data/venv/lib/python3.12/site-packages/oslo_config/cfg.py:3253}}
Jul 05 19:27:12 devstack devstack@n-api.service[60838]: DEBUG nova.api.openstack.wsgi_app [None req-86e6174e-c9b7-475e-8ffd-4e1e29b9c7f2 None None] keystone_authtoken.memcache_pool_socket_timeout = 3 {{(pid=60838) log_opt_values /opt/stack/data/venv/lib/python3.12/site-packages/oslo_config/cfg.py:3253}}
Jul 05 19:27:12 devstack devstack@n-api.service[60837]: DEBUG nova.api.openstack.wsgi_app [None req-5983f70e-73eb-49bc-9804-5223cdb3b483 None None] keystone_authtoken.password = **** {{(pid=60837) log_opt_values /opt/stack/data/venv/lib/python3.12/site-packages/oslo_config/cfg.py:3253}}
Jul 05 19:27:12 devstack devstack@n-api.service[60838]: DEBUG nova.api.openstack.wsgi_app [None req-86e6174e-c9b7-475e-8ffd-4e1e29b9c7f2 None None] keystone_authtoken.memcache_pool_unused_timeout = 60 {{(pid=60838) log_opt_values /opt/stack/data/venv/lib/python3.12/site-packages/oslo_config/cfg.py:3253}}
Jul 05 19:27:12 devstack devstack@n-api.service[60837]: DEBUG nova.api.openstack.wsgi_app [None req-5983f70e-73eb-49bc-9804-5223cdb3b483 None None] keystone_authtoken.project_domain_id = None {{(pid=60837) log_opt_values /opt/stack/data/venv/lib/python3.12/site-packages/oslo_config/cfg.py:3253}}
Jul 05 19:27:12 devstack devstack@n-api.service[60838]: DEBUG nova.api.openstack.wsgi_app [None req-86e6174e-c9b7-475e-8ffd-4e1e29b9c7f2 None None] keystone_authtoken.memcache_sasl_enabled = False {{(pid=60838) log_opt_values /opt/stack/data/venv/lib/python3.12/site-packages/oslo_config/cfg.py:3253}}
Jul 05 19:27:12 devstack devstack@n-api.service[60837]: DEBUG nova.api.openstack.wsgi_app [None req-5983f70e-73eb-49bc-9804-5223cdb3b483 None None] keystone_authtoken.project_domain_name = Default {{(pid=60837) log_opt_values /opt/stack/data/venv/lib/python3.12/site-packages/oslo_config/cfg.py:3253}}
Jul 05 19:27:12 devstack devstack@n-api.service[60838]: DEBUG nova.api.openstack.wsgi_app [None req-86e6174e-c9b7-475e-8ffd-4e1e29b9c7f2 None None] keystone_authtoken.memcache_secret_key = **** {{(pid=60838) log_opt_values /opt/stack/data/venv/lib/python3.12/site-packages/oslo_config/cfg.py:3253}}
Jul 05 19:27:12 devstack devstack@n-api.service[60837]: DEBUG nova.api.openstack.wsgi_app [None req-5983f70e-73eb-49bc-9804-5223cdb3b483 None None] keystone_authtoken.project_id = None {{(pid=60837) log_opt_values /opt/stack/data/venv/lib/python3.12/site-packages/oslo_config/cfg.py:3253}}
Jul 05 19:27:12 devstack devstack@n-api.service[60838]: DEBUG nova.api.openstack.wsgi_app [None req-86e6174e-c9b7-475e-8ffd-4e1e29b9c7f2 None None] keystone_authtoken.memcache_security_strategy = None {{(pid=60838) log_opt_values /opt/stack/data/venv/lib/python3.12/site-packages/oslo_config/cfg.py:3253}}
Jul 05 19:27:12 devstack devstack@n-api.service[60837]: DEBUG nova.api.openstack.wsgi_app [None req-5983f70e-73eb-49bc-9804-5223cdb3b483 None None] keystone_authtoken.project_name = service {{(pid=60837) log_opt_values /opt/stack/data/venv/lib/python3.12/site-packages/oslo_config/cfg.py:3253}}
Jul 05 19:27:12 devstack devstack@n-api.service[60838]: DEBUG nova.api.openstack.wsgi_app [None req-86e6174e-c9b7-475e-8ffd-4e1e29b9c7f2 None None] keystone_authtoken.memcache_tls_allowed_ciphers = None {{(pid=60838) log_opt_values /opt/stack/data/venv/lib/python3.12/site-packages/oslo_config/cfg.py:3253}}
Jul 05 19:27:12 devstack devstack@n-api.service[60837]: DEBUG nova.api.openstack.wsgi_app [None req-5983f70e-73eb-49bc-9804-5223cdb3b483 None None] keystone_authtoken.region_name = None {{(pid=60837) log_opt_values /opt/stack/data/venv/lib/python3.12/site-packages/oslo_config/cfg.py:3253}}
Jul 05 19:27:12 devstack devstack@n-api.service[60838]: DEBUG nova.api.openstack.wsgi_app [None req-86e6174e-c9b7-475e-8ffd-4e1e29b9c7f2 None None] keystone_authtoken.memcache_tls_cafile = None {{(pid=60838) log_opt_values /opt/stack/data/venv/lib/python3.12/site-packages/oslo_config/cfg.py:3253}}
Jul 05 19:27:12 devstack devstack@n-api.service[60837]: DEBUG nova.api.openstack.wsgi_app [None req-5983f70e-73eb-49bc-9804-5223cdb3b483 None None] keystone_authtoken.service_token_roles = ['service'] {{(pid=60837) log_opt_values /opt/stack/data/venv/lib/python3.12/site-packages/oslo_config/cfg.py:3253}}
Jul 05 19:27:12 devstack devstack@n-api.service[60838]: DEBUG nova.api.openstack.wsgi_app [None req-86e6174e-c9b7-475e-8ffd-4e1e29b9c7f2 None None] keystone_authtoken.memcache_tls_certfile = None {{(pid=60838) log_opt_values /opt/stack/data/venv/lib/python3.12/site-packages/oslo_config/cfg.py:3253}}
Jul 05 19:27:12 devstack devstack@n-api.service[60837]: DEBUG nova.api.openstack.wsgi_app [None req-5983f70e-73eb-49bc-9804-5223cdb3b483 None None] keystone_authtoken.service_token_roles_required = True {{(pid=60837) log_opt_values /opt/stack/data/venv/lib/python3.12/site-packages/oslo_config/cfg.py:3253}}
Jul 05 19:27:12 devstack devstack@n-api.service[60838]: DEBUG nova.api.openstack.wsgi_app [None req-86e6174e-c9b7-475e-8ffd-4e1e29b9c7f2 None None] keystone_authtoken.memcache_tls_enabled = False {{(pid=60838) log_opt_values /opt/stack/data/venv/lib/python3.12/site-packages/oslo_config/cfg.py:3253}}
Jul 05 19:27:12 devstack devstack@n-api.service[60837]: DEBUG nova.api.openstack.wsgi_app [None req-5983f70e-73eb-49bc-9804-5223cdb3b483 None None] keystone_authtoken.service_type = None {{(pid=60837) log_opt_values /opt/stack/data/venv/lib/python3.12/site-packages/oslo_config/cfg.py:3253}}
Jul 05 19:27:12 devstack devstack@n-api.service[60838]: DEBUG nova.api.openstack.wsgi_app [None req-86e6174e-c9b7-475e-8ffd-4e1e29b9c7f2 None None] keystone_authtoken.memcache_tls_keyfile = None {{(pid=60838) log_opt_values /opt/stack/data/venv/lib/python3.12/site-packages/oslo_config/cfg.py:3253}}
Jul 05 19:27:12 devstack devstack@n-api.service[60837]: DEBUG nova.api.openstack.wsgi_app [None req-5983f70e-73eb-49bc-9804-5223cdb3b483 None None] keystone_authtoken.system_scope = None {{(pid=60837) log_opt_values /opt/stack/data/venv/lib/python3.12/site-packages/oslo_config/cfg.py:3253}}
Jul 05 19:27:12 devstack devstack@n-api.service[60838]: DEBUG nova.api.openstack.wsgi_app [None req-86e6174e-c9b7-475e-8ffd-4e1e29b9c7f2 None None] keystone_authtoken.memcache_use_advanced_pool = True {{(pid=60838) log_opt_values /opt/stack/data/venv/lib/python3.12/site-packages/oslo_config/cfg.py:3253}}
Jul 05 19:27:12 devstack devstack@n-api.service[60837]: DEBUG nova.api.openstack.wsgi_app [None req-5983f70e-73eb-49bc-9804-5223cdb3b483 None None] keystone_authtoken.token_cache_time = 300 {{(pid=60837) log_opt_values /opt/stack/data/venv/lib/python3.12/site-packages/oslo_config/cfg.py:3253}}
Jul 05 19:27:12 devstack devstack@n-api.service[60838]: DEBUG nova.api.openstack.wsgi_app [None req-86e6174e-c9b7-475e-8ffd-4e1e29b9c7f2 None None] keystone_authtoken.memcache_username = {{(pid=60838) log_opt_values /opt/stack/data/venv/lib/python3.12/site-packages/oslo_config/cfg.py:3253}}
Jul 05 19:27:12 devstack devstack@n-api.service[60837]: DEBUG nova.api.openstack.wsgi_app [None req-5983f70e-73eb-49bc-9804-5223cdb3b483 None None] keystone_authtoken.trust_id = None {{(pid=60837) log_opt_values /opt/stack/data/venv/lib/python3.12/site-packages/oslo_config/cfg.py:3253}}
Jul 05 19:27:12 devstack devstack@n-api.service[60837]: DEBUG nova.api.openstack.wsgi_app [None req-5983f70e-73eb-49bc-9804-5223cdb3b483 None None] keystone_authtoken.user_domain_id = None {{(pid=60837) log_opt_values /opt/stack/data/venv/lib/python3.12/site-packages/oslo_config/cfg.py:3253}}
Jul 05 19:27:12 devstack devstack@n-api.service[60838]: DEBUG nova.api.openstack.wsgi_app [None req-86e6174e-c9b7-475e-8ffd-4e1e29b9c7f2 None None] keystone_authtoken.memcached_servers = ['localhost:11211'] {{(pid=60838) log_opt_values /opt/stack/data/venv/lib/python3.12/site-packages/oslo_config/cfg.py:3253}}
Jul 05 19:27:12 devstack devstack@n-api.service[60837]: DEBUG nova.api.openstack.wsgi_app [None req-5983f70e-73eb-49bc-9804-5223cdb3b483 None None] keystone_authtoken.user_domain_name = Default {{(pid=60837) log_opt_values /opt/stack/data/venv/lib/python3.12/site-packages/oslo_config/cfg.py:3253}}
Jul 05 19:27:12 devstack devstack@n-api.service[60838]: DEBUG nova.api.openstack.wsgi_app [None req-86e6174e-c9b7-475e-8ffd-4e1e29b9c7f2 None None] keystone_authtoken.password = **** {{(pid=60838) log_opt_values /opt/stack/data/venv/lib/python3.12/site-packages/oslo_config/cfg.py:3253}}
Jul 05 19:27:12 devstack devstack@n-api.service[60837]: DEBUG nova.api.openstack.wsgi_app [None req-5983f70e-73eb-49bc-9804-5223cdb3b483 None None] keystone_authtoken.user_id = None {{(pid=60837) log_opt_values /opt/stack/data/venv/lib/python3.12/site-packages/oslo_config/cfg.py:3253}}
Jul 05 19:27:12 devstack devstack@n-api.service[60838]: DEBUG nova.api.openstack.wsgi_app [None req-86e6174e-c9b7-475e-8ffd-4e1e29b9c7f2 None None] keystone_authtoken.project_domain_id = None {{(pid=60838) log_opt_values /opt/stack/data/venv/lib/python3.12/site-packages/oslo_config/cfg.py:3253}}
Jul 05 19:27:12 devstack devstack@n-api.service[60837]: DEBUG nova.api.openstack.wsgi_app [None req-5983f70e-73eb-49bc-9804-5223cdb3b483 None None] keystone_authtoken.username = nova {{(pid=60837) log_opt_values /opt/stack/data/venv/lib/python3.12/site-packages/oslo_config/cfg.py:3253}}
Jul 05 19:27:12 devstack devstack@n-api.service[60838]: DEBUG nova.api.openstack.wsgi_app [None req-86e6174e-c9b7-475e-8ffd-4e1e29b9c7f2 None None] keystone_authtoken.project_domain_name = Default {{(pid=60838) log_opt_values /opt/stack/data/venv/lib/python3.12/site-packages/oslo_config/cfg.py:3253}}
Jul 05 19:27:12 devstack devstack@n-api.service[60837]: DEBUG nova.api.openstack.wsgi_app [None req-5983f70e-73eb-49bc-9804-5223cdb3b483 None None] keystone_authtoken.www_authenticate_uri = http://192.168.122.152/identity {{(pid=60837) log_opt_values /opt/stack/data/venv/lib/python3.12/site-packages/oslo_config/cfg.py:3253}}
Jul 05 19:27:12 devstack devstack@n-api.service[60838]: DEBUG nova.api.openstack.wsgi_app [None req-86e6174e-c9b7-475e-8ffd-4e1e29b9c7f2 None None] keystone_authtoken.project_id = None {{(pid=60838) log_opt_values /opt/stack/data/venv/lib/python3.12/site-packages/oslo_config/cfg.py:3253}}
Jul 05 19:27:12 devstack devstack@n-api.service[60837]: DEBUG nova.api.openstack.wsgi_app [None req-5983f70e-73eb-49bc-9804-5223cdb3b483 None None] ******************************************************************************** {{(pid=60837) log_opt_values /opt/stack/data/venv/lib/python3.12/site-packages/oslo_config/cfg.py:3260}}
Jul 05 19:27:12 devstack devstack@n-api.service[60838]: DEBUG nova.api.openstack.wsgi_app [None req-86e6174e-c9b7-475e-8ffd-4e1e29b9c7f2 None None] keystone_authtoken.project_name = service {{(pid=60838) log_opt_values /opt/stack/data/venv/lib/python3.12/site-packages/oslo_config/cfg.py:3253}}
Jul 05 19:27:12 devstack devstack@n-api.service[60837]: WSGI app 0 (mountpoint='') ready in 6 seconds on interpreter 0x7a3165ea3668 pid: 60837 (default app)
Jul 05 19:27:12 devstack devstack@n-api.service[60838]: DEBUG nova.api.openstack.wsgi_app [None req-86e6174e-c9b7-475e-8ffd-4e1e29b9c7f2 None None] keystone_authtoken.region_name = None {{(pid=60838) log_opt_values /opt/stack/data/venv/lib/python3.12/site-packages/oslo_config/cfg.py:3253}}
Jul 05 19:27:12 devstack devstack@n-api.service[60838]: DEBUG nova.api.openstack.wsgi_app [None req-86e6174e-c9b7-475e-8ffd-4e1e29b9c7f2 None None] keystone_authtoken.service_token_roles = ['service'] {{(pid=60838) log_opt_values /opt/stack/data/venv/lib/python3.12/site-packages/oslo_config/cfg.py:3253}}
Jul 05 19:27:12 devstack devstack@n-api.service[60838]: DEBUG nova.api.openstack.wsgi_app [None req-86e6174e-c9b7-475e-8ffd-4e1e29b9c7f2 None None] keystone_authtoken.service_token_roles_required = True {{(pid=60838) log_opt_values /opt/stack/data/venv/lib/python3.12/site-packages/oslo_config/cfg.py:3253}}
Jul 05 19:27:12 devstack devstack@n-api.service[60838]: DEBUG nova.api.openstack.wsgi_app [None req-86e6174e-c9b7-475e-8ffd-4e1e29b9c7f2 None None] keystone_authtoken.service_type = None {{(pid=60838) log_opt_values /opt/stack/data/venv/lib/python3.12/site-packages/oslo_config/cfg.py:3253}}
Jul 05 19:27:12 devstack devstack@n-api.service[60837]: DEBUG nova.api.openstack.wsgi [None req-5983f70e-73eb-49bc-9804-5223cdb3b483 None None] Calling method '>' {{(pid=60837) _process_stack /opt/stack/nova/nova/api/openstack/wsgi.py:551}}
Jul 05 19:27:12 devstack devstack@n-api.service[60838]: DEBUG nova.api.openstack.wsgi_app [None req-86e6174e-c9b7-475e-8ffd-4e1e29b9c7f2 None None] keystone_authtoken.system_scope = None {{(pid=60838) log_opt_values /opt/stack/data/venv/lib/python3.12/site-packages/oslo_config/cfg.py:3253}}
Jul 05 19:27:12 devstack devstack@n-api.service[60838]: DEBUG nova.api.openstack.wsgi_app [None req-86e6174e-c9b7-475e-8ffd-4e1e29b9c7f2 None None] keystone_authtoken.token_cache_time = 300 {{(pid=60838) log_opt_values /opt/stack/data/venv/lib/python3.12/site-packages/oslo_config/cfg.py:3253}}
Jul 05 19:27:12 devstack devstack@n-api.service[60838]: DEBUG nova.api.openstack.wsgi_app [None req-86e6174e-c9b7-475e-8ffd-4e1e29b9c7f2 None None] keystone_authtoken.trust_id = None {{(pid=60838) log_opt_values /opt/stack/data/venv/lib/python3.12/site-packages/oslo_config/cfg.py:3253}}
Jul 05 19:27:12 devstack devstack@n-api.service[60838]: DEBUG nova.api.openstack.wsgi_app [None req-86e6174e-c9b7-475e-8ffd-4e1e29b9c7f2 None None] keystone_authtoken.user_domain_id = None {{(pid=60838) log_opt_values /opt/stack/data/venv/lib/python3.12/site-packages/oslo_config/cfg.py:3253}}
Jul 05 19:27:12 devstack devstack@n-api.service[60838]: DEBUG nova.api.openstack.wsgi_app [None req-86e6174e-c9b7-475e-8ffd-4e1e29b9c7f2 None None] keystone_authtoken.user_domain_name = Default {{(pid=60838) log_opt_values /opt/stack/data/venv/lib/python3.12/site-packages/oslo_config/cfg.py:3253}}
Jul 05 19:27:12 devstack devstack@n-api.service[60838]: DEBUG nova.api.openstack.wsgi_app [None req-86e6174e-c9b7-475e-8ffd-4e1e29b9c7f2 None None] keystone_authtoken.user_id = None {{(pid=60838) log_opt_values /opt/stack/data/venv/lib/python3.12/site-packages/oslo_config/cfg.py:3253}}
Jul 05 19:27:12 devstack devstack@n-api.service[60838]: DEBUG nova.api.openstack.wsgi_app [None req-86e6174e-c9b7-475e-8ffd-4e1e29b9c7f2 None None] keystone_authtoken.username = nova {{(pid=60838) log_opt_values /opt/stack/data/venv/lib/python3.12/site-packages/oslo_config/cfg.py:3253}}
Jul 05 19:27:12 devstack devstack@n-api.service[60838]: DEBUG nova.api.openstack.wsgi_app [None req-86e6174e-c9b7-475e-8ffd-4e1e29b9c7f2 None None] keystone_authtoken.www_authenticate_uri = http://192.168.122.152/identity {{(pid=60838) log_opt_values /opt/stack/data/venv/lib/python3.12/site-packages/oslo_config/cfg.py:3253}}
Jul 05 19:27:12 devstack devstack@n-api.service[60838]: DEBUG nova.api.openstack.wsgi_app [None req-86e6174e-c9b7-475e-8ffd-4e1e29b9c7f2 None None] ******************************************************************************** {{(pid=60838) log_opt_values /opt/stack/data/venv/lib/python3.12/site-packages/oslo_config/cfg.py:3260}}
Jul 05 19:27:12 devstack devstack@n-api.service[60838]: WSGI app 0 (mountpoint='') ready in 6 seconds on interpreter 0x7a3165ea3668 pid: 60838 (default app)
Jul 05 19:27:12 devstack devstack@n-api.service[60837]: INFO nova.api.openstack.requestlog [None req-5983f70e-73eb-49bc-9804-5223cdb3b483 None None] 192.168.122.152 "GET /compute/v2.1/" status: 200 len: 393 microversion: 2.1 time: 0.005629
Jul 05 19:27:12 devstack devstack@n-api.service[60837]: [pid: 60837|app: 0|req: 1/1] 192.168.122.152 () {50 vars in 791 bytes} [Sun Jul 5 19:27:12 2026] GET /compute/v2.1/ => generated 393 bytes in 7 msecs (HTTP/1.1 200) 9 headers in 357 bytes (1 switches on core 0)
Jul 05 19:27:19 devstack devstack@n-api.service[60837]: DEBUG dbcounter [-] [60837] Writing DB stats nova_api:SELECT=1 {{(pid=60837) stat_writer /opt/stack/data/venv/lib/python3.12/site-packages/dbcounter.py:115}}
Jul 05 19:27:19 devstack devstack@n-api.service[60838]: DEBUG dbcounter [-] [60838] Writing DB stats nova_api:SELECT=1 {{(pid=60838) stat_writer /opt/stack/data/venv/lib/python3.12/site-packages/dbcounter.py:115}}
Jul 05 19:27:20 devstack devstack@n-api.service[60837]: DEBUG dbcounter [-] [60837] Writing DB stats nova_cell1:SELECT=1 {{(pid=60837) stat_writer /opt/stack/data/venv/lib/python3.12/site-packages/dbcounter.py:115}}
Jul 05 19:27:20 devstack devstack@n-api.service[60837]: DEBUG dbcounter [-] [60837] Writing DB stats nova_cell0:SELECT=1 {{(pid=60837) stat_writer /opt/stack/data/venv/lib/python3.12/site-packages/dbcounter.py:115}}
Jul 05 19:27:20 devstack devstack@n-api.service[60838]: DEBUG dbcounter [-] [60838] Writing DB stats nova_cell0:SELECT=1 {{(pid=60838) stat_writer /opt/stack/data/venv/lib/python3.12/site-packages/dbcounter.py:115}}
Jul 05 19:27:20 devstack devstack@n-api.service[60838]: DEBUG dbcounter [-] [60838] Writing DB stats nova_cell1:SELECT=1 {{(pid=60838) stat_writer /opt/stack/data/venv/lib/python3.12/site-packages/dbcounter.py:115}}
Jul 05 19:27:20 devstack devstack@n-api.service[60837]: DEBUG dbcounter [-] [60837] Writing DB stats nova_cell0:SELECT=2,nova_cell0:INSERT=1 {{(pid=60837) stat_writer /opt/stack/data/venv/lib/python3.12/site-packages/dbcounter.py:115}}
Jul 05 19:27:20 devstack devstack@n-api.service[60838]: DEBUG dbcounter [-] [60838] Writing DB stats nova_cell0:SELECT=1 {{(pid=60838) stat_writer /opt/stack/data/venv/lib/python3.12/site-packages/dbcounter.py:115}}
Jul 05 19:29:39 devstack devstack@n-api.service[60838]: DEBUG nova.api.openstack.wsgi [None req-86e6174e-c9b7-475e-8ffd-4e1e29b9c7f2 None None] Calling method '>' {{(pid=60838) _process_stack /opt/stack/nova/nova/api/openstack/wsgi.py:551}}
Jul 05 19:29:39 devstack devstack@n-api.service[60838]: INFO nova.api.openstack.requestlog [None req-86e6174e-c9b7-475e-8ffd-4e1e29b9c7f2 None None] 192.168.122.152 "GET /compute/v2.1" status: 200 len: 393 microversion: 2.1 time: 0.006527
Jul 05 19:29:39 devstack devstack@n-api.service[60838]: [pid: 60838|app: 0|req: 1/2] 192.168.122.152 () {54 vars in 935 bytes} [Sun Jul 5 19:29:39 2026] GET /compute/v2.1 => generated 393 bytes in 8 msecs (HTTP/1.1 200) 9 headers in 357 bytes (1 switches on core 0)
Jul 05 19:29:39 devstack devstack@n-api.service[60837]: DEBUG nova.api.openstack.wsgi [None req-88f0855c-f341-4162-aa60-558aff78b517 admin admin] Calling method '>' {{(pid=60837) _process_stack /opt/stack/nova/nova/api/openstack/wsgi.py:551}}
Jul 05 19:29:39 devstack devstack@n-api.service[60837]: INFO nova.api.openstack.requestlog [None req-88f0855c-f341-4162-aa60-558aff78b517 admin admin] 192.168.122.152 "GET /compute/v2.1/flavors/detail?is_public=True" status: 200 len: 15 microversion: 2.61 time: 0.677745
Jul 05 19:29:39 devstack devstack@n-api.service[60837]: [pid: 60837|app: 0|req: 2/3] 192.168.122.152 () {60 vars in 1296 bytes} [Sun Jul 5 19:29:39 2026] GET /compute/v2.1/flavors/detail?is_public=True => generated 15 bytes in 679 msecs (HTTP/1.1 200) 9 headers in 358 bytes (1 switches on core 0)
Jul 05 19:29:43 devstack devstack@n-api.service[60838]: DEBUG nova.api.openstack.wsgi [None req-86e6174e-c9b7-475e-8ffd-4e1e29b9c7f2 None None] Calling method '>' {{(pid=60838) _process_stack /opt/stack/nova/nova/api/openstack/wsgi.py:551}}
Jul 05 19:29:43 devstack devstack@n-api.service[60838]: INFO nova.api.openstack.requestlog [None req-86e6174e-c9b7-475e-8ffd-4e1e29b9c7f2 None None] 192.168.122.152 "GET /compute/v2.1" status: 200 len: 393 microversion: 2.1 time: 0.009223
Jul 05 19:29:43 devstack devstack@n-api.service[60838]: [pid: 60838|app: 0|req: 2/4] 192.168.122.152 () {54 vars in 935 bytes} [Sun Jul 5 19:29:43 2026] GET /compute/v2.1 => generated 393 bytes in 11 msecs (HTTP/1.1 200) 9 headers in 357 bytes (1 switches on core 0)
Jul 05 19:29:43 devstack devstack@n-api.service[60837]: DEBUG nova.api.openstack.wsgi [None req-db529128-523b-48ea-9da1-32408ca08740 admin admin] Action: 'create', calling method: >, body: {"flavor": {"disk": 1, "ram": 256, "OS-FLV-EXT-DATA:ephemeral": 0, "name": "cirros256", "vcpus": 1, "os-flavor-access:is_public": true, "swap": 0, "id": "c1"}} {{(pid=60837) _process_stack /opt/stack/nova/nova/api/openstack/wsgi.py:549}}
Jul 05 19:29:43 devstack devstack@n-api.service[60837]: INFO nova.api.openstack.requestlog [None req-db529128-523b-48ea-9da1-32408ca08740 admin admin] 192.168.122.152 "POST /compute/v2.1/flavors" status: 200 len: 415 microversion: 2.61 time: 0.118008
Jul 05 19:29:43 devstack devstack@n-api.service[60837]: [pid: 60837|app: 0|req: 3/5] 192.168.122.152 () {64 vars in 1287 bytes} [Sun Jul 5 19:29:43 2026] POST /compute/v2.1/flavors => generated 415 bytes in 119 msecs (HTTP/1.1 200) 9 headers in 359 bytes (1 switches on core 0)
Jul 05 19:29:43 devstack devstack@n-api.service[60838]: DEBUG nova.api.openstack.wsgi [None req-0595da02-dd62-4251-847e-99224a2dc997 admin admin] Action: 'create', calling method: >, body: {"extra_specs": {"hw_rng:allowed": "True"}} {{(pid=60838) _process_stack /opt/stack/nova/nova/api/openstack/wsgi.py:549}}
Jul 05 19:29:43 devstack devstack@n-api.service[60838]: INFO nova.api.openstack.requestlog [None req-0595da02-dd62-4251-847e-99224a2dc997 admin admin] 192.168.122.152 "POST /compute/v2.1/flavors/c1/os-extra_specs" status: 200 len: 43 microversion: 2.61 time: 0.412613
Jul 05 19:29:43 devstack devstack@n-api.service[60838]: [pid: 60838|app: 0|req: 3/6] 192.168.122.152 () {64 vars in 1340 bytes} [Sun Jul 5 19:29:43 2026] POST /compute/v2.1/flavors/c1/os-extra_specs => generated 43 bytes in 414 msecs (HTTP/1.1 200) 9 headers in 358 bytes (1 switches on core 0)
Jul 05 19:29:47 devstack devstack@n-api.service[60837]: DEBUG nova.api.openstack.wsgi [None req-db529128-523b-48ea-9da1-32408ca08740 admin admin] Calling method '>' {{(pid=60837) _process_stack /opt/stack/nova/nova/api/openstack/wsgi.py:551}}
Jul 05 19:29:47 devstack devstack@n-api.service[60837]: INFO nova.api.openstack.requestlog [None req-db529128-523b-48ea-9da1-32408ca08740 admin admin] 192.168.122.152 "GET /compute/v2.1" status: 200 len: 393 microversion: 2.1 time: 0.014052
Jul 05 19:29:47 devstack devstack@n-api.service[60837]: [pid: 60837|app: 0|req: 4/7] 192.168.122.152 () {54 vars in 935 bytes} [Sun Jul 5 19:29:47 2026] GET /compute/v2.1 => generated 393 bytes in 15 msecs (HTTP/1.1 200) 9 headers in 357 bytes (1 switches on core 0)
Jul 05 19:29:47 devstack devstack@n-api.service[60838]: DEBUG nova.api.openstack.wsgi [None req-b40c5d3f-aa8a-45c2-bf81-ce59192cd8f0 admin admin] Action: 'create', calling method: >, body: {"flavor": {"disk": 5, "os-flavor-access:is_public": true, "name": "ds512M", "id": "d1", "swap": 0, "OS-FLV-EXT-DATA:ephemeral": 0, "ram": 512, "vcpus": 1}} {{(pid=60838) _process_stack /opt/stack/nova/nova/api/openstack/wsgi.py:549}}
Jul 05 19:29:47 devstack devstack@n-api.service[60838]: INFO nova.api.openstack.requestlog [None req-b40c5d3f-aa8a-45c2-bf81-ce59192cd8f0 admin admin] 192.168.122.152 "POST /compute/v2.1/flavors" status: 200 len: 412 microversion: 2.61 time: 0.243725
Jul 05 19:29:47 devstack devstack@n-api.service[60838]: [pid: 60838|app: 0|req: 4/8] 192.168.122.152 () {64 vars in 1287 bytes} [Sun Jul 5 19:29:47 2026] POST /compute/v2.1/flavors => generated 412 bytes in 246 msecs (HTTP/1.1 200) 9 headers in 359 bytes (1 switches on core 0)
Jul 05 19:29:47 devstack devstack@n-api.service[60837]: DEBUG nova.api.openstack.wsgi [None req-4c5d5f19-2505-4687-98b0-a812eae81e71 admin admin] Action: 'create', calling method: >, body: {"extra_specs": {"hw_rng:allowed": "True"}} {{(pid=60837) _process_stack /opt/stack/nova/nova/api/openstack/wsgi.py:549}}
Jul 05 19:29:47 devstack devstack@n-api.service[60837]: INFO nova.api.openstack.requestlog [None req-4c5d5f19-2505-4687-98b0-a812eae81e71 admin admin] 192.168.122.152 "POST /compute/v2.1/flavors/d1/os-extra_specs" status: 200 len: 43 microversion: 2.61 time: 0.053639
Jul 05 19:29:47 devstack devstack@n-api.service[60837]: [pid: 60837|app: 0|req: 5/9] 192.168.122.152 () {64 vars in 1340 bytes} [Sun Jul 5 19:29:47 2026] POST /compute/v2.1/flavors/d1/os-extra_specs => generated 43 bytes in 55 msecs (HTTP/1.1 200) 9 headers in 358 bytes (1 switches on core 0)
Jul 05 19:29:51 devstack devstack@n-api.service[60838]: DEBUG nova.api.openstack.wsgi [None req-b40c5d3f-aa8a-45c2-bf81-ce59192cd8f0 admin admin] Calling method '>' {{(pid=60838) _process_stack /opt/stack/nova/nova/api/openstack/wsgi.py:551}}
Jul 05 19:29:51 devstack devstack@n-api.service[60838]: INFO nova.api.openstack.requestlog [None req-b40c5d3f-aa8a-45c2-bf81-ce59192cd8f0 admin admin] 192.168.122.152 "GET /compute/v2.1" status: 200 len: 393 microversion: 2.1 time: 0.013194
Jul 05 19:29:51 devstack devstack@n-api.service[60838]: [pid: 60838|app: 0|req: 5/10] 192.168.122.152 () {54 vars in 935 bytes} [Sun Jul 5 19:29:51 2026] GET /compute/v2.1 => generated 393 bytes in 18 msecs (HTTP/1.1 200) 9 headers in 357 bytes (1 switches on core 0)
Jul 05 19:29:51 devstack devstack@n-api.service[60837]: DEBUG nova.api.openstack.wsgi [None req-7ae6834c-394f-430d-bb86-045c7151e051 admin admin] Action: 'create', calling method: >, body: {"flavor": {"name": "ds1G", "OS-FLV-EXT-DATA:ephemeral": 0, "id": "d2", "swap": 0, "os-flavor-access:is_public": true, "disk": 10, "ram": 1024, "vcpus": 1}} {{(pid=60837) _process_stack /opt/stack/nova/nova/api/openstack/wsgi.py:549}}
Jul 05 19:29:51 devstack devstack@n-api.service[60837]: INFO nova.api.openstack.requestlog [None req-7ae6834c-394f-430d-bb86-045c7151e051 admin admin] 192.168.122.152 "POST /compute/v2.1/flavors" status: 200 len: 412 microversion: 2.61 time: 0.097056
Jul 05 19:29:51 devstack devstack@n-api.service[60837]: [pid: 60837|app: 0|req: 6/11] 192.168.122.152 () {64 vars in 1287 bytes} [Sun Jul 5 19:29:51 2026] POST /compute/v2.1/flavors => generated 412 bytes in 99 msecs (HTTP/1.1 200) 9 headers in 359 bytes (1 switches on core 0)
Jul 05 19:29:51 devstack devstack@n-api.service[60838]: DEBUG nova.api.openstack.wsgi [None req-e60be823-7943-4995-8a86-eb2e03bc2c87 admin admin] Action: 'create', calling method: >, body: {"extra_specs": {"hw_rng:allowed": "True"}} {{(pid=60838) _process_stack /opt/stack/nova/nova/api/openstack/wsgi.py:549}}
Jul 05 19:29:51 devstack devstack@n-api.service[60838]: INFO nova.api.openstack.requestlog [None req-e60be823-7943-4995-8a86-eb2e03bc2c87 admin admin] 192.168.122.152 "POST /compute/v2.1/flavors/d2/os-extra_specs" status: 200 len: 43 microversion: 2.61 time: 0.036967
Jul 05 19:29:51 devstack devstack@n-api.service[60838]: [pid: 60838|app: 0|req: 6/12] 192.168.122.152 () {64 vars in 1340 bytes} [Sun Jul 5 19:29:51 2026] POST /compute/v2.1/flavors/d2/os-extra_specs => generated 43 bytes in 38 msecs (HTTP/1.1 200) 9 headers in 358 bytes (2 switches on core 0)
Jul 05 19:29:54 devstack devstack@n-api.service[60837]: DEBUG nova.api.openstack.wsgi [None req-7ae6834c-394f-430d-bb86-045c7151e051 admin admin] Calling method '>' {{(pid=60837) _process_stack /opt/stack/nova/nova/api/openstack/wsgi.py:551}}
Jul 05 19:29:54 devstack devstack@n-api.service[60837]: INFO nova.api.openstack.requestlog [None req-7ae6834c-394f-430d-bb86-045c7151e051 admin admin] 192.168.122.152 "GET /compute/v2.1" status: 200 len: 393 microversion: 2.1 time: 0.005022
Jul 05 19:29:54 devstack devstack@n-api.service[60837]: [pid: 60837|app: 0|req: 7/13] 192.168.122.152 () {54 vars in 935 bytes} [Sun Jul 5 19:29:54 2026] GET /compute/v2.1 => generated 393 bytes in 6 msecs (HTTP/1.1 200) 9 headers in 357 bytes (1 switches on core 0)
Jul 05 19:29:54 devstack devstack@n-api.service[60838]: DEBUG nova.api.openstack.wsgi [None req-70dd7b9e-475d-4ee3-945b-a09083a6197c admin admin] Action: 'create', calling method: >, body: {"flavor": {"disk": 10, "vcpus": 2, "ram": 2048, "OS-FLV-EXT-DATA:ephemeral": 0, "swap": 0, "name": "ds2G", "os-flavor-access:is_public": true, "id": "d3"}} {{(pid=60838) _process_stack /opt/stack/nova/nova/api/openstack/wsgi.py:549}}
Jul 05 19:29:55 devstack devstack@n-api.service[60838]: INFO nova.api.openstack.requestlog [None req-70dd7b9e-475d-4ee3-945b-a09083a6197c admin admin] 192.168.122.152 "POST /compute/v2.1/flavors" status: 200 len: 412 microversion: 2.61 time: 0.114866
Jul 05 19:29:55 devstack devstack@n-api.service[60838]: [pid: 60838|app: 0|req: 7/14] 192.168.122.152 () {64 vars in 1287 bytes} [Sun Jul 5 19:29:54 2026] POST /compute/v2.1/flavors => generated 412 bytes in 116 msecs (HTTP/1.1 200) 9 headers in 359 bytes (1 switches on core 0)
Jul 05 19:29:55 devstack devstack@n-api.service[60837]: DEBUG nova.api.openstack.wsgi [None req-b9343259-8fd1-4a45-8e5d-50bb528277a0 admin admin] Action: 'create', calling method: >, body: {"extra_specs": {"hw_rng:allowed": "True"}} {{(pid=60837) _process_stack /opt/stack/nova/nova/api/openstack/wsgi.py:549}}
Jul 05 19:29:55 devstack devstack@n-api.service[60837]: INFO nova.api.openstack.requestlog [None req-b9343259-8fd1-4a45-8e5d-50bb528277a0 admin admin] 192.168.122.152 "POST /compute/v2.1/flavors/d3/os-extra_specs" status: 200 len: 43 microversion: 2.61 time: 0.049177
Jul 05 19:29:55 devstack devstack@n-api.service[60837]: [pid: 60837|app: 0|req: 8/15] 192.168.122.152 () {64 vars in 1340 bytes} [Sun Jul 5 19:29:55 2026] POST /compute/v2.1/flavors/d3/os-extra_specs => generated 43 bytes in 51 msecs (HTTP/1.1 200) 9 headers in 358 bytes (1 switches on core 0)
Jul 05 19:29:58 devstack devstack@n-api.service[60838]: DEBUG nova.api.openstack.wsgi [None req-70dd7b9e-475d-4ee3-945b-a09083a6197c admin admin] Calling method '>' {{(pid=60838) _process_stack /opt/stack/nova/nova/api/openstack/wsgi.py:551}}
Jul 05 19:29:58 devstack devstack@n-api.service[60838]: INFO nova.api.openstack.requestlog [None req-70dd7b9e-475d-4ee3-945b-a09083a6197c admin admin] 192.168.122.152 "GET /compute/v2.1" status: 200 len: 393 microversion: 2.1 time: 0.008033
Jul 05 19:29:58 devstack devstack@n-api.service[60838]: [pid: 60838|app: 0|req: 8/16] 192.168.122.152 () {54 vars in 935 bytes} [Sun Jul 5 19:29:58 2026] GET /compute/v2.1 => generated 393 bytes in 12 msecs (HTTP/1.1 200) 9 headers in 357 bytes (1 switches on core 0)
Jul 05 19:29:58 devstack devstack@n-api.service[60837]: DEBUG nova.api.openstack.wsgi [None req-61fe5377-74a8-41f7-a31e-eb50257e1c97 admin admin] Action: 'create', calling method: >, body: {"flavor": {"swap": 0, "name": "ds4G", "ram": 4096, "vcpus": 4, "id": "d4", "OS-FLV-EXT-DATA:ephemeral": 0, "os-flavor-access:is_public": true, "disk": 20}} {{(pid=60837) _process_stack /opt/stack/nova/nova/api/openstack/wsgi.py:549}}
Jul 05 19:29:58 devstack devstack@n-api.service[60837]: INFO nova.api.openstack.requestlog [None req-61fe5377-74a8-41f7-a31e-eb50257e1c97 admin admin] 192.168.122.152 "POST /compute/v2.1/flavors" status: 200 len: 412 microversion: 2.61 time: 0.094798
Jul 05 19:29:58 devstack devstack@n-api.service[60837]: [pid: 60837|app: 0|req: 9/17] 192.168.122.152 () {64 vars in 1287 bytes} [Sun Jul 5 19:29:58 2026] POST /compute/v2.1/flavors => generated 412 bytes in 96 msecs (HTTP/1.1 200) 9 headers in 359 bytes (1 switches on core 0)
Jul 05 19:29:58 devstack devstack@n-api.service[60838]: DEBUG nova.api.openstack.wsgi [None req-a8ef9b23-651b-4ebb-b29a-e62aa00ce68a admin admin] Action: 'create', calling method: >, body: {"extra_specs": {"hw_rng:allowed": "True"}} {{(pid=60838) _process_stack /opt/stack/nova/nova/api/openstack/wsgi.py:549}}
Jul 05 19:29:58 devstack devstack@n-api.service[60838]: INFO nova.api.openstack.requestlog [None req-a8ef9b23-651b-4ebb-b29a-e62aa00ce68a admin admin] 192.168.122.152 "POST /compute/v2.1/flavors/d4/os-extra_specs" status: 200 len: 43 microversion: 2.61 time: 0.037525
Jul 05 19:29:58 devstack devstack@n-api.service[60838]: [pid: 60838|app: 0|req: 9/18] 192.168.122.152 () {64 vars in 1340 bytes} [Sun Jul 5 19:29:58 2026] POST /compute/v2.1/flavors/d4/os-extra_specs => generated 43 bytes in 39 msecs (HTTP/1.1 200) 9 headers in 358 bytes (2 switches on core 0)
Jul 05 19:30:02 devstack devstack@n-api.service[60837]: DEBUG nova.api.openstack.wsgi [None req-61fe5377-74a8-41f7-a31e-eb50257e1c97 admin admin] Calling method '>' {{(pid=60837) _process_stack /opt/stack/nova/nova/api/openstack/wsgi.py:551}}
Jul 05 19:30:02 devstack devstack@n-api.service[60837]: INFO nova.api.openstack.requestlog [None req-61fe5377-74a8-41f7-a31e-eb50257e1c97 admin admin] 192.168.122.152 "GET /compute/v2.1" status: 200 len: 393 microversion: 2.1 time: 0.005876
Jul 05 19:30:02 devstack devstack@n-api.service[60837]: [pid: 60837|app: 0|req: 10/19] 192.168.122.152 () {54 vars in 935 bytes} [Sun Jul 5 19:30:02 2026] GET /compute/v2.1 => generated 393 bytes in 7 msecs (HTTP/1.1 200) 9 headers in 357 bytes (1 switches on core 0)
Jul 05 19:30:02 devstack devstack@n-api.service[60838]: DEBUG nova.api.openstack.wsgi [None req-76551d0f-e8b8-4d8b-b8d1-ec7277f0d68a admin admin] Calling method '>' {{(pid=60838) _process_stack /opt/stack/nova/nova/api/openstack/wsgi.py:551}}
Jul 05 19:30:02 devstack devstack@n-api.service[60838]: INFO nova.api.openstack.requestlog [None req-76551d0f-e8b8-4d8b-b8d1-ec7277f0d68a admin admin] 192.168.122.152 "GET /compute/v2.1/flavors/detail?is_public=True" status: 200 len: 2146 microversion: 2.61 time: 0.112562
Jul 05 19:30:02 devstack devstack@n-api.service[60838]: [pid: 60838|app: 0|req: 10/20] 192.168.122.152 () {60 vars in 1296 bytes} [Sun Jul 5 19:30:02 2026] GET /compute/v2.1/flavors/detail?is_public=True => generated 2146 bytes in 114 msecs (HTTP/1.1 200) 9 headers in 360 bytes (2 switches on core 0)
Jul 05 19:30:05 devstack devstack@n-api.service[60837]: DEBUG nova.api.openstack.wsgi [None req-61fe5377-74a8-41f7-a31e-eb50257e1c97 admin admin] Calling method '>' {{(pid=60837) _process_stack /opt/stack/nova/nova/api/openstack/wsgi.py:551}}
Jul 05 19:30:05 devstack devstack@n-api.service[60837]: INFO nova.api.openstack.requestlog [None req-61fe5377-74a8-41f7-a31e-eb50257e1c97 admin admin] 192.168.122.152 "GET /compute/v2.1" status: 200 len: 393 microversion: 2.1 time: 0.006175
Jul 05 19:30:05 devstack devstack@n-api.service[60837]: [pid: 60837|app: 0|req: 11/21] 192.168.122.152 () {54 vars in 935 bytes} [Sun Jul 5 19:30:05 2026] GET /compute/v2.1 => generated 393 bytes in 8 msecs (HTTP/1.1 200) 9 headers in 357 bytes (1 switches on core 0)
Jul 05 19:30:05 devstack devstack@n-api.service[60838]: DEBUG nova.api.openstack.wsgi [None req-e0d887cc-3c7e-4c35-b92a-ae239f1c4f8e admin admin] Action: 'create', calling method: >, body: {"flavor": {"disk": 1, "ram": 512, "OS-FLV-EXT-DATA:ephemeral": 0, "os-flavor-access:is_public": true, "id": "1", "swap": 0, "vcpus": 1, "name": "m1.tiny"}} {{(pid=60838) _process_stack /opt/stack/nova/nova/api/openstack/wsgi.py:549}}
Jul 05 19:30:05 devstack devstack@n-api.service[60838]: INFO nova.api.openstack.requestlog [None req-e0d887cc-3c7e-4c35-b92a-ae239f1c4f8e admin admin] 192.168.122.152 "POST /compute/v2.1/flavors" status: 200 len: 410 microversion: 2.61 time: 0.090732
Jul 05 19:30:05 devstack devstack@n-api.service[60838]: [pid: 60838|app: 0|req: 11/22] 192.168.122.152 () {64 vars in 1287 bytes} [Sun Jul 5 19:30:05 2026] POST /compute/v2.1/flavors => generated 410 bytes in 92 msecs (HTTP/1.1 200) 9 headers in 359 bytes (1 switches on core 0)
Jul 05 19:30:05 devstack devstack@n-api.service[60837]: DEBUG nova.api.openstack.wsgi [None req-7bb3203c-d2cc-48fe-a018-d5dfe5ebd2a2 admin admin] Action: 'create', calling method: >, body: {"extra_specs": {"hw_rng:allowed": "True"}} {{(pid=60837) _process_stack /opt/stack/nova/nova/api/openstack/wsgi.py:549}}
Jul 05 19:30:05 devstack devstack@n-api.service[60837]: INFO nova.api.openstack.requestlog [None req-7bb3203c-d2cc-48fe-a018-d5dfe5ebd2a2 admin admin] 192.168.122.152 "POST /compute/v2.1/flavors/1/os-extra_specs" status: 200 len: 43 microversion: 2.61 time: 0.040725
Jul 05 19:30:05 devstack devstack@n-api.service[60837]: [pid: 60837|app: 0|req: 12/23] 192.168.122.152 () {64 vars in 1337 bytes} [Sun Jul 5 19:30:05 2026] POST /compute/v2.1/flavors/1/os-extra_specs => generated 43 bytes in 42 msecs (HTTP/1.1 200) 9 headers in 358 bytes (1 switches on core 0)
Jul 05 19:30:09 devstack devstack@n-api.service[60838]: DEBUG nova.api.openstack.wsgi [None req-e0d887cc-3c7e-4c35-b92a-ae239f1c4f8e admin admin] Calling method '>' {{(pid=60838) _process_stack /opt/stack/nova/nova/api/openstack/wsgi.py:551}}
Jul 05 19:30:09 devstack devstack@n-api.service[60838]: INFO nova.api.openstack.requestlog [None req-e0d887cc-3c7e-4c35-b92a-ae239f1c4f8e admin admin] 192.168.122.152 "GET /compute/v2.1" status: 200 len: 393 microversion: 2.1 time: 0.004932
Jul 05 19:30:09 devstack devstack@n-api.service[60838]: [pid: 60838|app: 0|req: 12/24] 192.168.122.152 () {54 vars in 935 bytes} [Sun Jul 5 19:30:09 2026] GET /compute/v2.1 => generated 393 bytes in 6 msecs (HTTP/1.1 200) 9 headers in 357 bytes (1 switches on core 0)
Jul 05 19:30:09 devstack devstack@n-api.service[60837]: DEBUG nova.api.openstack.wsgi [None req-5f1fc0e6-17c0-477f-aac0-619f4cb12c09 admin admin] Action: 'create', calling method: >, body: {"flavor": {"name": "m1.small", "ram": 2048, "swap": 0, "disk": 20, "vcpus": 1, "os-flavor-access:is_public": true, "OS-FLV-EXT-DATA:ephemeral": 0, "id": "2"}} {{(pid=60837) _process_stack /opt/stack/nova/nova/api/openstack/wsgi.py:549}}
Jul 05 19:30:09 devstack devstack@n-api.service[60837]: INFO nova.api.openstack.requestlog [None req-5f1fc0e6-17c0-477f-aac0-619f4cb12c09 admin admin] 192.168.122.152 "POST /compute/v2.1/flavors" status: 200 len: 413 microversion: 2.61 time: 0.099164
Jul 05 19:30:09 devstack devstack@n-api.service[60837]: [pid: 60837|app: 0|req: 13/25] 192.168.122.152 () {64 vars in 1287 bytes} [Sun Jul 5 19:30:09 2026] POST /compute/v2.1/flavors => generated 413 bytes in 101 msecs (HTTP/1.1 200) 9 headers in 359 bytes (2 switches on core 0)
Jul 05 19:30:09 devstack devstack@n-api.service[60838]: DEBUG nova.api.openstack.wsgi [None req-04d5f2b9-964e-40c7-b8b8-e1d535563802 admin admin] Action: 'create', calling method: >, body: {"extra_specs": {"hw_rng:allowed": "True"}} {{(pid=60838) _process_stack /opt/stack/nova/nova/api/openstack/wsgi.py:549}}
Jul 05 19:30:09 devstack devstack@n-api.service[60838]: INFO nova.api.openstack.requestlog [None req-04d5f2b9-964e-40c7-b8b8-e1d535563802 admin admin] 192.168.122.152 "POST /compute/v2.1/flavors/2/os-extra_specs" status: 200 len: 43 microversion: 2.61 time: 0.042258
Jul 05 19:30:09 devstack devstack@n-api.service[60838]: [pid: 60838|app: 0|req: 13/26] 192.168.122.152 () {64 vars in 1337 bytes} [Sun Jul 5 19:30:09 2026] POST /compute/v2.1/flavors/2/os-extra_specs => generated 43 bytes in 43 msecs (HTTP/1.1 200) 9 headers in 358 bytes (1 switches on core 0)
Jul 05 19:30:12 devstack devstack@n-api.service[60837]: DEBUG nova.api.openstack.wsgi [None req-5f1fc0e6-17c0-477f-aac0-619f4cb12c09 admin admin] Calling method '>' {{(pid=60837) _process_stack /opt/stack/nova/nova/api/openstack/wsgi.py:551}}
Jul 05 19:30:12 devstack devstack@n-api.service[60837]: INFO nova.api.openstack.requestlog [None req-5f1fc0e6-17c0-477f-aac0-619f4cb12c09 admin admin] 192.168.122.152 "GET /compute/v2.1" status: 200 len: 393 microversion: 2.1 time: 0.006126
Jul 05 19:30:12 devstack devstack@n-api.service[60837]: [pid: 60837|app: 0|req: 14/27] 192.168.122.152 () {54 vars in 935 bytes} [Sun Jul 5 19:30:12 2026] GET /compute/v2.1 => generated 393 bytes in 7 msecs (HTTP/1.1 200) 9 headers in 357 bytes (1 switches on core 0)
Jul 05 19:30:12 devstack devstack@n-api.service[60838]: DEBUG nova.api.openstack.wsgi [None req-8007eadf-9dff-4841-83cb-71fa458554b5 admin admin] Action: 'create', calling method: >, body: {"flavor": {"os-flavor-access:is_public": true, "vcpus": 2, "id": "3", "name": "m1.medium", "ram": 4096, "swap": 0, "OS-FLV-EXT-DATA:ephemeral": 0, "disk": 40}} {{(pid=60838) _process_stack /opt/stack/nova/nova/api/openstack/wsgi.py:549}}
Jul 05 19:30:12 devstack devstack@n-api.service[60838]: INFO nova.api.openstack.requestlog [None req-8007eadf-9dff-4841-83cb-71fa458554b5 admin admin] 192.168.122.152 "POST /compute/v2.1/flavors" status: 200 len: 414 microversion: 2.61 time: 0.078801
Jul 05 19:30:12 devstack devstack@n-api.service[60838]: [pid: 60838|app: 0|req: 14/28] 192.168.122.152 () {64 vars in 1287 bytes} [Sun Jul 5 19:30:12 2026] POST /compute/v2.1/flavors => generated 414 bytes in 80 msecs (HTTP/1.1 200) 9 headers in 359 bytes (1 switches on core 0)
Jul 05 19:30:12 devstack devstack@n-api.service[60837]: DEBUG nova.api.openstack.wsgi [None req-7065faec-c2f1-47ed-88b5-6983a5bf5b3e admin admin] Action: 'create', calling method: >, body: {"extra_specs": {"hw_rng:allowed": "True"}} {{(pid=60837) _process_stack /opt/stack/nova/nova/api/openstack/wsgi.py:549}}
Jul 05 19:30:12 devstack devstack@n-api.service[60837]: INFO nova.api.openstack.requestlog [None req-7065faec-c2f1-47ed-88b5-6983a5bf5b3e admin admin] 192.168.122.152 "POST /compute/v2.1/flavors/3/os-extra_specs" status: 200 len: 43 microversion: 2.61 time: 0.034069
Jul 05 19:30:12 devstack devstack@n-api.service[60837]: [pid: 60837|app: 0|req: 15/29] 192.168.122.152 () {64 vars in 1337 bytes} [Sun Jul 5 19:30:12 2026] POST /compute/v2.1/flavors/3/os-extra_specs => generated 43 bytes in 36 msecs (HTTP/1.1 200) 9 headers in 358 bytes (1 switches on core 0)
Jul 05 19:30:15 devstack devstack@n-api.service[60838]: DEBUG nova.api.openstack.wsgi [None req-8007eadf-9dff-4841-83cb-71fa458554b5 admin admin] Calling method '>' {{(pid=60838) _process_stack /opt/stack/nova/nova/api/openstack/wsgi.py:551}}
Jul 05 19:30:15 devstack devstack@n-api.service[60838]: INFO nova.api.openstack.requestlog [None req-8007eadf-9dff-4841-83cb-71fa458554b5 admin admin] 192.168.122.152 "GET /compute/v2.1" status: 200 len: 393 microversion: 2.1 time: 0.006213
Jul 05 19:30:15 devstack devstack@n-api.service[60838]: [pid: 60838|app: 0|req: 15/30] 192.168.122.152 () {54 vars in 935 bytes} [Sun Jul 5 19:30:15 2026] GET /compute/v2.1 => generated 393 bytes in 7 msecs (HTTP/1.1 200) 9 headers in 357 bytes (1 switches on core 0)
Jul 05 19:30:15 devstack devstack@n-api.service[60837]: DEBUG nova.api.openstack.wsgi [None req-c77c8b56-9999-4ee6-9ed1-d9922fa941ec admin admin] Action: 'create', calling method: >, body: {"flavor": {"id": "4", "disk": 80, "name": "m1.large", "OS-FLV-EXT-DATA:ephemeral": 0, "swap": 0, "os-flavor-access:is_public": true, "ram": 8192, "vcpus": 4}} {{(pid=60837) _process_stack /opt/stack/nova/nova/api/openstack/wsgi.py:549}}
Jul 05 19:30:15 devstack devstack@n-api.service[60837]: INFO nova.api.openstack.requestlog [None req-c77c8b56-9999-4ee6-9ed1-d9922fa941ec admin admin] 192.168.122.152 "POST /compute/v2.1/flavors" status: 200 len: 413 microversion: 2.61 time: 0.083965
Jul 05 19:30:15 devstack devstack@n-api.service[60837]: [pid: 60837|app: 0|req: 16/31] 192.168.122.152 () {64 vars in 1287 bytes} [Sun Jul 5 19:30:15 2026] POST /compute/v2.1/flavors => generated 413 bytes in 85 msecs (HTTP/1.1 200) 9 headers in 359 bytes (1 switches on core 0)
Jul 05 19:30:15 devstack devstack@n-api.service[60838]: DEBUG nova.api.openstack.wsgi [None req-cd59b028-58bf-41ea-a80a-8fe9809ad181 admin admin] Action: 'create', calling method: >, body: {"extra_specs": {"hw_rng:allowed": "True"}} {{(pid=60838) _process_stack /opt/stack/nova/nova/api/openstack/wsgi.py:549}}
Jul 05 19:30:15 devstack devstack@n-api.service[60838]: INFO nova.api.openstack.requestlog [None req-cd59b028-58bf-41ea-a80a-8fe9809ad181 admin admin] 192.168.122.152 "POST /compute/v2.1/flavors/4/os-extra_specs" status: 200 len: 43 microversion: 2.61 time: 0.033697
Jul 05 19:30:15 devstack devstack@n-api.service[60838]: [pid: 60838|app: 0|req: 16/32] 192.168.122.152 () {64 vars in 1337 bytes} [Sun Jul 5 19:30:15 2026] POST /compute/v2.1/flavors/4/os-extra_specs => generated 43 bytes in 35 msecs (HTTP/1.1 200) 9 headers in 358 bytes (1 switches on core 0)
Jul 05 19:30:19 devstack devstack@n-api.service[60837]: DEBUG nova.api.openstack.wsgi [None req-c77c8b56-9999-4ee6-9ed1-d9922fa941ec admin admin] Calling method '>' {{(pid=60837) _process_stack /opt/stack/nova/nova/api/openstack/wsgi.py:551}}
Jul 05 19:30:19 devstack devstack@n-api.service[60837]: INFO nova.api.openstack.requestlog [None req-c77c8b56-9999-4ee6-9ed1-d9922fa941ec admin admin] 192.168.122.152 "GET /compute/v2.1" status: 200 len: 393 microversion: 2.1 time: 0.005138
Jul 05 19:30:19 devstack devstack@n-api.service[60837]: [pid: 60837|app: 0|req: 17/33] 192.168.122.152 () {54 vars in 935 bytes} [Sun Jul 5 19:30:19 2026] GET /compute/v2.1 => generated 393 bytes in 6 msecs (HTTP/1.1 200) 9 headers in 357 bytes (1 switches on core 0)
Jul 05 19:30:19 devstack devstack@n-api.service[60838]: DEBUG nova.api.openstack.wsgi [None req-bef21480-ec43-409e-aa69-a877568e6de2 admin admin] Action: 'create', calling method: >, body: {"flavor": {"os-flavor-access:is_public": true, "OS-FLV-EXT-DATA:ephemeral": 0, "disk": 160, "ram": 16384, "name": "m1.xlarge", "id": "5", "vcpus": 8, "swap": 0}} {{(pid=60838) _process_stack /opt/stack/nova/nova/api/openstack/wsgi.py:549}}
Jul 05 19:30:19 devstack devstack@n-api.service[60838]: INFO nova.api.openstack.requestlog [None req-bef21480-ec43-409e-aa69-a877568e6de2 admin admin] 192.168.122.152 "POST /compute/v2.1/flavors" status: 200 len: 416 microversion: 2.61 time: 0.080651
Jul 05 19:30:19 devstack devstack@n-api.service[60838]: [pid: 60838|app: 0|req: 17/34] 192.168.122.152 () {64 vars in 1287 bytes} [Sun Jul 5 19:30:19 2026] POST /compute/v2.1/flavors => generated 416 bytes in 82 msecs (HTTP/1.1 200) 9 headers in 359 bytes (1 switches on core 0)
Jul 05 19:30:19 devstack devstack@n-api.service[60837]: DEBUG nova.api.openstack.wsgi [None req-15c2b6c3-f9d0-4c92-b2a3-a46a62ade061 admin admin] Action: 'create', calling method: >, body: {"extra_specs": {"hw_rng:allowed": "True"}} {{(pid=60837) _process_stack /opt/stack/nova/nova/api/openstack/wsgi.py:549}}
Jul 05 19:30:19 devstack devstack@n-api.service[60837]: INFO nova.api.openstack.requestlog [None req-15c2b6c3-f9d0-4c92-b2a3-a46a62ade061 admin admin] 192.168.122.152 "POST /compute/v2.1/flavors/5/os-extra_specs" status: 200 len: 43 microversion: 2.61 time: 0.036046
Jul 05 19:30:19 devstack devstack@n-api.service[60837]: [pid: 60837|app: 0|req: 18/35] 192.168.122.152 () {64 vars in 1337 bytes} [Sun Jul 5 19:30:19 2026] POST /compute/v2.1/flavors/5/os-extra_specs => generated 43 bytes in 38 msecs (HTTP/1.1 200) 9 headers in 358 bytes (1 switches on core 0)
Jul 05 19:30:27 devstack devstack@n-api.service[60838]: DEBUG nova.api.openstack.wsgi [None req-bef21480-ec43-409e-aa69-a877568e6de2 admin admin] Calling method '>' {{(pid=60838) _process_stack /opt/stack/nova/nova/api/openstack/wsgi.py:551}}
Jul 05 19:30:27 devstack devstack@n-api.service[60838]: INFO nova.api.openstack.requestlog [None req-bef21480-ec43-409e-aa69-a877568e6de2 admin admin] 192.168.122.152 "GET /compute/v2.1" status: 200 len: 393 microversion: 2.1 time: 0.005730
Jul 05 19:30:27 devstack devstack@n-api.service[60838]: [pid: 60838|app: 0|req: 18/36] 192.168.122.152 () {54 vars in 935 bytes} [Sun Jul 5 19:30:27 2026] GET /compute/v2.1 => generated 393 bytes in 7 msecs (HTTP/1.1 200) 9 headers in 357 bytes (1 switches on core 0)
