Jan 21 20:21:30 devstack cinder-volume[83215]: WARNING cinder.volume.volume_utils [None req-d8d3f6e9-3600-420c-b1f7-35f95b909b43 tempest-SnapshotsActionsTest-812256604 None] Volume driver (QuobyteDriver 1.1.13) is currently unsupported and may be removed in the next release of OpenStack. Use at your own risk.
Jan 21 20:21:30 devstack cinder-volume[83215]: DEBUG cinder.coordination [None req-d8d3f6e9-3600-420c-b1f7-35f95b909b43 tempest-SnapshotsActionsTest-812256604 None] Acquiring lock "cinder-quobyte-8650b1d5-e5c5-45b1-a77d-2fbda1047469" by "delete_snapshot" {{(pid=83215) __acquire /opt/stack/cinder/cinder/coordination.py:143}}
Jan 21 20:21:30 devstack cinder-volume[83215]: DEBUG cinder.coordination [None req-d8d3f6e9-3600-420c-b1f7-35f95b909b43 tempest-SnapshotsActionsTest-812256604 None] Lock "cinder-quobyte-8650b1d5-e5c5-45b1-a77d-2fbda1047469" acquired by "delete_snapshot" :: waited 0.013s {{(pid=83215) __acquire /opt/stack/cinder/cinder/coordination.py:146}}
Jan 21 20:21:30 devstack cinder-volume[83215]: DEBUG cinder.coordination [None req-d8d3f6e9-3600-420c-b1f7-35f95b909b43 tempest-SnapshotsActionsTest-812256604 None] Acquiring lock "cinder-quobyte-f274e91b-789f-4fe6-b3f1-d2d8f3020d61" by "_delete_snapshot" {{(pid=83215) __acquire /opt/stack/cinder/cinder/coordination.py:143}}
Jan 21 20:21:30 devstack cinder-volume[83215]: DEBUG cinder.coordination [None req-d8d3f6e9-3600-420c-b1f7-35f95b909b43 tempest-SnapshotsActionsTest-812256604 None] Lock "cinder-quobyte-f274e91b-789f-4fe6-b3f1-d2d8f3020d61" acquired by "_delete_snapshot" :: waited 0.054s {{(pid=83215) __acquire /opt/stack/cinder/cinder/coordination.py:146}}
Jan 21 20:21:30 devstack cinder-volume[83215]: DEBUG cinder.volume.drivers.remotefs [None req-d8d3f6e9-3600-420c-b1f7-35f95b909b43 tempest-SnapshotsActionsTest-812256604 None] Deleting offline snapshot f274e91b-789f-4fe6-b3f1-d2d8f3020d61 of volume 8650b1d5-e5c5-45b1-a77d-2fbda1047469 {{(pid=83215) _delete_snapshot /opt/stack/cinder/cinder/volume/drivers/remotefs.py:1290}}
Jan 21 20:21:30 devstack cinder-volume[83215]: DEBUG cinder.volume.drivers.remotefs [None req-d8d3f6e9-3600-420c-b1f7-35f95b909b43 tempest-SnapshotsActionsTest-812256604 None] snapshot_file for this snap is: volume-8650b1d5-e5c5-45b1-a77d-2fbda1047469.f274e91b-789f-4fe6-b3f1-d2d8f3020d61 {{(pid=83215) _delete_snapshot /opt/stack/cinder/cinder/volume/drivers/remotefs.py:1319}}
Jan 21 20:21:30 devstack cinder-volume[83215]: DEBUG oslo.privsep.daemon [-] privsep: reply[ddf36384-89f8-4f87-b6ae-6a111be8c547]: (4, 'qcow2') {{(pid=84230) _call_back /opt/stack/data/venv/lib/python3.10/site-packages/oslo_privsep/daemon.py:515}}
Jan 21 20:21:30 devstack cinder-volume[83215]: DEBUG oslo_concurrency.processutils [None req-d8d3f6e9-3600-420c-b1f7-35f95b909b43 tempest-SnapshotsActionsTest-812256604 None] Running cmd (subprocess): /opt/stack/data/venv/bin/python3.10 -m oslo_concurrency.prlimit --as=1073741824 --cpu=60 -- sudo cinder-rootwrap /etc/cinder/rootwrap.conf env LC_ALL=C qemu-img info -f qcow2 --output=json --force-share /opt/stack/data/cinder/mnt/576c20babf938b62e66ba1a4ff14c920/volume-8650b1d5-e5c5-45b1-a77d-2fbda1047469.f274e91b-789f-4fe6-b3f1-d2d8f3020d61 {{(pid=83215) execute /opt/stack/data/venv/lib/python3.10/site-packages/oslo_concurrency/processutils.py:349}}
Jan 21 20:21:30 devstack cinder-volume[83215]: DEBUG cinder.coordination [None req-b1b9bec5-8818-4e47-aa93-ffa177002835 tempest-TaggedAttachmentsTest-260509885 None] Acquiring lock "cinder-8c867def-6c87-4d07-9d91-89e808c3c707-delete_volume" by "delete_volume" {{(pid=83215) __acquire /opt/stack/cinder/cinder/coordination.py:143}}
Jan 21 20:21:30 devstack cinder-volume[83215]: DEBUG cinder.coordination [None req-b1b9bec5-8818-4e47-aa93-ffa177002835 tempest-TaggedAttachmentsTest-260509885 None] Lock "cinder-8c867def-6c87-4d07-9d91-89e808c3c707-delete_volume" acquired by "delete_volume" :: waited 0.016s {{(pid=83215) __acquire /opt/stack/cinder/cinder/coordination.py:146}}
Jan 21 20:21:30 devstack cinder-volume[83215]: WARNING cinder.volume.volume_utils [None req-b1b9bec5-8818-4e47-aa93-ffa177002835 tempest-TaggedAttachmentsTest-260509885 None] Volume driver (QuobyteDriver 1.1.13) is currently unsupported and may be removed in the next release of OpenStack. Use at your own risk.
Jan 21 20:21:30 devstack cinder-volume[83215]: DEBUG cinder.coordination [None req-b1b9bec5-8818-4e47-aa93-ffa177002835 tempest-TaggedAttachmentsTest-260509885 None] Acquiring lock "cinder-quobyte-8c867def-6c87-4d07-9d91-89e808c3c707" by "delete_volume" {{(pid=83215) __acquire /opt/stack/cinder/cinder/coordination.py:143}}
Jan 21 20:21:30 devstack cinder-volume[83215]: DEBUG cinder.coordination [None req-b1b9bec5-8818-4e47-aa93-ffa177002835 tempest-TaggedAttachmentsTest-260509885 None] Lock "cinder-quobyte-8c867def-6c87-4d07-9d91-89e808c3c707" acquired by "delete_volume" :: waited 0.016s {{(pid=83215) __acquire /opt/stack/cinder/cinder/coordination.py:146}}
Jan 21 20:21:30 devstack cinder-volume[83215]: DEBUG oslo.privsep.daemon [-] privsep: reply[4421590c-2d99-4f72-9897-a5691e8d3a0d]: (4, 'qcow2') {{(pid=84230) _call_back /opt/stack/data/venv/lib/python3.10/site-packages/oslo_privsep/daemon.py:515}}
Jan 21 20:21:30 devstack cinder-volume[83215]: DEBUG oslo_concurrency.processutils [None req-b1b9bec5-8818-4e47-aa93-ffa177002835 tempest-TaggedAttachmentsTest-260509885 None] Running cmd (subprocess): /opt/stack/data/venv/bin/python3.10 -m oslo_concurrency.prlimit --as=1073741824 --cpu=60 -- sudo cinder-rootwrap /etc/cinder/rootwrap.conf env LC_ALL=C qemu-img info -f qcow2 --output=json --force-share /opt/stack/data/cinder/mnt/576c20babf938b62e66ba1a4ff14c920/volume-8c867def-6c87-4d07-9d91-89e808c3c707 {{(pid=83215) execute /opt/stack/data/venv/lib/python3.10/site-packages/oslo_concurrency/processutils.py:349}}
Jan 21 20:21:30 devstack sudo[87266]: quobyte : PWD=/ ; USER=root ; COMMAND=/opt/stack/data/venv/bin/cinder-rootwrap /etc/cinder/rootwrap.conf env LC_ALL=C qemu-img info -f qcow2 --output=json --force-share /opt/stack/data/cinder/mnt/576c20babf938b62e66ba1a4ff14c920/volume-8650b1d5-e5c5-45b1-a77d-2fbda1047469.f274e91b-789f-4fe6-b3f1-d2d8f3020d61
Jan 21 20:21:30 devstack sudo[87266]: pam_unix(sudo:session): session opened for user root(uid=0) by (uid=1000)
Jan 21 20:21:30 devstack sudo[87267]: quobyte : PWD=/ ; USER=root ; COMMAND=/opt/stack/data/venv/bin/cinder-rootwrap /etc/cinder/rootwrap.conf env LC_ALL=C qemu-img info -f qcow2 --output=json --force-share /opt/stack/data/cinder/mnt/576c20babf938b62e66ba1a4ff14c920/volume-8c867def-6c87-4d07-9d91-89e808c3c707
Jan 21 20:21:30 devstack sudo[87267]: pam_unix(sudo:session): session opened for user root(uid=0) by (uid=1000)
Jan 21 20:21:30 devstack sudo[87266]: pam_unix(sudo:session): session closed for user root
Jan 21 20:21:30 devstack cinder-volume[83215]: DEBUG oslo_concurrency.processutils [None req-d8d3f6e9-3600-420c-b1f7-35f95b909b43 tempest-SnapshotsActionsTest-812256604 None] CMD "/opt/stack/data/venv/bin/python3.10 -m oslo_concurrency.prlimit --as=1073741824 --cpu=60 -- sudo cinder-rootwrap /etc/cinder/rootwrap.conf env LC_ALL=C qemu-img info -f qcow2 --output=json --force-share /opt/stack/data/cinder/mnt/576c20babf938b62e66ba1a4ff14c920/volume-8650b1d5-e5c5-45b1-a77d-2fbda1047469.f274e91b-789f-4fe6-b3f1-d2d8f3020d61" returned: 0 in 0.753s {{(pid=83215) execute /opt/stack/data/venv/lib/python3.10/site-packages/oslo_concurrency/processutils.py:372}}
Jan 21 20:21:30 devstack cinder-volume[83215]: DEBUG cinder.volume.drivers.remotefs [None req-d8d3f6e9-3600-420c-b1f7-35f95b909b43 tempest-SnapshotsActionsTest-812256604 None] Fetching qemu-img info with special backing_file_template: (/opt/stack/data/cinder/mnt/[0-9a-f]+/)?(volume-8650b1d5-e5c5-45b1-a77d-2fbda1047469(.(tmp-snap-)?[0-9a-f-]+)?|volume_from_snapshot_cache/(tmp-snap-)?[0-9a-f-]+(.(child-|parent-)[0-9a-f-]+)?)$ {{(pid=83215) _qemu_img_info_base /opt/stack/cinder/cinder/volume/drivers/remotefs.py:898}}
Jan 21 20:21:30 devstack cinder-volume[83215]: DEBUG oslo.privsep.daemon [-] privsep: reply[f7bd5178-ae3c-4645-954f-4424fb9ef228]: (4, 'qcow2') {{(pid=84230) _call_back /opt/stack/data/venv/lib/python3.10/site-packages/oslo_privsep/daemon.py:515}}
Jan 21 20:21:30 devstack cinder-volume[83215]: DEBUG oslo_concurrency.processutils [None req-d8d3f6e9-3600-420c-b1f7-35f95b909b43 tempest-SnapshotsActionsTest-812256604 None] Running cmd (subprocess): /opt/stack/data/venv/bin/python3.10 -m oslo_concurrency.prlimit --as=1073741824 --cpu=60 -- sudo cinder-rootwrap /etc/cinder/rootwrap.conf env LC_ALL=C qemu-img info -f qcow2 --output=json --force-share /opt/stack/data/cinder/mnt/576c20babf938b62e66ba1a4ff14c920/volume-8650b1d5-e5c5-45b1-a77d-2fbda1047469.2745d8be-6a40-4f4d-a484-ca18fff87fef {{(pid=83215) execute /opt/stack/data/venv/lib/python3.10/site-packages/oslo_concurrency/processutils.py:349}}
Jan 21 20:21:31 devstack sudo[87267]: pam_unix(sudo:session): session closed for user root
Jan 21 20:21:31 devstack cinder-volume[83215]: DEBUG oslo_concurrency.processutils [None req-b1b9bec5-8818-4e47-aa93-ffa177002835 tempest-TaggedAttachmentsTest-260509885 None] CMD "/opt/stack/data/venv/bin/python3.10 -m oslo_concurrency.prlimit --as=1073741824 --cpu=60 -- sudo cinder-rootwrap /etc/cinder/rootwrap.conf env LC_ALL=C qemu-img info -f qcow2 --output=json --force-share /opt/stack/data/cinder/mnt/576c20babf938b62e66ba1a4ff14c920/volume-8c867def-6c87-4d07-9d91-89e808c3c707" returned: 0 in 0.643s {{(pid=83215) execute /opt/stack/data/venv/lib/python3.10/site-packages/oslo_concurrency/processutils.py:372}}
Jan 21 20:21:31 devstack cinder-volume[83215]: DEBUG oslo_concurrency.processutils [None req-b1b9bec5-8818-4e47-aa93-ffa177002835 tempest-TaggedAttachmentsTest-260509885 None] Running cmd (subprocess): sudo cinder-rootwrap /etc/cinder/rootwrap.conf rm -f /opt/stack/data/cinder/mnt/576c20babf938b62e66ba1a4ff14c920/volume-8c867def-6c87-4d07-9d91-89e808c3c707 {{(pid=83215) execute /opt/stack/data/venv/lib/python3.10/site-packages/oslo_concurrency/processutils.py:349}}
Jan 21 20:21:31 devstack sudo[87277]: quobyte : PWD=/ ; USER=root ; COMMAND=/opt/stack/data/venv/bin/cinder-rootwrap /etc/cinder/rootwrap.conf rm -f /opt/stack/data/cinder/mnt/576c20babf938b62e66ba1a4ff14c920/volume-8c867def-6c87-4d07-9d91-89e808c3c707
Jan 21 20:21:31 devstack sudo[87277]: pam_unix(sudo:session): session opened for user root(uid=0) by (uid=1000)
Jan 21 20:21:31 devstack sudo[87276]: quobyte : PWD=/ ; USER=root ; COMMAND=/opt/stack/data/venv/bin/cinder-rootwrap /etc/cinder/rootwrap.conf env LC_ALL=C qemu-img info -f qcow2 --output=json --force-share /opt/stack/data/cinder/mnt/576c20babf938b62e66ba1a4ff14c920/volume-8650b1d5-e5c5-45b1-a77d-2fbda1047469.2745d8be-6a40-4f4d-a484-ca18fff87fef
Jan 21 20:21:31 devstack sudo[87276]: pam_unix(sudo:session): session opened for user root(uid=0) by (uid=1000)
Jan 21 20:21:31 devstack sudo[87277]: pam_unix(sudo:session): session closed for user root
Jan 21 20:21:31 devstack cinder-volume[83215]: DEBUG oslo_concurrency.processutils [None req-b1b9bec5-8818-4e47-aa93-ffa177002835 tempest-TaggedAttachmentsTest-260509885 None] CMD "sudo cinder-rootwrap /etc/cinder/rootwrap.conf rm -f /opt/stack/data/cinder/mnt/576c20babf938b62e66ba1a4ff14c920/volume-8c867def-6c87-4d07-9d91-89e808c3c707" returned: 0 in 0.513s {{(pid=83215) execute /opt/stack/data/venv/lib/python3.10/site-packages/oslo_concurrency/processutils.py:372}}
Jan 21 20:21:31 devstack cinder-volume[83215]: DEBUG cinder.coordination [None req-b1b9bec5-8818-4e47-aa93-ffa177002835 tempest-TaggedAttachmentsTest-260509885 None] Lock "cinder-quobyte-8c867def-6c87-4d07-9d91-89e808c3c707" released by "delete_volume" :: held 1.181s {{(pid=83215) __release /opt/stack/cinder/cinder/coordination.py:157}}
Jan 21 20:21:31 devstack cinder-volume[83215]: DEBUG cinder.quota [None req-b1b9bec5-8818-4e47-aa93-ffa177002835 tempest-TaggedAttachmentsTest-260509885 None] Created reservations ['09d53594-46d7-4fcf-8f83-7e21b4c9446d', '6ddc17fe-1734-4316-aac6-85cda91d2b9a', 'd3883ea6-67a2-4d26-aea3-dd318dde20d4', '03a6a329-b6c6-4147-8d21-5f1e3f083e98'] {{(pid=83215) reserve /opt/stack/cinder/cinder/quota.py:752}}
Jan 21 20:21:31 devstack cinder-volume[83215]: DEBUG oslo_concurrency.lockutils [None req-b1b9bec5-8818-4e47-aa93-ffa177002835 tempest-TaggedAttachmentsTest-260509885 None] Acquiring lock "quobyte_ensure" by "cinder.volume.drivers.quobyte.QuobyteDriver._ensure_shares_mounted" {{(pid=83215) inner /opt/stack/data/venv/lib/python3.10/site-packages/oslo_concurrency/lockutils.py:405}}
Jan 21 20:21:31 devstack cinder-volume[83215]: DEBUG oslo_concurrency.lockutils [None req-b1b9bec5-8818-4e47-aa93-ffa177002835 tempest-TaggedAttachmentsTest-260509885 None] Lock "quobyte_ensure" acquired by "cinder.volume.drivers.quobyte.QuobyteDriver._ensure_shares_mounted" :: waited 0.001s {{(pid=83215) inner /opt/stack/data/venv/lib/python3.10/site-packages/oslo_concurrency/lockutils.py:410}}
Jan 21 20:21:31 devstack cinder-volume[83215]: DEBUG cinder.volume.drivers.quobyte [None req-b1b9bec5-8818-4e47-aa93-ffa177002835 tempest-TaggedAttachmentsTest-260509885 None] Quobyte Volume URL set to: {'osci02.corp.quobyte.com/cinder-vol-059938d6-820e-4a46-8b6f-9a5a9cc2a059': None} {{(pid=83215) _load_shares_config /opt/stack/cinder/cinder/volume/drivers/quobyte.py:611}}
Jan 21 20:21:31 devstack cinder-volume[83215]: DEBUG cinder.volume.drivers.quobyte [None req-b1b9bec5-8818-4e47-aa93-ffa177002835 tempest-TaggedAttachmentsTest-260509885 None] Available shares ['osci02.corp.quobyte.com/cinder-vol-059938d6-820e-4a46-8b6f-9a5a9cc2a059'] {{(pid=83215) _ensure_shares_mounted /opt/stack/cinder/cinder/volume/drivers/quobyte.py:641}}
Jan 21 20:21:31 devstack cinder-volume[83215]: DEBUG oslo_concurrency.lockutils [None req-b1b9bec5-8818-4e47-aa93-ffa177002835 tempest-TaggedAttachmentsTest-260509885 None] Lock "quobyte_ensure" "released" by "cinder.volume.drivers.quobyte.QuobyteDriver._ensure_shares_mounted" :: held 0.005s {{(pid=83215) inner /opt/stack/data/venv/lib/python3.10/site-packages/oslo_concurrency/lockutils.py:424}}
Jan 21 20:21:31 devstack cinder-volume[83215]: DEBUG oslo_concurrency.processutils [None req-b1b9bec5-8818-4e47-aa93-ffa177002835 tempest-TaggedAttachmentsTest-260509885 None] Running cmd (subprocess): sudo cinder-rootwrap /etc/cinder/rootwrap.conf df --portability --block-size 1 /opt/stack/data/cinder/mnt/576c20babf938b62e66ba1a4ff14c920 {{(pid=83215) execute /opt/stack/data/venv/lib/python3.10/site-packages/oslo_concurrency/processutils.py:349}}
Jan 21 20:21:31 devstack sudo[87284]: quobyte : PWD=/ ; USER=root ; COMMAND=/opt/stack/data/venv/bin/cinder-rootwrap /etc/cinder/rootwrap.conf df --portability --block-size 1 /opt/stack/data/cinder/mnt/576c20babf938b62e66ba1a4ff14c920
Jan 21 20:21:31 devstack sudo[87284]: pam_unix(sudo:session): session opened for user root(uid=0) by (uid=1000)
Jan 21 20:21:31 devstack sudo[87276]: pam_unix(sudo:session): session closed for user root
Jan 21 20:21:31 devstack cinder-volume[83215]: DEBUG oslo_concurrency.processutils [None req-d8d3f6e9-3600-420c-b1f7-35f95b909b43 tempest-SnapshotsActionsTest-812256604 None] CMD "/opt/stack/data/venv/bin/python3.10 -m oslo_concurrency.prlimit --as=1073741824 --cpu=60 -- sudo cinder-rootwrap /etc/cinder/rootwrap.conf env LC_ALL=C qemu-img info -f qcow2 --output=json --force-share /opt/stack/data/cinder/mnt/576c20babf938b62e66ba1a4ff14c920/volume-8650b1d5-e5c5-45b1-a77d-2fbda1047469.2745d8be-6a40-4f4d-a484-ca18fff87fef" returned: 0 in 0.810s {{(pid=83215) execute /opt/stack/data/venv/lib/python3.10/site-packages/oslo_concurrency/processutils.py:372}}
Jan 21 20:21:31 devstack cinder-volume[83215]: DEBUG cinder.volume.drivers.remotefs [None req-d8d3f6e9-3600-420c-b1f7-35f95b909b43 tempest-SnapshotsActionsTest-812256604 None] Fetching qemu-img info with special backing_file_template: (/opt/stack/data/cinder/mnt/[0-9a-f]+/)?(volume-8650b1d5-e5c5-45b1-a77d-2fbda1047469(.(tmp-snap-)?[0-9a-f-]+)?|volume_from_snapshot_cache/(tmp-snap-)?[0-9a-f-]+(.(child-|parent-)[0-9a-f-]+)?)$ {{(pid=83215) _qemu_img_info_base /opt/stack/cinder/cinder/volume/drivers/remotefs.py:898}}
Jan 21 20:21:31 devstack cinder-volume[83215]: DEBUG oslo_concurrency.processutils [None req-d8d3f6e9-3600-420c-b1f7-35f95b909b43 tempest-SnapshotsActionsTest-812256604 None] Running cmd (subprocess): sudo cinder-rootwrap /etc/cinder/rootwrap.conf qemu-img commit -d /opt/stack/data/cinder/mnt/576c20babf938b62e66ba1a4ff14c920/volume-8650b1d5-e5c5-45b1-a77d-2fbda1047469.f274e91b-789f-4fe6-b3f1-d2d8f3020d61 {{(pid=83215) execute /opt/stack/data/venv/lib/python3.10/site-packages/oslo_concurrency/processutils.py:349}}
Jan 21 20:21:31 devstack sudo[87286]: quobyte : PWD=/ ; USER=root ; COMMAND=/opt/stack/data/venv/bin/cinder-rootwrap /etc/cinder/rootwrap.conf qemu-img commit -d /opt/stack/data/cinder/mnt/576c20babf938b62e66ba1a4ff14c920/volume-8650b1d5-e5c5-45b1-a77d-2fbda1047469.f274e91b-789f-4fe6-b3f1-d2d8f3020d61
Jan 21 20:21:31 devstack sudo[87286]: pam_unix(sudo:session): session opened for user root(uid=0) by (uid=1000)
Jan 21 20:21:32 devstack sudo[87284]: pam_unix(sudo:session): session closed for user root
Jan 21 20:21:32 devstack cinder-volume[83215]: DEBUG oslo_concurrency.processutils [None req-b1b9bec5-8818-4e47-aa93-ffa177002835 tempest-TaggedAttachmentsTest-260509885 None] CMD "sudo cinder-rootwrap /etc/cinder/rootwrap.conf df --portability --block-size 1 /opt/stack/data/cinder/mnt/576c20babf938b62e66ba1a4ff14c920" returned: 0 in 0.517s {{(pid=83215) execute /opt/stack/data/venv/lib/python3.10/site-packages/oslo_concurrency/processutils.py:372}}
Jan 21 20:21:32 devstack cinder-volume[83215]: DEBUG cinder.manager [None req-b1b9bec5-8818-4e47-aa93-ffa177002835 tempest-TaggedAttachmentsTest-260509885 None] Notifying Schedulers of capabilities ... {{(pid=83215) _publish_service_capabilities /opt/stack/cinder/cinder/manager.py:202}}
Jan 21 20:21:32 devstack cinder-volume[83215]: INFO cinder.volume.manager [None req-b1b9bec5-8818-4e47-aa93-ffa177002835 tempest-TaggedAttachmentsTest-260509885 None] Deleted volume successfully.
Jan 21 20:21:32 devstack cinder-volume[83215]: DEBUG cinder.coordination [None req-b1b9bec5-8818-4e47-aa93-ffa177002835 tempest-TaggedAttachmentsTest-260509885 None] Lock "cinder-8c867def-6c87-4d07-9d91-89e808c3c707-delete_volume" released by "delete_volume" :: held 1.898s {{(pid=83215) __release /opt/stack/cinder/cinder/coordination.py:157}}
Jan 21 20:21:32 devstack sudo[87286]: pam_unix(sudo:session): session closed for user root
Jan 21 20:21:32 devstack cinder-volume[83215]: DEBUG oslo_concurrency.processutils [None req-d8d3f6e9-3600-420c-b1f7-35f95b909b43 tempest-SnapshotsActionsTest-812256604 None] CMD "sudo cinder-rootwrap /etc/cinder/rootwrap.conf qemu-img commit -d /opt/stack/data/cinder/mnt/576c20babf938b62e66ba1a4ff14c920/volume-8650b1d5-e5c5-45b1-a77d-2fbda1047469.f274e91b-789f-4fe6-b3f1-d2d8f3020d61" returned: 0 in 0.688s {{(pid=83215) execute /opt/stack/data/venv/lib/python3.10/site-packages/oslo_concurrency/processutils.py:372}}
Jan 21 20:21:32 devstack cinder-volume[83215]: DEBUG oslo_concurrency.processutils [None req-d8d3f6e9-3600-420c-b1f7-35f95b909b43 tempest-SnapshotsActionsTest-812256604 None] Running cmd (subprocess): sudo cinder-rootwrap /etc/cinder/rootwrap.conf rm -f /opt/stack/data/cinder/mnt/576c20babf938b62e66ba1a4ff14c920/volume-8650b1d5-e5c5-45b1-a77d-2fbda1047469.f274e91b-789f-4fe6-b3f1-d2d8f3020d61 {{(pid=83215) execute /opt/stack/data/venv/lib/python3.10/site-packages/oslo_concurrency/processutils.py:349}}
Jan 21 20:21:32 devstack sudo[87294]: quobyte : PWD=/ ; USER=root ; COMMAND=/opt/stack/data/venv/bin/cinder-rootwrap /etc/cinder/rootwrap.conf rm -f /opt/stack/data/cinder/mnt/576c20babf938b62e66ba1a4ff14c920/volume-8650b1d5-e5c5-45b1-a77d-2fbda1047469.f274e91b-789f-4fe6-b3f1-d2d8f3020d61
Jan 21 20:21:32 devstack sudo[87294]: pam_unix(sudo:session): session opened for user root(uid=0) by (uid=1000)
Jan 21 20:21:33 devstack sudo[87294]: pam_unix(sudo:session): session closed for user root
Jan 21 20:21:33 devstack cinder-volume[83215]: DEBUG oslo_concurrency.processutils [None req-d8d3f6e9-3600-420c-b1f7-35f95b909b43 tempest-SnapshotsActionsTest-812256604 None] CMD "sudo cinder-rootwrap /etc/cinder/rootwrap.conf rm -f /opt/stack/data/cinder/mnt/576c20babf938b62e66ba1a4ff14c920/volume-8650b1d5-e5c5-45b1-a77d-2fbda1047469.f274e91b-789f-4fe6-b3f1-d2d8f3020d61" returned: 0 in 0.650s {{(pid=83215) execute /opt/stack/data/venv/lib/python3.10/site-packages/oslo_concurrency/processutils.py:372}}
Jan 21 20:21:33 devstack cinder-volume[83215]: DEBUG cinder.coordination [None req-d8d3f6e9-3600-420c-b1f7-35f95b909b43 tempest-SnapshotsActionsTest-812256604 None] Lock "cinder-quobyte-f274e91b-789f-4fe6-b3f1-d2d8f3020d61" released by "_delete_snapshot" :: held 2.969s {{(pid=83215) __release /opt/stack/cinder/cinder/coordination.py:157}}
Jan 21 20:21:33 devstack cinder-volume[83215]: DEBUG cinder.coordination [None req-d8d3f6e9-3600-420c-b1f7-35f95b909b43 tempest-SnapshotsActionsTest-812256604 None] Lock "cinder-quobyte-8650b1d5-e5c5-45b1-a77d-2fbda1047469" released by "delete_snapshot" :: held 3.030s {{(pid=83215) __release /opt/stack/cinder/cinder/coordination.py:157}}
Jan 21 20:21:33 devstack cinder-volume[83215]: DEBUG cinder.quota [None req-d8d3f6e9-3600-420c-b1f7-35f95b909b43 tempest-SnapshotsActionsTest-812256604 None] Created reservations ['71a7b12e-e8ac-4b6f-841c-5c03689350e0', 'e440503d-0137-4599-a556-b556183b581d', '2c51b3cf-7817-4870-abc5-c57bc63e31d5', '92c848b4-3983-4792-9dd6-fc2604aca91e'] {{(pid=83215) reserve /opt/stack/cinder/cinder/quota.py:752}}
Jan 21 20:21:33 devstack cinder-volume[83215]: INFO cinder.volume.manager [None req-d8d3f6e9-3600-420c-b1f7-35f95b909b43 tempest-SnapshotsActionsTest-812256604 None] Delete snapshot completed successfully.
Jan 21 20:21:33 devstack cinder-volume[83215]: DEBUG cinder.coordination [None req-d8d3f6e9-3600-420c-b1f7-35f95b909b43 tempest-SnapshotsActionsTest-812256604 None] Lock "cinder-f274e91b-789f-4fe6-b3f1-d2d8f3020d61-delete_snapshot" released by "delete_snapshot" :: held 3.208s {{(pid=83215) __release /opt/stack/cinder/cinder/coordination.py:157}}
Jan 21 20:21:34 devstack cinder-volume[83215]: WARNING cinder.volume.volume_utils [None req-92a3328d-e595-4f0a-9d8a-d83a440680ff tempest-SnapshotsActionsTest-1462475669 None] Volume driver (QuobyteDriver 1.1.13) is currently unsupported and may be removed in the next release of OpenStack. Use at your own risk.
Jan 21 20:21:34 devstack cinder-volume[83215]: DEBUG oslo_concurrency.lockutils [None req-92a3328d-e595-4f0a-9d8a-d83a440680ff tempest-SnapshotsActionsTest-1462475669 None] Acquiring lock "quobyte" by "cinder.volume.drivers.quobyte.QuobyteDriver.create_snapshot" {{(pid=83215) inner /opt/stack/data/venv/lib/python3.10/site-packages/oslo_concurrency/lockutils.py:405}}
Jan 21 20:21:34 devstack cinder-volume[83215]: DEBUG oslo_concurrency.lockutils [None req-92a3328d-e595-4f0a-9d8a-d83a440680ff tempest-SnapshotsActionsTest-1462475669 None] Lock "quobyte" acquired by "cinder.volume.drivers.quobyte.QuobyteDriver.create_snapshot" :: waited 0.002s {{(pid=83215) inner /opt/stack/data/venv/lib/python3.10/site-packages/oslo_concurrency/lockutils.py:410}}
Jan 21 20:21:34 devstack cinder-volume[83215]: DEBUG cinder.volume.drivers.remotefs [None req-92a3328d-e595-4f0a-9d8a-d83a440680ff tempest-SnapshotsActionsTest-1462475669 None] Creating offline snapshot 382c3dbd-ca15-4d17-85fe-59a760db2406 of volume 8650b1d5-e5c5-45b1-a77d-2fbda1047469 {{(pid=83215) _create_snapshot /opt/stack/cinder/cinder/volume/drivers/remotefs.py:1817}}
Jan 21 20:21:34 devstack cinder-volume[83215]: DEBUG oslo.privsep.daemon [-] privsep: reply[86dac9b4-b8c6-46e3-aaa6-2a9f3610c1cf]: (4, 'qcow2') {{(pid=84230) _call_back /opt/stack/data/venv/lib/python3.10/site-packages/oslo_privsep/daemon.py:515}}
Jan 21 20:21:34 devstack cinder-volume[83215]: DEBUG oslo_concurrency.processutils [None req-92a3328d-e595-4f0a-9d8a-d83a440680ff tempest-SnapshotsActionsTest-1462475669 None] Running cmd (subprocess): /opt/stack/data/venv/bin/python3.10 -m oslo_concurrency.prlimit --as=1073741824 --cpu=60 -- sudo cinder-rootwrap /etc/cinder/rootwrap.conf env LC_ALL=C qemu-img info -f qcow2 --output=json --force-share /opt/stack/data/cinder/mnt/576c20babf938b62e66ba1a4ff14c920/volume-8650b1d5-e5c5-45b1-a77d-2fbda1047469.2745d8be-6a40-4f4d-a484-ca18fff87fef {{(pid=83215) execute /opt/stack/data/venv/lib/python3.10/site-packages/oslo_concurrency/processutils.py:349}}
Jan 21 20:21:34 devstack sudo[87332]: quobyte : PWD=/ ; USER=root ; COMMAND=/opt/stack/data/venv/bin/cinder-rootwrap /etc/cinder/rootwrap.conf env LC_ALL=C qemu-img info -f qcow2 --output=json --force-share /opt/stack/data/cinder/mnt/576c20babf938b62e66ba1a4ff14c920/volume-8650b1d5-e5c5-45b1-a77d-2fbda1047469.2745d8be-6a40-4f4d-a484-ca18fff87fef
Jan 21 20:21:34 devstack sudo[87332]: pam_unix(sudo:session): session opened for user root(uid=0) by (uid=1000)
Jan 21 20:21:35 devstack sudo[87332]: pam_unix(sudo:session): session closed for user root
Jan 21 20:21:35 devstack cinder-volume[83215]: DEBUG oslo_concurrency.processutils [None req-92a3328d-e595-4f0a-9d8a-d83a440680ff tempest-SnapshotsActionsTest-1462475669 None] CMD "/opt/stack/data/venv/bin/python3.10 -m oslo_concurrency.prlimit --as=1073741824 --cpu=60 -- sudo cinder-rootwrap /etc/cinder/rootwrap.conf env LC_ALL=C qemu-img info -f qcow2 --output=json --force-share /opt/stack/data/cinder/mnt/576c20babf938b62e66ba1a4ff14c920/volume-8650b1d5-e5c5-45b1-a77d-2fbda1047469.2745d8be-6a40-4f4d-a484-ca18fff87fef" returned: 0 in 0.872s {{(pid=83215) execute /opt/stack/data/venv/lib/python3.10/site-packages/oslo_concurrency/processutils.py:372}}
Jan 21 20:21:35 devstack cinder-volume[83215]: DEBUG cinder.volume.drivers.remotefs [None req-92a3328d-e595-4f0a-9d8a-d83a440680ff tempest-SnapshotsActionsTest-1462475669 None] Fetching qemu-img info with special backing_file_template: (/opt/stack/data/cinder/mnt/[0-9a-f]+/)?(volume-8650b1d5-e5c5-45b1-a77d-2fbda1047469(.(tmp-snap-)?[0-9a-f-]+)?|volume_from_snapshot_cache/(tmp-snap-)?[0-9a-f-]+(.(child-|parent-)[0-9a-f-]+)?)$ {{(pid=83215) _qemu_img_info_base /opt/stack/cinder/cinder/volume/drivers/remotefs.py:898}}
Jan 21 20:21:35 devstack cinder-volume[83215]: DEBUG oslo_concurrency.processutils [None req-92a3328d-e595-4f0a-9d8a-d83a440680ff tempest-SnapshotsActionsTest-1462475669 None] Running cmd (subprocess): sudo cinder-rootwrap /etc/cinder/rootwrap.conf qemu-img create -f qcow2 -o backing_file=/opt/stack/data/cinder/mnt/576c20babf938b62e66ba1a4ff14c920/volume-8650b1d5-e5c5-45b1-a77d-2fbda1047469.2745d8be-6a40-4f4d-a484-ca18fff87fef,backing_fmt=qcow2 /opt/stack/data/cinder/mnt/576c20babf938b62e66ba1a4ff14c920/volume-8650b1d5-e5c5-45b1-a77d-2fbda1047469.382c3dbd-ca15-4d17-85fe-59a760db2406 1G {{(pid=83215) execute /opt/stack/data/venv/lib/python3.10/site-packages/oslo_concurrency/processutils.py:349}}
Jan 21 20:21:35 devstack sudo[87337]: quobyte : PWD=/ ; USER=root ; COMMAND=/opt/stack/data/venv/bin/cinder-rootwrap /etc/cinder/rootwrap.conf qemu-img create -f qcow2 -o backing_file=/opt/stack/data/cinder/mnt/576c20babf938b62e66ba1a4ff14c920/volume-8650b1d5-e5c5-45b1-a77d-2fbda1047469.2745d8be-6a40-4f4d-a484-ca18fff87fef,backing_fmt=qcow2 /opt/stack/data/cinder/mnt/576c20babf938b62e66ba1a4ff14c920/volume-8650b1d5-e5c5-45b1-a77d-2fbda1047469.382c3dbd-ca15-4d17-85fe-59a760db2406 1G
Jan 21 20:21:35 devstack sudo[87337]: pam_unix(sudo:session): session opened for user root(uid=0) by (uid=1000)
Jan 21 20:21:36 devstack sudo[87337]: pam_unix(sudo:session): session closed for user root
Jan 21 20:21:36 devstack cinder-volume[83215]: DEBUG oslo_concurrency.processutils [None req-92a3328d-e595-4f0a-9d8a-d83a440680ff tempest-SnapshotsActionsTest-1462475669 None] CMD "sudo cinder-rootwrap /etc/cinder/rootwrap.conf qemu-img create -f qcow2 -o backing_file=/opt/stack/data/cinder/mnt/576c20babf938b62e66ba1a4ff14c920/volume-8650b1d5-e5c5-45b1-a77d-2fbda1047469.2745d8be-6a40-4f4d-a484-ca18fff87fef,backing_fmt=qcow2 /opt/stack/data/cinder/mnt/576c20babf938b62e66ba1a4ff14c920/volume-8650b1d5-e5c5-45b1-a77d-2fbda1047469.382c3dbd-ca15-4d17-85fe-59a760db2406 1G" returned: 0 in 0.777s {{(pid=83215) execute /opt/stack/data/venv/lib/python3.10/site-packages/oslo_concurrency/processutils.py:372}}
Jan 21 20:21:36 devstack cinder-volume[83215]: DEBUG oslo_concurrency.processutils [None req-92a3328d-e595-4f0a-9d8a-d83a440680ff tempest-SnapshotsActionsTest-1462475669 None] Running cmd (subprocess): sudo cinder-rootwrap /etc/cinder/rootwrap.conf qemu-img rebase -u -b volume-8650b1d5-e5c5-45b1-a77d-2fbda1047469.2745d8be-6a40-4f4d-a484-ca18fff87fef -F qcow2 /opt/stack/data/cinder/mnt/576c20babf938b62e66ba1a4ff14c920/volume-8650b1d5-e5c5-45b1-a77d-2fbda1047469.382c3dbd-ca15-4d17-85fe-59a760db2406 {{(pid=83215) execute /opt/stack/data/venv/lib/python3.10/site-packages/oslo_concurrency/processutils.py:349}}
Jan 21 20:21:36 devstack sudo[87343]: quobyte : PWD=/ ; USER=root ; COMMAND=/opt/stack/data/venv/bin/cinder-rootwrap /etc/cinder/rootwrap.conf qemu-img rebase -u -b volume-8650b1d5-e5c5-45b1-a77d-2fbda1047469.2745d8be-6a40-4f4d-a484-ca18fff87fef -F qcow2 /opt/stack/data/cinder/mnt/576c20babf938b62e66ba1a4ff14c920/volume-8650b1d5-e5c5-45b1-a77d-2fbda1047469.382c3dbd-ca15-4d17-85fe-59a760db2406
Jan 21 20:21:36 devstack sudo[87343]: pam_unix(sudo:session): session opened for user root(uid=0) by (uid=1000)
Jan 21 20:21:36 devstack sudo[87343]: pam_unix(sudo:session): session closed for user root
Jan 21 20:21:36 devstack cinder-volume[83215]: DEBUG oslo_concurrency.processutils [None req-92a3328d-e595-4f0a-9d8a-d83a440680ff tempest-SnapshotsActionsTest-1462475669 None] CMD "sudo cinder-rootwrap /etc/cinder/rootwrap.conf qemu-img rebase -u -b volume-8650b1d5-e5c5-45b1-a77d-2fbda1047469.2745d8be-6a40-4f4d-a484-ca18fff87fef -F qcow2 /opt/stack/data/cinder/mnt/576c20babf938b62e66ba1a4ff14c920/volume-8650b1d5-e5c5-45b1-a77d-2fbda1047469.382c3dbd-ca15-4d17-85fe-59a760db2406" returned: 0 in 0.626s {{(pid=83215) execute /opt/stack/data/venv/lib/python3.10/site-packages/oslo_concurrency/processutils.py:372}}
Jan 21 20:21:37 devstack cinder-volume[83215]: WARNING cinder.volume.drivers.remotefs [None req-92a3328d-e595-4f0a-9d8a-d83a440680ff tempest-SnapshotsActionsTest-1462475669 None] /opt/stack/data/cinder/mnt/576c20babf938b62e66ba1a4ff14c920/volume-8650b1d5-e5c5-45b1-a77d-2fbda1047469.382c3dbd-ca15-4d17-85fe-59a760db2406 is being set with open permissions: ugo+rw
Jan 21 20:21:37 devstack cinder-volume[83215]: DEBUG oslo_concurrency.processutils [None req-92a3328d-e595-4f0a-9d8a-d83a440680ff tempest-SnapshotsActionsTest-1462475669 None] Running cmd (subprocess): sudo cinder-rootwrap /etc/cinder/rootwrap.conf chmod ugo+rw /opt/stack/data/cinder/mnt/576c20babf938b62e66ba1a4ff14c920/volume-8650b1d5-e5c5-45b1-a77d-2fbda1047469.382c3dbd-ca15-4d17-85fe-59a760db2406 {{(pid=83215) execute /opt/stack/data/venv/lib/python3.10/site-packages/oslo_concurrency/processutils.py:349}}
Jan 21 20:21:37 devstack sudo[87348]: quobyte : PWD=/ ; USER=root ; COMMAND=/opt/stack/data/venv/bin/cinder-rootwrap /etc/cinder/rootwrap.conf chmod ugo+rw /opt/stack/data/cinder/mnt/576c20babf938b62e66ba1a4ff14c920/volume-8650b1d5-e5c5-45b1-a77d-2fbda1047469.382c3dbd-ca15-4d17-85fe-59a760db2406
Jan 21 20:21:37 devstack sudo[87348]: pam_unix(sudo:session): session opened for user root(uid=0) by (uid=1000)
Jan 21 20:21:37 devstack sudo[87348]: pam_unix(sudo:session): session closed for user root
Jan 21 20:21:37 devstack cinder-volume[83215]: DEBUG oslo_concurrency.processutils [None req-92a3328d-e595-4f0a-9d8a-d83a440680ff tempest-SnapshotsActionsTest-1462475669 None] CMD "sudo cinder-rootwrap /etc/cinder/rootwrap.conf chmod ugo+rw /opt/stack/data/cinder/mnt/576c20babf938b62e66ba1a4ff14c920/volume-8650b1d5-e5c5-45b1-a77d-2fbda1047469.382c3dbd-ca15-4d17-85fe-59a760db2406" returned: 0 in 0.607s {{(pid=83215) execute /opt/stack/data/venv/lib/python3.10/site-packages/oslo_concurrency/processutils.py:372}}
Jan 21 20:21:37 devstack cinder-volume[83215]: DEBUG oslo_concurrency.lockutils [None req-92a3328d-e595-4f0a-9d8a-d83a440680ff tempest-SnapshotsActionsTest-1462475669 None] Lock "quobyte" "released" by "cinder.volume.drivers.quobyte.QuobyteDriver.create_snapshot" :: held 3.010s {{(pid=83215) inner /opt/stack/data/venv/lib/python3.10/site-packages/oslo_concurrency/lockutils.py:424}}
Jan 21 20:21:37 devstack cinder-volume[83215]: INFO cinder.volume.manager [None req-92a3328d-e595-4f0a-9d8a-d83a440680ff tempest-SnapshotsActionsTest-1462475669 None] Create snapshot completed successfully
Jan 21 20:21:37 devstack cinder-volume[83215]: DEBUG cinder.coordination [None req-947f0900-954c-4e14-b886-6573525d7361 tempest-SnapshotsActionsTest-812256604 None] Acquiring lock "cinder-382c3dbd-ca15-4d17-85fe-59a760db2406-delete_snapshot" by "delete_snapshot" {{(pid=83215) __acquire /opt/stack/cinder/cinder/coordination.py:143}}
Jan 21 20:21:37 devstack cinder-volume[83215]: DEBUG cinder.coordination [None req-947f0900-954c-4e14-b886-6573525d7361 tempest-SnapshotsActionsTest-812256604 None] Lock "cinder-382c3dbd-ca15-4d17-85fe-59a760db2406-delete_snapshot" acquired by "delete_snapshot" :: waited 0.013s {{(pid=83215) __acquire /opt/stack/cinder/cinder/coordination.py:146}}
Jan 21 20:21:37 devstack cinder-volume[83215]: WARNING cinder.volume.volume_utils [None req-947f0900-954c-4e14-b886-6573525d7361 tempest-SnapshotsActionsTest-812256604 None] Volume driver (QuobyteDriver 1.1.13) is currently unsupported and may be removed in the next release of OpenStack. Use at your own risk.
Jan 21 20:21:37 devstack cinder-volume[83215]: DEBUG cinder.coordination [None req-947f0900-954c-4e14-b886-6573525d7361 tempest-SnapshotsActionsTest-812256604 None] Acquiring lock "cinder-quobyte-8650b1d5-e5c5-45b1-a77d-2fbda1047469" by "delete_snapshot" {{(pid=83215) __acquire /opt/stack/cinder/cinder/coordination.py:143}}
Jan 21 20:21:37 devstack cinder-volume[83215]: DEBUG cinder.coordination [None req-947f0900-954c-4e14-b886-6573525d7361 tempest-SnapshotsActionsTest-812256604 None] Lock "cinder-quobyte-8650b1d5-e5c5-45b1-a77d-2fbda1047469" acquired by "delete_snapshot" :: waited 0.015s {{(pid=83215) __acquire /opt/stack/cinder/cinder/coordination.py:146}}
Jan 21 20:21:37 devstack cinder-volume[83215]: DEBUG cinder.coordination [None req-947f0900-954c-4e14-b886-6573525d7361 tempest-SnapshotsActionsTest-812256604 None] Acquiring lock "cinder-quobyte-382c3dbd-ca15-4d17-85fe-59a760db2406" by "_delete_snapshot" {{(pid=83215) __acquire /opt/stack/cinder/cinder/coordination.py:143}}
Jan 21 20:21:37 devstack cinder-volume[83215]: DEBUG cinder.coordination [None req-947f0900-954c-4e14-b886-6573525d7361 tempest-SnapshotsActionsTest-812256604 None] Lock "cinder-quobyte-382c3dbd-ca15-4d17-85fe-59a760db2406" acquired by "_delete_snapshot" :: waited 0.011s {{(pid=83215) __acquire /opt/stack/cinder/cinder/coordination.py:146}}
Jan 21 20:21:37 devstack cinder-volume[83215]: DEBUG cinder.volume.drivers.remotefs [None req-947f0900-954c-4e14-b886-6573525d7361 tempest-SnapshotsActionsTest-812256604 None] Deleting offline snapshot 382c3dbd-ca15-4d17-85fe-59a760db2406 of volume 8650b1d5-e5c5-45b1-a77d-2fbda1047469 {{(pid=83215) _delete_snapshot /opt/stack/cinder/cinder/volume/drivers/remotefs.py:1290}}
Jan 21 20:21:38 devstack cinder-volume[83215]: DEBUG cinder.volume.drivers.remotefs [None req-947f0900-954c-4e14-b886-6573525d7361 tempest-SnapshotsActionsTest-812256604 None] snapshot_file for this snap is: volume-8650b1d5-e5c5-45b1-a77d-2fbda1047469.382c3dbd-ca15-4d17-85fe-59a760db2406 {{(pid=83215) _delete_snapshot /opt/stack/cinder/cinder/volume/drivers/remotefs.py:1319}}
Jan 21 20:21:38 devstack cinder-volume[83215]: DEBUG oslo.privsep.daemon [-] privsep: reply[941bbc1b-8af1-4548-9b1a-58402323d23d]: (4, 'qcow2') {{(pid=84230) _call_back /opt/stack/data/venv/lib/python3.10/site-packages/oslo_privsep/daemon.py:515}}
Jan 21 20:21:38 devstack cinder-volume[83215]: DEBUG oslo_concurrency.processutils [None req-947f0900-954c-4e14-b886-6573525d7361 tempest-SnapshotsActionsTest-812256604 None] Running cmd (subprocess): /opt/stack/data/venv/bin/python3.10 -m oslo_concurrency.prlimit --as=1073741824 --cpu=60 -- sudo cinder-rootwrap /etc/cinder/rootwrap.conf env LC_ALL=C qemu-img info -f qcow2 --output=json --force-share /opt/stack/data/cinder/mnt/576c20babf938b62e66ba1a4ff14c920/volume-8650b1d5-e5c5-45b1-a77d-2fbda1047469.382c3dbd-ca15-4d17-85fe-59a760db2406 {{(pid=83215) execute /opt/stack/data/venv/lib/python3.10/site-packages/oslo_concurrency/processutils.py:349}}
Jan 21 20:21:38 devstack sudo[87352]: quobyte : PWD=/ ; USER=root ; COMMAND=/opt/stack/data/venv/bin/cinder-rootwrap /etc/cinder/rootwrap.conf env LC_ALL=C qemu-img info -f qcow2 --output=json --force-share /opt/stack/data/cinder/mnt/576c20babf938b62e66ba1a4ff14c920/volume-8650b1d5-e5c5-45b1-a77d-2fbda1047469.382c3dbd-ca15-4d17-85fe-59a760db2406
Jan 21 20:21:38 devstack sudo[87352]: pam_unix(sudo:session): session opened for user root(uid=0) by (uid=1000)
Jan 21 20:21:38 devstack sudo[87352]: pam_unix(sudo:session): session closed for user root
Jan 21 20:21:38 devstack cinder-volume[83215]: DEBUG oslo_concurrency.processutils [None req-947f0900-954c-4e14-b886-6573525d7361 tempest-SnapshotsActionsTest-812256604 None] CMD "/opt/stack/data/venv/bin/python3.10 -m oslo_concurrency.prlimit --as=1073741824 --cpu=60 -- sudo cinder-rootwrap /etc/cinder/rootwrap.conf env LC_ALL=C qemu-img info -f qcow2 --output=json --force-share /opt/stack/data/cinder/mnt/576c20babf938b62e66ba1a4ff14c920/volume-8650b1d5-e5c5-45b1-a77d-2fbda1047469.382c3dbd-ca15-4d17-85fe-59a760db2406" returned: 0 in 0.629s {{(pid=83215) execute /opt/stack/data/venv/lib/python3.10/site-packages/oslo_concurrency/processutils.py:372}}
Jan 21 20:21:38 devstack cinder-volume[83215]: DEBUG cinder.volume.drivers.remotefs [None req-947f0900-954c-4e14-b886-6573525d7361 tempest-SnapshotsActionsTest-812256604 None] Fetching qemu-img info with special backing_file_template: (/opt/stack/data/cinder/mnt/[0-9a-f]+/)?(volume-8650b1d5-e5c5-45b1-a77d-2fbda1047469(.(tmp-snap-)?[0-9a-f-]+)?|volume_from_snapshot_cache/(tmp-snap-)?[0-9a-f-]+(.(child-|parent-)[0-9a-f-]+)?)$ {{(pid=83215) _qemu_img_info_base /opt/stack/cinder/cinder/volume/drivers/remotefs.py:898}}
Jan 21 20:21:38 devstack cinder-volume[83215]: DEBUG oslo.privsep.daemon [-] privsep: reply[9b0d4903-af88-4294-9cb2-3121897cf976]: (4, 'qcow2') {{(pid=84230) _call_back /opt/stack/data/venv/lib/python3.10/site-packages/oslo_privsep/daemon.py:515}}
Jan 21 20:21:38 devstack cinder-volume[83215]: DEBUG oslo_concurrency.processutils [None req-947f0900-954c-4e14-b886-6573525d7361 tempest-SnapshotsActionsTest-812256604 None] Running cmd (subprocess): /opt/stack/data/venv/bin/python3.10 -m oslo_concurrency.prlimit --as=1073741824 --cpu=60 -- sudo cinder-rootwrap /etc/cinder/rootwrap.conf env LC_ALL=C qemu-img info -f qcow2 --output=json --force-share /opt/stack/data/cinder/mnt/576c20babf938b62e66ba1a4ff14c920/volume-8650b1d5-e5c5-45b1-a77d-2fbda1047469.2745d8be-6a40-4f4d-a484-ca18fff87fef {{(pid=83215) execute /opt/stack/data/venv/lib/python3.10/site-packages/oslo_concurrency/processutils.py:349}}
Jan 21 20:21:38 devstack sudo[87357]: quobyte : PWD=/ ; USER=root ; COMMAND=/opt/stack/data/venv/bin/cinder-rootwrap /etc/cinder/rootwrap.conf env LC_ALL=C qemu-img info -f qcow2 --output=json --force-share /opt/stack/data/cinder/mnt/576c20babf938b62e66ba1a4ff14c920/volume-8650b1d5-e5c5-45b1-a77d-2fbda1047469.2745d8be-6a40-4f4d-a484-ca18fff87fef
Jan 21 20:21:38 devstack sudo[87357]: pam_unix(sudo:session): session opened for user root(uid=0) by (uid=1000)
Jan 21 20:21:39 devstack sudo[87357]: pam_unix(sudo:session): session closed for user root
Jan 21 20:21:39 devstack cinder-volume[83215]: DEBUG oslo_concurrency.processutils [None req-947f0900-954c-4e14-b886-6573525d7361 tempest-SnapshotsActionsTest-812256604 None] CMD "/opt/stack/data/venv/bin/python3.10 -m oslo_concurrency.prlimit --as=1073741824 --cpu=60 -- sudo cinder-rootwrap /etc/cinder/rootwrap.conf env LC_ALL=C qemu-img info -f qcow2 --output=json --force-share /opt/stack/data/cinder/mnt/576c20babf938b62e66ba1a4ff14c920/volume-8650b1d5-e5c5-45b1-a77d-2fbda1047469.2745d8be-6a40-4f4d-a484-ca18fff87fef" returned: 0 in 0.692s {{(pid=83215) execute /opt/stack/data/venv/lib/python3.10/site-packages/oslo_concurrency/processutils.py:372}}
Jan 21 20:21:39 devstack cinder-volume[83215]: DEBUG cinder.volume.drivers.remotefs [None req-947f0900-954c-4e14-b886-6573525d7361 tempest-SnapshotsActionsTest-812256604 None] Fetching qemu-img info with special backing_file_template: (/opt/stack/data/cinder/mnt/[0-9a-f]+/)?(volume-8650b1d5-e5c5-45b1-a77d-2fbda1047469(.(tmp-snap-)?[0-9a-f-]+)?|volume_from_snapshot_cache/(tmp-snap-)?[0-9a-f-]+(.(child-|parent-)[0-9a-f-]+)?)$ {{(pid=83215) _qemu_img_info_base /opt/stack/cinder/cinder/volume/drivers/remotefs.py:898}}
Jan 21 20:21:39 devstack cinder-volume[83215]: DEBUG oslo_concurrency.processutils [None req-947f0900-954c-4e14-b886-6573525d7361 tempest-SnapshotsActionsTest-812256604 None] Running cmd (subprocess): sudo cinder-rootwrap /etc/cinder/rootwrap.conf qemu-img commit -d /opt/stack/data/cinder/mnt/576c20babf938b62e66ba1a4ff14c920/volume-8650b1d5-e5c5-45b1-a77d-2fbda1047469.382c3dbd-ca15-4d17-85fe-59a760db2406 {{(pid=83215) execute /opt/stack/data/venv/lib/python3.10/site-packages/oslo_concurrency/processutils.py:349}}
Jan 21 20:21:39 devstack sudo[87362]: quobyte : PWD=/ ; USER=root ; COMMAND=/opt/stack/data/venv/bin/cinder-rootwrap /etc/cinder/rootwrap.conf qemu-img commit -d /opt/stack/data/cinder/mnt/576c20babf938b62e66ba1a4ff14c920/volume-8650b1d5-e5c5-45b1-a77d-2fbda1047469.382c3dbd-ca15-4d17-85fe-59a760db2406
Jan 21 20:21:39 devstack sudo[87362]: pam_unix(sudo:session): session opened for user root(uid=0) by (uid=1000)
Jan 21 20:21:40 devstack sudo[87362]: pam_unix(sudo:session): session closed for user root
Jan 21 20:21:40 devstack cinder-volume[83215]: DEBUG oslo_concurrency.processutils [None req-947f0900-954c-4e14-b886-6573525d7361 tempest-SnapshotsActionsTest-812256604 None] CMD "sudo cinder-rootwrap /etc/cinder/rootwrap.conf qemu-img commit -d /opt/stack/data/cinder/mnt/576c20babf938b62e66ba1a4ff14c920/volume-8650b1d5-e5c5-45b1-a77d-2fbda1047469.382c3dbd-ca15-4d17-85fe-59a760db2406" returned: 0 in 0.712s {{(pid=83215) execute /opt/stack/data/venv/lib/python3.10/site-packages/oslo_concurrency/processutils.py:372}}
Jan 21 20:21:40 devstack cinder-volume[83215]: DEBUG oslo_concurrency.processutils [None req-947f0900-954c-4e14-b886-6573525d7361 tempest-SnapshotsActionsTest-812256604 None] Running cmd (subprocess): sudo cinder-rootwrap /etc/cinder/rootwrap.conf rm -f /opt/stack/data/cinder/mnt/576c20babf938b62e66ba1a4ff14c920/volume-8650b1d5-e5c5-45b1-a77d-2fbda1047469.382c3dbd-ca15-4d17-85fe-59a760db2406 {{(pid=83215) execute /opt/stack/data/venv/lib/python3.10/site-packages/oslo_concurrency/processutils.py:349}}
Jan 21 20:21:40 devstack sudo[87368]: quobyte : PWD=/ ; USER=root ; COMMAND=/opt/stack/data/venv/bin/cinder-rootwrap /etc/cinder/rootwrap.conf rm -f /opt/stack/data/cinder/mnt/576c20babf938b62e66ba1a4ff14c920/volume-8650b1d5-e5c5-45b1-a77d-2fbda1047469.382c3dbd-ca15-4d17-85fe-59a760db2406
Jan 21 20:21:40 devstack sudo[87368]: pam_unix(sudo:session): session opened for user root(uid=0) by (uid=1000)
Jan 21 20:21:40 devstack sudo[87368]: pam_unix(sudo:session): session closed for user root
Jan 21 20:21:40 devstack cinder-volume[83215]: DEBUG oslo_concurrency.processutils [None req-947f0900-954c-4e14-b886-6573525d7361 tempest-SnapshotsActionsTest-812256604 None] CMD "sudo cinder-rootwrap /etc/cinder/rootwrap.conf rm -f /opt/stack/data/cinder/mnt/576c20babf938b62e66ba1a4ff14c920/volume-8650b1d5-e5c5-45b1-a77d-2fbda1047469.382c3dbd-ca15-4d17-85fe-59a760db2406" returned: 0 in 0.494s {{(pid=83215) execute /opt/stack/data/venv/lib/python3.10/site-packages/oslo_concurrency/processutils.py:372}}
Jan 21 20:21:40 devstack cinder-volume[83215]: DEBUG cinder.coordination [None req-947f0900-954c-4e14-b886-6573525d7361 tempest-SnapshotsActionsTest-812256604 None] Lock "cinder-quobyte-382c3dbd-ca15-4d17-85fe-59a760db2406" released by "_delete_snapshot" :: held 2.596s {{(pid=83215) __release /opt/stack/cinder/cinder/coordination.py:157}}
Jan 21 20:21:40 devstack cinder-volume[83215]: DEBUG cinder.coordination [None req-947f0900-954c-4e14-b886-6573525d7361 tempest-SnapshotsActionsTest-812256604 None] Lock "cinder-quobyte-8650b1d5-e5c5-45b1-a77d-2fbda1047469" released by "delete_snapshot" :: held 2.613s {{(pid=83215) __release /opt/stack/cinder/cinder/coordination.py:157}}
Jan 21 20:21:40 devstack cinder-volume[83215]: DEBUG cinder.quota [None req-947f0900-954c-4e14-b886-6573525d7361 tempest-SnapshotsActionsTest-812256604 None] Created reservations ['8ee904c6-3f70-4a74-855a-e697350496a5', '6ec2c367-9cec-479a-a63c-79f67a3084cf', '6c6b5452-b9c2-459e-a1d5-b8591a8880d7', 'ae93161b-1849-419a-aaa6-5a23ce5d4300'] {{(pid=83215) reserve /opt/stack/cinder/cinder/quota.py:752}}
Jan 21 20:21:40 devstack cinder-volume[83215]: INFO cinder.volume.manager [None req-947f0900-954c-4e14-b886-6573525d7361 tempest-SnapshotsActionsTest-812256604 None] Delete snapshot completed successfully.
Jan 21 20:21:40 devstack cinder-volume[83215]: DEBUG cinder.coordination [None req-947f0900-954c-4e14-b886-6573525d7361 tempest-SnapshotsActionsTest-812256604 None] Lock "cinder-382c3dbd-ca15-4d17-85fe-59a760db2406-delete_snapshot" released by "delete_snapshot" :: held 2.733s {{(pid=83215) __release /opt/stack/cinder/cinder/coordination.py:157}}
Jan 21 20:21:41 devstack cinder-volume[83215]: WARNING cinder.volume.volume_utils [None req-7a67a26c-5ce1-4524-b125-d324d8c046df tempest-SnapshotsActionsTest-1462475669 None] Volume driver (QuobyteDriver 1.1.13) is currently unsupported and may be removed in the next release of OpenStack. Use at your own risk.
Jan 21 20:21:41 devstack cinder-volume[83215]: DEBUG oslo_concurrency.lockutils [None req-7a67a26c-5ce1-4524-b125-d324d8c046df tempest-SnapshotsActionsTest-1462475669 None] Acquiring lock "quobyte" by "cinder.volume.drivers.quobyte.QuobyteDriver.create_snapshot" {{(pid=83215) inner /opt/stack/data/venv/lib/python3.10/site-packages/oslo_concurrency/lockutils.py:405}}
Jan 21 20:21:41 devstack cinder-volume[83215]: DEBUG oslo_concurrency.lockutils [None req-7a67a26c-5ce1-4524-b125-d324d8c046df tempest-SnapshotsActionsTest-1462475669 None] Lock "quobyte" acquired by "cinder.volume.drivers.quobyte.QuobyteDriver.create_snapshot" :: waited 0.001s {{(pid=83215) inner /opt/stack/data/venv/lib/python3.10/site-packages/oslo_concurrency/lockutils.py:410}}
Jan 21 20:21:41 devstack cinder-volume[83215]: DEBUG cinder.volume.drivers.remotefs [None req-7a67a26c-5ce1-4524-b125-d324d8c046df tempest-SnapshotsActionsTest-1462475669 None] Creating offline snapshot 0782e9a0-2dcc-4cf8-a165-658771e9c77d of volume 8650b1d5-e5c5-45b1-a77d-2fbda1047469 {{(pid=83215) _create_snapshot /opt/stack/cinder/cinder/volume/drivers/remotefs.py:1817}}
Jan 21 20:21:41 devstack cinder-volume[83215]: DEBUG oslo.privsep.daemon [-] privsep: reply[8c8c4fee-75e3-49b3-a06a-fdaec2ef70c0]: (4, 'qcow2') {{(pid=84230) _call_back /opt/stack/data/venv/lib/python3.10/site-packages/oslo_privsep/daemon.py:515}}
Jan 21 20:21:41 devstack cinder-volume[83215]: DEBUG oslo_concurrency.processutils [None req-7a67a26c-5ce1-4524-b125-d324d8c046df tempest-SnapshotsActionsTest-1462475669 None] Running cmd (subprocess): /opt/stack/data/venv/bin/python3.10 -m oslo_concurrency.prlimit --as=1073741824 --cpu=60 -- sudo cinder-rootwrap /etc/cinder/rootwrap.conf env LC_ALL=C qemu-img info -f qcow2 --output=json --force-share /opt/stack/data/cinder/mnt/576c20babf938b62e66ba1a4ff14c920/volume-8650b1d5-e5c5-45b1-a77d-2fbda1047469.2745d8be-6a40-4f4d-a484-ca18fff87fef {{(pid=83215) execute /opt/stack/data/venv/lib/python3.10/site-packages/oslo_concurrency/processutils.py:349}}
Jan 21 20:21:41 devstack sudo[87371]: quobyte : PWD=/ ; USER=root ; COMMAND=/opt/stack/data/venv/bin/cinder-rootwrap /etc/cinder/rootwrap.conf env LC_ALL=C qemu-img info -f qcow2 --output=json --force-share /opt/stack/data/cinder/mnt/576c20babf938b62e66ba1a4ff14c920/volume-8650b1d5-e5c5-45b1-a77d-2fbda1047469.2745d8be-6a40-4f4d-a484-ca18fff87fef
Jan 21 20:21:41 devstack sudo[87371]: pam_unix(sudo:session): session opened for user root(uid=0) by (uid=1000)
Jan 21 20:21:42 devstack sudo[87371]: pam_unix(sudo:session): session closed for user root
Jan 21 20:21:42 devstack cinder-volume[83215]: DEBUG oslo_concurrency.processutils [None req-7a67a26c-5ce1-4524-b125-d324d8c046df tempest-SnapshotsActionsTest-1462475669 None] CMD "/opt/stack/data/venv/bin/python3.10 -m oslo_concurrency.prlimit --as=1073741824 --cpu=60 -- sudo cinder-rootwrap /etc/cinder/rootwrap.conf env LC_ALL=C qemu-img info -f qcow2 --output=json --force-share /opt/stack/data/cinder/mnt/576c20babf938b62e66ba1a4ff14c920/volume-8650b1d5-e5c5-45b1-a77d-2fbda1047469.2745d8be-6a40-4f4d-a484-ca18fff87fef" returned: 0 in 0.727s {{(pid=83215) execute /opt/stack/data/venv/lib/python3.10/site-packages/oslo_concurrency/processutils.py:372}}
Jan 21 20:21:42 devstack cinder-volume[83215]: DEBUG cinder.volume.drivers.remotefs [None req-7a67a26c-5ce1-4524-b125-d324d8c046df tempest-SnapshotsActionsTest-1462475669 None] Fetching qemu-img info with special backing_file_template: (/opt/stack/data/cinder/mnt/[0-9a-f]+/)?(volume-8650b1d5-e5c5-45b1-a77d-2fbda1047469(.(tmp-snap-)?[0-9a-f-]+)?|volume_from_snapshot_cache/(tmp-snap-)?[0-9a-f-]+(.(child-|parent-)[0-9a-f-]+)?)$ {{(pid=83215) _qemu_img_info_base /opt/stack/cinder/cinder/volume/drivers/remotefs.py:898}}
