Jul 06 15:25:52 devstack cinder-volume[86249]: DEBUG oslo_concurrency.processutils [None req-b31b8834-b027-43e0-bce9-66e0fcf5d86d tempest-DeleteServersTestJSON-316092492 None] Running cmd (subprocess): /opt/stack/data/venv/bin/python3.12 -m oslo_concurrency.prlimit --as=1073741824 --cpu=60 -- sudo cinder-rootwrap /etc/cinder/rootwrap.conf env LC_ALL=C qemu-img info -f qcow2 --output=json --force-share /opt/stack/data/cinder/mnt/21b103369c122d14a864d72359359804/volume-e5ad44ae-a4b3-41b1-8a31-76a457b7cf63 {{(pid=86249) execute /opt/stack/data/venv/lib/python3.12/site-packages/oslo_concurrency/processutils.py:440}}
Jul 06 15:25:52 devstack sudo[88892]: quobyte : PWD=/ ; USER=root ; COMMAND=/opt/stack/data/venv/bin/cinder-rootwrap /etc/cinder/rootwrap.conf env LC_ALL=C qemu-img info -f qcow2 --output=json --force-share /opt/stack/data/cinder/mnt/21b103369c122d14a864d72359359804/volume-e5ad44ae-a4b3-41b1-8a31-76a457b7cf63
Jul 06 15:25:52 devstack sudo[88892]: pam_unix(sudo:session): session opened for user root(uid=0) by (uid=1000)
Jul 06 15:25:52 devstack cinder-volume[86249]: INFO cinder.volume.manager [None req-db7a403d-73f1-4c7c-a7f6-fc132cb2588b tempest-GroupSnapshotsTest-2008608076 None] Update group completed successfully.
Jul 06 15:25:53 devstack sudo[88892]: pam_unix(sudo:session): session closed for user root
Jul 06 15:25:53 devstack cinder-volume[86249]: DEBUG oslo_concurrency.processutils [None req-b31b8834-b027-43e0-bce9-66e0fcf5d86d tempest-DeleteServersTestJSON-316092492 None] CMD "/opt/stack/data/venv/bin/python3.12 -m oslo_concurrency.prlimit --as=1073741824 --cpu=60 -- sudo cinder-rootwrap /etc/cinder/rootwrap.conf env LC_ALL=C qemu-img info -f qcow2 --output=json --force-share /opt/stack/data/cinder/mnt/21b103369c122d14a864d72359359804/volume-e5ad44ae-a4b3-41b1-8a31-76a457b7cf63" returned: 0 in 0.816s {{(pid=86249) execute /opt/stack/data/venv/lib/python3.12/site-packages/oslo_concurrency/processutils.py:468}}
Jul 06 15:25:53 devstack cinder-volume[86249]: DEBUG oslo_concurrency.processutils [None req-b31b8834-b027-43e0-bce9-66e0fcf5d86d tempest-DeleteServersTestJSON-316092492 None] Running cmd (subprocess): sudo cinder-rootwrap /etc/cinder/rootwrap.conf rm -f /opt/stack/data/cinder/mnt/21b103369c122d14a864d72359359804/volume-e5ad44ae-a4b3-41b1-8a31-76a457b7cf63 {{(pid=86249) execute /opt/stack/data/venv/lib/python3.12/site-packages/oslo_concurrency/processutils.py:440}}
Jul 06 15:25:53 devstack sudo[88900]: quobyte : PWD=/ ; USER=root ; COMMAND=/opt/stack/data/venv/bin/cinder-rootwrap /etc/cinder/rootwrap.conf rm -f /opt/stack/data/cinder/mnt/21b103369c122d14a864d72359359804/volume-e5ad44ae-a4b3-41b1-8a31-76a457b7cf63
Jul 06 15:25:53 devstack sudo[88900]: pam_unix(sudo:session): session opened for user root(uid=0) by (uid=1000)
Jul 06 15:25:54 devstack cinder-volume[86249]: DEBUG dbcounter [-] [86249] Writing DB stats cinder:SELECT=74,cinder:UPDATE=61,cinder:INSERT=14,cinder:DELETE=2 {{(pid=86249) stat_writer /opt/stack/data/venv/lib/python3.12/site-packages/dbcounter.py:115}}
Jul 06 15:25:54 devstack cinder-volume[86249]: INFO cinder.volume.manager [None req-9f2c5ce5-62da-4270-a1bc-2bef78138286 tempest-GroupSnapshotsTest-2008608076 None] Update group completed successfully.
Jul 06 15:25:54 devstack sudo[88900]: pam_unix(sudo:session): session closed for user root
Jul 06 15:25:54 devstack cinder-volume[86249]: DEBUG oslo_concurrency.processutils [None req-b31b8834-b027-43e0-bce9-66e0fcf5d86d tempest-DeleteServersTestJSON-316092492 None] CMD "sudo cinder-rootwrap /etc/cinder/rootwrap.conf rm -f /opt/stack/data/cinder/mnt/21b103369c122d14a864d72359359804/volume-e5ad44ae-a4b3-41b1-8a31-76a457b7cf63" returned: 0 in 0.800s {{(pid=86249) execute /opt/stack/data/venv/lib/python3.12/site-packages/oslo_concurrency/processutils.py:468}}
Jul 06 15:25:54 devstack cinder-volume[86249]: DEBUG cinder.coordination [None req-b31b8834-b027-43e0-bce9-66e0fcf5d86d tempest-DeleteServersTestJSON-316092492 None] Lock "cinder-quobyte-e5ad44ae-a4b3-41b1-8a31-76a457b7cf63" released by "delete_volume" :: held 1.676s {{(pid=86249) __release /opt/stack/cinder/cinder/coordination.py:152}}
Jul 06 15:25:54 devstack cinder-volume[86249]: DEBUG cinder.quota [None req-b31b8834-b027-43e0-bce9-66e0fcf5d86d tempest-DeleteServersTestJSON-316092492 None] Created reservations ['cc437fda-5efb-400b-86a7-f9457fcef420', '3d5df695-ad13-4267-a255-21d6cbaf7700', '542335ec-aa28-4330-a008-dd6cbfff396e', 'abeddfad-e2d0-4ebe-924d-28bb64c8af0b'] {{(pid=86249) reserve /opt/stack/cinder/cinder/quota.py:752}}
Jul 06 15:25:54 devstack cinder-volume[86249]: DEBUG oslo_concurrency.lockutils [None req-b31b8834-b027-43e0-bce9-66e0fcf5d86d tempest-DeleteServersTestJSON-316092492 None] Acquiring lock "quobyte_ensure" by "cinder.volume.drivers.quobyte.QuobyteDriver._ensure_shares_mounted" {{(pid=86249) inner /opt/stack/data/venv/lib/python3.12/site-packages/oslo_concurrency/lockutils.py:511}}
Jul 06 15:25:54 devstack cinder-volume[86249]: DEBUG oslo_concurrency.lockutils [None req-b31b8834-b027-43e0-bce9-66e0fcf5d86d tempest-DeleteServersTestJSON-316092492 None] Lock "quobyte_ensure" acquired by "cinder.volume.drivers.quobyte.QuobyteDriver._ensure_shares_mounted" :: waited 0.001s {{(pid=86249) inner /opt/stack/data/venv/lib/python3.12/site-packages/oslo_concurrency/lockutils.py:524}}
Jul 06 15:25:54 devstack cinder-volume[86249]: DEBUG cinder.volume.drivers.quobyte [None req-b31b8834-b027-43e0-bce9-66e0fcf5d86d tempest-DeleteServersTestJSON-316092492 None] Quobyte Volume URL set to: {'osci02.corp.quobyte.com/cinder-vol-0d7b384e-8f45-4005-8454-9fa1f40b61fc': None} {{(pid=86249) _load_shares_config /opt/stack/cinder/cinder/volume/drivers/quobyte.py:617}}
Jul 06 15:25:54 devstack cinder-volume[86249]: DEBUG cinder.volume.drivers.quobyte [None req-b31b8834-b027-43e0-bce9-66e0fcf5d86d tempest-DeleteServersTestJSON-316092492 None] Available shares ['osci02.corp.quobyte.com/cinder-vol-0d7b384e-8f45-4005-8454-9fa1f40b61fc'] {{(pid=86249) _ensure_shares_mounted /opt/stack/cinder/cinder/volume/drivers/quobyte.py:647}}
Jul 06 15:25:54 devstack cinder-volume[86249]: DEBUG oslo_concurrency.lockutils [None req-b31b8834-b027-43e0-bce9-66e0fcf5d86d tempest-DeleteServersTestJSON-316092492 None] Lock "quobyte_ensure" "released" by "cinder.volume.drivers.quobyte.QuobyteDriver._ensure_shares_mounted" :: held 0.006s {{(pid=86249) inner /opt/stack/data/venv/lib/python3.12/site-packages/oslo_concurrency/lockutils.py:543}}
Jul 06 15:25:54 devstack cinder-volume[86249]: DEBUG oslo_concurrency.processutils [None req-b31b8834-b027-43e0-bce9-66e0fcf5d86d tempest-DeleteServersTestJSON-316092492 None] Running cmd (subprocess): sudo cinder-rootwrap /etc/cinder/rootwrap.conf df --portability --block-size 1 /opt/stack/data/cinder/mnt/21b103369c122d14a864d72359359804 {{(pid=86249) execute /opt/stack/data/venv/lib/python3.12/site-packages/oslo_concurrency/processutils.py:440}}
Jul 06 15:25:54 devstack sudo[88906]: quobyte : PWD=/ ; USER=root ; COMMAND=/opt/stack/data/venv/bin/cinder-rootwrap /etc/cinder/rootwrap.conf df --portability --block-size 1 /opt/stack/data/cinder/mnt/21b103369c122d14a864d72359359804
Jul 06 15:25:54 devstack sudo[88906]: pam_unix(sudo:session): session opened for user root(uid=0) by (uid=1000)
Jul 06 15:25:55 devstack sudo[88906]: pam_unix(sudo:session): session closed for user root
Jul 06 15:25:55 devstack cinder-volume[86249]: DEBUG oslo_concurrency.processutils [None req-b31b8834-b027-43e0-bce9-66e0fcf5d86d tempest-DeleteServersTestJSON-316092492 None] CMD "sudo cinder-rootwrap /etc/cinder/rootwrap.conf df --portability --block-size 1 /opt/stack/data/cinder/mnt/21b103369c122d14a864d72359359804" returned: 0 in 0.710s {{(pid=86249) execute /opt/stack/data/venv/lib/python3.12/site-packages/oslo_concurrency/processutils.py:468}}
Jul 06 15:25:55 devstack cinder-volume[86249]: DEBUG cinder.manager [None req-b31b8834-b027-43e0-bce9-66e0fcf5d86d tempest-DeleteServersTestJSON-316092492 None] Notifying Schedulers of capabilities ... {{(pid=86249) _publish_service_capabilities /opt/stack/cinder/cinder/manager.py:219}}
Jul 06 15:25:55 devstack cinder-volume[86249]: INFO cinder.volume.manager [None req-b31b8834-b027-43e0-bce9-66e0fcf5d86d tempest-DeleteServersTestJSON-316092492 None] Deleted volume successfully.
Jul 06 15:25:55 devstack cinder-volume[86249]: DEBUG cinder.coordination [None req-b31b8834-b027-43e0-bce9-66e0fcf5d86d tempest-DeleteServersTestJSON-316092492 None] Lock "cinder-e5ad44ae-a4b3-41b1-8a31-76a457b7cf63-delete_volume" released by "delete_volume" :: held 2.599s {{(pid=86249) __release /opt/stack/cinder/cinder/coordination.py:152}}
Jul 06 15:25:55 devstack cinder-volume[86249]: INFO cinder.volume.manager [req-d626c82a-1f83-4400-ae02-ea41c3fcf23b req-d47c9202-fa91-4330-90a0-b68ac02d40bd tempest-TaggedAttachmentsTest-298552033 None] Terminate volume connection completed successfully.
Jul 06 15:25:55 devstack cinder-volume[86249]: DEBUG cinder.volume.manager [req-d626c82a-1f83-4400-ae02-ea41c3fcf23b req-d47c9202-fa91-4330-90a0-b68ac02d40bd tempest-TaggedAttachmentsTest-298552033 None] Deleting attachment bc56ea3d-b55b-4e40-b98d-03e2e63b6d8f. {{(pid=86249) attachment_delete /opt/stack/cinder/cinder/volume/manager.py:5055}}
Jul 06 15:25:55 devstack cinder-volume[86249]: INFO cinder.volume.manager [None req-1f7f96cd-60d6-4568-9dd4-385e028c70ad tempest-GroupSnapshotsTest-2008608076 None] GroupSnapshot bafc67c5-109e-4de2-ace2-4c8918a641d1: creating.
Jul 06 15:25:55 devstack cinder-volume[86249]: DEBUG cinder.volume.manager [None req-1f7f96cd-60d6-4568-9dd4-385e028c70ad tempest-GroupSnapshotsTest-2008608076 None] Group snapshot bafc67c5-109e-4de2-ace2-4c8918a641d1: creating. {{(pid=86249) create_group_snapshot /opt/stack/cinder/cinder/volume/manager.py:4175}}
Jul 06 15:25:55 devstack cinder-volume[86249]: DEBUG oslo_concurrency.lockutils [None req-1f7f96cd-60d6-4568-9dd4-385e028c70ad tempest-GroupSnapshotsTest-2008608076 None] Acquiring lock "quobyte" by "cinder.volume.drivers.quobyte.QuobyteDriver.create_snapshot" {{(pid=86249) inner /opt/stack/data/venv/lib/python3.12/site-packages/oslo_concurrency/lockutils.py:511}}
Jul 06 15:25:55 devstack cinder-volume[86249]: DEBUG oslo_concurrency.lockutils [None req-1f7f96cd-60d6-4568-9dd4-385e028c70ad tempest-GroupSnapshotsTest-2008608076 None] Lock "quobyte" acquired by "cinder.volume.drivers.quobyte.QuobyteDriver.create_snapshot" :: waited 0.001s {{(pid=86249) inner /opt/stack/data/venv/lib/python3.12/site-packages/oslo_concurrency/lockutils.py:524}}
Jul 06 15:25:55 devstack cinder-volume[86249]: DEBUG cinder.volume.drivers.remotefs [None req-1f7f96cd-60d6-4568-9dd4-385e028c70ad tempest-GroupSnapshotsTest-2008608076 None] Creating offline snapshot a35a6ba1-8b70-4801-a8f5-e5ee3cae179d of volume 5bfbff6b-271f-4595-8434-d63a05f61e66 {{(pid=86249) _create_snapshot /opt/stack/cinder/cinder/volume/drivers/remotefs.py:1816}}
Jul 06 15:25:55 devstack cinder-volume[86249]: DEBUG oslo.privsep.daemon [-] privsep: reply[e87e238e-9a14-4ea7-bf7a-dbed93cf93e5]: (4, 'qcow2') {{(pid=86765) _call_back /opt/stack/data/venv/lib/python3.12/site-packages/oslo_privsep/daemon.py:580}}
Jul 06 15:25:55 devstack cinder-volume[86249]: DEBUG oslo_concurrency.processutils [None req-1f7f96cd-60d6-4568-9dd4-385e028c70ad tempest-GroupSnapshotsTest-2008608076 None] Running cmd (subprocess): /opt/stack/data/venv/bin/python3.12 -m oslo_concurrency.prlimit --as=1073741824 --cpu=60 -- sudo cinder-rootwrap /etc/cinder/rootwrap.conf env LC_ALL=C qemu-img info -f qcow2 --output=json --force-share /opt/stack/data/cinder/mnt/21b103369c122d14a864d72359359804/volume-5bfbff6b-271f-4595-8434-d63a05f61e66 {{(pid=86249) execute /opt/stack/data/venv/lib/python3.12/site-packages/oslo_concurrency/processutils.py:440}}
Jul 06 15:25:55 devstack sudo[88936]: quobyte : PWD=/ ; USER=root ; COMMAND=/opt/stack/data/venv/bin/cinder-rootwrap /etc/cinder/rootwrap.conf env LC_ALL=C qemu-img info -f qcow2 --output=json --force-share /opt/stack/data/cinder/mnt/21b103369c122d14a864d72359359804/volume-5bfbff6b-271f-4595-8434-d63a05f61e66
Jul 06 15:25:55 devstack sudo[88936]: pam_unix(sudo:session): session opened for user root(uid=0) by (uid=1000)
Jul 06 15:25:56 devstack sudo[88936]: pam_unix(sudo:session): session closed for user root
Jul 06 15:25:56 devstack cinder-volume[86249]: DEBUG oslo_concurrency.processutils [None req-1f7f96cd-60d6-4568-9dd4-385e028c70ad tempest-GroupSnapshotsTest-2008608076 None] CMD "/opt/stack/data/venv/bin/python3.12 -m oslo_concurrency.prlimit --as=1073741824 --cpu=60 -- sudo cinder-rootwrap /etc/cinder/rootwrap.conf env LC_ALL=C qemu-img info -f qcow2 --output=json --force-share /opt/stack/data/cinder/mnt/21b103369c122d14a864d72359359804/volume-5bfbff6b-271f-4595-8434-d63a05f61e66" returned: 0 in 1.111s {{(pid=86249) execute /opt/stack/data/venv/lib/python3.12/site-packages/oslo_concurrency/processutils.py:468}}
Jul 06 15:25:56 devstack cinder-volume[86249]: DEBUG oslo_concurrency.processutils [None req-1f7f96cd-60d6-4568-9dd4-385e028c70ad tempest-GroupSnapshotsTest-2008608076 None] Running cmd (subprocess): sudo cinder-rootwrap /etc/cinder/rootwrap.conf qemu-img create -f qcow2 -o backing_file=/opt/stack/data/cinder/mnt/21b103369c122d14a864d72359359804/volume-5bfbff6b-271f-4595-8434-d63a05f61e66,backing_fmt=qcow2 /opt/stack/data/cinder/mnt/21b103369c122d14a864d72359359804/volume-5bfbff6b-271f-4595-8434-d63a05f61e66.a35a6ba1-8b70-4801-a8f5-e5ee3cae179d 1G {{(pid=86249) execute /opt/stack/data/venv/lib/python3.12/site-packages/oslo_concurrency/processutils.py:440}}
Jul 06 15:25:57 devstack sudo[88943]: quobyte : PWD=/ ; USER=root ; COMMAND=/opt/stack/data/venv/bin/cinder-rootwrap /etc/cinder/rootwrap.conf qemu-img create -f qcow2 -o backing_file=/opt/stack/data/cinder/mnt/21b103369c122d14a864d72359359804/volume-5bfbff6b-271f-4595-8434-d63a05f61e66,backing_fmt=qcow2 /opt/stack/data/cinder/mnt/21b103369c122d14a864d72359359804/volume-5bfbff6b-271f-4595-8434-d63a05f61e66.a35a6ba1-8b70-4801-a8f5-e5ee3cae179d 1G
Jul 06 15:25:57 devstack sudo[88943]: pam_unix(sudo:session): session opened for user root(uid=0) by (uid=1000)
Jul 06 15:25:58 devstack sudo[88943]: pam_unix(sudo:session): session closed for user root
Jul 06 15:25:58 devstack cinder-volume[86249]: DEBUG oslo_concurrency.processutils [None req-1f7f96cd-60d6-4568-9dd4-385e028c70ad tempest-GroupSnapshotsTest-2008608076 None] CMD "sudo cinder-rootwrap /etc/cinder/rootwrap.conf qemu-img create -f qcow2 -o backing_file=/opt/stack/data/cinder/mnt/21b103369c122d14a864d72359359804/volume-5bfbff6b-271f-4595-8434-d63a05f61e66,backing_fmt=qcow2 /opt/stack/data/cinder/mnt/21b103369c122d14a864d72359359804/volume-5bfbff6b-271f-4595-8434-d63a05f61e66.a35a6ba1-8b70-4801-a8f5-e5ee3cae179d 1G" returned: 0 in 1.109s {{(pid=86249) execute /opt/stack/data/venv/lib/python3.12/site-packages/oslo_concurrency/processutils.py:468}}
Jul 06 15:25:58 devstack cinder-volume[86249]: DEBUG oslo_concurrency.processutils [None req-1f7f96cd-60d6-4568-9dd4-385e028c70ad tempest-GroupSnapshotsTest-2008608076 None] Running cmd (subprocess): sudo cinder-rootwrap /etc/cinder/rootwrap.conf qemu-img rebase -u -b volume-5bfbff6b-271f-4595-8434-d63a05f61e66 -F qcow2 /opt/stack/data/cinder/mnt/21b103369c122d14a864d72359359804/volume-5bfbff6b-271f-4595-8434-d63a05f61e66.a35a6ba1-8b70-4801-a8f5-e5ee3cae179d {{(pid=86249) execute /opt/stack/data/venv/lib/python3.12/site-packages/oslo_concurrency/processutils.py:440}}
Jul 06 15:25:58 devstack sudo[88949]: quobyte : PWD=/ ; USER=root ; COMMAND=/opt/stack/data/venv/bin/cinder-rootwrap /etc/cinder/rootwrap.conf qemu-img rebase -u -b volume-5bfbff6b-271f-4595-8434-d63a05f61e66 -F qcow2 /opt/stack/data/cinder/mnt/21b103369c122d14a864d72359359804/volume-5bfbff6b-271f-4595-8434-d63a05f61e66.a35a6ba1-8b70-4801-a8f5-e5ee3cae179d
Jul 06 15:25:58 devstack sudo[88949]: pam_unix(sudo:session): session opened for user root(uid=0) by (uid=1000)
Jul 06 15:25:59 devstack sudo[88949]: pam_unix(sudo:session): session closed for user root
Jul 06 15:25:59 devstack cinder-volume[86249]: DEBUG oslo_concurrency.processutils [None req-1f7f96cd-60d6-4568-9dd4-385e028c70ad tempest-GroupSnapshotsTest-2008608076 None] CMD "sudo cinder-rootwrap /etc/cinder/rootwrap.conf qemu-img rebase -u -b volume-5bfbff6b-271f-4595-8434-d63a05f61e66 -F qcow2 /opt/stack/data/cinder/mnt/21b103369c122d14a864d72359359804/volume-5bfbff6b-271f-4595-8434-d63a05f61e66.a35a6ba1-8b70-4801-a8f5-e5ee3cae179d" returned: 0 in 1.237s {{(pid=86249) execute /opt/stack/data/venv/lib/python3.12/site-packages/oslo_concurrency/processutils.py:468}}
Jul 06 15:25:59 devstack cinder-volume[86249]: WARNING cinder.volume.drivers.remotefs [None req-1f7f96cd-60d6-4568-9dd4-385e028c70ad tempest-GroupSnapshotsTest-2008608076 None] /opt/stack/data/cinder/mnt/21b103369c122d14a864d72359359804/volume-5bfbff6b-271f-4595-8434-d63a05f61e66.a35a6ba1-8b70-4801-a8f5-e5ee3cae179d is being set with open permissions: ugo+rw: NotImplementedError
Jul 06 15:25:59 devstack cinder-volume[86249]: DEBUG oslo_concurrency.processutils [None req-1f7f96cd-60d6-4568-9dd4-385e028c70ad tempest-GroupSnapshotsTest-2008608076 None] Running cmd (subprocess): sudo cinder-rootwrap /etc/cinder/rootwrap.conf chmod ugo+rw /opt/stack/data/cinder/mnt/21b103369c122d14a864d72359359804/volume-5bfbff6b-271f-4595-8434-d63a05f61e66.a35a6ba1-8b70-4801-a8f5-e5ee3cae179d {{(pid=86249) execute /opt/stack/data/venv/lib/python3.12/site-packages/oslo_concurrency/processutils.py:440}}
Jul 06 15:25:59 devstack sudo[89007]: quobyte : PWD=/ ; USER=root ; COMMAND=/opt/stack/data/venv/bin/cinder-rootwrap /etc/cinder/rootwrap.conf chmod ugo+rw /opt/stack/data/cinder/mnt/21b103369c122d14a864d72359359804/volume-5bfbff6b-271f-4595-8434-d63a05f61e66.a35a6ba1-8b70-4801-a8f5-e5ee3cae179d
Jul 06 15:25:59 devstack sudo[89007]: pam_unix(sudo:session): session opened for user root(uid=0) by (uid=1000)
Jul 06 15:26:00 devstack sudo[89007]: pam_unix(sudo:session): session closed for user root
Jul 06 15:26:00 devstack cinder-volume[86249]: DEBUG oslo_concurrency.processutils [None req-1f7f96cd-60d6-4568-9dd4-385e028c70ad tempest-GroupSnapshotsTest-2008608076 None] CMD "sudo cinder-rootwrap /etc/cinder/rootwrap.conf chmod ugo+rw /opt/stack/data/cinder/mnt/21b103369c122d14a864d72359359804/volume-5bfbff6b-271f-4595-8434-d63a05f61e66.a35a6ba1-8b70-4801-a8f5-e5ee3cae179d" returned: 0 in 0.826s {{(pid=86249) execute /opt/stack/data/venv/lib/python3.12/site-packages/oslo_concurrency/processutils.py:468}}
Jul 06 15:26:00 devstack cinder-volume[86249]: DEBUG oslo_concurrency.processutils [None req-1f7f96cd-60d6-4568-9dd4-385e028c70ad tempest-GroupSnapshotsTest-2008608076 None] Running cmd (subprocess): sudo cinder-rootwrap /etc/cinder/rootwrap.conf truncate -s0 /opt/stack/data/cinder/mnt/21b103369c122d14a864d72359359804/volume-5bfbff6b-271f-4595-8434-d63a05f61e66.info {{(pid=86249) execute /opt/stack/data/venv/lib/python3.12/site-packages/oslo_concurrency/processutils.py:440}}
Jul 06 15:26:00 devstack sudo[89012]: quobyte : PWD=/ ; USER=root ; COMMAND=/opt/stack/data/venv/bin/cinder-rootwrap /etc/cinder/rootwrap.conf truncate -s0 /opt/stack/data/cinder/mnt/21b103369c122d14a864d72359359804/volume-5bfbff6b-271f-4595-8434-d63a05f61e66.info
Jul 06 15:26:00 devstack sudo[89012]: pam_unix(sudo:session): session opened for user root(uid=0) by (uid=1000)
Jul 06 15:26:01 devstack sudo[89012]: pam_unix(sudo:session): session closed for user root
Jul 06 15:26:01 devstack cinder-volume[86249]: DEBUG oslo_concurrency.processutils [None req-1f7f96cd-60d6-4568-9dd4-385e028c70ad tempest-GroupSnapshotsTest-2008608076 None] CMD "sudo cinder-rootwrap /etc/cinder/rootwrap.conf truncate -s0 /opt/stack/data/cinder/mnt/21b103369c122d14a864d72359359804/volume-5bfbff6b-271f-4595-8434-d63a05f61e66.info" returned: 0 in 0.878s {{(pid=86249) execute /opt/stack/data/venv/lib/python3.12/site-packages/oslo_concurrency/processutils.py:468}}
Jul 06 15:26:01 devstack cinder-volume[86249]: WARNING cinder.volume.drivers.remotefs [None req-1f7f96cd-60d6-4568-9dd4-385e028c70ad tempest-GroupSnapshotsTest-2008608076 None] /opt/stack/data/cinder/mnt/21b103369c122d14a864d72359359804/volume-5bfbff6b-271f-4595-8434-d63a05f61e66.info is being set with open permissions: ugo+rw: NotImplementedError
Jul 06 15:26:01 devstack cinder-volume[86249]: DEBUG oslo_concurrency.processutils [None req-1f7f96cd-60d6-4568-9dd4-385e028c70ad tempest-GroupSnapshotsTest-2008608076 None] Running cmd (subprocess): sudo cinder-rootwrap /etc/cinder/rootwrap.conf chmod ugo+rw /opt/stack/data/cinder/mnt/21b103369c122d14a864d72359359804/volume-5bfbff6b-271f-4595-8434-d63a05f61e66.info {{(pid=86249) execute /opt/stack/data/venv/lib/python3.12/site-packages/oslo_concurrency/processutils.py:440}}
Jul 06 15:26:01 devstack sudo[89017]: quobyte : PWD=/ ; USER=root ; COMMAND=/opt/stack/data/venv/bin/cinder-rootwrap /etc/cinder/rootwrap.conf chmod ugo+rw /opt/stack/data/cinder/mnt/21b103369c122d14a864d72359359804/volume-5bfbff6b-271f-4595-8434-d63a05f61e66.info
Jul 06 15:26:01 devstack sudo[89017]: pam_unix(sudo:session): session opened for user root(uid=0) by (uid=1000)
Jul 06 15:26:02 devstack sudo[89017]: pam_unix(sudo:session): session closed for user root
Jul 06 15:26:02 devstack cinder-volume[86249]: DEBUG oslo_concurrency.processutils [None req-1f7f96cd-60d6-4568-9dd4-385e028c70ad tempest-GroupSnapshotsTest-2008608076 None] CMD "sudo cinder-rootwrap /etc/cinder/rootwrap.conf chmod ugo+rw /opt/stack/data/cinder/mnt/21b103369c122d14a864d72359359804/volume-5bfbff6b-271f-4595-8434-d63a05f61e66.info" returned: 0 in 1.019s {{(pid=86249) execute /opt/stack/data/venv/lib/python3.12/site-packages/oslo_concurrency/processutils.py:468}}
Jul 06 15:26:02 devstack cinder-volume[86249]: DEBUG oslo_concurrency.lockutils [None req-1f7f96cd-60d6-4568-9dd4-385e028c70ad tempest-GroupSnapshotsTest-2008608076 None] Lock "quobyte" "released" by "cinder.volume.drivers.quobyte.QuobyteDriver.create_snapshot" :: held 6.279s {{(pid=86249) inner /opt/stack/data/venv/lib/python3.12/site-packages/oslo_concurrency/lockutils.py:543}}
Jul 06 15:26:02 devstack cinder-volume[86249]: DEBUG oslo_concurrency.lockutils [None req-1f7f96cd-60d6-4568-9dd4-385e028c70ad tempest-GroupSnapshotsTest-2008608076 None] Acquiring lock "quobyte" by "cinder.volume.drivers.quobyte.QuobyteDriver.create_snapshot" {{(pid=86249) inner /opt/stack/data/venv/lib/python3.12/site-packages/oslo_concurrency/lockutils.py:511}}
Jul 06 15:26:02 devstack cinder-volume[86249]: DEBUG oslo_concurrency.lockutils [None req-1f7f96cd-60d6-4568-9dd4-385e028c70ad tempest-GroupSnapshotsTest-2008608076 None] Lock "quobyte" acquired by "cinder.volume.drivers.quobyte.QuobyteDriver.create_snapshot" :: waited 0.000s {{(pid=86249) inner /opt/stack/data/venv/lib/python3.12/site-packages/oslo_concurrency/lockutils.py:524}}
Jul 06 15:26:02 devstack cinder-volume[86249]: DEBUG cinder.volume.drivers.remotefs [None req-1f7f96cd-60d6-4568-9dd4-385e028c70ad tempest-GroupSnapshotsTest-2008608076 None] Creating offline snapshot a7b40f2a-edce-43d2-8d4f-95aa99b69958 of volume 0fa5febf-f259-48a6-b4ab-d3a9faaf8eb5 {{(pid=86249) _create_snapshot /opt/stack/cinder/cinder/volume/drivers/remotefs.py:1816}}
Jul 06 15:26:02 devstack cinder-volume[86249]: DEBUG oslo.privsep.daemon [-] privsep: reply[4597fd09-936b-4555-8aba-1dacc563f6eb]: (4, 'qcow2') {{(pid=86765) _call_back /opt/stack/data/venv/lib/python3.12/site-packages/oslo_privsep/daemon.py:580}}
Jul 06 15:26:02 devstack cinder-volume[86249]: DEBUG oslo_concurrency.processutils [None req-1f7f96cd-60d6-4568-9dd4-385e028c70ad tempest-GroupSnapshotsTest-2008608076 None] Running cmd (subprocess): /opt/stack/data/venv/bin/python3.12 -m oslo_concurrency.prlimit --as=1073741824 --cpu=60 -- sudo cinder-rootwrap /etc/cinder/rootwrap.conf env LC_ALL=C qemu-img info -f qcow2 --output=json --force-share /opt/stack/data/cinder/mnt/21b103369c122d14a864d72359359804/volume-0fa5febf-f259-48a6-b4ab-d3a9faaf8eb5 {{(pid=86249) execute /opt/stack/data/venv/lib/python3.12/site-packages/oslo_concurrency/processutils.py:440}}
Jul 06 15:26:02 devstack sudo[89023]: quobyte : PWD=/ ; USER=root ; COMMAND=/opt/stack/data/venv/bin/cinder-rootwrap /etc/cinder/rootwrap.conf env LC_ALL=C qemu-img info -f qcow2 --output=json --force-share /opt/stack/data/cinder/mnt/21b103369c122d14a864d72359359804/volume-0fa5febf-f259-48a6-b4ab-d3a9faaf8eb5
Jul 06 15:26:02 devstack sudo[89023]: pam_unix(sudo:session): session opened for user root(uid=0) by (uid=1000)
Jul 06 15:26:03 devstack sudo[89023]: pam_unix(sudo:session): session closed for user root
Jul 06 15:26:03 devstack cinder-volume[86249]: DEBUG oslo_concurrency.processutils [None req-1f7f96cd-60d6-4568-9dd4-385e028c70ad tempest-GroupSnapshotsTest-2008608076 None] CMD "/opt/stack/data/venv/bin/python3.12 -m oslo_concurrency.prlimit --as=1073741824 --cpu=60 -- sudo cinder-rootwrap /etc/cinder/rootwrap.conf env LC_ALL=C qemu-img info -f qcow2 --output=json --force-share /opt/stack/data/cinder/mnt/21b103369c122d14a864d72359359804/volume-0fa5febf-f259-48a6-b4ab-d3a9faaf8eb5" returned: 0 in 1.119s {{(pid=86249) execute /opt/stack/data/venv/lib/python3.12/site-packages/oslo_concurrency/processutils.py:468}}
Jul 06 15:26:03 devstack cinder-volume[86249]: DEBUG oslo_concurrency.processutils [None req-1f7f96cd-60d6-4568-9dd4-385e028c70ad tempest-GroupSnapshotsTest-2008608076 None] Running cmd (subprocess): sudo cinder-rootwrap /etc/cinder/rootwrap.conf qemu-img create -f qcow2 -o backing_file=/opt/stack/data/cinder/mnt/21b103369c122d14a864d72359359804/volume-0fa5febf-f259-48a6-b4ab-d3a9faaf8eb5,backing_fmt=qcow2 /opt/stack/data/cinder/mnt/21b103369c122d14a864d72359359804/volume-0fa5febf-f259-48a6-b4ab-d3a9faaf8eb5.a7b40f2a-edce-43d2-8d4f-95aa99b69958 1G {{(pid=86249) execute /opt/stack/data/venv/lib/python3.12/site-packages/oslo_concurrency/processutils.py:440}}
Jul 06 15:26:03 devstack sudo[89029]: quobyte : PWD=/ ; USER=root ; COMMAND=/opt/stack/data/venv/bin/cinder-rootwrap /etc/cinder/rootwrap.conf qemu-img create -f qcow2 -o backing_file=/opt/stack/data/cinder/mnt/21b103369c122d14a864d72359359804/volume-0fa5febf-f259-48a6-b4ab-d3a9faaf8eb5,backing_fmt=qcow2 /opt/stack/data/cinder/mnt/21b103369c122d14a864d72359359804/volume-0fa5febf-f259-48a6-b4ab-d3a9faaf8eb5.a7b40f2a-edce-43d2-8d4f-95aa99b69958 1G
Jul 06 15:26:03 devstack sudo[89029]: pam_unix(sudo:session): session opened for user root(uid=0) by (uid=1000)
Jul 06 15:26:04 devstack sudo[89029]: pam_unix(sudo:session): session closed for user root
Jul 06 15:26:04 devstack cinder-volume[86249]: DEBUG oslo_concurrency.processutils [None req-1f7f96cd-60d6-4568-9dd4-385e028c70ad tempest-GroupSnapshotsTest-2008608076 None] CMD "sudo cinder-rootwrap /etc/cinder/rootwrap.conf qemu-img create -f qcow2 -o backing_file=/opt/stack/data/cinder/mnt/21b103369c122d14a864d72359359804/volume-0fa5febf-f259-48a6-b4ab-d3a9faaf8eb5,backing_fmt=qcow2 /opt/stack/data/cinder/mnt/21b103369c122d14a864d72359359804/volume-0fa5febf-f259-48a6-b4ab-d3a9faaf8eb5.a7b40f2a-edce-43d2-8d4f-95aa99b69958 1G" returned: 0 in 1.205s {{(pid=86249) execute /opt/stack/data/venv/lib/python3.12/site-packages/oslo_concurrency/processutils.py:468}}
Jul 06 15:26:04 devstack cinder-volume[86249]: DEBUG oslo_concurrency.processutils [None req-1f7f96cd-60d6-4568-9dd4-385e028c70ad tempest-GroupSnapshotsTest-2008608076 None] Running cmd (subprocess): sudo cinder-rootwrap /etc/cinder/rootwrap.conf qemu-img rebase -u -b volume-0fa5febf-f259-48a6-b4ab-d3a9faaf8eb5 -F qcow2 /opt/stack/data/cinder/mnt/21b103369c122d14a864d72359359804/volume-0fa5febf-f259-48a6-b4ab-d3a9faaf8eb5.a7b40f2a-edce-43d2-8d4f-95aa99b69958 {{(pid=86249) execute /opt/stack/data/venv/lib/python3.12/site-packages/oslo_concurrency/processutils.py:440}}
Jul 06 15:26:04 devstack sudo[89039]: quobyte : PWD=/ ; USER=root ; COMMAND=/opt/stack/data/venv/bin/cinder-rootwrap /etc/cinder/rootwrap.conf qemu-img rebase -u -b volume-0fa5febf-f259-48a6-b4ab-d3a9faaf8eb5 -F qcow2 /opt/stack/data/cinder/mnt/21b103369c122d14a864d72359359804/volume-0fa5febf-f259-48a6-b4ab-d3a9faaf8eb5.a7b40f2a-edce-43d2-8d4f-95aa99b69958
Jul 06 15:26:04 devstack sudo[89039]: pam_unix(sudo:session): session opened for user root(uid=0) by (uid=1000)
Jul 06 15:26:05 devstack sudo[89039]: pam_unix(sudo:session): session closed for user root
Jul 06 15:26:05 devstack cinder-volume[86249]: DEBUG oslo_concurrency.processutils [None req-1f7f96cd-60d6-4568-9dd4-385e028c70ad tempest-GroupSnapshotsTest-2008608076 None] CMD "sudo cinder-rootwrap /etc/cinder/rootwrap.conf qemu-img rebase -u -b volume-0fa5febf-f259-48a6-b4ab-d3a9faaf8eb5 -F qcow2 /opt/stack/data/cinder/mnt/21b103369c122d14a864d72359359804/volume-0fa5febf-f259-48a6-b4ab-d3a9faaf8eb5.a7b40f2a-edce-43d2-8d4f-95aa99b69958" returned: 0 in 0.952s {{(pid=86249) execute /opt/stack/data/venv/lib/python3.12/site-packages/oslo_concurrency/processutils.py:468}}
Jul 06 15:26:05 devstack cinder-volume[86249]: WARNING cinder.volume.drivers.remotefs [None req-1f7f96cd-60d6-4568-9dd4-385e028c70ad tempest-GroupSnapshotsTest-2008608076 None] /opt/stack/data/cinder/mnt/21b103369c122d14a864d72359359804/volume-0fa5febf-f259-48a6-b4ab-d3a9faaf8eb5.a7b40f2a-edce-43d2-8d4f-95aa99b69958 is being set with open permissions: ugo+rw: NotImplementedError
Jul 06 15:26:05 devstack cinder-volume[86249]: DEBUG oslo_concurrency.processutils [None req-1f7f96cd-60d6-4568-9dd4-385e028c70ad tempest-GroupSnapshotsTest-2008608076 None] Running cmd (subprocess): sudo cinder-rootwrap /etc/cinder/rootwrap.conf chmod ugo+rw /opt/stack/data/cinder/mnt/21b103369c122d14a864d72359359804/volume-0fa5febf-f259-48a6-b4ab-d3a9faaf8eb5.a7b40f2a-edce-43d2-8d4f-95aa99b69958 {{(pid=86249) execute /opt/stack/data/venv/lib/python3.12/site-packages/oslo_concurrency/processutils.py:440}}
Jul 06 15:26:05 devstack sudo[89051]: quobyte : PWD=/ ; USER=root ; COMMAND=/opt/stack/data/venv/bin/cinder-rootwrap /etc/cinder/rootwrap.conf chmod ugo+rw /opt/stack/data/cinder/mnt/21b103369c122d14a864d72359359804/volume-0fa5febf-f259-48a6-b4ab-d3a9faaf8eb5.a7b40f2a-edce-43d2-8d4f-95aa99b69958
Jul 06 15:26:05 devstack sudo[89051]: pam_unix(sudo:session): session opened for user root(uid=0) by (uid=1000)
Jul 06 15:26:06 devstack sudo[89051]: pam_unix(sudo:session): session closed for user root
Jul 06 15:26:06 devstack cinder-volume[86249]: DEBUG oslo_concurrency.processutils [None req-1f7f96cd-60d6-4568-9dd4-385e028c70ad tempest-GroupSnapshotsTest-2008608076 None] CMD "sudo cinder-rootwrap /etc/cinder/rootwrap.conf chmod ugo+rw /opt/stack/data/cinder/mnt/21b103369c122d14a864d72359359804/volume-0fa5febf-f259-48a6-b4ab-d3a9faaf8eb5.a7b40f2a-edce-43d2-8d4f-95aa99b69958" returned: 0 in 0.840s {{(pid=86249) execute /opt/stack/data/venv/lib/python3.12/site-packages/oslo_concurrency/processutils.py:468}}
Jul 06 15:26:06 devstack cinder-volume[86249]: DEBUG oslo_concurrency.processutils [None req-1f7f96cd-60d6-4568-9dd4-385e028c70ad tempest-GroupSnapshotsTest-2008608076 None] Running cmd (subprocess): sudo cinder-rootwrap /etc/cinder/rootwrap.conf truncate -s0 /opt/stack/data/cinder/mnt/21b103369c122d14a864d72359359804/volume-0fa5febf-f259-48a6-b4ab-d3a9faaf8eb5.info {{(pid=86249) execute /opt/stack/data/venv/lib/python3.12/site-packages/oslo_concurrency/processutils.py:440}}
Jul 06 15:26:06 devstack sudo[89056]: quobyte : PWD=/ ; USER=root ; COMMAND=/opt/stack/data/venv/bin/cinder-rootwrap /etc/cinder/rootwrap.conf truncate -s0 /opt/stack/data/cinder/mnt/21b103369c122d14a864d72359359804/volume-0fa5febf-f259-48a6-b4ab-d3a9faaf8eb5.info
Jul 06 15:26:06 devstack sudo[89056]: pam_unix(sudo:session): session opened for user root(uid=0) by (uid=1000)
Jul 06 15:26:06 devstack cinder-volume[86249]: DEBUG oslo_service.periodic_task [None req-e75033d1-0a69-4bf4-8d79-6bb471146a5d None None] Running periodic task VolumeManager.publish_service_capabilities {{(pid=86249) run_periodic_tasks /opt/stack/data/venv/lib/python3.12/site-packages/oslo_service/periodic_task.py:225}}
Jul 06 15:26:06 devstack cinder-volume[86249]: DEBUG oslo_concurrency.lockutils [None req-e75033d1-0a69-4bf4-8d79-6bb471146a5d None None] Acquiring lock "quobyte_ensure" by "cinder.volume.drivers.quobyte.QuobyteDriver._ensure_shares_mounted" {{(pid=86249) inner /opt/stack/data/venv/lib/python3.12/site-packages/oslo_concurrency/lockutils.py:511}}
Jul 06 15:26:06 devstack cinder-volume[86249]: DEBUG oslo_concurrency.lockutils [None req-e75033d1-0a69-4bf4-8d79-6bb471146a5d None None] Lock "quobyte_ensure" acquired by "cinder.volume.drivers.quobyte.QuobyteDriver._ensure_shares_mounted" :: waited 0.001s {{(pid=86249) inner /opt/stack/data/venv/lib/python3.12/site-packages/oslo_concurrency/lockutils.py:524}}
Jul 06 15:26:06 devstack cinder-volume[86249]: DEBUG cinder.volume.drivers.quobyte [None req-e75033d1-0a69-4bf4-8d79-6bb471146a5d None None] Quobyte Volume URL set to: {'osci02.corp.quobyte.com/cinder-vol-0d7b384e-8f45-4005-8454-9fa1f40b61fc': None} {{(pid=86249) _load_shares_config /opt/stack/cinder/cinder/volume/drivers/quobyte.py:617}}
Jul 06 15:26:06 devstack cinder-volume[86249]: DEBUG cinder.volume.drivers.quobyte [None req-e75033d1-0a69-4bf4-8d79-6bb471146a5d None None] Available shares ['osci02.corp.quobyte.com/cinder-vol-0d7b384e-8f45-4005-8454-9fa1f40b61fc'] {{(pid=86249) _ensure_shares_mounted /opt/stack/cinder/cinder/volume/drivers/quobyte.py:647}}
Jul 06 15:26:06 devstack cinder-volume[86249]: DEBUG oslo_concurrency.lockutils [None req-e75033d1-0a69-4bf4-8d79-6bb471146a5d None None] Lock "quobyte_ensure" "released" by "cinder.volume.drivers.quobyte.QuobyteDriver._ensure_shares_mounted" :: held 0.009s {{(pid=86249) inner /opt/stack/data/venv/lib/python3.12/site-packages/oslo_concurrency/lockutils.py:543}}
Jul 06 15:26:06 devstack cinder-volume[86249]: DEBUG oslo_concurrency.processutils [None req-e75033d1-0a69-4bf4-8d79-6bb471146a5d None None] Running cmd (subprocess): sudo cinder-rootwrap /etc/cinder/rootwrap.conf df --portability --block-size 1 /opt/stack/data/cinder/mnt/21b103369c122d14a864d72359359804 {{(pid=86249) execute /opt/stack/data/venv/lib/python3.12/site-packages/oslo_concurrency/processutils.py:440}}
Jul 06 15:26:06 devstack sudo[89060]: quobyte : PWD=/ ; USER=root ; COMMAND=/opt/stack/data/venv/bin/cinder-rootwrap /etc/cinder/rootwrap.conf df --portability --block-size 1 /opt/stack/data/cinder/mnt/21b103369c122d14a864d72359359804
Jul 06 15:26:06 devstack sudo[89060]: pam_unix(sudo:session): session opened for user root(uid=0) by (uid=1000)
Jul 06 15:26:07 devstack sudo[89056]: pam_unix(sudo:session): session closed for user root
Jul 06 15:26:07 devstack cinder-volume[86249]: DEBUG oslo_concurrency.processutils [None req-1f7f96cd-60d6-4568-9dd4-385e028c70ad tempest-GroupSnapshotsTest-2008608076 None] CMD "sudo cinder-rootwrap /etc/cinder/rootwrap.conf truncate -s0 /opt/stack/data/cinder/mnt/21b103369c122d14a864d72359359804/volume-0fa5febf-f259-48a6-b4ab-d3a9faaf8eb5.info" returned: 0 in 0.822s {{(pid=86249) execute /opt/stack/data/venv/lib/python3.12/site-packages/oslo_concurrency/processutils.py:468}}
Jul 06 15:26:07 devstack cinder-volume[86249]: WARNING cinder.volume.drivers.remotefs [None req-1f7f96cd-60d6-4568-9dd4-385e028c70ad tempest-GroupSnapshotsTest-2008608076 None] /opt/stack/data/cinder/mnt/21b103369c122d14a864d72359359804/volume-0fa5febf-f259-48a6-b4ab-d3a9faaf8eb5.info is being set with open permissions: ugo+rw: NotImplementedError
Jul 06 15:26:07 devstack cinder-volume[86249]: DEBUG oslo_concurrency.processutils [None req-1f7f96cd-60d6-4568-9dd4-385e028c70ad tempest-GroupSnapshotsTest-2008608076 None] Running cmd (subprocess): sudo cinder-rootwrap /etc/cinder/rootwrap.conf chmod ugo+rw /opt/stack/data/cinder/mnt/21b103369c122d14a864d72359359804/volume-0fa5febf-f259-48a6-b4ab-d3a9faaf8eb5.info {{(pid=86249) execute /opt/stack/data/venv/lib/python3.12/site-packages/oslo_concurrency/processutils.py:440}}
Jul 06 15:26:07 devstack sudo[89070]: quobyte : PWD=/ ; USER=root ; COMMAND=/opt/stack/data/venv/bin/cinder-rootwrap /etc/cinder/rootwrap.conf chmod ugo+rw /opt/stack/data/cinder/mnt/21b103369c122d14a864d72359359804/volume-0fa5febf-f259-48a6-b4ab-d3a9faaf8eb5.info
Jul 06 15:26:07 devstack sudo[89070]: pam_unix(sudo:session): session opened for user root(uid=0) by (uid=1000)
Jul 06 15:26:07 devstack sudo[89060]: pam_unix(sudo:session): session closed for user root
Jul 06 15:26:07 devstack cinder-volume[86249]: DEBUG oslo_concurrency.processutils [None req-e75033d1-0a69-4bf4-8d79-6bb471146a5d None None] CMD "sudo cinder-rootwrap /etc/cinder/rootwrap.conf df --portability --block-size 1 /opt/stack/data/cinder/mnt/21b103369c122d14a864d72359359804" returned: 0 in 0.869s {{(pid=86249) execute /opt/stack/data/venv/lib/python3.12/site-packages/oslo_concurrency/processutils.py:468}}
Jul 06 15:26:07 devstack cinder-volume[86249]: DEBUG cinder.manager [None req-e75033d1-0a69-4bf4-8d79-6bb471146a5d None None] Notifying Schedulers of capabilities ... {{(pid=86249) _publish_service_capabilities /opt/stack/cinder/cinder/manager.py:219}}
Jul 06 15:26:08 devstack sudo[89070]: pam_unix(sudo:session): session closed for user root
Jul 06 15:26:08 devstack cinder-volume[86249]: DEBUG oslo_concurrency.processutils [None req-1f7f96cd-60d6-4568-9dd4-385e028c70ad tempest-GroupSnapshotsTest-2008608076 None] CMD "sudo cinder-rootwrap /etc/cinder/rootwrap.conf chmod ugo+rw /opt/stack/data/cinder/mnt/21b103369c122d14a864d72359359804/volume-0fa5febf-f259-48a6-b4ab-d3a9faaf8eb5.info" returned: 0 in 1.017s {{(pid=86249) execute /opt/stack/data/venv/lib/python3.12/site-packages/oslo_concurrency/processutils.py:468}}
Jul 06 15:26:08 devstack cinder-volume[86249]: DEBUG oslo_concurrency.lockutils [None req-1f7f96cd-60d6-4568-9dd4-385e028c70ad tempest-GroupSnapshotsTest-2008608076 None] Lock "quobyte" "released" by "cinder.volume.drivers.quobyte.QuobyteDriver.create_snapshot" :: held 6.068s {{(pid=86249) inner /opt/stack/data/venv/lib/python3.12/site-packages/oslo_concurrency/lockutils.py:543}}
Jul 06 15:26:08 devstack cinder-volume[86249]: INFO cinder.volume.manager [None req-1f7f96cd-60d6-4568-9dd4-385e028c70ad tempest-GroupSnapshotsTest-2008608076 None] group_snapshot bafc67c5-109e-4de2-ace2-4c8918a641d1: created successfully
Jul 06 15:26:08 devstack cinder-volume[86249]: INFO cinder.volume.manager [None req-463a8602-d8a7-4051-ac73-f2fd2ebe9545 tempest-GroupSnapshotsTest-2008608076 None] group_snapshot bafc67c5-109e-4de2-ace2-4c8918a641d1: deleting
Jul 06 15:26:08 devstack cinder-volume[86249]: DEBUG cinder.volume.manager [None req-463a8602-d8a7-4051-ac73-f2fd2ebe9545 tempest-GroupSnapshotsTest-2008608076 None] group_snapshot bafc67c5-109e-4de2-ace2-4c8918a641d1: deleting {{(pid=86249) delete_group_snapshot /opt/stack/cinder/cinder/volume/manager.py:4350}}
Jul 06 15:26:08 devstack cinder-volume[86249]: DEBUG cinder.coordination [None req-463a8602-d8a7-4051-ac73-f2fd2ebe9545 tempest-GroupSnapshotsTest-2008608076 None] Acquiring lock "cinder-quobyte-5bfbff6b-271f-4595-8434-d63a05f61e66" by "delete_snapshot" {{(pid=86249) __acquire /opt/stack/cinder/cinder/coordination.py:138}}
Jul 06 15:26:09 devstack cinder-volume[86249]: DEBUG cinder.coordination [None req-463a8602-d8a7-4051-ac73-f2fd2ebe9545 tempest-GroupSnapshotsTest-2008608076 None] Lock "cinder-quobyte-5bfbff6b-271f-4595-8434-d63a05f61e66" acquired by "delete_snapshot" :: waited 0.030s {{(pid=86249) __acquire /opt/stack/cinder/cinder/coordination.py:141}}
Jul 06 15:26:09 devstack cinder-volume[86249]: DEBUG cinder.coordination [None req-463a8602-d8a7-4051-ac73-f2fd2ebe9545 tempest-GroupSnapshotsTest-2008608076 None] Acquiring lock "cinder-quobyte-a35a6ba1-8b70-4801-a8f5-e5ee3cae179d" by "_delete_snapshot" {{(pid=86249) __acquire /opt/stack/cinder/cinder/coordination.py:138}}
Jul 06 15:26:09 devstack cinder-volume[86249]: DEBUG cinder.coordination [None req-463a8602-d8a7-4051-ac73-f2fd2ebe9545 tempest-GroupSnapshotsTest-2008608076 None] Lock "cinder-quobyte-a35a6ba1-8b70-4801-a8f5-e5ee3cae179d" acquired by "_delete_snapshot" :: waited 0.048s {{(pid=86249) __acquire /opt/stack/cinder/cinder/coordination.py:141}}
Jul 06 15:26:09 devstack cinder-volume[86249]: DEBUG cinder.volume.drivers.remotefs [None req-463a8602-d8a7-4051-ac73-f2fd2ebe9545 tempest-GroupSnapshotsTest-2008608076 None] Deleting offline snapshot a35a6ba1-8b70-4801-a8f5-e5ee3cae179d of volume 5bfbff6b-271f-4595-8434-d63a05f61e66 {{(pid=86249) _delete_snapshot /opt/stack/cinder/cinder/volume/drivers/remotefs.py:1288}}
Jul 06 15:26:09 devstack cinder-volume[86249]: DEBUG cinder.volume.drivers.remotefs [None req-463a8602-d8a7-4051-ac73-f2fd2ebe9545 tempest-GroupSnapshotsTest-2008608076 None] snapshot_file for this snap is: volume-5bfbff6b-271f-4595-8434-d63a05f61e66.a35a6ba1-8b70-4801-a8f5-e5ee3cae179d {{(pid=86249) _delete_snapshot /opt/stack/cinder/cinder/volume/drivers/remotefs.py:1317}}
Jul 06 15:26:09 devstack cinder-volume[86249]: DEBUG oslo.privsep.daemon [-] privsep: reply[7fa2e633-e8a0-4a2d-b192-a0d41e47c385]: (4, 'qcow2') {{(pid=86765) _call_back /opt/stack/data/venv/lib/python3.12/site-packages/oslo_privsep/daemon.py:580}}
Jul 06 15:26:09 devstack cinder-volume[86249]: DEBUG oslo_concurrency.processutils [None req-463a8602-d8a7-4051-ac73-f2fd2ebe9545 tempest-GroupSnapshotsTest-2008608076 None] Running cmd (subprocess): /opt/stack/data/venv/bin/python3.12 -m oslo_concurrency.prlimit --as=1073741824 --cpu=60 -- sudo cinder-rootwrap /etc/cinder/rootwrap.conf env LC_ALL=C qemu-img info -f qcow2 --output=json --force-share /opt/stack/data/cinder/mnt/21b103369c122d14a864d72359359804/volume-5bfbff6b-271f-4595-8434-d63a05f61e66.a35a6ba1-8b70-4801-a8f5-e5ee3cae179d {{(pid=86249) execute /opt/stack/data/venv/lib/python3.12/site-packages/oslo_concurrency/processutils.py:440}}
Jul 06 15:26:09 devstack sudo[89095]: quobyte : PWD=/ ; USER=root ; COMMAND=/opt/stack/data/venv/bin/cinder-rootwrap /etc/cinder/rootwrap.conf env LC_ALL=C qemu-img info -f qcow2 --output=json --force-share /opt/stack/data/cinder/mnt/21b103369c122d14a864d72359359804/volume-5bfbff6b-271f-4595-8434-d63a05f61e66.a35a6ba1-8b70-4801-a8f5-e5ee3cae179d
Jul 06 15:26:09 devstack sudo[89095]: pam_unix(sudo:session): session opened for user root(uid=0) by (uid=1000)
Jul 06 15:26:10 devstack sudo[89095]: pam_unix(sudo:session): session closed for user root
Jul 06 15:26:10 devstack cinder-volume[86249]: DEBUG oslo_concurrency.processutils [None req-463a8602-d8a7-4051-ac73-f2fd2ebe9545 tempest-GroupSnapshotsTest-2008608076 None] CMD "/opt/stack/data/venv/bin/python3.12 -m oslo_concurrency.prlimit --as=1073741824 --cpu=60 -- sudo cinder-rootwrap /etc/cinder/rootwrap.conf env LC_ALL=C qemu-img info -f qcow2 --output=json --force-share /opt/stack/data/cinder/mnt/21b103369c122d14a864d72359359804/volume-5bfbff6b-271f-4595-8434-d63a05f61e66.a35a6ba1-8b70-4801-a8f5-e5ee3cae179d" returned: 0 in 1.201s {{(pid=86249) execute /opt/stack/data/venv/lib/python3.12/site-packages/oslo_concurrency/processutils.py:468}}
Jul 06 15:26:10 devstack cinder-volume[86249]: DEBUG cinder.volume.drivers.remotefs [None req-463a8602-d8a7-4051-ac73-f2fd2ebe9545 tempest-GroupSnapshotsTest-2008608076 None] Fetching qemu-img info with special backing_file_template: (/opt/stack/data/cinder/mnt/[0-9a-f]+/)?(volume-5bfbff6b-271f-4595-8434-d63a05f61e66(.(tmp-snap-)?[0-9a-f-]+)?|volume_from_snapshot_cache/(tmp-snap-)?[0-9a-f-]+(.(child-|parent-)[0-9a-f-]+)?)$ {{(pid=86249) _qemu_img_info_base /opt/stack/cinder/cinder/volume/drivers/remotefs.py:896}}
Jul 06 15:26:10 devstack cinder-volume[86249]: DEBUG oslo.privsep.daemon [-] privsep: reply[343b1bfd-f95d-4ea9-ac18-3ae6fb1f08c3]: (4, 'qcow2') {{(pid=86765) _call_back /opt/stack/data/venv/lib/python3.12/site-packages/oslo_privsep/daemon.py:580}}
Jul 06 15:26:10 devstack cinder-volume[86249]: DEBUG oslo_concurrency.processutils [None req-463a8602-d8a7-4051-ac73-f2fd2ebe9545 tempest-GroupSnapshotsTest-2008608076 None] Running cmd (subprocess): /opt/stack/data/venv/bin/python3.12 -m oslo_concurrency.prlimit --as=1073741824 --cpu=60 -- sudo cinder-rootwrap /etc/cinder/rootwrap.conf env LC_ALL=C qemu-img info -f qcow2 --output=json --force-share /opt/stack/data/cinder/mnt/21b103369c122d14a864d72359359804/volume-5bfbff6b-271f-4595-8434-d63a05f61e66 {{(pid=86249) execute /opt/stack/data/venv/lib/python3.12/site-packages/oslo_concurrency/processutils.py:440}}
Jul 06 15:26:10 devstack sudo[89106]: quobyte : PWD=/ ; USER=root ; COMMAND=/opt/stack/data/venv/bin/cinder-rootwrap /etc/cinder/rootwrap.conf env LC_ALL=C qemu-img info -f qcow2 --output=json --force-share /opt/stack/data/cinder/mnt/21b103369c122d14a864d72359359804/volume-5bfbff6b-271f-4595-8434-d63a05f61e66
Jul 06 15:26:10 devstack sudo[89106]: pam_unix(sudo:session): session opened for user root(uid=0) by (uid=1000)
Jul 06 15:26:11 devstack sudo[89106]: pam_unix(sudo:session): session closed for user root
Jul 06 15:26:11 devstack cinder-volume[86249]: DEBUG oslo_concurrency.processutils [None req-463a8602-d8a7-4051-ac73-f2fd2ebe9545 tempest-GroupSnapshotsTest-2008608076 None] CMD "/opt/stack/data/venv/bin/python3.12 -m oslo_concurrency.prlimit --as=1073741824 --cpu=60 -- sudo cinder-rootwrap /etc/cinder/rootwrap.conf env LC_ALL=C qemu-img info -f qcow2 --output=json --force-share /opt/stack/data/cinder/mnt/21b103369c122d14a864d72359359804/volume-5bfbff6b-271f-4595-8434-d63a05f61e66" returned: 0 in 1.128s {{(pid=86249) execute /opt/stack/data/venv/lib/python3.12/site-packages/oslo_concurrency/processutils.py:468}}
Jul 06 15:26:11 devstack cinder-volume[86249]: DEBUG oslo_concurrency.processutils [None req-463a8602-d8a7-4051-ac73-f2fd2ebe9545 tempest-GroupSnapshotsTest-2008608076 None] Running cmd (subprocess): sudo cinder-rootwrap /etc/cinder/rootwrap.conf qemu-img commit -d /opt/stack/data/cinder/mnt/21b103369c122d14a864d72359359804/volume-5bfbff6b-271f-4595-8434-d63a05f61e66.a35a6ba1-8b70-4801-a8f5-e5ee3cae179d {{(pid=86249) execute /opt/stack/data/venv/lib/python3.12/site-packages/oslo_concurrency/processutils.py:440}}
Jul 06 15:26:11 devstack sudo[89113]: quobyte : PWD=/ ; USER=root ; COMMAND=/opt/stack/data/venv/bin/cinder-rootwrap /etc/cinder/rootwrap.conf qemu-img commit -d /opt/stack/data/cinder/mnt/21b103369c122d14a864d72359359804/volume-5bfbff6b-271f-4595-8434-d63a05f61e66.a35a6ba1-8b70-4801-a8f5-e5ee3cae179d
Jul 06 15:26:11 devstack sudo[89113]: pam_unix(sudo:session): session opened for user root(uid=0) by (uid=1000)
Jul 06 15:26:12 devstack sudo[89113]: pam_unix(sudo:session): session closed for user root
Jul 06 15:26:12 devstack cinder-volume[86249]: DEBUG oslo_concurrency.processutils [None req-463a8602-d8a7-4051-ac73-f2fd2ebe9545 tempest-GroupSnapshotsTest-2008608076 None] CMD "sudo cinder-rootwrap /etc/cinder/rootwrap.conf qemu-img commit -d /opt/stack/data/cinder/mnt/21b103369c122d14a864d72359359804/volume-5bfbff6b-271f-4595-8434-d63a05f61e66.a35a6ba1-8b70-4801-a8f5-e5ee3cae179d" returned: 0 in 1.018s {{(pid=86249) execute /opt/stack/data/venv/lib/python3.12/site-packages/oslo_concurrency/processutils.py:468}}
Jul 06 15:26:12 devstack cinder-volume[86249]: DEBUG oslo_concurrency.processutils [None req-463a8602-d8a7-4051-ac73-f2fd2ebe9545 tempest-GroupSnapshotsTest-2008608076 None] Running cmd (subprocess): sudo cinder-rootwrap /etc/cinder/rootwrap.conf rm -f /opt/stack/data/cinder/mnt/21b103369c122d14a864d72359359804/volume-5bfbff6b-271f-4595-8434-d63a05f61e66.a35a6ba1-8b70-4801-a8f5-e5ee3cae179d {{(pid=86249) execute /opt/stack/data/venv/lib/python3.12/site-packages/oslo_concurrency/processutils.py:440}}
Jul 06 15:26:12 devstack sudo[89133]: quobyte : PWD=/ ; USER=root ; COMMAND=/opt/stack/data/venv/bin/cinder-rootwrap /etc/cinder/rootwrap.conf rm -f /opt/stack/data/cinder/mnt/21b103369c122d14a864d72359359804/volume-5bfbff6b-271f-4595-8434-d63a05f61e66.a35a6ba1-8b70-4801-a8f5-e5ee3cae179d
Jul 06 15:26:12 devstack sudo[89133]: pam_unix(sudo:session): session opened for user root(uid=0) by (uid=1000)
Jul 06 15:26:13 devstack sudo[89133]: pam_unix(sudo:session): session closed for user root
Jul 06 15:26:13 devstack cinder-volume[86249]: DEBUG oslo_concurrency.processutils [None req-463a8602-d8a7-4051-ac73-f2fd2ebe9545 tempest-GroupSnapshotsTest-2008608076 None] CMD "sudo cinder-rootwrap /etc/cinder/rootwrap.conf rm -f /opt/stack/data/cinder/mnt/21b103369c122d14a864d72359359804/volume-5bfbff6b-271f-4595-8434-d63a05f61e66.a35a6ba1-8b70-4801-a8f5-e5ee3cae179d" returned: 0 in 0.731s {{(pid=86249) execute /opt/stack/data/venv/lib/python3.12/site-packages/oslo_concurrency/processutils.py:468}}
Jul 06 15:26:13 devstack cinder-volume[86249]: DEBUG cinder.coordination [None req-463a8602-d8a7-4051-ac73-f2fd2ebe9545 tempest-GroupSnapshotsTest-2008608076 None] Lock "cinder-quobyte-a35a6ba1-8b70-4801-a8f5-e5ee3cae179d" released by "_delete_snapshot" :: held 4.247s {{(pid=86249) __release /opt/stack/cinder/cinder/coordination.py:152}}
Jul 06 15:26:13 devstack cinder-volume[86249]: DEBUG cinder.coordination [None req-463a8602-d8a7-4051-ac73-f2fd2ebe9545 tempest-GroupSnapshotsTest-2008608076 None] Lock "cinder-quobyte-5bfbff6b-271f-4595-8434-d63a05f61e66" released by "delete_snapshot" :: held 4.329s {{(pid=86249) __release /opt/stack/cinder/cinder/coordination.py:152}}
Jul 06 15:26:13 devstack cinder-volume[86249]: DEBUG cinder.coordination [None req-463a8602-d8a7-4051-ac73-f2fd2ebe9545 tempest-GroupSnapshotsTest-2008608076 None] Acquiring lock "cinder-quobyte-0fa5febf-f259-48a6-b4ab-d3a9faaf8eb5" by "delete_snapshot" {{(pid=86249) __acquire /opt/stack/cinder/cinder/coordination.py:138}}
Jul 06 15:26:13 devstack cinder-volume[86249]: DEBUG cinder.coordination [None req-463a8602-d8a7-4051-ac73-f2fd2ebe9545 tempest-GroupSnapshotsTest-2008608076 None] Lock "cinder-quobyte-0fa5febf-f259-48a6-b4ab-d3a9faaf8eb5" acquired by "delete_snapshot" :: waited 0.040s {{(pid=86249) __acquire /opt/stack/cinder/cinder/coordination.py:141}}
