File "/opt/stack/data/venv/lib/python3.12/site-packages/pymysql/err.py", line 154, in raise_mysql_exception
Jul 06 15:10:17 devstack devstack@keystone.service[41752]: ERROR keystone.server.flask.application raise errorclass(errno, errval, sqlstate=sqlstate)
Jul 06 15:10:17 devstack devstack@keystone.service[41752]: ERROR keystone.server.flask.application oslo_db.exception.DBDuplicateEntry: (pymysql.err.IntegrityError) (1062, "Duplicate entry 'service-<>' for key 'role.ixu_role_name_domain_id'")
Jul 06 15:10:17 devstack devstack@keystone.service[41752]: ERROR keystone.server.flask.application [SQL: INSERT INTO `role` (id, name, description, extra) VALUES (%(id)s, %(name)s, %(description)s, %(extra)s)]
Jul 06 15:10:17 devstack devstack@keystone.service[41752]: ERROR keystone.server.flask.application [parameters: {'id': '8035e2fe5ad1465188ee8728b9d0ea78', 'name': 'service', 'description': None, 'extra': '{}'}]
Jul 06 15:10:17 devstack devstack@keystone.service[41752]: ERROR keystone.server.flask.application (Background on this error at: https://sqlalche.me/e/20/gkpj)
Jul 06 15:10:17 devstack devstack@keystone.service[41752]: ERROR keystone.server.flask.application
Jul 06 15:10:17 devstack devstack@keystone.service[41752]: ERROR keystone.server.flask.application During handling of the above exception, another exception occurred:
Jul 06 15:10:17 devstack devstack@keystone.service[41752]: ERROR keystone.server.flask.application
Jul 06 15:10:17 devstack devstack@keystone.service[41752]: ERROR keystone.server.flask.application
Traceback (most recent call last):
Jul 06 15:10:17 devstack devstack@keystone.service[41752]: ERROR keystone.server.flask.application
File "/opt/stack/data/venv/lib/python3.12/site-packages/flask_restful/__init__.py", line 295, in error_router
Jul 06 15:10:17 devstack devstack@keystone.service[41752]: ERROR keystone.server.flask.application return self.handle_error(e)
Jul 06 15:10:17 devstack devstack@keystone.service[41752]: ERROR keystone.server.flask.application ^^^^^^^^^^^^^^^^^^^^
Jul 06 15:10:17 devstack devstack@keystone.service[41752]: ERROR keystone.server.flask.application
File "/opt/stack/data/venv/lib/python3.12/site-packages/flask_restful/__init__.py", line 310, in handle_error
Jul 06 15:10:17 devstack devstack@keystone.service[41752]: ERROR keystone.server.flask.application _handle_flask_propagate_exceptions_config(current_app, e)
Jul 06 15:10:17 devstack devstack@keystone.service[41752]: ERROR keystone.server.flask.application
File "/opt/stack/data/venv/lib/python3.12/site-packages/flask/app.py", line 917, in full_dispatch_request
Jul 06 15:10:17 devstack devstack@keystone.service[41752]: ERROR keystone.server.flask.application rv = self.dispatch_request()
Jul 06 15:10:17 devstack devstack@keystone.service[41752]: ERROR keystone.server.flask.application ^^^^^^^^^^^^^^^^^^^^^^^
Jul 06 15:10:17 devstack devstack@keystone.service[41752]: ERROR keystone.server.flask.application
File "/opt/stack/data/venv/lib/python3.12/site-packages/flask/app.py", line 902, in dispatch_request
Jul 06 15:10:17 devstack devstack@keystone.service[41752]: ERROR keystone.server.flask.application return self.ensure_sync(self.view_functions[rule.endpoint])(**view_args) # type: ignore[no-any-return]
Jul 06 15:10:17 devstack devstack@keystone.service[41752]: ERROR keystone.server.flask.application ^^^^^^^^^^^^^^^^^^^^^^^^^^^^^^^^^^^^^^^^^^^^^^^^^^^^^^^^^^^^^^^^^
Jul 06 15:10:17 devstack devstack@keystone.service[41752]: ERROR keystone.server.flask.application
File "/opt/stack/data/venv/lib/python3.12/site-packages/flask_restful/__init__.py", line 489, in wrapper
Jul 06 15:10:17 devstack devstack@keystone.service[41752]: ERROR keystone.server.flask.application resp = resource(*args, **kwargs)
Jul 06 15:10:17 devstack devstack@keystone.service[41752]: ERROR keystone.server.flask.application ^^^^^^^^^^^^^^^^^^^^^^^^^
Jul 06 15:10:17 devstack devstack@keystone.service[41752]: ERROR keystone.server.flask.application
File "/opt/stack/data/venv/lib/python3.12/site-packages/flask/views.py", line 110, in view
Jul 06 15:10:17 devstack devstack@keystone.service[41752]: ERROR keystone.server.flask.application return current_app.ensure_sync(self.dispatch_request)(**kwargs) # type: ignore[no-any-return]
Jul 06 15:10:17 devstack devstack@keystone.service[41752]: ERROR keystone.server.flask.application ^^^^^^^^^^^^^^^^^^^^^^^^^^^^^^^^^^^^^^^^^^^^^^^^^^^^^^^^
Jul 06 15:10:17 devstack devstack@keystone.service[41752]: ERROR keystone.server.flask.application
File "/opt/stack/data/venv/lib/python3.12/site-packages/flask_restful/__init__.py", line 604, in dispatch_request
Jul 06 15:10:17 devstack devstack@keystone.service[41752]: ERROR keystone.server.flask.application resp = meth(*args, **kwargs)
Jul 06 15:10:17 devstack devstack@keystone.service[41752]: ERROR keystone.server.flask.application ^^^^^^^^^^^^^^^^^^^^^
Jul 06 15:10:17 devstack devstack@keystone.service[41752]: ERROR keystone.server.flask.application
File "/opt/stack/keystone/keystone/api/validation/__init__.py", line 86, in wrapper
Jul 06 15:10:17 devstack devstack@keystone.service[41752]: ERROR keystone.server.flask.application return func(*args, **kwargs)
Jul 06 15:10:17 devstack devstack@keystone.service[41752]: ERROR keystone.server.flask.application ^^^^^^^^^^^^^^^^^^^^^
Jul 06 15:10:17 devstack devstack@keystone.service[41752]: ERROR keystone.server.flask.application
File "/opt/stack/keystone/keystone/api/validation/__init__.py", line 145, in wrapper
Jul 06 15:10:17 devstack devstack@keystone.service[41752]: ERROR keystone.server.flask.application response = func(*args, **kwargs)
Jul 06 15:10:17 devstack devstack@keystone.service[41752]: ERROR keystone.server.flask.application ^^^^^^^^^^^^^^^^^^^^^
Jul 06 15:10:17 devstack devstack@keystone.service[41752]: ERROR keystone.server.flask.application
File "/opt/stack/keystone/keystone/api/roles.py", line 91, in post
Jul 06 15:10:17 devstack devstack@keystone.service[41752]: ERROR keystone.server.flask.application ref = PROVIDERS.role_api.create_role(
Jul 06 15:10:17 devstack devstack@keystone.service[41752]: ERROR keystone.server.flask.application ^^^^^^^^^^^^^^^^^^^^^^^^^^^^^^^
Jul 06 15:10:17 devstack devstack@keystone.service[41752]: ERROR keystone.server.flask.application
File "/opt/stack/keystone/keystone/common/manager.py", line 114, in wrapped
Jul 06 15:10:17 devstack devstack@keystone.service[41752]: ERROR keystone.server.flask.application __ret_val = __f(*args, **kwargs)
Jul 06 15:10:17 devstack devstack@keystone.service[41752]: ERROR keystone.server.flask.application ^^^^^^^^^^^^^^^^^^^^
Jul 06 15:10:17 devstack devstack@keystone.service[41752]: ERROR keystone.server.flask.application
File "/opt/stack/keystone/keystone/assignment/core.py", line 1486, in create_role
Jul 06 15:10:17 devstack devstack@keystone.service[41752]: ERROR keystone.server.flask.application ret = self.driver.create_role(role_id, role)
Jul 06 15:10:17 devstack devstack@keystone.service[41752]: ERROR keystone.server.flask.application ^^^^^^^^^^^^^^^^^^^^^^^^^^^^^^^^^^^^^^
Jul 06 15:10:17 devstack devstack@keystone.service[41752]: ERROR keystone.server.flask.application
File "/opt/stack/keystone/keystone/common/sql/core.py", line 614, in wrapper
Jul 06 15:10:17 devstack devstack@keystone.service[41752]: ERROR keystone.server.flask.application raise exception.Conflict(type=conflict_type, details=msg)
Jul 06 15:10:17 devstack devstack@keystone.service[41752]: ERROR keystone.server.flask.application keystone.exception.Conflict: Conflict occurred attempting to store role - Duplicate entry found with name service.
Jul 06 15:10:17 devstack devstack@keystone.service[41752]: ERROR keystone.server.flask.application
Jul 06 15:10:17 devstack devstack@keystone.service[41752]: [pid: 41752|app: 0|req: 16/39] 192.168.122.18 () {60 vars in 1171 bytes} [Mon Jul 6 15:10:16 2026] POST /identity/v3/roles => generated 140 bytes in 339 msecs (HTTP/1.1 409) 5 headers in 183 bytes (1 switches on core 0)
Jul 06 15:10:17 devstack devstack@keystone.service[41752]: DEBUG keystone.server.flask.request_processing.middleware.auth_context [None req-8fc30211-3c1e-47b2-b963-37f915bc12fb None admin] Authenticating user token {{(pid=41752) process_request /opt/stack/data/venv/lib/python3.12/site-packages/keystonemiddleware/auth_token/__init__.py:406}}
Jul 06 15:10:17 devstack devstack@keystone.service[41752]: DEBUG keystone.server.flask.request_processing.middleware.auth_context [None req-8fc30211-3c1e-47b2-b963-37f915bc12fb None admin] Validating token access rules against request {{(pid=41752) validate_allowed_request /opt/stack/data/venv/lib/python3.12/site-packages/keystonemiddleware/auth_token/__init__.py:544}}
Jul 06 15:10:17 devstack devstack@keystone.service[41753]: DEBUG keystone.server.flask.request_processing.middleware.auth_context [None req-ba3843b2-6bee-4736-bffb-87ff9f14f213 None admin] Validating token access rules against request {{(pid=41753) validate_allowed_request /opt/stack/data/venv/lib/python3.12/site-packages/keystonemiddleware/auth_token/__init__.py:544}}
Jul 06 15:10:17 devstack devstack@keystone.service[41752]: DEBUG keystone.server.flask.request_processing.middleware.auth_context [None req-7db92200-a5b8-42d4-b81b-3f5a760fc097 None admin] RBAC: auth_context: {'token': , 'domain_id': None, 'trust_id': None, 'trustor_id': None, 'trustee_id': None, 'domain_name': None, 'group_ids': [], 'user_id': 'd95b777b56a64feb95e06737c7fb0957', 'user_domain_id': 'default', 'system_scope': 'all', 'project_id': None, 'project_domain_id': None, 'roles': ['admin', 'manager', 'member', 'reader'], 'is_admin_project': True, 'service_user_id': None, 'service_user_domain_id': None, 'service_project_id': None, 'service_project_domain_id': None, 'service_roles': []} {{(pid=41752) fill_context /opt/stack/keystone/keystone/server/flask/request_processing/middleware/auth_context.py:509}}
Jul 06 15:10:17 devstack devstack@keystone.service[41752]: DEBUG keystone.server.flask.request_processing.req_logging [None req-7db92200-a5b8-42d4-b81b-3f5a760fc097 None admin] REQUEST_METHOD: `GET` {{(pid=41752) log_request_info /opt/stack/keystone/keystone/server/flask/request_processing/req_logging.py:26}}
Jul 06 15:10:17 devstack devstack@keystone.service[41752]: DEBUG keystone.server.flask.request_processing.req_logging [None req-7db92200-a5b8-42d4-b81b-3f5a760fc097 None admin] SCRIPT_NAME: `/identity` {{(pid=41752) log_request_info /opt/stack/keystone/keystone/server/flask/request_processing/req_logging.py:27}}
Jul 06 15:10:17 devstack devstack@keystone.service[41752]: DEBUG keystone.server.flask.request_processing.req_logging [None req-7db92200-a5b8-42d4-b81b-3f5a760fc097 None admin] PATH_INFO: `/v3/roles/admin` {{(pid=41752) log_request_info /opt/stack/keystone/keystone/server/flask/request_processing/req_logging.py:28}}
Jul 06 15:10:17 devstack devstack@keystone.service[41753]: DEBUG keystone.server.flask.request_processing.middleware.auth_context [None req-7b927942-0058-4edf-9718-fe780ea72cf8 None admin] RBAC: auth_context: {'token': , 'domain_id': None, 'trust_id': None, 'trustor_id': None, 'trustee_id': None, 'domain_name': None, 'group_ids': [], 'user_id': 'd95b777b56a64feb95e06737c7fb0957', 'user_domain_id': 'default', 'system_scope': 'all', 'project_id': None, 'project_domain_id': None, 'roles': ['admin', 'manager', 'member', 'reader'], 'is_admin_project': True, 'service_user_id': None, 'service_user_domain_id': None, 'service_project_id': None, 'service_project_domain_id': None, 'service_roles': []} {{(pid=41753) fill_context /opt/stack/keystone/keystone/server/flask/request_processing/middleware/auth_context.py:509}}
Jul 06 15:10:17 devstack devstack@keystone.service[41753]: DEBUG keystone.server.flask.request_processing.req_logging [None req-7b927942-0058-4edf-9718-fe780ea72cf8 None admin] REQUEST_METHOD: `GET` {{(pid=41753) log_request_info /opt/stack/keystone/keystone/server/flask/request_processing/req_logging.py:26}}
Jul 06 15:10:17 devstack devstack@keystone.service[41753]: DEBUG keystone.server.flask.request_processing.req_logging [None req-7b927942-0058-4edf-9718-fe780ea72cf8 None admin] SCRIPT_NAME: `/identity` {{(pid=41753) log_request_info /opt/stack/keystone/keystone/server/flask/request_processing/req_logging.py:27}}
Jul 06 15:10:17 devstack devstack@keystone.service[41753]: DEBUG keystone.server.flask.request_processing.req_logging [None req-7b927942-0058-4edf-9718-fe780ea72cf8 None admin] PATH_INFO: `/v3/domains/default` {{(pid=41753) log_request_info /opt/stack/keystone/keystone/server/flask/request_processing/req_logging.py:28}}
Jul 06 15:10:17 devstack devstack@keystone.service[41753]: DEBUG keystone.common.rbac_enforcer.enforcer [None req-7b927942-0058-4edf-9718-fe780ea72cf8 None admin] RBAC: Authorizing `identity:get_domain(domain_id=default)` {{(pid=41753) enforce_call /opt/stack/keystone/keystone/common/rbac_enforcer/enforcer.py:501}}
Jul 06 15:10:17 devstack devstack@keystone.service[41753]: DEBUG keystone.common.rbac_enforcer.enforcer [None req-7b927942-0058-4edf-9718-fe780ea72cf8 None admin] RBAC: Authorization granted {{(pid=41753) enforce_call /opt/stack/keystone/keystone/common/rbac_enforcer/enforcer.py:512}}
Jul 06 15:10:17 devstack devstack@keystone.service[41753]: [pid: 41753|app: 0|req: 24/40] 192.168.122.18 () {56 vars in 1148 bytes} [Mon Jul 6 15:10:17 2026] GET /identity/v3/domains/default => generated 202 bytes in 212 msecs (HTTP/1.1 200) 5 headers in 177 bytes (1 switches on core 0)
Jul 06 15:10:17 devstack devstack@keystone.service[41752]: DEBUG keystone.common.rbac_enforcer.enforcer [None req-7db92200-a5b8-42d4-b81b-3f5a760fc097 None admin] Extracting inferred target data resulted in "NOT FOUND (404)". {{(pid=41752) enforce_call /opt/stack/keystone/keystone/common/rbac_enforcer/enforcer.py:445}}
Jul 06 15:10:17 devstack devstack@keystone.service[41753]: DEBUG keystone.server.flask.request_processing.middleware.auth_context [None req-7b927942-0058-4edf-9718-fe780ea72cf8 None admin] Authenticating user token {{(pid=41753) process_request /opt/stack/data/venv/lib/python3.12/site-packages/keystonemiddleware/auth_token/__init__.py:406}}
Jul 06 15:10:17 devstack devstack@keystone.service[41752]: DEBUG keystone.server.flask.application [None req-7db92200-a5b8-42d4-b81b-3f5a760fc097 None admin] Could not find role: admin. {{(pid=41752) _handle_keystone_exception /opt/stack/keystone/keystone/server/flask/application.py:146}}
Jul 06 15:10:17 devstack devstack@keystone.service[41752]: [pid: 41752|app: 0|req: 17/41] 192.168.122.18 () {56 vars in 1136 bytes} [Mon Jul 6 15:10:17 2026] GET /identity/v3/roles/admin => generated 83 bytes in 202 msecs (HTTP/1.1 404) 5 headers in 183 bytes (1 switches on core 0)
Jul 06 15:10:17 devstack devstack@keystone.service[41752]: DEBUG keystone.server.flask.request_processing.middleware.auth_context [None req-7db92200-a5b8-42d4-b81b-3f5a760fc097 None admin] Authenticating user token {{(pid=41752) process_request /opt/stack/data/venv/lib/python3.12/site-packages/keystonemiddleware/auth_token/__init__.py:406}}
Jul 06 15:10:17 devstack devstack@keystone.service[41753]: DEBUG keystone.server.flask.request_processing.middleware.auth_context [None req-7b927942-0058-4edf-9718-fe780ea72cf8 None admin] Validating token access rules against request {{(pid=41753) validate_allowed_request /opt/stack/data/venv/lib/python3.12/site-packages/keystonemiddleware/auth_token/__init__.py:544}}
Jul 06 15:10:17 devstack devstack@keystone.service[41752]: DEBUG keystone.server.flask.request_processing.middleware.auth_context [None req-7db92200-a5b8-42d4-b81b-3f5a760fc097 None admin] Validating token access rules against request {{(pid=41752) validate_allowed_request /opt/stack/data/venv/lib/python3.12/site-packages/keystonemiddleware/auth_token/__init__.py:544}}
Jul 06 15:10:17 devstack devstack@keystone.service[41753]: DEBUG keystone.server.flask.request_processing.middleware.auth_context [None req-5a425dd7-c757-4569-a76a-e3c1466d0c6d None admin] RBAC: auth_context: {'token': , 'domain_id': None, 'trust_id': None, 'trustor_id': None, 'trustee_id': None, 'domain_name': None, 'group_ids': [], 'user_id': 'd95b777b56a64feb95e06737c7fb0957', 'user_domain_id': 'default', 'system_scope': 'all', 'project_id': None, 'project_domain_id': None, 'roles': ['admin', 'manager', 'member', 'reader'], 'is_admin_project': True, 'service_user_id': None, 'service_user_domain_id': None, 'service_project_id': None, 'service_project_domain_id': None, 'service_roles': []} {{(pid=41753) fill_context /opt/stack/keystone/keystone/server/flask/request_processing/middleware/auth_context.py:509}}
Jul 06 15:10:17 devstack devstack@keystone.service[41752]: DEBUG keystone.server.flask.request_processing.middleware.auth_context [None req-67b40e8a-f3d5-4a2d-8c02-40fed8c1963e None admin] RBAC: auth_context: {'token': , 'domain_id': None, 'trust_id': None, 'trustor_id': None, 'trustee_id': None, 'domain_name': None, 'group_ids': [], 'user_id': 'd95b777b56a64feb95e06737c7fb0957', 'user_domain_id': 'default', 'system_scope': 'all', 'project_id': None, 'project_domain_id': None, 'roles': ['admin', 'manager', 'member', 'reader'], 'is_admin_project': True, 'service_user_id': None, 'service_user_domain_id': None, 'service_project_id': None, 'service_project_domain_id': None, 'service_roles': []} {{(pid=41752) fill_context /opt/stack/keystone/keystone/server/flask/request_processing/middleware/auth_context.py:509}}
Jul 06 15:10:17 devstack devstack@keystone.service[41753]: DEBUG keystone.server.flask.request_processing.req_logging [None req-5a425dd7-c757-4569-a76a-e3c1466d0c6d None admin] REQUEST_METHOD: `POST` {{(pid=41753) log_request_info /opt/stack/keystone/keystone/server/flask/request_processing/req_logging.py:26}}
Jul 06 15:10:17 devstack devstack@keystone.service[41752]: DEBUG keystone.server.flask.request_processing.req_logging [None req-67b40e8a-f3d5-4a2d-8c02-40fed8c1963e None admin] REQUEST_METHOD: `GET` {{(pid=41752) log_request_info /opt/stack/keystone/keystone/server/flask/request_processing/req_logging.py:26}}
Jul 06 15:10:17 devstack devstack@keystone.service[41753]: DEBUG keystone.server.flask.request_processing.req_logging [None req-5a425dd7-c757-4569-a76a-e3c1466d0c6d None admin] SCRIPT_NAME: `/identity` {{(pid=41753) log_request_info /opt/stack/keystone/keystone/server/flask/request_processing/req_logging.py:27}}
Jul 06 15:10:17 devstack devstack@keystone.service[41752]: DEBUG keystone.server.flask.request_processing.req_logging [None req-67b40e8a-f3d5-4a2d-8c02-40fed8c1963e None admin] SCRIPT_NAME: `/identity` {{(pid=41752) log_request_info /opt/stack/keystone/keystone/server/flask/request_processing/req_logging.py:27}}
Jul 06 15:10:17 devstack devstack@keystone.service[41753]: DEBUG keystone.server.flask.request_processing.req_logging [None req-5a425dd7-c757-4569-a76a-e3c1466d0c6d None admin] PATH_INFO: `/v3/roles` {{(pid=41753) log_request_info /opt/stack/keystone/keystone/server/flask/request_processing/req_logging.py:28}}
Jul 06 15:10:17 devstack devstack@keystone.service[41752]: DEBUG keystone.server.flask.request_processing.req_logging [None req-67b40e8a-f3d5-4a2d-8c02-40fed8c1963e None admin] PATH_INFO: `/v3/roles/service` {{(pid=41752) log_request_info /opt/stack/keystone/keystone/server/flask/request_processing/req_logging.py:28}}
Jul 06 15:10:17 devstack devstack@keystone.service[41753]: DEBUG keystone.common.rbac_enforcer.enforcer [None req-5a425dd7-c757-4569-a76a-e3c1466d0c6d None admin] RBAC: Authorizing `identity:create_role()` {{(pid=41753) enforce_call /opt/stack/keystone/keystone/common/rbac_enforcer/enforcer.py:501}}
Jul 06 15:10:17 devstack devstack@keystone.service[41753]: DEBUG keystone.common.rbac_enforcer.enforcer [None req-5a425dd7-c757-4569-a76a-e3c1466d0c6d None admin] RBAC: Authorization granted {{(pid=41753) enforce_call /opt/stack/keystone/keystone/common/rbac_enforcer/enforcer.py:512}}
Jul 06 15:10:17 devstack devstack@keystone.service[41752]: DEBUG keystone.common.rbac_enforcer.enforcer [None req-67b40e8a-f3d5-4a2d-8c02-40fed8c1963e None admin] Extracting inferred target data resulted in "NOT FOUND (404)". {{(pid=41752) enforce_call /opt/stack/keystone/keystone/common/rbac_enforcer/enforcer.py:445}}
Jul 06 15:10:17 devstack devstack@keystone.service[41752]: DEBUG keystone.server.flask.application [None req-67b40e8a-f3d5-4a2d-8c02-40fed8c1963e None admin] Could not find role: service. {{(pid=41752) _handle_keystone_exception /opt/stack/keystone/keystone/server/flask/application.py:146}}
Jul 06 15:10:17 devstack devstack@keystone.service[41752]: [pid: 41752|app: 0|req: 18/42] 192.168.122.18 () {56 vars in 1142 bytes} [Mon Jul 6 15:10:17 2026] GET /identity/v3/roles/service => generated 85 bytes in 193 msecs (HTTP/1.1 404) 5 headers in 183 bytes (1 switches on core 0)
Jul 06 15:10:17 devstack devstack@keystone.service[41752]: DEBUG keystone.server.flask.request_processing.middleware.auth_context [None req-67b40e8a-f3d5-4a2d-8c02-40fed8c1963e None admin] Authenticating user token {{(pid=41752) process_request /opt/stack/data/venv/lib/python3.12/site-packages/keystonemiddleware/auth_token/__init__.py:406}}
Jul 06 15:10:17 devstack devstack@keystone.service[41753]: [pid: 41753|app: 0|req: 25/43] 192.168.122.18 () {60 vars in 1171 bytes} [Mon Jul 6 15:10:17 2026] POST /identity/v3/roles => generated 226 bytes in 206 msecs (HTTP/1.1 201) 5 headers in 182 bytes (1 switches on core 0)
Jul 06 15:10:17 devstack devstack@keystone.service[41753]: DEBUG keystone.server.flask.request_processing.middleware.auth_context [None req-5a425dd7-c757-4569-a76a-e3c1466d0c6d None admin] Authenticating user token {{(pid=41753) process_request /opt/stack/data/venv/lib/python3.12/site-packages/keystonemiddleware/auth_token/__init__.py:406}}
Jul 06 15:10:17 devstack devstack@keystone.service[41753]: DEBUG keystone.server.flask.request_processing.middleware.auth_context [None req-5a425dd7-c757-4569-a76a-e3c1466d0c6d None admin] Validating token access rules against request {{(pid=41753) validate_allowed_request /opt/stack/data/venv/lib/python3.12/site-packages/keystonemiddleware/auth_token/__init__.py:544}}
Jul 06 15:10:17 devstack devstack@keystone.service[41752]: DEBUG keystone.server.flask.request_processing.middleware.auth_context [None req-67b40e8a-f3d5-4a2d-8c02-40fed8c1963e None admin] Validating token access rules against request {{(pid=41752) validate_allowed_request /opt/stack/data/venv/lib/python3.12/site-packages/keystonemiddleware/auth_token/__init__.py:544}}
Jul 06 15:10:17 devstack devstack@keystone.service[41753]: DEBUG keystone.server.flask.request_processing.middleware.auth_context [None req-57d3a236-561a-4326-b3c6-bec1149e51ad None admin] RBAC: auth_context: {'token': , 'domain_id': None, 'trust_id': None, 'trustor_id': None, 'trustee_id': None, 'domain_name': None, 'group_ids': [], 'user_id': 'd95b777b56a64feb95e06737c7fb0957', 'user_domain_id': 'default', 'system_scope': 'all', 'project_id': None, 'project_domain_id': None, 'roles': ['admin', 'manager', 'member', 'reader'], 'is_admin_project': True, 'service_user_id': None, 'service_user_domain_id': None, 'service_project_id': None, 'service_project_domain_id': None, 'service_roles': []} {{(pid=41753) fill_context /opt/stack/keystone/keystone/server/flask/request_processing/middleware/auth_context.py:509}}
Jul 06 15:10:17 devstack devstack@keystone.service[41753]: DEBUG keystone.server.flask.request_processing.req_logging [None req-57d3a236-561a-4326-b3c6-bec1149e51ad None admin] REQUEST_METHOD: `POST` {{(pid=41753) log_request_info /opt/stack/keystone/keystone/server/flask/request_processing/req_logging.py:26}}
Jul 06 15:10:17 devstack devstack@keystone.service[41753]: DEBUG keystone.server.flask.request_processing.req_logging [None req-57d3a236-561a-4326-b3c6-bec1149e51ad None admin] SCRIPT_NAME: `/identity` {{(pid=41753) log_request_info /opt/stack/keystone/keystone/server/flask/request_processing/req_logging.py:27}}
Jul 06 15:10:17 devstack devstack@keystone.service[41753]: DEBUG keystone.server.flask.request_processing.req_logging [None req-57d3a236-561a-4326-b3c6-bec1149e51ad None admin] PATH_INFO: `/v3/projects` {{(pid=41753) log_request_info /opt/stack/keystone/keystone/server/flask/request_processing/req_logging.py:28}}
Jul 06 15:10:17 devstack devstack@keystone.service[41753]: DEBUG keystone.common.rbac_enforcer.enforcer [None req-57d3a236-561a-4326-b3c6-bec1149e51ad None admin] RBAC: Authorizing `identity:create_project()` {{(pid=41753) enforce_call /opt/stack/keystone/keystone/common/rbac_enforcer/enforcer.py:501}}
Jul 06 15:10:17 devstack devstack@keystone.service[41753]: DEBUG keystone.common.rbac_enforcer.enforcer [None req-57d3a236-561a-4326-b3c6-bec1149e51ad None admin] RBAC: Authorization granted {{(pid=41753) enforce_call /opt/stack/keystone/keystone/common/rbac_enforcer/enforcer.py:512}}
Jul 06 15:10:17 devstack devstack@keystone.service[41752]: DEBUG keystone.server.flask.request_processing.middleware.auth_context [None req-2cb8b989-98fc-4bd0-a698-7f58ec289a75 None admin] RBAC: auth_context: {'token': , 'domain_id': None, 'trust_id': None, 'trustor_id': None, 'trustee_id': None, 'domain_name': None, 'group_ids': [], 'user_id': 'd95b777b56a64feb95e06737c7fb0957', 'user_domain_id': 'default', 'system_scope': 'all', 'project_id': None, 'project_domain_id': None, 'roles': ['admin', 'manager', 'member', 'reader'], 'is_admin_project': True, 'service_user_id': None, 'service_user_domain_id': None, 'service_project_id': None, 'service_project_domain_id': None, 'service_roles': []} {{(pid=41752) fill_context /opt/stack/keystone/keystone/server/flask/request_processing/middleware/auth_context.py:509}}
Jul 06 15:10:17 devstack devstack@keystone.service[41752]: DEBUG keystone.server.flask.request_processing.req_logging [None req-2cb8b989-98fc-4bd0-a698-7f58ec289a75 None admin] REQUEST_METHOD: `GET` {{(pid=41752) log_request_info /opt/stack/keystone/keystone/server/flask/request_processing/req_logging.py:26}}
Jul 06 15:10:17 devstack devstack@keystone.service[41752]: DEBUG keystone.server.flask.request_processing.req_logging [None req-2cb8b989-98fc-4bd0-a698-7f58ec289a75 None admin] SCRIPT_NAME: `/identity` {{(pid=41752) log_request_info /opt/stack/keystone/keystone/server/flask/request_processing/req_logging.py:27}}
Jul 06 15:10:17 devstack devstack@keystone.service[41752]: DEBUG keystone.server.flask.request_processing.req_logging [None req-2cb8b989-98fc-4bd0-a698-7f58ec289a75 None admin] PATH_INFO: `/v3/roles` {{(pid=41752) log_request_info /opt/stack/keystone/keystone/server/flask/request_processing/req_logging.py:28}}
Jul 06 15:10:17 devstack devstack@keystone.service[41752]: DEBUG keystone.common.rbac_enforcer.enforcer [None req-2cb8b989-98fc-4bd0-a698-7f58ec289a75 None admin] RBAC: Adding query filter params (name=admin) {{(pid=41752) _extract_filter_values /opt/stack/keystone/keystone/common/rbac_enforcer/enforcer.py:176}}
Jul 06 15:10:17 devstack devstack@keystone.service[41752]: DEBUG keystone.common.rbac_enforcer.enforcer [None req-2cb8b989-98fc-4bd0-a698-7f58ec289a75 None admin] RBAC: Authorizing `identity:list_roles()` {{(pid=41752) enforce_call /opt/stack/keystone/keystone/common/rbac_enforcer/enforcer.py:501}}
Jul 06 15:10:17 devstack devstack@keystone.service[41752]: DEBUG keystone.common.rbac_enforcer.enforcer [None req-2cb8b989-98fc-4bd0-a698-7f58ec289a75 None admin] RBAC: Authorization granted {{(pid=41752) enforce_call /opt/stack/keystone/keystone/common/rbac_enforcer/enforcer.py:512}}
Jul 06 15:10:17 devstack devstack@keystone.service[41752]: [pid: 41752|app: 0|req: 19/44] 192.168.122.18 () {56 vars in 1152 bytes} [Mon Jul 6 15:10:17 2026] GET /identity/v3/roles?name=admin => generated 345 bytes in 206 msecs (HTTP/1.1 200) 5 headers in 177 bytes (1 switches on core 0)
Jul 06 15:10:17 devstack devstack@keystone.service[41752]: DEBUG keystone.server.flask.request_processing.middleware.auth_context [None req-2cb8b989-98fc-4bd0-a698-7f58ec289a75 None admin] Authenticating user token {{(pid=41752) process_request /opt/stack/data/venv/lib/python3.12/site-packages/keystonemiddleware/auth_token/__init__.py:406}}
Jul 06 15:10:17 devstack devstack@keystone.service[41753]: [pid: 41753|app: 0|req: 26/45] 192.168.122.18 () {60 vars in 1180 bytes} [Mon Jul 6 15:10:17 2026] POST /identity/v3/projects => generated 315 bytes in 225 msecs (HTTP/1.1 201) 5 headers in 182 bytes (1 switches on core 0)
Jul 06 15:10:17 devstack devstack@keystone.service[41753]: DEBUG keystone.server.flask.request_processing.middleware.auth_context [None req-57d3a236-561a-4326-b3c6-bec1149e51ad None admin] Authenticating user token {{(pid=41753) process_request /opt/stack/data/venv/lib/python3.12/site-packages/keystonemiddleware/auth_token/__init__.py:406}}
Jul 06 15:10:17 devstack devstack@keystone.service[41752]: DEBUG keystone.server.flask.request_processing.middleware.auth_context [None req-2cb8b989-98fc-4bd0-a698-7f58ec289a75 None admin] Validating token access rules against request {{(pid=41752) validate_allowed_request /opt/stack/data/venv/lib/python3.12/site-packages/keystonemiddleware/auth_token/__init__.py:544}}
Jul 06 15:10:17 devstack devstack@keystone.service[41753]: DEBUG keystone.server.flask.request_processing.middleware.auth_context [None req-57d3a236-561a-4326-b3c6-bec1149e51ad None admin] Validating token access rules against request {{(pid=41753) validate_allowed_request /opt/stack/data/venv/lib/python3.12/site-packages/keystonemiddleware/auth_token/__init__.py:544}}
Jul 06 15:10:18 devstack devstack@keystone.service[41752]: DEBUG keystone.server.flask.request_processing.middleware.auth_context [None req-fa9112ed-999b-494f-b245-5b06d3dc5265 None admin] RBAC: auth_context: {'token': , 'domain_id': None, 'trust_id': None, 'trustor_id': None, 'trustee_id': None, 'domain_name': None, 'group_ids': [], 'user_id': 'd95b777b56a64feb95e06737c7fb0957', 'user_domain_id': 'default', 'system_scope': 'all', 'project_id': None, 'project_domain_id': None, 'roles': ['admin', 'manager', 'member', 'reader'], 'is_admin_project': True, 'service_user_id': None, 'service_user_domain_id': None, 'service_project_id': None, 'service_project_domain_id': None, 'service_roles': []} {{(pid=41752) fill_context /opt/stack/keystone/keystone/server/flask/request_processing/middleware/auth_context.py:509}}
Jul 06 15:10:18 devstack devstack@keystone.service[41752]: DEBUG keystone.server.flask.request_processing.req_logging [None req-fa9112ed-999b-494f-b245-5b06d3dc5265 None admin] REQUEST_METHOD: `GET` {{(pid=41752) log_request_info /opt/stack/keystone/keystone/server/flask/request_processing/req_logging.py:26}}
Jul 06 15:10:18 devstack devstack@keystone.service[41752]: DEBUG keystone.server.flask.request_processing.req_logging [None req-fa9112ed-999b-494f-b245-5b06d3dc5265 None admin] SCRIPT_NAME: `/identity` {{(pid=41752) log_request_info /opt/stack/keystone/keystone/server/flask/request_processing/req_logging.py:27}}
Jul 06 15:10:18 devstack devstack@keystone.service[41752]: DEBUG keystone.server.flask.request_processing.req_logging [None req-fa9112ed-999b-494f-b245-5b06d3dc5265 None admin] PATH_INFO: `/v3/roles` {{(pid=41752) log_request_info /opt/stack/keystone/keystone/server/flask/request_processing/req_logging.py:28}}
Jul 06 15:10:18 devstack devstack@keystone.service[41752]: DEBUG keystone.common.rbac_enforcer.enforcer [None req-fa9112ed-999b-494f-b245-5b06d3dc5265 None admin] RBAC: Adding query filter params (name=service) {{(pid=41752) _extract_filter_values /opt/stack/keystone/keystone/common/rbac_enforcer/enforcer.py:176}}
Jul 06 15:10:18 devstack devstack@keystone.service[41752]: DEBUG keystone.common.rbac_enforcer.enforcer [None req-fa9112ed-999b-494f-b245-5b06d3dc5265 None admin] RBAC: Authorizing `identity:list_roles()` {{(pid=41752) enforce_call /opt/stack/keystone/keystone/common/rbac_enforcer/enforcer.py:501}}
Jul 06 15:10:18 devstack devstack@keystone.service[41752]: DEBUG keystone.common.rbac_enforcer.enforcer [None req-fa9112ed-999b-494f-b245-5b06d3dc5265 None admin] RBAC: Authorization granted {{(pid=41752) enforce_call /opt/stack/keystone/keystone/common/rbac_enforcer/enforcer.py:512}}
Jul 06 15:10:18 devstack devstack@keystone.service[41752]: [pid: 41752|app: 0|req: 20/46] 192.168.122.18 () {56 vars in 1156 bytes} [Mon Jul 6 15:10:17 2026] GET /identity/v3/roles?name=service => generated 349 bytes in 202 msecs (HTTP/1.1 200) 5 headers in 177 bytes (1 switches on core 0)
Jul 06 15:10:18 devstack devstack@keystone.service[41753]: DEBUG keystone.server.flask.request_processing.middleware.auth_context [None req-5c6c9bad-cc57-45c7-901e-6cc10e087c0a None admin] RBAC: auth_context: {'token': , 'domain_id': None, 'trust_id': None, 'trustor_id': None, 'trustee_id': None, 'domain_name': None, 'group_ids': [], 'user_id': 'd95b777b56a64feb95e06737c7fb0957', 'user_domain_id': 'default', 'system_scope': 'all', 'project_id': None, 'project_domain_id': None, 'roles': ['admin', 'manager', 'member', 'reader'], 'is_admin_project': True, 'service_user_id': None, 'service_user_domain_id': None, 'service_project_id': None, 'service_project_domain_id': None, 'service_roles': []} {{(pid=41753) fill_context /opt/stack/keystone/keystone/server/flask/request_processing/middleware/auth_context.py:509}}
Jul 06 15:10:18 devstack devstack@keystone.service[41753]: DEBUG keystone.server.flask.request_processing.req_logging [None req-5c6c9bad-cc57-45c7-901e-6cc10e087c0a None admin] REQUEST_METHOD: `GET` {{(pid=41753) log_request_info /opt/stack/keystone/keystone/server/flask/request_processing/req_logging.py:26}}
Jul 06 15:10:18 devstack devstack@keystone.service[41753]: DEBUG keystone.server.flask.request_processing.req_logging [None req-5c6c9bad-cc57-45c7-901e-6cc10e087c0a None admin] SCRIPT_NAME: `/identity` {{(pid=41753) log_request_info /opt/stack/keystone/keystone/server/flask/request_processing/req_logging.py:27}}
Jul 06 15:10:18 devstack devstack@keystone.service[41753]: DEBUG keystone.server.flask.request_processing.req_logging [None req-5c6c9bad-cc57-45c7-901e-6cc10e087c0a None admin] PATH_INFO: `/v3/users/d95b777b56a64feb95e06737c7fb0957` {{(pid=41753) log_request_info /opt/stack/keystone/keystone/server/flask/request_processing/req_logging.py:28}}
Jul 06 15:10:18 devstack devstack@keystone.service[41753]: DEBUG keystone.common.rbac_enforcer.enforcer [None req-5c6c9bad-cc57-45c7-901e-6cc10e087c0a None admin] RBAC: Authorizing `identity:get_user(user_id=d95b777b56a64feb95e06737c7fb0957)` {{(pid=41753) enforce_call /opt/stack/keystone/keystone/common/rbac_enforcer/enforcer.py:501}}
Jul 06 15:10:18 devstack devstack@keystone.service[41753]: DEBUG keystone.common.rbac_enforcer.enforcer [None req-5c6c9bad-cc57-45c7-901e-6cc10e087c0a None admin] RBAC: Authorization granted {{(pid=41753) enforce_call /opt/stack/keystone/keystone/common/rbac_enforcer/enforcer.py:512}}
Jul 06 15:10:18 devstack devstack@keystone.service[41753]: [pid: 41753|app: 0|req: 27/47] 192.168.122.18 () {56 vars in 1217 bytes} [Mon Jul 6 15:10:17 2026] GET /identity/v3/users/d95b777b56a64feb95e06737c7fb0957 => generated 250 bytes in 200 msecs (HTTP/1.1 200) 5 headers in 177 bytes (1 switches on core 0)
Jul 06 15:10:18 devstack devstack@keystone.service[41752]: DEBUG keystone.server.flask.request_processing.middleware.auth_context [None req-fa9112ed-999b-494f-b245-5b06d3dc5265 None admin] Authenticating user token {{(pid=41752) process_request /opt/stack/data/venv/lib/python3.12/site-packages/keystonemiddleware/auth_token/__init__.py:406}}
Jul 06 15:10:18 devstack devstack@keystone.service[41752]: DEBUG keystone.server.flask.request_processing.middleware.auth_context [None req-fa9112ed-999b-494f-b245-5b06d3dc5265 None admin] Validating token access rules against request {{(pid=41752) validate_allowed_request /opt/stack/data/venv/lib/python3.12/site-packages/keystonemiddleware/auth_token/__init__.py:544}}
Jul 06 15:10:18 devstack devstack@keystone.service[41752]: DEBUG keystone.server.flask.request_processing.middleware.auth_context [None req-aa823003-f31b-4c4c-8ee9-3f770c179def None admin] RBAC: auth_context: {'token': , 'domain_id': None, 'trust_id': None, 'trustor_id': None, 'trustee_id': None, 'domain_name': None, 'group_ids': [], 'user_id': 'd95b777b56a64feb95e06737c7fb0957', 'user_domain_id': 'default', 'system_scope': 'all', 'project_id': None, 'project_domain_id': None, 'roles': ['admin', 'manager', 'member', 'reader'], 'is_admin_project': True, 'service_user_id': None, 'service_user_domain_id': None, 'service_project_id': None, 'service_project_domain_id': None, 'service_roles': []} {{(pid=41752) fill_context /opt/stack/keystone/keystone/server/flask/request_processing/middleware/auth_context.py:509}}
Jul 06 15:10:18 devstack devstack@keystone.service[41752]: DEBUG keystone.server.flask.request_processing.req_logging [None req-aa823003-f31b-4c4c-8ee9-3f770c179def None admin] REQUEST_METHOD: `GET` {{(pid=41752) log_request_info /opt/stack/keystone/keystone/server/flask/request_processing/req_logging.py:26}}
Jul 06 15:10:18 devstack devstack@keystone.service[41752]: DEBUG keystone.server.flask.request_processing.req_logging [None req-aa823003-f31b-4c4c-8ee9-3f770c179def None admin] SCRIPT_NAME: `/identity` {{(pid=41752) log_request_info /opt/stack/keystone/keystone/server/flask/request_processing/req_logging.py:27}}
Jul 06 15:10:18 devstack devstack@keystone.service[41752]: DEBUG keystone.server.flask.request_processing.req_logging [None req-aa823003-f31b-4c4c-8ee9-3f770c179def None admin] PATH_INFO: `/v3/domains/default` {{(pid=41752) log_request_info /opt/stack/keystone/keystone/server/flask/request_processing/req_logging.py:28}}
Jul 06 15:10:18 devstack devstack@keystone.service[41752]: DEBUG keystone.common.rbac_enforcer.enforcer [None req-aa823003-f31b-4c4c-8ee9-3f770c179def None admin] RBAC: Authorizing `identity:get_domain(domain_id=default)` {{(pid=41752) enforce_call /opt/stack/keystone/keystone/common/rbac_enforcer/enforcer.py:501}}
Jul 06 15:10:18 devstack devstack@keystone.service[41752]: DEBUG keystone.common.rbac_enforcer.enforcer [None req-aa823003-f31b-4c4c-8ee9-3f770c179def None admin] RBAC: Authorization granted {{(pid=41752) enforce_call /opt/stack/keystone/keystone/common/rbac_enforcer/enforcer.py:512}}
Jul 06 15:10:18 devstack devstack@keystone.service[41752]: [pid: 41752|app: 0|req: 21/48] 192.168.122.18 () {56 vars in 1148 bytes} [Mon Jul 6 15:10:18 2026] GET /identity/v3/domains/default => generated 202 bytes in 151 msecs (HTTP/1.1 200) 5 headers in 177 bytes (1 switches on core 0)
Jul 06 15:10:18 devstack devstack@keystone.service[41753]: DEBUG keystone.server.flask.request_processing.middleware.auth_context [None req-5c6c9bad-cc57-45c7-901e-6cc10e087c0a None admin] Authenticating user token {{(pid=41753) process_request /opt/stack/data/venv/lib/python3.12/site-packages/keystonemiddleware/auth_token/__init__.py:406}}
Jul 06 15:10:18 devstack devstack@keystone.service[41753]: DEBUG keystone.server.flask.request_processing.middleware.auth_context [None req-5c6c9bad-cc57-45c7-901e-6cc10e087c0a None admin] Validating token access rules against request {{(pid=41753) validate_allowed_request /opt/stack/data/venv/lib/python3.12/site-packages/keystonemiddleware/auth_token/__init__.py:544}}
Jul 06 15:10:18 devstack devstack@keystone.service[41753]: DEBUG keystone.server.flask.request_processing.middleware.auth_context [None req-c9ef8e1e-a4e4-46ea-a88c-a429f6c9ae4a None admin] RBAC: auth_context: {'token': , 'domain_id': None, 'trust_id': None, 'trustor_id': None, 'trustee_id': None, 'domain_name': None, 'group_ids': [], 'user_id': 'd95b777b56a64feb95e06737c7fb0957', 'user_domain_id': 'default', 'system_scope': 'all', 'project_id': None, 'project_domain_id': None, 'roles': ['admin', 'manager', 'member', 'reader'], 'is_admin_project': True, 'service_user_id': None, 'service_user_domain_id': None, 'service_project_id': None, 'service_project_domain_id': None, 'service_roles': []} {{(pid=41753) fill_context /opt/stack/keystone/keystone/server/flask/request_processing/middleware/auth_context.py:509}}
Jul 06 15:10:18 devstack devstack@keystone.service[41753]: DEBUG keystone.server.flask.request_processing.req_logging [None req-c9ef8e1e-a4e4-46ea-a88c-a429f6c9ae4a None admin] REQUEST_METHOD: `GET` {{(pid=41753) log_request_info /opt/stack/keystone/keystone/server/flask/request_processing/req_logging.py:26}}
Jul 06 15:10:18 devstack devstack@keystone.service[41753]: DEBUG keystone.server.flask.request_processing.req_logging [None req-c9ef8e1e-a4e4-46ea-a88c-a429f6c9ae4a None admin] SCRIPT_NAME: `/identity` {{(pid=41753) log_request_info /opt/stack/keystone/keystone/server/flask/request_processing/req_logging.py:27}}
Jul 06 15:10:18 devstack devstack@keystone.service[41753]: DEBUG keystone.server.flask.request_processing.req_logging [None req-c9ef8e1e-a4e4-46ea-a88c-a429f6c9ae4a None admin] PATH_INFO: `/v3/role_assignments` {{(pid=41753) log_request_info /opt/stack/keystone/keystone/server/flask/request_processing/req_logging.py:28}}
Jul 06 15:10:18 devstack devstack@keystone.service[41753]: DEBUG keystone.common.rbac_enforcer.enforcer [None req-c9ef8e1e-a4e4-46ea-a88c-a429f6c9ae4a None admin] RBAC: Adding query filter params (role.id=0e61b3c8ac704c42a3fda3a2568fd528, scope.domain.id=default, user.id=d95b777b56a64feb95e06737c7fb0957) {{(pid=41753) _extract_filter_values /opt/stack/keystone/keystone/common/rbac_enforcer/enforcer.py:176}}
Jul 06 15:10:18 devstack devstack@keystone.service[41753]: DEBUG keystone.common.rbac_enforcer.enforcer [None req-c9ef8e1e-a4e4-46ea-a88c-a429f6c9ae4a None admin] RBAC: Authorizing `identity:list_role_assignments()` {{(pid=41753) enforce_call /opt/stack/keystone/keystone/common/rbac_enforcer/enforcer.py:501}}
Jul 06 15:10:18 devstack devstack@keystone.service[41753]: DEBUG keystone.common.rbac_enforcer.enforcer [None req-c9ef8e1e-a4e4-46ea-a88c-a429f6c9ae4a None admin] RBAC: Authorization granted {{(pid=41753) enforce_call /opt/stack/keystone/keystone/common/rbac_enforcer/enforcer.py:512}}
Jul 06 15:10:18 devstack devstack@keystone.service[41753]: [pid: 41753|app: 0|req: 28/49] 192.168.122.18 () {56 vars in 1375 bytes} [Mon Jul 6 15:10:18 2026] GET /identity/v3/role_assignments?role.id=0e61b3c8ac704c42a3fda3a2568fd528&scope.domain.id=default&user.id=d95b777b56a64feb95e06737c7fb0957 => generated 536 bytes in 176 msecs (HTTP/1.1 200) 5 headers in 177 bytes (1 switches on core 0)
Jul 06 15:10:20 devstack devstack@keystone.service[41752]: DEBUG keystone.server.flask.request_processing.req_logging [None req-125d7c5b-a693-4360-921d-b73760909288 None None] REQUEST_METHOD: `GET` {{(pid=41752) log_request_info /opt/stack/keystone/keystone/server/flask/request_processing/req_logging.py:26}}
Jul 06 15:10:20 devstack devstack@keystone.service[41752]: DEBUG keystone.server.flask.request_processing.req_logging [None req-125d7c5b-a693-4360-921d-b73760909288 None None] SCRIPT_NAME: `/identity` {{(pid=41752) log_request_info /opt/stack/keystone/keystone/server/flask/request_processing/req_logging.py:27}}
Jul 06 15:10:20 devstack devstack@keystone.service[41752]: DEBUG keystone.server.flask.request_processing.req_logging [None req-125d7c5b-a693-4360-921d-b73760909288 None None] PATH_INFO: `/` {{(pid=41752) log_request_info /opt/stack/keystone/keystone/server/flask/request_processing/req_logging.py:28}}
Jul 06 15:10:20 devstack devstack@keystone.service[41752]: [pid: 41752|app: 0|req: 22/50] 192.168.122.18 () {54 vars in 923 bytes} [Mon Jul 6 15:10:20 2026] GET /identity => generated 273 bytes in 3 msecs (HTTP/1.1 300) 6 headers in 237 bytes (1 switches on core 0)
Jul 06 15:10:20 devstack devstack@keystone.service[41753]: DEBUG keystone.server.flask.request_processing.req_logging [None req-d2fd1a19-a90d-4fc5-978e-b30ef4d891ab None None] REQUEST_METHOD: `POST` {{(pid=41753) log_request_info /opt/stack/keystone/keystone/server/flask/request_processing/req_logging.py:26}}
Jul 06 15:10:20 devstack devstack@keystone.service[41753]: DEBUG keystone.server.flask.request_processing.req_logging [None req-d2fd1a19-a90d-4fc5-978e-b30ef4d891ab None None] SCRIPT_NAME: `/identity` {{(pid=41753) log_request_info /opt/stack/keystone/keystone/server/flask/request_processing/req_logging.py:27}}
Jul 06 15:10:20 devstack devstack@keystone.service[41753]: DEBUG keystone.server.flask.request_processing.req_logging [None req-d2fd1a19-a90d-4fc5-978e-b30ef4d891ab None None] PATH_INFO: `/v3/auth/tokens` {{(pid=41753) log_request_info /opt/stack/keystone/keystone/server/flask/request_processing/req_logging.py:28}}
Jul 06 15:10:20 devstack devstack@keystone.service[41753]: WARNING keystone.common.password_hashing [None req-d2fd1a19-a90d-4fc5-978e-b30ef4d891ab None None] Truncating password to algorithm specific maximum length 72 characters.
Jul 06 15:10:20 devstack devstack@keystone.service[41753]: DEBUG keystone.auth.core [None req-d2fd1a19-a90d-4fc5-978e-b30ef4d891ab None None] MFA Rules not processed for user `d95b777b56a64feb95e06737c7fb0957`. Rule list: `[]` (Enabled: `True`). {{(pid=41753) check_auth_methods_against_rules /opt/stack/keystone/keystone/auth/core.py:476}}
Jul 06 15:10:20 devstack devstack@keystone.service[41753]: DEBUG keystone.common.fernet_utils [None req-d2fd1a19-a90d-4fc5-978e-b30ef4d891ab None None] Loaded 2 Fernet keys from /etc/keystone/fernet-keys/, but `[fernet_tokens] max_active_keys = 3`; perhaps there have not been enough key rotations to reach `max_active_keys` yet? {{(pid=41753) load_keys /opt/stack/keystone/keystone/common/fernet_utils.py:297}}
Jul 06 15:10:20 devstack devstack@keystone.service[41753]: [pid: 41753|app: 0|req: 29/51] 192.168.122.18 () {58 vars in 1020 bytes} [Mon Jul 6 15:10:20 2026] POST /identity/v3/auth/tokens => generated 865 bytes in 132 msecs (HTTP/1.1 201) 6 headers in 363 bytes (1 switches on core 0)
Jul 06 15:10:21 devstack devstack@keystone.service[41752]: DEBUG keystone.server.flask.request_processing.middleware.auth_context [None req-125d7c5b-a693-4360-921d-b73760909288 None None] Authenticating user token {{(pid=41752) process_request /opt/stack/data/venv/lib/python3.12/site-packages/keystonemiddleware/auth_token/__init__.py:406}}
Jul 06 15:10:21 devstack devstack@keystone.service[41752]: DEBUG keystone.server.flask.request_processing.middleware.auth_context [None req-125d7c5b-a693-4360-921d-b73760909288 None None] Validating token access rules against request {{(pid=41752) validate_allowed_request /opt/stack/data/venv/lib/python3.12/site-packages/keystonemiddleware/auth_token/__init__.py:544}}
Jul 06 15:10:21 devstack devstack@keystone.service[41752]: DEBUG keystone.server.flask.request_processing.middleware.auth_context [None req-8f1cf0ba-3d51-4937-8bc9-4c6fc2c0817b None admin] RBAC: auth_context: {'token': , 'domain_id': None, 'trust_id': None, 'trustor_id': None, 'trustee_id': None, 'domain_name': None, 'group_ids': [], 'user_id': 'd95b777b56a64feb95e06737c7fb0957', 'user_domain_id': 'default', 'system_scope': 'all', 'project_id': None, 'project_domain_id': None, 'roles': ['admin', 'manager', 'member', 'reader'], 'is_admin_project': True, 'service_user_id': None, 'service_user_domain_id': None, 'service_project_id': None, 'service_project_domain_id': None, 'service_roles': []} {{(pid=41752) fill_context /opt/stack/keystone/keystone/server/flask/request_processing/middleware/auth_context.py:509}}
Jul 06 15:10:21 devstack devstack@keystone.service[41752]: DEBUG keystone.server.flask.request_processing.req_logging [None req-8f1cf0ba-3d51-4937-8bc9-4c6fc2c0817b None admin] REQUEST_METHOD: `GET` {{(pid=41752) log_request_info /opt/stack/keystone/keystone/server/flask/request_processing/req_logging.py:26}}
Jul 06 15:10:21 devstack devstack@keystone.service[41752]: DEBUG keystone.server.flask.request_processing.req_logging [None req-8f1cf0ba-3d51-4937-8bc9-4c6fc2c0817b None admin] SCRIPT_NAME: `/identity` {{(pid=41752) log_request_info /opt/stack/keystone/keystone/server/flask/request_processing/req_logging.py:27}}
Jul 06 15:10:21 devstack devstack@keystone.service[41752]: DEBUG keystone.server.flask.request_processing.req_logging [None req-8f1cf0ba-3d51-4937-8bc9-4c6fc2c0817b None admin] PATH_INFO: `/v3/domains/default` {{(pid=41752) log_request_info /opt/stack/keystone/keystone/server/flask/request_processing/req_logging.py:28}}
Jul 06 15:10:21 devstack devstack@keystone.service[41752]: DEBUG keystone.common.rbac_enforcer.enforcer [None req-8f1cf0ba-3d51-4937-8bc9-4c6fc2c0817b None admin] RBAC: Authorizing `identity:get_domain(domain_id=default)` {{(pid=41752) enforce_call /opt/stack/keystone/keystone/common/rbac_enforcer/enforcer.py:501}}
Jul 06 15:10:21 devstack devstack@keystone.service[41752]: DEBUG keystone.common.rbac_enforcer.enforcer [None req-8f1cf0ba-3d51-4937-8bc9-4c6fc2c0817b None admin] RBAC: Authorization granted {{(pid=41752) enforce_call /opt/stack/keystone/keystone/common/rbac_enforcer/enforcer.py:512}}
Jul 06 15:10:21 devstack devstack@keystone.service[41752]: [pid: 41752|app: 0|req: 23/52] 192.168.122.18 () {56 vars in 1148 bytes} [Mon Jul 6 15:10:21 2026] GET /identity/v3/domains/default => generated 202 bytes in 157 msecs (HTTP/1.1 200) 5 headers in 177 bytes (1 switches on core 0)
Jul 06 15:10:21 devstack devstack@keystone.service[41753]: DEBUG keystone.server.flask.request_processing.middleware.auth_context [None req-d2fd1a19-a90d-4fc5-978e-b30ef4d891ab None None] Authenticating user token {{(pid=41753) process_request /opt/stack/data/venv/lib/python3.12/site-packages/keystonemiddleware/auth_token/__init__.py:406}}
Jul 06 15:10:21 devstack devstack@keystone.service[41753]: DEBUG keystone.server.flask.request_processing.middleware.auth_context [None req-d2fd1a19-a90d-4fc5-978e-b30ef4d891ab None None] Validating token access rules against request {{(pid=41753) validate_allowed_request /opt/stack/data/venv/lib/python3.12/site-packages/keystonemiddleware/auth_token/__init__.py:544}}
