Jul 06 15:24:21 devstack devstack@n-api.service[60709]: [pid: 60709|app: 0|req: 41/83] 192.168.122.18 () {58 vars in 1242 bytes} [Mon Jul 6 15:24:21 2026] GET /compute/v2.1/os-volumes/c68a45ca-ebeb-4937-951e-e892479dec5e => generated 350 bytes in 86 msecs (HTTP/1.1 200) 9 headers in 357 bytes (1 switches on core 0)
Jul 06 15:24:22 devstack devstack@n-api.service[60708]: DEBUG nova.api.openstack.wsgi [None req-775b786f-2aee-4218-9633-6d8d5faca3da tempest-VolumesGetTestJSON-1158080354 tempest-VolumesGetTestJSON-1158080354-project-member] Calling method '>' {{(pid=60708) _process_stack /opt/stack/nova/nova/api/openstack/wsgi.py:551}}
Jul 06 15:24:22 devstack devstack@n-api.service[60708]: INFO nova.api.openstack.requestlog [None req-775b786f-2aee-4218-9633-6d8d5faca3da tempest-VolumesGetTestJSON-1158080354 tempest-VolumesGetTestJSON-1158080354-project-member] 192.168.122.18 "GET /compute/v2.1/os-volumes/c68a45ca-ebeb-4937-951e-e892479dec5e" status: 200 len: 350 microversion: 2.1 time: 0.101621
Jul 06 15:24:22 devstack devstack@n-api.service[60708]: [pid: 60708|app: 0|req: 43/84] 192.168.122.18 () {58 vars in 1242 bytes} [Mon Jul 6 15:24:22 2026] GET /compute/v2.1/os-volumes/c68a45ca-ebeb-4937-951e-e892479dec5e => generated 350 bytes in 104 msecs (HTTP/1.1 200) 9 headers in 357 bytes (1 switches on core 0)
Jul 06 15:24:23 devstack devstack@n-api.service[60709]: DEBUG nova.api.openstack.wsgi [None req-4c62a4d4-4efc-43df-8d78-3503794196a6 tempest-VolumesGetTestJSON-1158080354 tempest-VolumesGetTestJSON-1158080354-project-member] Calling method '>' {{(pid=60709) _process_stack /opt/stack/nova/nova/api/openstack/wsgi.py:551}}
Jul 06 15:24:23 devstack devstack@n-api.service[60709]: INFO nova.api.openstack.requestlog [None req-4c62a4d4-4efc-43df-8d78-3503794196a6 tempest-VolumesGetTestJSON-1158080354 tempest-VolumesGetTestJSON-1158080354-project-member] 192.168.122.18 "GET /compute/v2.1/os-volumes/c68a45ca-ebeb-4937-951e-e892479dec5e" status: 200 len: 350 microversion: 2.1 time: 0.089674
Jul 06 15:24:23 devstack devstack@n-api.service[60709]: [pid: 60709|app: 0|req: 42/85] 192.168.122.18 () {58 vars in 1242 bytes} [Mon Jul 6 15:24:23 2026] GET /compute/v2.1/os-volumes/c68a45ca-ebeb-4937-951e-e892479dec5e => generated 350 bytes in 95 msecs (HTTP/1.1 200) 9 headers in 357 bytes (1 switches on core 0)
Jul 06 15:24:24 devstack devstack@n-api.service[60708]: DEBUG nova.api.openstack.wsgi [None req-ab4d7b97-aa56-4a0e-ae1e-854787e58bc2 tempest-VolumesGetTestJSON-1158080354 tempest-VolumesGetTestJSON-1158080354-project-member] Calling method '>' {{(pid=60708) _process_stack /opt/stack/nova/nova/api/openstack/wsgi.py:551}}
Jul 06 15:24:24 devstack devstack@n-api.service[60708]: INFO nova.api.openstack.requestlog [None req-ab4d7b97-aa56-4a0e-ae1e-854787e58bc2 tempest-VolumesGetTestJSON-1158080354 tempest-VolumesGetTestJSON-1158080354-project-member] 192.168.122.18 "GET /compute/v2.1/os-volumes/c68a45ca-ebeb-4937-951e-e892479dec5e" status: 200 len: 350 microversion: 2.1 time: 0.085321
Jul 06 15:24:24 devstack devstack@n-api.service[60708]: [pid: 60708|app: 0|req: 44/86] 192.168.122.18 () {58 vars in 1242 bytes} [Mon Jul 6 15:24:24 2026] GET /compute/v2.1/os-volumes/c68a45ca-ebeb-4937-951e-e892479dec5e => generated 350 bytes in 86 msecs (HTTP/1.1 200) 9 headers in 357 bytes (1 switches on core 0)
Jul 06 15:24:25 devstack devstack@n-api.service[60709]: DEBUG nova.api.openstack.wsgi [None req-3f17aed4-9dae-4c21-8e2d-abfa230c301f tempest-VolumesGetTestJSON-1158080354 tempest-VolumesGetTestJSON-1158080354-project-member] Calling method '>' {{(pid=60709) _process_stack /opt/stack/nova/nova/api/openstack/wsgi.py:551}}
Jul 06 15:24:25 devstack devstack@n-api.service[60709]: INFO nova.api.openstack.requestlog [None req-3f17aed4-9dae-4c21-8e2d-abfa230c301f tempest-VolumesGetTestJSON-1158080354 tempest-VolumesGetTestJSON-1158080354-project-member] 192.168.122.18 "GET /compute/v2.1/os-volumes/c68a45ca-ebeb-4937-951e-e892479dec5e" status: 200 len: 350 microversion: 2.1 time: 0.085864
Jul 06 15:24:25 devstack devstack@n-api.service[60709]: [pid: 60709|app: 0|req: 43/87] 192.168.122.18 () {58 vars in 1242 bytes} [Mon Jul 6 15:24:25 2026] GET /compute/v2.1/os-volumes/c68a45ca-ebeb-4937-951e-e892479dec5e => generated 350 bytes in 89 msecs (HTTP/1.1 200) 9 headers in 357 bytes (1 switches on core 0)
Jul 06 15:24:26 devstack devstack@n-api.service[60708]: DEBUG nova.api.openstack.wsgi [None req-2f195035-065c-4e9c-98f8-97818b429dbb tempest-VolumesGetTestJSON-1158080354 tempest-VolumesGetTestJSON-1158080354-project-member] Calling method '>' {{(pid=60708) _process_stack /opt/stack/nova/nova/api/openstack/wsgi.py:551}}
Jul 06 15:24:27 devstack devstack@n-api.service[60708]: INFO nova.api.openstack.requestlog [None req-2f195035-065c-4e9c-98f8-97818b429dbb tempest-VolumesGetTestJSON-1158080354 tempest-VolumesGetTestJSON-1158080354-project-member] 192.168.122.18 "GET /compute/v2.1/os-volumes/c68a45ca-ebeb-4937-951e-e892479dec5e" status: 200 len: 350 microversion: 2.1 time: 0.074379
Jul 06 15:24:27 devstack devstack@n-api.service[60708]: [pid: 60708|app: 0|req: 45/88] 192.168.122.18 () {58 vars in 1242 bytes} [Mon Jul 6 15:24:26 2026] GET /compute/v2.1/os-volumes/c68a45ca-ebeb-4937-951e-e892479dec5e => generated 350 bytes in 77 msecs (HTTP/1.1 200) 9 headers in 357 bytes (1 switches on core 0)
Jul 06 15:24:28 devstack devstack@n-api.service[60709]: DEBUG nova.api.openstack.wsgi [None req-815eda86-6005-457f-84a9-efd34c63863a tempest-VolumesGetTestJSON-1158080354 tempest-VolumesGetTestJSON-1158080354-project-member] Calling method '>' {{(pid=60709) _process_stack /opt/stack/nova/nova/api/openstack/wsgi.py:551}}
Jul 06 15:24:28 devstack devstack@n-api.service[60709]: INFO nova.api.openstack.requestlog [None req-815eda86-6005-457f-84a9-efd34c63863a tempest-VolumesGetTestJSON-1158080354 tempest-VolumesGetTestJSON-1158080354-project-member] 192.168.122.18 "GET /compute/v2.1/os-volumes/c68a45ca-ebeb-4937-951e-e892479dec5e" status: 200 len: 350 microversion: 2.1 time: 0.065719
Jul 06 15:24:28 devstack devstack@n-api.service[60709]: [pid: 60709|app: 0|req: 44/89] 192.168.122.18 () {58 vars in 1242 bytes} [Mon Jul 6 15:24:28 2026] GET /compute/v2.1/os-volumes/c68a45ca-ebeb-4937-951e-e892479dec5e => generated 350 bytes in 68 msecs (HTTP/1.1 200) 9 headers in 357 bytes (1 switches on core 0)
Jul 06 15:24:29 devstack devstack@n-api.service[60708]: DEBUG nova.api.openstack.wsgi [None req-dd0dd7b2-ddeb-409b-b487-7524ca51554e tempest-VolumesGetTestJSON-1158080354 tempest-VolumesGetTestJSON-1158080354-project-member] Calling method '>' {{(pid=60708) _process_stack /opt/stack/nova/nova/api/openstack/wsgi.py:551}}
Jul 06 15:24:29 devstack devstack@n-api.service[60708]: INFO nova.api.openstack.requestlog [None req-dd0dd7b2-ddeb-409b-b487-7524ca51554e tempest-VolumesGetTestJSON-1158080354 tempest-VolumesGetTestJSON-1158080354-project-member] 192.168.122.18 "GET /compute/v2.1/os-volumes/c68a45ca-ebeb-4937-951e-e892479dec5e" status: 200 len: 350 microversion: 2.1 time: 0.088410
Jul 06 15:24:29 devstack devstack@n-api.service[60708]: [pid: 60708|app: 0|req: 46/90] 192.168.122.18 () {58 vars in 1242 bytes} [Mon Jul 6 15:24:29 2026] GET /compute/v2.1/os-volumes/c68a45ca-ebeb-4937-951e-e892479dec5e => generated 350 bytes in 90 msecs (HTTP/1.1 200) 9 headers in 357 bytes (1 switches on core 0)
Jul 06 15:24:30 devstack devstack@n-api.service[60709]: DEBUG nova.api.openstack.wsgi [None req-a80b4536-c5c8-4605-a4cd-be6c84ca3fa3 tempest-VolumesGetTestJSON-1158080354 tempest-VolumesGetTestJSON-1158080354-project-member] Calling method '>' {{(pid=60709) _process_stack /opt/stack/nova/nova/api/openstack/wsgi.py:551}}
Jul 06 15:24:30 devstack devstack@n-api.service[60709]: INFO nova.api.openstack.requestlog [None req-a80b4536-c5c8-4605-a4cd-be6c84ca3fa3 tempest-VolumesGetTestJSON-1158080354 tempest-VolumesGetTestJSON-1158080354-project-member] 192.168.122.18 "GET /compute/v2.1/os-volumes/c68a45ca-ebeb-4937-951e-e892479dec5e" status: 200 len: 350 microversion: 2.1 time: 0.101077
Jul 06 15:24:30 devstack devstack@n-api.service[60709]: [pid: 60709|app: 0|req: 45/91] 192.168.122.18 () {58 vars in 1242 bytes} [Mon Jul 6 15:24:30 2026] GET /compute/v2.1/os-volumes/c68a45ca-ebeb-4937-951e-e892479dec5e => generated 350 bytes in 102 msecs (HTTP/1.1 200) 9 headers in 357 bytes (1 switches on core 0)
Jul 06 15:24:31 devstack devstack@n-api.service[60708]: DEBUG nova.api.openstack.wsgi [None req-329f41f0-0f2e-4d67-8f59-a1d607805427 tempest-VolumesAdminNegativeTest-1522142137 tempest-VolumesAdminNegativeTest-1522142137-project-member] Action: 'create', calling method: >, body: {"server": {"name": "tempest-VolumesAdminNegativeTest-server-148435904", "imageRef": "af15cbaf-f1d7-4cb1-81a0-4eb0588c2807", "flavorRef": "42", "networks": [{"uuid": "f0721263-5d2d-4689-8f1c-ba9038152dd2"}]}} {{(pid=60708) _process_stack /opt/stack/nova/nova/api/openstack/wsgi.py:549}}
Jul 06 15:24:31 devstack devstack@n-api.service[60708]: DEBUG oslo_concurrency.lockutils [None req-329f41f0-0f2e-4d67-8f59-a1d607805427 tempest-VolumesAdminNegativeTest-1522142137 tempest-VolumesAdminNegativeTest-1522142137-project-member] Acquiring lock "00000000-0000-0000-0000-000000000000" by "nova.context.set_target_cell..get_or_set_cached_cell_and_set_connections" {{(pid=60708) inner /opt/stack/data/venv/lib/python3.12/site-packages/oslo_concurrency/lockutils.py:511}}
Jul 06 15:24:31 devstack devstack@n-api.service[60708]: DEBUG oslo_concurrency.lockutils [None req-329f41f0-0f2e-4d67-8f59-a1d607805427 tempest-VolumesAdminNegativeTest-1522142137 tempest-VolumesAdminNegativeTest-1522142137-project-member] Lock "00000000-0000-0000-0000-000000000000" acquired by "nova.context.set_target_cell..get_or_set_cached_cell_and_set_connections" :: waited 0.001s {{(pid=60708) inner /opt/stack/data/venv/lib/python3.12/site-packages/oslo_concurrency/lockutils.py:524}}
Jul 06 15:24:31 devstack devstack@n-api.service[60708]: DEBUG oslo_concurrency.lockutils [None req-329f41f0-0f2e-4d67-8f59-a1d607805427 tempest-VolumesAdminNegativeTest-1522142137 tempest-VolumesAdminNegativeTest-1522142137-project-member] Lock "00000000-0000-0000-0000-000000000000" "released" by "nova.context.set_target_cell..get_or_set_cached_cell_and_set_connections" :: held 0.001s {{(pid=60708) inner /opt/stack/data/venv/lib/python3.12/site-packages/oslo_concurrency/lockutils.py:543}}
Jul 06 15:24:31 devstack devstack@n-api.service[60708]: DEBUG oslo_concurrency.lockutils [None req-329f41f0-0f2e-4d67-8f59-a1d607805427 tempest-VolumesAdminNegativeTest-1522142137 tempest-VolumesAdminNegativeTest-1522142137-project-member] Acquiring lock "48e5496f-b1ee-453b-a108-b7d823cb7396" by "nova.context.set_target_cell..get_or_set_cached_cell_and_set_connections" {{(pid=60708) inner /opt/stack/data/venv/lib/python3.12/site-packages/oslo_concurrency/lockutils.py:511}}
Jul 06 15:24:31 devstack devstack@n-api.service[60708]: DEBUG oslo_concurrency.lockutils [None req-329f41f0-0f2e-4d67-8f59-a1d607805427 tempest-VolumesAdminNegativeTest-1522142137 tempest-VolumesAdminNegativeTest-1522142137-project-member] Lock "48e5496f-b1ee-453b-a108-b7d823cb7396" acquired by "nova.context.set_target_cell..get_or_set_cached_cell_and_set_connections" :: waited 0.001s {{(pid=60708) inner /opt/stack/data/venv/lib/python3.12/site-packages/oslo_concurrency/lockutils.py:524}}
Jul 06 15:24:31 devstack devstack@n-api.service[60708]: DEBUG oslo_concurrency.lockutils [None req-329f41f0-0f2e-4d67-8f59-a1d607805427 tempest-VolumesAdminNegativeTest-1522142137 tempest-VolumesAdminNegativeTest-1522142137-project-member] Lock "48e5496f-b1ee-453b-a108-b7d823cb7396" "released" by "nova.context.set_target_cell..get_or_set_cached_cell_and_set_connections" :: held 0.001s {{(pid=60708) inner /opt/stack/data/venv/lib/python3.12/site-packages/oslo_concurrency/lockutils.py:543}}
Jul 06 15:24:31 devstack devstack@n-api.service[60708]: DEBUG nova.network.neutron [None req-329f41f0-0f2e-4d67-8f59-a1d607805427 tempest-VolumesAdminNegativeTest-1522142137 tempest-VolumesAdminNegativeTest-1522142137-project-member] validate_networks() for [('f0721263-5d2d-4689-8f1c-ba9038152dd2', None, None, None, None, None)] {{(pid=60708) validate_networks /opt/stack/nova/nova/network/neutron.py:2686}}
Jul 06 15:24:31 devstack devstack@n-api.service[60708]: WARNING neutronclient.v2_0.client [None req-329f41f0-0f2e-4d67-8f59-a1d607805427 tempest-VolumesAdminNegativeTest-1522142137 tempest-VolumesAdminNegativeTest-1522142137-project-member] The python binding code in neutronclient is deprecated in favor of OpenstackSDK, please use that as this will be removed in a future release.
Jul 06 15:24:31 devstack devstack@n-api.service[60709]: DEBUG nova.api.openstack.wsgi [None req-8e7a20a5-999f-40b6-b0ff-69d0e6d03bb0 tempest-VolumesGetTestJSON-1158080354 tempest-VolumesGetTestJSON-1158080354-project-member] Calling method '>' {{(pid=60709) _process_stack /opt/stack/nova/nova/api/openstack/wsgi.py:551}}
Jul 06 15:24:31 devstack devstack@n-api.service[60709]: INFO nova.api.openstack.requestlog [None req-8e7a20a5-999f-40b6-b0ff-69d0e6d03bb0 tempest-VolumesGetTestJSON-1158080354 tempest-VolumesGetTestJSON-1158080354-project-member] 192.168.122.18 "GET /compute/v2.1/os-volumes/c68a45ca-ebeb-4937-951e-e892479dec5e" status: 200 len: 350 microversion: 2.1 time: 0.076365
Jul 06 15:24:31 devstack devstack@n-api.service[60709]: [pid: 60709|app: 0|req: 46/92] 192.168.122.18 () {58 vars in 1242 bytes} [Mon Jul 6 15:24:31 2026] GET /compute/v2.1/os-volumes/c68a45ca-ebeb-4937-951e-e892479dec5e => generated 350 bytes in 78 msecs (HTTP/1.1 200) 9 headers in 357 bytes (1 switches on core 0)
Jul 06 15:24:31 devstack devstack@n-api.service[60708]: WARNING neutronclient.v2_0.client [None req-329f41f0-0f2e-4d67-8f59-a1d607805427 tempest-VolumesAdminNegativeTest-1522142137 tempest-VolumesAdminNegativeTest-1522142137-project-member] The python binding code in neutronclient is deprecated in favor of OpenstackSDK, please use that as this will be removed in a future release.
Jul 06 15:24:31 devstack devstack@n-api.service[60708]: DEBUG nova.virt.hardware [None req-329f41f0-0f2e-4d67-8f59-a1d607805427 tempest-VolumesAdminNegativeTest-1522142137 tempest-VolumesAdminNegativeTest-1522142137-project-member] Flavor limits 0:0:0 {{(pid=60708) get_cpu_topology_constraints /opt/stack/nova/nova/virt/hardware.py:488}}
Jul 06 15:24:31 devstack devstack@n-api.service[60708]: DEBUG nova.virt.hardware [None req-329f41f0-0f2e-4d67-8f59-a1d607805427 tempest-VolumesAdminNegativeTest-1522142137 tempest-VolumesAdminNegativeTest-1522142137-project-member] Image limits 0:0:0 {{(pid=60708) get_cpu_topology_constraints /opt/stack/nova/nova/virt/hardware.py:492}}
Jul 06 15:24:31 devstack devstack@n-api.service[60708]: DEBUG nova.virt.hardware [None req-329f41f0-0f2e-4d67-8f59-a1d607805427 tempest-VolumesAdminNegativeTest-1522142137 tempest-VolumesAdminNegativeTest-1522142137-project-member] Flavor pref 0:0:0 {{(pid=60708) get_cpu_topology_constraints /opt/stack/nova/nova/virt/hardware.py:528}}
Jul 06 15:24:31 devstack devstack@n-api.service[60708]: DEBUG nova.virt.hardware [None req-329f41f0-0f2e-4d67-8f59-a1d607805427 tempest-VolumesAdminNegativeTest-1522142137 tempest-VolumesAdminNegativeTest-1522142137-project-member] Image pref 0:0:0 {{(pid=60708) get_cpu_topology_constraints /opt/stack/nova/nova/virt/hardware.py:532}}
Jul 06 15:24:31 devstack devstack@n-api.service[60708]: DEBUG nova.virt.hardware [None req-329f41f0-0f2e-4d67-8f59-a1d607805427 tempest-VolumesAdminNegativeTest-1522142137 tempest-VolumesAdminNegativeTest-1522142137-project-member] Chose sockets=0, cores=0, threads=0; limits were sockets=65536, cores=65536, threads=65536 {{(pid=60708) get_cpu_topology_constraints /opt/stack/nova/nova/virt/hardware.py:570}}
Jul 06 15:24:31 devstack devstack@n-api.service[60708]: DEBUG oslo_concurrency.lockutils [None req-329f41f0-0f2e-4d67-8f59-a1d607805427 tempest-VolumesAdminNegativeTest-1522142137 tempest-VolumesAdminNegativeTest-1522142137-project-member] Acquiring lock "00000000-0000-0000-0000-000000000000" by "nova.context.set_target_cell..get_or_set_cached_cell_and_set_connections" {{(pid=60708) inner /opt/stack/data/venv/lib/python3.12/site-packages/oslo_concurrency/lockutils.py:511}}
Jul 06 15:24:31 devstack devstack@n-api.service[60708]: DEBUG oslo_concurrency.lockutils [None req-329f41f0-0f2e-4d67-8f59-a1d607805427 tempest-VolumesAdminNegativeTest-1522142137 tempest-VolumesAdminNegativeTest-1522142137-project-member] Lock "00000000-0000-0000-0000-000000000000" acquired by "nova.context.set_target_cell..get_or_set_cached_cell_and_set_connections" :: waited 0.001s {{(pid=60708) inner /opt/stack/data/venv/lib/python3.12/site-packages/oslo_concurrency/lockutils.py:524}}
Jul 06 15:24:31 devstack devstack@n-api.service[60708]: DEBUG oslo_concurrency.lockutils [None req-329f41f0-0f2e-4d67-8f59-a1d607805427 tempest-VolumesAdminNegativeTest-1522142137 tempest-VolumesAdminNegativeTest-1522142137-project-member] Lock "00000000-0000-0000-0000-000000000000" "released" by "nova.context.set_target_cell..get_or_set_cached_cell_and_set_connections" :: held 0.001s {{(pid=60708) inner /opt/stack/data/venv/lib/python3.12/site-packages/oslo_concurrency/lockutils.py:543}}
Jul 06 15:24:31 devstack devstack@n-api.service[60708]: DEBUG oslo_concurrency.lockutils [None req-329f41f0-0f2e-4d67-8f59-a1d607805427 tempest-VolumesAdminNegativeTest-1522142137 tempest-VolumesAdminNegativeTest-1522142137-project-member] Acquiring lock "48e5496f-b1ee-453b-a108-b7d823cb7396" by "nova.context.set_target_cell..get_or_set_cached_cell_and_set_connections" {{(pid=60708) inner /opt/stack/data/venv/lib/python3.12/site-packages/oslo_concurrency/lockutils.py:511}}
Jul 06 15:24:31 devstack devstack@n-api.service[60708]: DEBUG oslo_concurrency.lockutils [None req-329f41f0-0f2e-4d67-8f59-a1d607805427 tempest-VolumesAdminNegativeTest-1522142137 tempest-VolumesAdminNegativeTest-1522142137-project-member] Lock "48e5496f-b1ee-453b-a108-b7d823cb7396" acquired by "nova.context.set_target_cell..get_or_set_cached_cell_and_set_connections" :: waited 0.001s {{(pid=60708) inner /opt/stack/data/venv/lib/python3.12/site-packages/oslo_concurrency/lockutils.py:524}}
Jul 06 15:24:31 devstack devstack@n-api.service[60708]: DEBUG oslo_concurrency.lockutils [None req-329f41f0-0f2e-4d67-8f59-a1d607805427 tempest-VolumesAdminNegativeTest-1522142137 tempest-VolumesAdminNegativeTest-1522142137-project-member] Lock "48e5496f-b1ee-453b-a108-b7d823cb7396" "released" by "nova.context.set_target_cell..get_or_set_cached_cell_and_set_connections" :: held 0.001s {{(pid=60708) inner /opt/stack/data/venv/lib/python3.12/site-packages/oslo_concurrency/lockutils.py:543}}
Jul 06 15:24:31 devstack devstack@n-api.service[60708]: DEBUG nova.quota [None req-329f41f0-0f2e-4d67-8f59-a1d607805427 tempest-VolumesAdminNegativeTest-1522142137 tempest-VolumesAdminNegativeTest-1522142137-project-member] Getting quotas for project fe24726a45bd454ba70b408a27186472. Resources: {'cores', 'instances', 'ram'} {{(pid=60708) _get_quotas /opt/stack/nova/nova/quota.py:389}}
Jul 06 15:24:31 devstack devstack@n-api.service[60708]: DEBUG nova.quota [None req-329f41f0-0f2e-4d67-8f59-a1d607805427 tempest-VolumesAdminNegativeTest-1522142137 tempest-VolumesAdminNegativeTest-1522142137-project-member] Getting quotas for user aaac99f7877346e292901d32eb8ba907 and project fe24726a45bd454ba70b408a27186472. Resources: {'cores', 'instances', 'ram'} {{(pid=60708) _get_quotas /opt/stack/nova/nova/quota.py:379}}
Jul 06 15:24:31 devstack devstack@n-api.service[60708]: DEBUG nova.compute.api [None req-329f41f0-0f2e-4d67-8f59-a1d607805427 tempest-VolumesAdminNegativeTest-1522142137 tempest-VolumesAdminNegativeTest-1522142137-project-member] Going to run 1 instances... {{(pid=60708) _provision_instances /opt/stack/nova/nova/compute/api.py:1480}}
Jul 06 15:24:31 devstack devstack@n-api.service[60708]: DEBUG nova.compute.api [None req-329f41f0-0f2e-4d67-8f59-a1d607805427 tempest-VolumesAdminNegativeTest-1522142137 tempest-VolumesAdminNegativeTest-1522142137-project-member] [instance: 92c1a5ab-f976-4709-aec1-45c4cb14f015] block_device_mapping [BlockDeviceMapping(attachment_id=,boot_index=0,connection_info=None,created_at=,delete_on_termination=True,deleted=,deleted_at=,destination_type='local',device_name=None,device_type='disk',disk_bus=None,encrypted=False,encryption_format=None,encryption_options=None,encryption_secret_uuid=None,guest_format=None,id=,image_id='af15cbaf-f1d7-4cb1-81a0-4eb0588c2807',instance=,instance_uuid=,no_device=False,snapshot_id=None,source_type='image',tag=None,updated_at=,uuid=,volume_id=None,volume_size=None,volume_type=None)] {{(pid=60708) _bdm_validate_set_size_and_instance /opt/stack/nova/nova/compute/api.py:1942}}
Jul 06 15:24:32 devstack devstack@n-api.service[60708]: INFO nova.api.openstack.requestlog [None req-329f41f0-0f2e-4d67-8f59-a1d607805427 tempest-VolumesAdminNegativeTest-1522142137 tempest-VolumesAdminNegativeTest-1522142137-project-member] 192.168.122.18 "POST /compute/v2.1/servers" status: 202 len: 386 microversion: 2.1 time: 1.284938
Jul 06 15:24:32 devstack devstack@n-api.service[60708]: [pid: 60708|app: 0|req: 47/93] 192.168.122.18 () {60 vars in 1144 bytes} [Mon Jul 6 15:24:30 2026] POST /compute/v2.1/servers => generated 386 bytes in 1290 msecs (HTTP/1.1 202) 10 headers in 454 bytes (1 switches on core 0)
Jul 06 15:24:32 devstack devstack@n-api.service[60709]: DEBUG nova.api.openstack.wsgi [None req-319893ca-48ef-4d5a-9b9c-efcec8aede06 tempest-VolumesAdminNegativeTest-1522142137 tempest-VolumesAdminNegativeTest-1522142137-project-member] Calling method '>' {{(pid=60709) _process_stack /opt/stack/nova/nova/api/openstack/wsgi.py:551}}
Jul 06 15:24:32 devstack devstack@n-api.service[60709]: DEBUG nova.compute.api [None req-319893ca-48ef-4d5a-9b9c-efcec8aede06 tempest-VolumesAdminNegativeTest-1522142137 tempest-VolumesAdminNegativeTest-1522142137-project-member] [instance: 92c1a5ab-f976-4709-aec1-45c4cb14f015] Fetching instance by UUID {{(pid=60709) get /opt/stack/nova/nova/compute/api.py:3068}}
Jul 06 15:24:32 devstack devstack@n-api.service[60709]: WARNING neutronclient.v2_0.client [None req-319893ca-48ef-4d5a-9b9c-efcec8aede06 tempest-VolumesAdminNegativeTest-1522142137 tempest-VolumesAdminNegativeTest-1522142137-project-member] The python binding code in neutronclient is deprecated in favor of OpenstackSDK, please use that as this will be removed in a future release.
Jul 06 15:24:32 devstack devstack@n-api.service[60709]: DEBUG nova.policy [None req-319893ca-48ef-4d5a-9b9c-efcec8aede06 tempest-VolumesAdminNegativeTest-1522142137 tempest-VolumesAdminNegativeTest-1522142137-project-member] Policy check for os_compute_api:os-extended-server-attributes failed with credentials {'is_admin': False, 'user_id': 'aaac99f7877346e292901d32eb8ba907', 'user_domain_id': 'default', 'system_scope': None, 'domain_id': None, 'project_id': 'fe24726a45bd454ba70b408a27186472', 'project_domain_id': 'default', 'roles': ['reader', 'member'], 'is_admin_project': True, 'service_user_id': None, 'service_user_domain_id': None, 'service_project_id': None, 'service_project_domain_id': None, 'service_roles': []} {{(pid=60709) authorize /opt/stack/nova/nova/policy.py:192}}
Jul 06 15:24:32 devstack devstack@n-api.service[60709]: INFO nova.api.openstack.requestlog [None req-319893ca-48ef-4d5a-9b9c-efcec8aede06 tempest-VolumesAdminNegativeTest-1522142137 tempest-VolumesAdminNegativeTest-1522142137-project-member] 192.168.122.18 "GET /compute/v2.1/servers/92c1a5ab-f976-4709-aec1-45c4cb14f015" status: 200 len: 1227 microversion: 2.1 time: 0.249652
Jul 06 15:24:32 devstack devstack@n-api.service[60709]: [pid: 60709|app: 0|req: 47/94] 192.168.122.18 () {58 vars in 1233 bytes} [Mon Jul 6 15:24:32 2026] GET /compute/v2.1/servers/92c1a5ab-f976-4709-aec1-45c4cb14f015 => generated 1227 bytes in 251 msecs (HTTP/1.1 200) 9 headers in 358 bytes (1 switches on core 0)
Jul 06 15:24:32 devstack devstack@n-api.service[60708]: DEBUG nova.api.openstack.wsgi [None req-c18622f9-b876-4e1f-8be4-b16d2d64dc77 tempest-VolumesGetTestJSON-1158080354 tempest-VolumesGetTestJSON-1158080354-project-member] Calling method '>' {{(pid=60708) _process_stack /opt/stack/nova/nova/api/openstack/wsgi.py:551}}
Jul 06 15:24:32 devstack devstack@n-api.service[60708]: INFO nova.api.openstack.requestlog [None req-c18622f9-b876-4e1f-8be4-b16d2d64dc77 tempest-VolumesGetTestJSON-1158080354 tempest-VolumesGetTestJSON-1158080354-project-member] 192.168.122.18 "GET /compute/v2.1/os-volumes/c68a45ca-ebeb-4937-951e-e892479dec5e" status: 200 len: 350 microversion: 2.1 time: 0.096606
Jul 06 15:24:32 devstack devstack@n-api.service[60708]: [pid: 60708|app: 0|req: 48/95] 192.168.122.18 () {58 vars in 1242 bytes} [Mon Jul 6 15:24:32 2026] GET /compute/v2.1/os-volumes/c68a45ca-ebeb-4937-951e-e892479dec5e => generated 350 bytes in 99 msecs (HTTP/1.1 200) 9 headers in 357 bytes (2 switches on core 0)
Jul 06 15:24:33 devstack devstack@n-api.service[60709]: DEBUG nova.api.openstack.wsgi [None req-480160f2-f45e-4a4a-8c6c-2555e7b1c23c tempest-VolumesAdminNegativeTest-1522142137 tempest-VolumesAdminNegativeTest-1522142137-project-member] Calling method '>' {{(pid=60709) _process_stack /opt/stack/nova/nova/api/openstack/wsgi.py:551}}
Jul 06 15:24:33 devstack devstack@n-api.service[60709]: DEBUG nova.compute.api [None req-480160f2-f45e-4a4a-8c6c-2555e7b1c23c tempest-VolumesAdminNegativeTest-1522142137 tempest-VolumesAdminNegativeTest-1522142137-project-member] [instance: 92c1a5ab-f976-4709-aec1-45c4cb14f015] Fetching instance by UUID {{(pid=60709) get /opt/stack/nova/nova/compute/api.py:3068}}
Jul 06 15:24:33 devstack devstack@n-api.service[60709]: WARNING neutronclient.v2_0.client [None req-480160f2-f45e-4a4a-8c6c-2555e7b1c23c tempest-VolumesAdminNegativeTest-1522142137 tempest-VolumesAdminNegativeTest-1522142137-project-member] The python binding code in neutronclient is deprecated in favor of OpenstackSDK, please use that as this will be removed in a future release.
Jul 06 15:24:33 devstack devstack@n-api.service[60709]: DEBUG nova.policy [None req-480160f2-f45e-4a4a-8c6c-2555e7b1c23c tempest-VolumesAdminNegativeTest-1522142137 tempest-VolumesAdminNegativeTest-1522142137-project-member] Policy check for os_compute_api:os-extended-server-attributes failed with credentials {'is_admin': False, 'user_id': 'aaac99f7877346e292901d32eb8ba907', 'user_domain_id': 'default', 'system_scope': None, 'domain_id': None, 'project_id': 'fe24726a45bd454ba70b408a27186472', 'project_domain_id': 'default', 'roles': ['reader', 'member'], 'is_admin_project': True, 'service_user_id': None, 'service_user_domain_id': None, 'service_project_id': None, 'service_project_domain_id': None, 'service_roles': []} {{(pid=60709) authorize /opt/stack/nova/nova/policy.py:192}}
Jul 06 15:24:33 devstack devstack@n-api.service[60709]: INFO nova.api.openstack.requestlog [None req-480160f2-f45e-4a4a-8c6c-2555e7b1c23c tempest-VolumesAdminNegativeTest-1522142137 tempest-VolumesAdminNegativeTest-1522142137-project-member] 192.168.122.18 "GET /compute/v2.1/servers/92c1a5ab-f976-4709-aec1-45c4cb14f015" status: 200 len: 1227 microversion: 2.1 time: 0.107466
Jul 06 15:24:33 devstack devstack@n-api.service[60709]: [pid: 60709|app: 0|req: 48/96] 192.168.122.18 () {58 vars in 1233 bytes} [Mon Jul 6 15:24:33 2026] GET /compute/v2.1/servers/92c1a5ab-f976-4709-aec1-45c4cb14f015 => generated 1227 bytes in 109 msecs (HTTP/1.1 200) 9 headers in 358 bytes (1 switches on core 0)
Jul 06 15:24:33 devstack devstack@n-api.service[60708]: DEBUG nova.api.openstack.wsgi [None req-7c5830e9-12fe-48ee-8816-8b599e27553b tempest-VolumesGetTestJSON-1158080354 tempest-VolumesGetTestJSON-1158080354-project-member] Calling method '>' {{(pid=60708) _process_stack /opt/stack/nova/nova/api/openstack/wsgi.py:551}}
Jul 06 15:24:33 devstack devstack@n-api.service[60708]: INFO nova.api.openstack.requestlog [None req-7c5830e9-12fe-48ee-8816-8b599e27553b tempest-VolumesGetTestJSON-1158080354 tempest-VolumesGetTestJSON-1158080354-project-member] 192.168.122.18 "GET /compute/v2.1/os-volumes/c68a45ca-ebeb-4937-951e-e892479dec5e" status: 200 len: 350 microversion: 2.1 time: 0.103749
Jul 06 15:24:33 devstack devstack@n-api.service[60708]: [pid: 60708|app: 0|req: 49/97] 192.168.122.18 () {58 vars in 1242 bytes} [Mon Jul 6 15:24:33 2026] GET /compute/v2.1/os-volumes/c68a45ca-ebeb-4937-951e-e892479dec5e => generated 350 bytes in 105 msecs (HTTP/1.1 200) 9 headers in 357 bytes (1 switches on core 0)
Jul 06 15:24:34 devstack devstack@n-api.service[60709]: DEBUG nova.api.openstack.wsgi [None req-8f918ba8-0dc0-47cf-acc9-98abdb6cb6c9 tempest-TaggedAttachmentsTest-298552033 tempest-TaggedAttachmentsTest-298552033-project-member] Action: 'create', calling method: >, body: {"keypair": {"name": "tempest-keypair-2051692919", "public_key": "ecdsa-sha2-nistp384 AAAAE2VjZHNhLXNoYTItbmlzdHAzODQAAAAIbmlzdHAzODQAAABhBBBcsjhdLMuJhEOv0nPeI3rMx8Vk8Z09UPiea58biAmFIjwWSyXQy+H6MvJZCfdJHIVCiqz8awBSAmgfDYIxVnrpGPq1jPt1YeL8AphvnUBys+d3V1EijVYfYs2XemSGvg=="}} {{(pid=60709) _process_stack /opt/stack/nova/nova/api/openstack/wsgi.py:549}}
Jul 06 15:24:34 devstack devstack@n-api.service[60708]: DEBUG nova.api.openstack.wsgi [None req-52b1d7f7-3bb9-46f5-bcbf-846385c50279 tempest-VolumesAdminNegativeTest-1522142137 tempest-VolumesAdminNegativeTest-1522142137-project-member] Calling method '>' {{(pid=60708) _process_stack /opt/stack/nova/nova/api/openstack/wsgi.py:551}}
Jul 06 15:24:34 devstack devstack@n-api.service[60708]: DEBUG nova.compute.api [None req-52b1d7f7-3bb9-46f5-bcbf-846385c50279 tempest-VolumesAdminNegativeTest-1522142137 tempest-VolumesAdminNegativeTest-1522142137-project-member] [instance: 92c1a5ab-f976-4709-aec1-45c4cb14f015] Fetching instance by UUID {{(pid=60708) get /opt/stack/nova/nova/compute/api.py:3068}}
Jul 06 15:24:34 devstack devstack@n-api.service[60708]: DEBUG oslo_concurrency.lockutils [None req-52b1d7f7-3bb9-46f5-bcbf-846385c50279 tempest-VolumesAdminNegativeTest-1522142137 tempest-VolumesAdminNegativeTest-1522142137-project-member] Acquiring lock "48e5496f-b1ee-453b-a108-b7d823cb7396" by "nova.context.set_target_cell..get_or_set_cached_cell_and_set_connections" {{(pid=60708) inner /opt/stack/data/venv/lib/python3.12/site-packages/oslo_concurrency/lockutils.py:511}}
Jul 06 15:24:34 devstack devstack@n-api.service[60708]: DEBUG oslo_concurrency.lockutils [None req-52b1d7f7-3bb9-46f5-bcbf-846385c50279 tempest-VolumesAdminNegativeTest-1522142137 tempest-VolumesAdminNegativeTest-1522142137-project-member] Lock "48e5496f-b1ee-453b-a108-b7d823cb7396" acquired by "nova.context.set_target_cell..get_or_set_cached_cell_and_set_connections" :: waited 0.001s {{(pid=60708) inner /opt/stack/data/venv/lib/python3.12/site-packages/oslo_concurrency/lockutils.py:524}}
Jul 06 15:24:34 devstack devstack@n-api.service[60708]: DEBUG oslo_concurrency.lockutils [None req-52b1d7f7-3bb9-46f5-bcbf-846385c50279 tempest-VolumesAdminNegativeTest-1522142137 tempest-VolumesAdminNegativeTest-1522142137-project-member] Lock "48e5496f-b1ee-453b-a108-b7d823cb7396" "released" by "nova.context.set_target_cell..get_or_set_cached_cell_and_set_connections" :: held 0.001s {{(pid=60708) inner /opt/stack/data/venv/lib/python3.12/site-packages/oslo_concurrency/lockutils.py:543}}
Jul 06 15:24:34 devstack devstack@n-api.service[60708]: DEBUG oslo_concurrency.lockutils [None req-52b1d7f7-3bb9-46f5-bcbf-846385c50279 tempest-VolumesAdminNegativeTest-1522142137 tempest-VolumesAdminNegativeTest-1522142137-project-member] Acquiring lock "48e5496f-b1ee-453b-a108-b7d823cb7396" by "nova.context.set_target_cell..get_or_set_cached_cell_and_set_connections" {{(pid=60708) inner /opt/stack/data/venv/lib/python3.12/site-packages/oslo_concurrency/lockutils.py:511}}
Jul 06 15:24:34 devstack devstack@n-api.service[60708]: DEBUG oslo_concurrency.lockutils [None req-52b1d7f7-3bb9-46f5-bcbf-846385c50279 tempest-VolumesAdminNegativeTest-1522142137 tempest-VolumesAdminNegativeTest-1522142137-project-member] Lock "48e5496f-b1ee-453b-a108-b7d823cb7396" acquired by "nova.context.set_target_cell..get_or_set_cached_cell_and_set_connections" :: waited 0.002s {{(pid=60708) inner /opt/stack/data/venv/lib/python3.12/site-packages/oslo_concurrency/lockutils.py:524}}
Jul 06 15:24:34 devstack devstack@n-api.service[60708]: DEBUG oslo_concurrency.lockutils [None req-52b1d7f7-3bb9-46f5-bcbf-846385c50279 tempest-VolumesAdminNegativeTest-1522142137 tempest-VolumesAdminNegativeTest-1522142137-project-member] Lock "48e5496f-b1ee-453b-a108-b7d823cb7396" "released" by "nova.context.set_target_cell..get_or_set_cached_cell_and_set_connections" :: held 0.001s {{(pid=60708) inner /opt/stack/data/venv/lib/python3.12/site-packages/oslo_concurrency/lockutils.py:543}}
Jul 06 15:24:34 devstack devstack@n-api.service[60709]: DEBUG nova.quota [None req-8f918ba8-0dc0-47cf-acc9-98abdb6cb6c9 tempest-TaggedAttachmentsTest-298552033 tempest-TaggedAttachmentsTest-298552033-project-member] Getting quotas for project bab7ef2d08a7466f841f4299fc23bca7. Resources: {'key_pairs'} {{(pid=60709) _get_quotas /opt/stack/nova/nova/quota.py:389}}
Jul 06 15:24:34 devstack devstack@n-api.service[60709]: DEBUG nova.quota [None req-8f918ba8-0dc0-47cf-acc9-98abdb6cb6c9 tempest-TaggedAttachmentsTest-298552033 tempest-TaggedAttachmentsTest-298552033-project-member] Getting quotas for user f7a23c1adbcc4a1a944cdcc31c13536d and project bab7ef2d08a7466f841f4299fc23bca7. Resources: {'key_pairs'} {{(pid=60709) _get_quotas /opt/stack/nova/nova/quota.py:379}}
Jul 06 15:24:34 devstack devstack@n-api.service[60708]: WARNING neutronclient.v2_0.client [None req-52b1d7f7-3bb9-46f5-bcbf-846385c50279 tempest-VolumesAdminNegativeTest-1522142137 tempest-VolumesAdminNegativeTest-1522142137-project-member] The python binding code in neutronclient is deprecated in favor of OpenstackSDK, please use that as this will be removed in a future release.
Jul 06 15:24:34 devstack devstack@n-api.service[60709]: INFO nova.api.openstack.requestlog [None req-8f918ba8-0dc0-47cf-acc9-98abdb6cb6c9 tempest-TaggedAttachmentsTest-298552033 tempest-TaggedAttachmentsTest-298552033-project-member] 192.168.122.18 "POST /compute/v2.1/os-keypairs" status: 201 len: 401 microversion: 2.49 time: 0.289990
Jul 06 15:24:34 devstack devstack@n-api.service[60709]: [pid: 60709|app: 0|req: 49/98] 192.168.122.18 () {62 vars in 1197 bytes} [Mon Jul 6 15:24:34 2026] POST /compute/v2.1/os-keypairs => generated 401 bytes in 293 msecs (HTTP/1.1 201) 9 headers in 364 bytes (1 switches on core 0)
Jul 06 15:24:34 devstack devstack@n-api.service[60709]: DEBUG nova.api.openstack.wsgi [None req-df9b29cd-611b-4a15-b9b7-4c2ce25168eb tempest-VolumesGetTestJSON-1158080354 tempest-VolumesGetTestJSON-1158080354-project-member] Calling method '>' {{(pid=60709) _process_stack /opt/stack/nova/nova/api/openstack/wsgi.py:551}}
Jul 06 15:24:34 devstack devstack@n-api.service[60708]: DEBUG nova.policy [None req-52b1d7f7-3bb9-46f5-bcbf-846385c50279 tempest-VolumesAdminNegativeTest-1522142137 tempest-VolumesAdminNegativeTest-1522142137-project-member] Policy check for os_compute_api:os-extended-server-attributes failed with credentials {'is_admin': False, 'user_id': 'aaac99f7877346e292901d32eb8ba907', 'user_domain_id': 'default', 'system_scope': None, 'domain_id': None, 'project_id': 'fe24726a45bd454ba70b408a27186472', 'project_domain_id': 'default', 'roles': ['reader', 'member'], 'is_admin_project': True, 'service_user_id': None, 'service_user_domain_id': None, 'service_project_id': None, 'service_project_domain_id': None, 'service_roles': []} {{(pid=60708) authorize /opt/stack/nova/nova/policy.py:192}}
Jul 06 15:24:34 devstack devstack@n-api.service[60709]: INFO nova.api.openstack.requestlog [None req-df9b29cd-611b-4a15-b9b7-4c2ce25168eb tempest-VolumesGetTestJSON-1158080354 tempest-VolumesGetTestJSON-1158080354-project-member] 192.168.122.18 "GET /compute/v2.1/os-volumes/c68a45ca-ebeb-4937-951e-e892479dec5e" status: 200 len: 350 microversion: 2.1 time: 0.102411
Jul 06 15:24:34 devstack devstack@n-api.service[60709]: [pid: 60709|app: 0|req: 50/99] 192.168.122.18 () {58 vars in 1242 bytes} [Mon Jul 6 15:24:34 2026] GET /compute/v2.1/os-volumes/c68a45ca-ebeb-4937-951e-e892479dec5e => generated 350 bytes in 106 msecs (HTTP/1.1 200) 9 headers in 357 bytes (1 switches on core 0)
Jul 06 15:24:34 devstack devstack@n-api.service[60708]: INFO nova.api.openstack.requestlog [None req-52b1d7f7-3bb9-46f5-bcbf-846385c50279 tempest-VolumesAdminNegativeTest-1522142137 tempest-VolumesAdminNegativeTest-1522142137-project-member] 192.168.122.18 "GET /compute/v2.1/servers/92c1a5ab-f976-4709-aec1-45c4cb14f015" status: 200 len: 1231 microversion: 2.1 time: 0.410412
Jul 06 15:24:34 devstack devstack@n-api.service[60708]: [pid: 60708|app: 0|req: 50/100] 192.168.122.18 () {58 vars in 1233 bytes} [Mon Jul 6 15:24:34 2026] GET /compute/v2.1/servers/92c1a5ab-f976-4709-aec1-45c4cb14f015 => generated 1231 bytes in 412 msecs (HTTP/1.1 200) 9 headers in 358 bytes (1 switches on core 0)
Jul 06 15:24:35 devstack devstack@n-api.service[60709]: DEBUG nova.api.openstack.wsgi [None req-ad0bb338-24b8-4793-87f8-6ad596f270e0 tempest-VolumesGetTestJSON-1158080354 tempest-VolumesGetTestJSON-1158080354-project-member] Calling method '>' {{(pid=60709) _process_stack /opt/stack/nova/nova/api/openstack/wsgi.py:551}}
Jul 06 15:24:36 devstack devstack@n-api.service[60708]: DEBUG nova.api.openstack.wsgi [None req-01b9335d-e266-4ead-81be-90df57b98db7 tempest-VolumesAdminNegativeTest-1522142137 tempest-VolumesAdminNegativeTest-1522142137-project-member] Calling method '>' {{(pid=60708) _process_stack /opt/stack/nova/nova/api/openstack/wsgi.py:551}}
Jul 06 15:24:36 devstack devstack@n-api.service[60708]: DEBUG nova.compute.api [None req-01b9335d-e266-4ead-81be-90df57b98db7 tempest-VolumesAdminNegativeTest-1522142137 tempest-VolumesAdminNegativeTest-1522142137-project-member] [instance: 92c1a5ab-f976-4709-aec1-45c4cb14f015] Fetching instance by UUID {{(pid=60708) get /opt/stack/nova/nova/compute/api.py:3068}}
Jul 06 15:24:36 devstack devstack@n-api.service[60708]: DEBUG oslo_concurrency.lockutils [None req-01b9335d-e266-4ead-81be-90df57b98db7 tempest-VolumesAdminNegativeTest-1522142137 tempest-VolumesAdminNegativeTest-1522142137-project-member] Acquiring lock "48e5496f-b1ee-453b-a108-b7d823cb7396" by "nova.context.set_target_cell..get_or_set_cached_cell_and_set_connections" {{(pid=60708) inner /opt/stack/data/venv/lib/python3.12/site-packages/oslo_concurrency/lockutils.py:511}}
Jul 06 15:24:36 devstack devstack@n-api.service[60708]: DEBUG oslo_concurrency.lockutils [None req-01b9335d-e266-4ead-81be-90df57b98db7 tempest-VolumesAdminNegativeTest-1522142137 tempest-VolumesAdminNegativeTest-1522142137-project-member] Lock "48e5496f-b1ee-453b-a108-b7d823cb7396" acquired by "nova.context.set_target_cell..get_or_set_cached_cell_and_set_connections" :: waited 0.001s {{(pid=60708) inner /opt/stack/data/venv/lib/python3.12/site-packages/oslo_concurrency/lockutils.py:524}}
Jul 06 15:24:36 devstack devstack@n-api.service[60708]: DEBUG oslo_concurrency.lockutils [None req-01b9335d-e266-4ead-81be-90df57b98db7 tempest-VolumesAdminNegativeTest-1522142137 tempest-VolumesAdminNegativeTest-1522142137-project-member] Lock "48e5496f-b1ee-453b-a108-b7d823cb7396" "released" by "nova.context.set_target_cell..get_or_set_cached_cell_and_set_connections" :: held 0.001s {{(pid=60708) inner /opt/stack/data/venv/lib/python3.12/site-packages/oslo_concurrency/lockutils.py:543}}
Jul 06 15:24:36 devstack devstack@n-api.service[60708]: DEBUG oslo_concurrency.lockutils [None req-01b9335d-e266-4ead-81be-90df57b98db7 tempest-VolumesAdminNegativeTest-1522142137 tempest-VolumesAdminNegativeTest-1522142137-project-member] Acquiring lock "48e5496f-b1ee-453b-a108-b7d823cb7396" by "nova.context.set_target_cell..get_or_set_cached_cell_and_set_connections" {{(pid=60708) inner /opt/stack/data/venv/lib/python3.12/site-packages/oslo_concurrency/lockutils.py:511}}
Jul 06 15:24:36 devstack devstack@n-api.service[60708]: DEBUG oslo_concurrency.lockutils [None req-01b9335d-e266-4ead-81be-90df57b98db7 tempest-VolumesAdminNegativeTest-1522142137 tempest-VolumesAdminNegativeTest-1522142137-project-member] Lock "48e5496f-b1ee-453b-a108-b7d823cb7396" acquired by "nova.context.set_target_cell..get_or_set_cached_cell_and_set_connections" :: waited 0.001s {{(pid=60708) inner /opt/stack/data/venv/lib/python3.12/site-packages/oslo_concurrency/lockutils.py:524}}
Jul 06 15:24:36 devstack devstack@n-api.service[60708]: DEBUG oslo_concurrency.lockutils [None req-01b9335d-e266-4ead-81be-90df57b98db7 tempest-VolumesAdminNegativeTest-1522142137 tempest-VolumesAdminNegativeTest-1522142137-project-member] Lock "48e5496f-b1ee-453b-a108-b7d823cb7396" "released" by "nova.context.set_target_cell..get_or_set_cached_cell_and_set_connections" :: held 0.001s {{(pid=60708) inner /opt/stack/data/venv/lib/python3.12/site-packages/oslo_concurrency/lockutils.py:543}}
Jul 06 15:24:36 devstack devstack@n-api.service[60708]: WARNING neutronclient.v2_0.client [None req-01b9335d-e266-4ead-81be-90df57b98db7 tempest-VolumesAdminNegativeTest-1522142137 tempest-VolumesAdminNegativeTest-1522142137-project-member] The python binding code in neutronclient is deprecated in favor of OpenstackSDK, please use that as this will be removed in a future release.
Jul 06 15:24:36 devstack devstack@n-api.service[60709]: INFO nova.api.openstack.requestlog [None req-ad0bb338-24b8-4793-87f8-6ad596f270e0 tempest-VolumesGetTestJSON-1158080354 tempest-VolumesGetTestJSON-1158080354-project-member] 192.168.122.18 "GET /compute/v2.1/os-volumes/c68a45ca-ebeb-4937-951e-e892479dec5e" status: 200 len: 350 microversion: 2.1 time: 0.143838
Jul 06 15:24:36 devstack devstack@n-api.service[60709]: [pid: 60709|app: 0|req: 51/101] 192.168.122.18 () {58 vars in 1242 bytes} [Mon Jul 6 15:24:35 2026] GET /compute/v2.1/os-volumes/c68a45ca-ebeb-4937-951e-e892479dec5e => generated 350 bytes in 145 msecs (HTTP/1.1 200) 9 headers in 357 bytes (1 switches on core 0)
Jul 06 15:24:36 devstack devstack@n-api.service[60708]: DEBUG nova.policy [None req-01b9335d-e266-4ead-81be-90df57b98db7 tempest-VolumesAdminNegativeTest-1522142137 tempest-VolumesAdminNegativeTest-1522142137-project-member] Policy check for os_compute_api:os-extended-server-attributes failed with credentials {'is_admin': False, 'user_id': 'aaac99f7877346e292901d32eb8ba907', 'user_domain_id': 'default', 'system_scope': None, 'domain_id': None, 'project_id': 'fe24726a45bd454ba70b408a27186472', 'project_domain_id': 'default', 'roles': ['reader', 'member'], 'is_admin_project': True, 'service_user_id': None, 'service_user_domain_id': None, 'service_project_id': None, 'service_project_domain_id': None, 'service_roles': []} {{(pid=60708) authorize /opt/stack/nova/nova/policy.py:192}}
Jul 06 15:24:36 devstack devstack@n-api.service[60708]: INFO nova.api.openstack.requestlog [None req-01b9335d-e266-4ead-81be-90df57b98db7 tempest-VolumesAdminNegativeTest-1522142137 tempest-VolumesAdminNegativeTest-1522142137-project-member] 192.168.122.18 "GET /compute/v2.1/servers/92c1a5ab-f976-4709-aec1-45c4cb14f015" status: 200 len: 1223 microversion: 2.1 time: 0.366752
Jul 06 15:24:36 devstack devstack@n-api.service[60708]: [pid: 60708|app: 0|req: 51/102] 192.168.122.18 () {58 vars in 1233 bytes} [Mon Jul 6 15:24:36 2026] GET /compute/v2.1/servers/92c1a5ab-f976-4709-aec1-45c4cb14f015 => generated 1223 bytes in 370 msecs (HTTP/1.1 200) 9 headers in 358 bytes (1 switches on core 0)
Jul 06 15:24:37 devstack devstack@n-api.service[60709]: DEBUG nova.api.openstack.wsgi [None req-ebaee2ed-abc2-4bc3-9b38-3354c8062ac5 tempest-VolumesGetTestJSON-1158080354 tempest-VolumesGetTestJSON-1158080354-project-member] Calling method '>' {{(pid=60709) _process_stack /opt/stack/nova/nova/api/openstack/wsgi.py:551}}
Jul 06 15:24:37 devstack devstack@n-api.service[60709]: INFO nova.api.openstack.requestlog [None req-ebaee2ed-abc2-4bc3-9b38-3354c8062ac5 tempest-VolumesGetTestJSON-1158080354 tempest-VolumesGetTestJSON-1158080354-project-member] 192.168.122.18 "GET /compute/v2.1/os-volumes/c68a45ca-ebeb-4937-951e-e892479dec5e" status: 200 len: 351 microversion: 2.1 time: 0.071874
Jul 06 15:24:37 devstack devstack@n-api.service[60709]: [pid: 60709|app: 0|req: 52/103] 192.168.122.18 () {58 vars in 1242 bytes} [Mon Jul 6 15:24:37 2026] GET /compute/v2.1/os-volumes/c68a45ca-ebeb-4937-951e-e892479dec5e => generated 351 bytes in 73 msecs (HTTP/1.1 200) 9 headers in 357 bytes (1 switches on core 0)
Jul 06 15:24:37 devstack devstack@n-api.service[60709]: DEBUG nova.api.openstack.wsgi [None req-2977955d-3c7d-44d6-a9db-8dbbeb8c1625 tempest-VolumesAdminNegativeTest-1522142137 tempest-VolumesAdminNegativeTest-1522142137-project-member] Calling method '>' {{(pid=60709) _process_stack /opt/stack/nova/nova/api/openstack/wsgi.py:551}}
Jul 06 15:24:37 devstack devstack@n-api.service[60709]: DEBUG nova.compute.api [None req-2977955d-3c7d-44d6-a9db-8dbbeb8c1625 tempest-VolumesAdminNegativeTest-1522142137 tempest-VolumesAdminNegativeTest-1522142137-project-member] [instance: 92c1a5ab-f976-4709-aec1-45c4cb14f015] Fetching instance by UUID {{(pid=60709) get /opt/stack/nova/nova/compute/api.py:3068}}
Jul 06 15:24:37 devstack devstack@n-api.service[60708]: DEBUG nova.api.openstack.wsgi [None req-8315965a-1c14-4de5-8d60-464b5f79d31f tempest-VolumesGetTestJSON-1158080354 tempest-VolumesGetTestJSON-1158080354-project-reader] Calling method '>' {{(pid=60708) _process_stack /opt/stack/nova/nova/api/openstack/wsgi.py:551}}
Jul 06 15:24:37 devstack devstack@n-api.service[60709]: DEBUG oslo_concurrency.lockutils [None req-2977955d-3c7d-44d6-a9db-8dbbeb8c1625 tempest-VolumesAdminNegativeTest-1522142137 tempest-VolumesAdminNegativeTest-1522142137-project-member] Acquiring lock "48e5496f-b1ee-453b-a108-b7d823cb7396" by "nova.context.set_target_cell..get_or_set_cached_cell_and_set_connections" {{(pid=60709) inner /opt/stack/data/venv/lib/python3.12/site-packages/oslo_concurrency/lockutils.py:511}}
Jul 06 15:24:37 devstack devstack@n-api.service[60709]: DEBUG oslo_concurrency.lockutils [None req-2977955d-3c7d-44d6-a9db-8dbbeb8c1625 tempest-VolumesAdminNegativeTest-1522142137 tempest-VolumesAdminNegativeTest-1522142137-project-member] Lock "48e5496f-b1ee-453b-a108-b7d823cb7396" acquired by "nova.context.set_target_cell..get_or_set_cached_cell_and_set_connections" :: waited 0.001s {{(pid=60709) inner /opt/stack/data/venv/lib/python3.12/site-packages/oslo_concurrency/lockutils.py:524}}
Jul 06 15:24:37 devstack devstack@n-api.service[60709]: DEBUG oslo_concurrency.lockutils [None req-2977955d-3c7d-44d6-a9db-8dbbeb8c1625 tempest-VolumesAdminNegativeTest-1522142137 tempest-VolumesAdminNegativeTest-1522142137-project-member] Lock "48e5496f-b1ee-453b-a108-b7d823cb7396" "released" by "nova.context.set_target_cell..get_or_set_cached_cell_and_set_connections" :: held 0.001s {{(pid=60709) inner /opt/stack/data/venv/lib/python3.12/site-packages/oslo_concurrency/lockutils.py:543}}
Jul 06 15:24:37 devstack devstack@n-api.service[60709]: DEBUG oslo_concurrency.lockutils [None req-2977955d-3c7d-44d6-a9db-8dbbeb8c1625 tempest-VolumesAdminNegativeTest-1522142137 tempest-VolumesAdminNegativeTest-1522142137-project-member] Acquiring lock "48e5496f-b1ee-453b-a108-b7d823cb7396" by "nova.context.set_target_cell..get_or_set_cached_cell_and_set_connections" {{(pid=60709) inner /opt/stack/data/venv/lib/python3.12/site-packages/oslo_concurrency/lockutils.py:511}}
Jul 06 15:24:37 devstack devstack@n-api.service[60709]: DEBUG oslo_concurrency.lockutils [None req-2977955d-3c7d-44d6-a9db-8dbbeb8c1625 tempest-VolumesAdminNegativeTest-1522142137 tempest-VolumesAdminNegativeTest-1522142137-project-member] Lock "48e5496f-b1ee-453b-a108-b7d823cb7396" acquired by "nova.context.set_target_cell..get_or_set_cached_cell_and_set_connections" :: waited 0.001s {{(pid=60709) inner /opt/stack/data/venv/lib/python3.12/site-packages/oslo_concurrency/lockutils.py:524}}
Jul 06 15:24:37 devstack devstack@n-api.service[60709]: DEBUG oslo_concurrency.lockutils [None req-2977955d-3c7d-44d6-a9db-8dbbeb8c1625 tempest-VolumesAdminNegativeTest-1522142137 tempest-VolumesAdminNegativeTest-1522142137-project-member] Lock "48e5496f-b1ee-453b-a108-b7d823cb7396" "released" by "nova.context.set_target_cell..get_or_set_cached_cell_and_set_connections" :: held 0.001s {{(pid=60709) inner /opt/stack/data/venv/lib/python3.12/site-packages/oslo_concurrency/lockutils.py:543}}
Jul 06 15:24:37 devstack devstack@n-api.service[60708]: INFO nova.api.openstack.requestlog [None req-8315965a-1c14-4de5-8d60-464b5f79d31f tempest-VolumesGetTestJSON-1158080354 tempest-VolumesGetTestJSON-1158080354-project-reader] 192.168.122.18 "GET /compute/v2.1/os-volumes/c68a45ca-ebeb-4937-951e-e892479dec5e" status: 200 len: 351 microversion: 2.1 time: 0.252379
Jul 06 15:24:37 devstack devstack@n-api.service[60708]: [pid: 60708|app: 0|req: 52/104] 192.168.122.18 () {58 vars in 1242 bytes} [Mon Jul 6 15:24:37 2026] GET /compute/v2.1/os-volumes/c68a45ca-ebeb-4937-951e-e892479dec5e => generated 351 bytes in 255 msecs (HTTP/1.1 200) 9 headers in 357 bytes (1 switches on core 0)
Jul 06 15:24:37 devstack devstack@n-api.service[60708]: DEBUG nova.api.openstack.wsgi [None req-09fd13dd-5986-4520-b45b-89e7519874ef tempest-VolumesGetTestJSON-1158080354 tempest-VolumesGetTestJSON-1158080354-project-member] Calling method '>' {{(pid=60708) _process_stack /opt/stack/nova/nova/api/openstack/wsgi.py:551}}
Jul 06 15:24:37 devstack devstack@n-api.service[60709]: WARNING neutronclient.v2_0.client [None req-2977955d-3c7d-44d6-a9db-8dbbeb8c1625 tempest-VolumesAdminNegativeTest-1522142137 tempest-VolumesAdminNegativeTest-1522142137-project-member] The python binding code in neutronclient is deprecated in favor of OpenstackSDK, please use that as this will be removed in a future release.
