Jul 03 01:07:34 devstack cinder-volume[86772]: DEBUG oslo_concurrency.processutils [None req-4a036fe6-3fca-4437-a9d9-9aa931e1b13e tempest-GroupsV314Test-1380891647 None] Running cmd (subprocess): sudo cinder-rootwrap /etc/cinder/rootwrap.conf chmod ugo+rw /opt/stack/data/cinder/mnt/b453e831081e89184b1c9bb6cb63fc23/volume-2d95dd82-3365-4dff-bef4-0ad274ebec76 {{(pid=86772) execute /opt/stack/data/venv/lib/python3.12/site-packages/oslo_concurrency/processutils.py:440}}
Jul 03 01:07:34 devstack sudo[92730]: quobyte : PWD=/ ; USER=root ; COMMAND=/opt/stack/data/venv/bin/cinder-rootwrap /etc/cinder/rootwrap.conf chmod ugo+rw /opt/stack/data/cinder/mnt/b453e831081e89184b1c9bb6cb63fc23/volume-2d95dd82-3365-4dff-bef4-0ad274ebec76
Jul 03 01:07:34 devstack sudo[92730]: pam_unix(sudo:session): session opened for user root(uid=0) by (uid=1000)
Jul 03 01:07:35 devstack sudo[92730]: pam_unix(sudo:session): session closed for user root
Jul 03 01:07:35 devstack cinder-volume[86772]: DEBUG oslo_concurrency.processutils [None req-4a036fe6-3fca-4437-a9d9-9aa931e1b13e tempest-GroupsV314Test-1380891647 None] CMD "sudo cinder-rootwrap /etc/cinder/rootwrap.conf chmod ugo+rw /opt/stack/data/cinder/mnt/b453e831081e89184b1c9bb6cb63fc23/volume-2d95dd82-3365-4dff-bef4-0ad274ebec76" returned: 0 in 0.998s {{(pid=86772) execute /opt/stack/data/venv/lib/python3.12/site-packages/oslo_concurrency/processutils.py:468}}
Jul 03 01:07:35 devstack cinder-volume[86772]: DEBUG cinder.volume.drivers.quobyte [None req-4a036fe6-3fca-4437-a9d9-9aa931e1b13e tempest-GroupsV314Test-1380891647 None] <== create_volume: return (2178ms) {'provider_location': 'osci02.corp.quobyte.com/cinder-vol-466306e4-bd41-448c-9adc-c83c7d81d171'} {{(pid=86772) trace_logging_wrapper /opt/stack/cinder/cinder/volume/volume_utils.py:1522}}
Jul 03 01:07:35 devstack cinder-volume[86772]: DEBUG oslo_concurrency.lockutils [None req-4a036fe6-3fca-4437-a9d9-9aa931e1b13e tempest-GroupsV314Test-1380891647 None] Lock "quobyte" "released" by "cinder.volume.drivers.quobyte.QuobyteDriver.create_volume" :: held 2.182s {{(pid=86772) inner /opt/stack/data/venv/lib/python3.12/site-packages/oslo_concurrency/lockutils.py:543}}
Jul 03 01:07:35 devstack cinder-volume[86772]: INFO cinder.volume.manager [None req-e45f31fe-e028-4b67-a956-d41f244fa490 tempest-VolumesTransfersV357Test-1601592305 None] Transfer volume completed successfully.
Jul 03 01:07:35 devstack cinder-volume[86772]: DEBUG cinder.volume.manager [None req-4a036fe6-3fca-4437-a9d9-9aa931e1b13e tempest-GroupsV314Test-1380891647 None] Task 'cinder.volume.flows.manager.create_volume.CreateVolumeFromSpecTask;volume:create' (44a817ed-5784-40e6-86cb-7cd2b8b33c9c) transitioned into state 'SUCCESS' from state 'RUNNING' with result '{'status': 'creating', 'volume_name': 'volume-2d95dd82-3365-4dff-bef4-0ad274ebec76', 'volume_size': 1}' {{(pid=86772) _task_receiver /opt/stack/data/venv/lib/python3.12/site-packages/taskflow/listeners/logging.py:218}}
Jul 03 01:07:35 devstack cinder-volume[86772]: DEBUG cinder.volume.manager [None req-4a036fe6-3fca-4437-a9d9-9aa931e1b13e tempest-GroupsV314Test-1380891647 None] Task 'cinder.volume.flows.manager.create_volume.CreateVolumeOnFinishTask;volume:create, create.end' (42da9175-f06f-4e5a-9c98-9a96a383704a) transitioned into state 'RUNNING' from state 'PENDING' {{(pid=86772) _task_receiver /opt/stack/data/venv/lib/python3.12/site-packages/taskflow/listeners/logging.py:242}}
Jul 03 01:07:35 devstack cinder-volume[86772]: INFO cinder.volume.flows.manager.create_volume [None req-4a036fe6-3fca-4437-a9d9-9aa931e1b13e tempest-GroupsV314Test-1380891647 None] Volume volume-2d95dd82-3365-4dff-bef4-0ad274ebec76 (2d95dd82-3365-4dff-bef4-0ad274ebec76): created successfully
Jul 03 01:07:35 devstack cinder-volume[86772]: DEBUG cinder.volume.manager [None req-4a036fe6-3fca-4437-a9d9-9aa931e1b13e tempest-GroupsV314Test-1380891647 None] Task 'cinder.volume.flows.manager.create_volume.CreateVolumeOnFinishTask;volume:create, create.end' (42da9175-f06f-4e5a-9c98-9a96a383704a) transitioned into state 'SUCCESS' from state 'RUNNING' with result 'None' {{(pid=86772) _task_receiver /opt/stack/data/venv/lib/python3.12/site-packages/taskflow/listeners/logging.py:218}}
Jul 03 01:07:35 devstack cinder-volume[86772]: DEBUG cinder.volume.manager [None req-4a036fe6-3fca-4437-a9d9-9aa931e1b13e tempest-GroupsV314Test-1380891647 None] Flow 'volume_create_manager' (a2f48802-9bbe-4280-a64d-00965d3caea3) transitioned into state 'SUCCESS' from state 'RUNNING' {{(pid=86772) _flow_receiver /opt/stack/data/venv/lib/python3.12/site-packages/taskflow/listeners/logging.py:160}}
Jul 03 01:07:35 devstack cinder-volume[86772]: INFO cinder.volume.manager [None req-4a036fe6-3fca-4437-a9d9-9aa931e1b13e tempest-GroupsV314Test-1380891647 None] Created volume successfully.
Jul 03 01:07:36 devstack cinder-volume[86772]: DEBUG cinder.coordination [None req-d9b256e0-5aad-4535-8ce5-d7c044319d80 tempest-VolumesTransfersV357Test-108960796 None] Acquiring lock "cinder-5c0fed02-a6d1-4b7e-b902-f1dd664f9f71-delete_volume" by "delete_volume" {{(pid=86772) __acquire /opt/stack/cinder/cinder/coordination.py:138}}
Jul 03 01:07:36 devstack cinder-volume[86772]: DEBUG cinder.coordination [None req-d9b256e0-5aad-4535-8ce5-d7c044319d80 tempest-VolumesTransfersV357Test-108960796 None] Lock "cinder-5c0fed02-a6d1-4b7e-b902-f1dd664f9f71-delete_volume" acquired by "delete_volume" :: waited 0.018s {{(pid=86772) __acquire /opt/stack/cinder/cinder/coordination.py:141}}
Jul 03 01:07:36 devstack cinder-volume[86772]: DEBUG cinder.coordination [None req-d9b256e0-5aad-4535-8ce5-d7c044319d80 tempest-VolumesTransfersV357Test-108960796 None] Acquiring lock "cinder-quobyte-5c0fed02-a6d1-4b7e-b902-f1dd664f9f71" by "delete_volume" {{(pid=86772) __acquire /opt/stack/cinder/cinder/coordination.py:138}}
Jul 03 01:07:36 devstack cinder-volume[86772]: DEBUG cinder.coordination [None req-d9b256e0-5aad-4535-8ce5-d7c044319d80 tempest-VolumesTransfersV357Test-108960796 None] Lock "cinder-quobyte-5c0fed02-a6d1-4b7e-b902-f1dd664f9f71" acquired by "delete_volume" :: waited 0.024s {{(pid=86772) __acquire /opt/stack/cinder/cinder/coordination.py:141}}
Jul 03 01:07:36 devstack cinder-volume[86772]: DEBUG oslo.privsep.daemon [-] privsep: reply[35c8454b-87fd-4b8f-af78-8cd9f0d95a44]: (4, 'qcow2') {{(pid=88216) _call_back /opt/stack/data/venv/lib/python3.12/site-packages/oslo_privsep/daemon.py:580}}
Jul 03 01:07:36 devstack cinder-volume[86772]: DEBUG oslo_concurrency.processutils [None req-d9b256e0-5aad-4535-8ce5-d7c044319d80 tempest-VolumesTransfersV357Test-108960796 None] Running cmd (subprocess): /opt/stack/data/venv/bin/python3.12 -m oslo_concurrency.prlimit --as=1073741824 --cpu=60 -- sudo cinder-rootwrap /etc/cinder/rootwrap.conf env LC_ALL=C qemu-img info -f qcow2 --output=json --force-share /opt/stack/data/cinder/mnt/b453e831081e89184b1c9bb6cb63fc23/volume-5c0fed02-a6d1-4b7e-b902-f1dd664f9f71 {{(pid=86772) execute /opt/stack/data/venv/lib/python3.12/site-packages/oslo_concurrency/processutils.py:440}}
Jul 03 01:07:36 devstack sudo[92757]: quobyte : PWD=/ ; USER=root ; COMMAND=/opt/stack/data/venv/bin/cinder-rootwrap /etc/cinder/rootwrap.conf env LC_ALL=C qemu-img info -f qcow2 --output=json --force-share /opt/stack/data/cinder/mnt/b453e831081e89184b1c9bb6cb63fc23/volume-5c0fed02-a6d1-4b7e-b902-f1dd664f9f71
Jul 03 01:07:36 devstack sudo[92757]: pam_unix(sudo:session): session opened for user root(uid=0) by (uid=1000)
Jul 03 01:07:37 devstack sudo[92757]: pam_unix(sudo:session): session closed for user root
Jul 03 01:07:37 devstack cinder-volume[86772]: DEBUG oslo_concurrency.processutils [None req-d9b256e0-5aad-4535-8ce5-d7c044319d80 tempest-VolumesTransfersV357Test-108960796 None] CMD "/opt/stack/data/venv/bin/python3.12 -m oslo_concurrency.prlimit --as=1073741824 --cpu=60 -- sudo cinder-rootwrap /etc/cinder/rootwrap.conf env LC_ALL=C qemu-img info -f qcow2 --output=json --force-share /opt/stack/data/cinder/mnt/b453e831081e89184b1c9bb6cb63fc23/volume-5c0fed02-a6d1-4b7e-b902-f1dd664f9f71" returned: 0 in 0.805s {{(pid=86772) execute /opt/stack/data/venv/lib/python3.12/site-packages/oslo_concurrency/processutils.py:468}}
Jul 03 01:07:37 devstack cinder-volume[86772]: DEBUG oslo_concurrency.processutils [None req-d9b256e0-5aad-4535-8ce5-d7c044319d80 tempest-VolumesTransfersV357Test-108960796 None] Running cmd (subprocess): sudo cinder-rootwrap /etc/cinder/rootwrap.conf rm -f /opt/stack/data/cinder/mnt/b453e831081e89184b1c9bb6cb63fc23/volume-5c0fed02-a6d1-4b7e-b902-f1dd664f9f71 {{(pid=86772) execute /opt/stack/data/venv/lib/python3.12/site-packages/oslo_concurrency/processutils.py:440}}
Jul 03 01:07:37 devstack sudo[92762]: quobyte : PWD=/ ; USER=root ; COMMAND=/opt/stack/data/venv/bin/cinder-rootwrap /etc/cinder/rootwrap.conf rm -f /opt/stack/data/cinder/mnt/b453e831081e89184b1c9bb6cb63fc23/volume-5c0fed02-a6d1-4b7e-b902-f1dd664f9f71
Jul 03 01:07:37 devstack sudo[92762]: pam_unix(sudo:session): session opened for user root(uid=0) by (uid=1000)
Jul 03 01:07:37 devstack cinder-volume[86772]: DEBUG oslo_concurrency.lockutils [None req-8c006e1e-5f62-4074-a09d-1770f6ef1750 tempest-GroupsV314Test-1380891647 None] Acquiring lock "quobyte" by "cinder.volume.drivers.quobyte.QuobyteDriver.create_cloned_volume" {{(pid=86772) inner /opt/stack/data/venv/lib/python3.12/site-packages/oslo_concurrency/lockutils.py:511}}
Jul 03 01:07:37 devstack cinder-volume[86772]: DEBUG oslo_concurrency.lockutils [None req-8c006e1e-5f62-4074-a09d-1770f6ef1750 tempest-GroupsV314Test-1380891647 None] Lock "quobyte" acquired by "cinder.volume.drivers.quobyte.QuobyteDriver.create_cloned_volume" :: waited 0.001s {{(pid=86772) inner /opt/stack/data/venv/lib/python3.12/site-packages/oslo_concurrency/lockutils.py:524}}
Jul 03 01:07:37 devstack cinder-volume[86772]: INFO cinder.volume.drivers.remotefs [None req-8c006e1e-5f62-4074-a09d-1770f6ef1750 tempest-GroupsV314Test-1380891647 None] Cloning volume 2d95dd82-3365-4dff-bef4-0ad274ebec76 to volume ad16ae67-1115-4599-ad2b-d16b5ed242d2
Jul 03 01:07:37 devstack cinder-volume[86772]: DEBUG cinder.volume.drivers.remotefs [None req-8c006e1e-5f62-4074-a09d-1770f6ef1750 tempest-GroupsV314Test-1380891647 None] Creating offline snapshot 9a67f9b2-e704-4801-bdb0-318292a4114f of volume 2d95dd82-3365-4dff-bef4-0ad274ebec76 {{(pid=86772) _create_snapshot /opt/stack/cinder/cinder/volume/drivers/remotefs.py:1816}}
Jul 03 01:07:37 devstack cinder-volume[86772]: DEBUG oslo.privsep.daemon [-] privsep: reply[f3b79335-177c-424d-916c-7a0868f3fc1c]: (4, 'qcow2') {{(pid=88216) _call_back /opt/stack/data/venv/lib/python3.12/site-packages/oslo_privsep/daemon.py:580}}
Jul 03 01:07:37 devstack cinder-volume[86772]: DEBUG oslo_concurrency.processutils [None req-8c006e1e-5f62-4074-a09d-1770f6ef1750 tempest-GroupsV314Test-1380891647 None] Running cmd (subprocess): /opt/stack/data/venv/bin/python3.12 -m oslo_concurrency.prlimit --as=1073741824 --cpu=60 -- sudo cinder-rootwrap /etc/cinder/rootwrap.conf env LC_ALL=C qemu-img info -f qcow2 --output=json --force-share /opt/stack/data/cinder/mnt/b453e831081e89184b1c9bb6cb63fc23/volume-2d95dd82-3365-4dff-bef4-0ad274ebec76 {{(pid=86772) execute /opt/stack/data/venv/lib/python3.12/site-packages/oslo_concurrency/processutils.py:440}}
Jul 03 01:07:37 devstack sudo[92764]: quobyte : PWD=/ ; USER=root ; COMMAND=/opt/stack/data/venv/bin/cinder-rootwrap /etc/cinder/rootwrap.conf env LC_ALL=C qemu-img info -f qcow2 --output=json --force-share /opt/stack/data/cinder/mnt/b453e831081e89184b1c9bb6cb63fc23/volume-2d95dd82-3365-4dff-bef4-0ad274ebec76
Jul 03 01:07:37 devstack sudo[92764]: pam_unix(sudo:session): session opened for user root(uid=0) by (uid=1000)
Jul 03 01:07:37 devstack sudo[92762]: pam_unix(sudo:session): session closed for user root
Jul 03 01:07:37 devstack cinder-volume[86772]: DEBUG oslo_concurrency.processutils [None req-d9b256e0-5aad-4535-8ce5-d7c044319d80 tempest-VolumesTransfersV357Test-108960796 None] CMD "sudo cinder-rootwrap /etc/cinder/rootwrap.conf rm -f /opt/stack/data/cinder/mnt/b453e831081e89184b1c9bb6cb63fc23/volume-5c0fed02-a6d1-4b7e-b902-f1dd664f9f71" returned: 0 in 0.707s {{(pid=86772) execute /opt/stack/data/venv/lib/python3.12/site-packages/oslo_concurrency/processutils.py:468}}
Jul 03 01:07:37 devstack cinder-volume[86772]: DEBUG cinder.coordination [None req-d9b256e0-5aad-4535-8ce5-d7c044319d80 tempest-VolumesTransfersV357Test-108960796 None] Lock "cinder-quobyte-5c0fed02-a6d1-4b7e-b902-f1dd664f9f71" released by "delete_volume" :: held 1.564s {{(pid=86772) __release /opt/stack/cinder/cinder/coordination.py:152}}
Jul 03 01:07:37 devstack cinder-volume[86772]: DEBUG cinder.quota [None req-d9b256e0-5aad-4535-8ce5-d7c044319d80 tempest-VolumesTransfersV357Test-108960796 None] Created reservations ['d920e68f-a611-49d9-8df0-f00397a5acd2', '482233b5-f686-49ea-8941-886fb6ab77ad', '235dbe5e-f78c-4ba7-b849-88c251f93737', 'c62a7d1f-19ec-4598-989a-cb8c7ca1be79'] {{(pid=86772) reserve /opt/stack/cinder/cinder/quota.py:752}}
Jul 03 01:07:38 devstack cinder-volume[86772]: DEBUG oslo_concurrency.lockutils [None req-d9b256e0-5aad-4535-8ce5-d7c044319d80 tempest-VolumesTransfersV357Test-108960796 None] Acquiring lock "quobyte_ensure" by "cinder.volume.drivers.quobyte.QuobyteDriver._ensure_shares_mounted" {{(pid=86772) inner /opt/stack/data/venv/lib/python3.12/site-packages/oslo_concurrency/lockutils.py:511}}
Jul 03 01:07:38 devstack cinder-volume[86772]: DEBUG oslo_concurrency.lockutils [None req-d9b256e0-5aad-4535-8ce5-d7c044319d80 tempest-VolumesTransfersV357Test-108960796 None] Lock "quobyte_ensure" acquired by "cinder.volume.drivers.quobyte.QuobyteDriver._ensure_shares_mounted" :: waited 0.001s {{(pid=86772) inner /opt/stack/data/venv/lib/python3.12/site-packages/oslo_concurrency/lockutils.py:524}}
Jul 03 01:07:38 devstack cinder-volume[86772]: DEBUG cinder.volume.drivers.quobyte [None req-d9b256e0-5aad-4535-8ce5-d7c044319d80 tempest-VolumesTransfersV357Test-108960796 None] Quobyte Volume URL set to: {'osci02.corp.quobyte.com/cinder-vol-466306e4-bd41-448c-9adc-c83c7d81d171': None} {{(pid=86772) _load_shares_config /opt/stack/cinder/cinder/volume/drivers/quobyte.py:617}}
Jul 03 01:07:38 devstack cinder-volume[86772]: DEBUG cinder.volume.drivers.quobyte [None req-d9b256e0-5aad-4535-8ce5-d7c044319d80 tempest-VolumesTransfersV357Test-108960796 None] Available shares ['osci02.corp.quobyte.com/cinder-vol-466306e4-bd41-448c-9adc-c83c7d81d171'] {{(pid=86772) _ensure_shares_mounted /opt/stack/cinder/cinder/volume/drivers/quobyte.py:647}}
Jul 03 01:07:38 devstack cinder-volume[86772]: DEBUG oslo_concurrency.lockutils [None req-d9b256e0-5aad-4535-8ce5-d7c044319d80 tempest-VolumesTransfersV357Test-108960796 None] Lock "quobyte_ensure" "released" by "cinder.volume.drivers.quobyte.QuobyteDriver._ensure_shares_mounted" :: held 0.007s {{(pid=86772) inner /opt/stack/data/venv/lib/python3.12/site-packages/oslo_concurrency/lockutils.py:543}}
Jul 03 01:07:38 devstack cinder-volume[86772]: DEBUG oslo_concurrency.processutils [None req-d9b256e0-5aad-4535-8ce5-d7c044319d80 tempest-VolumesTransfersV357Test-108960796 None] Running cmd (subprocess): sudo cinder-rootwrap /etc/cinder/rootwrap.conf df --portability --block-size 1 /opt/stack/data/cinder/mnt/b453e831081e89184b1c9bb6cb63fc23 {{(pid=86772) execute /opt/stack/data/venv/lib/python3.12/site-packages/oslo_concurrency/processutils.py:440}}
Jul 03 01:07:38 devstack sudo[92767]: quobyte : PWD=/ ; USER=root ; COMMAND=/opt/stack/data/venv/bin/cinder-rootwrap /etc/cinder/rootwrap.conf df --portability --block-size 1 /opt/stack/data/cinder/mnt/b453e831081e89184b1c9bb6cb63fc23
Jul 03 01:07:38 devstack sudo[92767]: pam_unix(sudo:session): session opened for user root(uid=0) by (uid=1000)
Jul 03 01:07:38 devstack sudo[92764]: pam_unix(sudo:session): session closed for user root
Jul 03 01:07:38 devstack cinder-volume[86772]: DEBUG oslo_concurrency.processutils [None req-8c006e1e-5f62-4074-a09d-1770f6ef1750 tempest-GroupsV314Test-1380891647 None] CMD "/opt/stack/data/venv/bin/python3.12 -m oslo_concurrency.prlimit --as=1073741824 --cpu=60 -- sudo cinder-rootwrap /etc/cinder/rootwrap.conf env LC_ALL=C qemu-img info -f qcow2 --output=json --force-share /opt/stack/data/cinder/mnt/b453e831081e89184b1c9bb6cb63fc23/volume-2d95dd82-3365-4dff-bef4-0ad274ebec76" returned: 0 in 0.822s {{(pid=86772) execute /opt/stack/data/venv/lib/python3.12/site-packages/oslo_concurrency/processutils.py:468}}
Jul 03 01:07:38 devstack cinder-volume[86772]: DEBUG oslo_concurrency.processutils [None req-8c006e1e-5f62-4074-a09d-1770f6ef1750 tempest-GroupsV314Test-1380891647 None] Running cmd (subprocess): sudo cinder-rootwrap /etc/cinder/rootwrap.conf qemu-img create -f qcow2 -o backing_file=/opt/stack/data/cinder/mnt/b453e831081e89184b1c9bb6cb63fc23/volume-2d95dd82-3365-4dff-bef4-0ad274ebec76,backing_fmt=qcow2 /opt/stack/data/cinder/mnt/b453e831081e89184b1c9bb6cb63fc23/volume-2d95dd82-3365-4dff-bef4-0ad274ebec76.9a67f9b2-e704-4801-bdb0-318292a4114f 1G {{(pid=86772) execute /opt/stack/data/venv/lib/python3.12/site-packages/oslo_concurrency/processutils.py:440}}
Jul 03 01:07:38 devstack sudo[92772]: quobyte : PWD=/ ; USER=root ; COMMAND=/opt/stack/data/venv/bin/cinder-rootwrap /etc/cinder/rootwrap.conf qemu-img create -f qcow2 -o backing_file=/opt/stack/data/cinder/mnt/b453e831081e89184b1c9bb6cb63fc23/volume-2d95dd82-3365-4dff-bef4-0ad274ebec76,backing_fmt=qcow2 /opt/stack/data/cinder/mnt/b453e831081e89184b1c9bb6cb63fc23/volume-2d95dd82-3365-4dff-bef4-0ad274ebec76.9a67f9b2-e704-4801-bdb0-318292a4114f 1G
Jul 03 01:07:38 devstack sudo[92772]: pam_unix(sudo:session): session opened for user root(uid=0) by (uid=1000)
Jul 03 01:07:38 devstack sudo[92767]: pam_unix(sudo:session): session closed for user root
Jul 03 01:07:38 devstack cinder-volume[86772]: DEBUG oslo_concurrency.processutils [None req-d9b256e0-5aad-4535-8ce5-d7c044319d80 tempest-VolumesTransfersV357Test-108960796 None] CMD "sudo cinder-rootwrap /etc/cinder/rootwrap.conf df --portability --block-size 1 /opt/stack/data/cinder/mnt/b453e831081e89184b1c9bb6cb63fc23" returned: 0 in 0.693s {{(pid=86772) execute /opt/stack/data/venv/lib/python3.12/site-packages/oslo_concurrency/processutils.py:468}}
Jul 03 01:07:38 devstack cinder-volume[86772]: DEBUG cinder.manager [None req-d9b256e0-5aad-4535-8ce5-d7c044319d80 tempest-VolumesTransfersV357Test-108960796 None] Notifying Schedulers of capabilities ... {{(pid=86772) _publish_service_capabilities /opt/stack/cinder/cinder/manager.py:219}}
Jul 03 01:07:38 devstack cinder-volume[86772]: INFO cinder.volume.manager [None req-d9b256e0-5aad-4535-8ce5-d7c044319d80 tempest-VolumesTransfersV357Test-108960796 None] Deleted volume successfully.
Jul 03 01:07:38 devstack cinder-volume[86772]: DEBUG cinder.coordination [None req-d9b256e0-5aad-4535-8ce5-d7c044319d80 tempest-VolumesTransfersV357Test-108960796 None] Lock "cinder-5c0fed02-a6d1-4b7e-b902-f1dd664f9f71-delete_volume" released by "delete_volume" :: held 2.497s {{(pid=86772) __release /opt/stack/cinder/cinder/coordination.py:152}}
Jul 03 01:07:39 devstack cinder-volume[86772]: DEBUG cinder.volume.flows.manager.create_volume [None req-4eecc17c-5405-4f46-9c9e-42e7f6e0b636 tempest-VolumesTransfersV357Test-7886453 None] Volume reschedule parameters: True retry: {'num_attempts': 1, 'backends': ['devstack@QuobyteHD#QuobyteHD'], 'hosts': ['devstack@QuobyteHD#QuobyteHD']} {{(pid=86772) get_flow /opt/stack/cinder/cinder/volume/flows/manager/create_volume.py:1397}}
Jul 03 01:07:39 devstack cinder-volume[86772]: DEBUG cinder.volume.manager [None req-4eecc17c-5405-4f46-9c9e-42e7f6e0b636 tempest-VolumesTransfersV357Test-7886453 None] Flow 'volume_create_manager' (4ed7233e-367d-4436-8551-89e91b8d58bd) transitioned into state 'RUNNING' from state 'PENDING' {{(pid=86772) _flow_receiver /opt/stack/data/venv/lib/python3.12/site-packages/taskflow/listeners/logging.py:160}}
Jul 03 01:07:39 devstack cinder-volume[86772]: DEBUG cinder.volume.manager [None req-4eecc17c-5405-4f46-9c9e-42e7f6e0b636 tempest-VolumesTransfersV357Test-7886453 None] Task 'cinder.volume.flows.manager.create_volume.ExtractVolumeRefTask;volume:create' (2241d8e6-742f-4334-a8c7-196b380b241a) transitioned into state 'RUNNING' from state 'PENDING' {{(pid=86772) _task_receiver /opt/stack/data/venv/lib/python3.12/site-packages/taskflow/listeners/logging.py:242}}
Jul 03 01:07:39 devstack cinder-volume[86772]: DEBUG cinder.volume.manager [None req-4eecc17c-5405-4f46-9c9e-42e7f6e0b636 tempest-VolumesTransfersV357Test-7886453 None] Task 'cinder.volume.flows.manager.create_volume.ExtractVolumeRefTask;volume:create' (2241d8e6-742f-4334-a8c7-196b380b241a) transitioned into state 'SUCCESS' from state 'RUNNING' with result 'Volume(_name_id=None,admin_metadata=,attach_status='detached',availability_zone='nova',bootable=False,cluster=,cluster_name=None,consistencygroup=,consistencygroup_id=None,created_at=2026-07-02T23:07:39Z,deleted=False,deleted_at=None,display_description=None,display_name='tempest-VolumesTransfersV357Test-Volume-280581930',ec2_id=None,encryption_key_id=None,glance_metadata=,group=,group_id=None,host='devstack@QuobyteHD#QuobyteHD',id=17e040ad-5529-4098-8a35-cb45de87b735,launched_at=None,metadata={},migration_status=None,multiattach=False,previous_status=None,project_id='df66b14ce0d6491d9f6dbc6055fe9ee0',provider_auth=None,provider_geometry=None,provider_id=None,provider_location=None,replication_driver_data=None,replication_extended_status=None,replication_status=None,scheduled_at=2026-07-02T23:07:39Z,service_uuid=None,shared_targets=True,size=1,snapshot_id=None,snapshots=,source_volid=None,status='creating',terminated_at=None,updated_at=2026-07-02T23:07:39Z,use_quota=True,user_id='81657dfa878c46cab5b69177a43caad9',volume_attachment=VolumeAttachmentList,volume_type=VolumeType(124f89cb-ad29-4528-b47d-e611619779eb),volume_type_id=124f89cb-ad29-4528-b47d-e611619779eb)' {{(pid=86772) _task_receiver /opt/stack/data/venv/lib/python3.12/site-packages/taskflow/listeners/logging.py:218}}
Jul 03 01:07:39 devstack cinder-volume[86772]: DEBUG cinder.volume.manager [None req-4eecc17c-5405-4f46-9c9e-42e7f6e0b636 tempest-VolumesTransfersV357Test-7886453 None] Task 'cinder.volume.flows.manager.create_volume.OnFailureRescheduleTask;volume:create' (626e6727-1153-4e2c-a341-c834d8e09b18) transitioned into state 'RUNNING' from state 'PENDING' {{(pid=86772) _task_receiver /opt/stack/data/venv/lib/python3.12/site-packages/taskflow/listeners/logging.py:242}}
Jul 03 01:07:39 devstack cinder-volume[86772]: DEBUG cinder.volume.manager [None req-4eecc17c-5405-4f46-9c9e-42e7f6e0b636 tempest-VolumesTransfersV357Test-7886453 None] Task 'cinder.volume.flows.manager.create_volume.OnFailureRescheduleTask;volume:create' (626e6727-1153-4e2c-a341-c834d8e09b18) transitioned into state 'SUCCESS' from state 'RUNNING' with result 'None' {{(pid=86772) _task_receiver /opt/stack/data/venv/lib/python3.12/site-packages/taskflow/listeners/logging.py:218}}
Jul 03 01:07:39 devstack cinder-volume[86772]: DEBUG cinder.volume.manager [None req-4eecc17c-5405-4f46-9c9e-42e7f6e0b636 tempest-VolumesTransfersV357Test-7886453 None] Task 'cinder.volume.flows.manager.create_volume.ExtractVolumeSpecTask;volume:create' (266bdc9f-6081-43a1-924d-526895ae751a) transitioned into state 'RUNNING' from state 'PENDING' {{(pid=86772) _task_receiver /opt/stack/data/venv/lib/python3.12/site-packages/taskflow/listeners/logging.py:242}}
Jul 03 01:07:39 devstack cinder-volume[86772]: DEBUG cinder.volume.manager [None req-4eecc17c-5405-4f46-9c9e-42e7f6e0b636 tempest-VolumesTransfersV357Test-7886453 None] Task 'cinder.volume.flows.manager.create_volume.ExtractVolumeSpecTask;volume:create' (266bdc9f-6081-43a1-924d-526895ae751a) transitioned into state 'SUCCESS' from state 'RUNNING' with result '{'status': 'creating', 'type': 'raw', 'volume_id': '17e040ad-5529-4098-8a35-cb45de87b735', 'volume_name': 'volume-17e040ad-5529-4098-8a35-cb45de87b735', 'volume_size': 1}' {{(pid=86772) _task_receiver /opt/stack/data/venv/lib/python3.12/site-packages/taskflow/listeners/logging.py:218}}
Jul 03 01:07:39 devstack cinder-volume[86772]: DEBUG cinder.volume.manager [None req-4eecc17c-5405-4f46-9c9e-42e7f6e0b636 tempest-VolumesTransfersV357Test-7886453 None] Task 'cinder.volume.flows.manager.create_volume.NotifyVolumeActionTask;volume:create, create.start' (8a05891e-253d-432c-95af-e752b3374b05) transitioned into state 'RUNNING' from state 'PENDING' {{(pid=86772) _task_receiver /opt/stack/data/venv/lib/python3.12/site-packages/taskflow/listeners/logging.py:242}}
Jul 03 01:07:39 devstack cinder-volume[86772]: DEBUG cinder.volume.manager [None req-4eecc17c-5405-4f46-9c9e-42e7f6e0b636 tempest-VolumesTransfersV357Test-7886453 None] Task 'cinder.volume.flows.manager.create_volume.NotifyVolumeActionTask;volume:create, create.start' (8a05891e-253d-432c-95af-e752b3374b05) transitioned into state 'SUCCESS' from state 'RUNNING' with result 'None' {{(pid=86772) _task_receiver /opt/stack/data/venv/lib/python3.12/site-packages/taskflow/listeners/logging.py:218}}
Jul 03 01:07:39 devstack cinder-volume[86772]: DEBUG cinder.volume.manager [None req-4eecc17c-5405-4f46-9c9e-42e7f6e0b636 tempest-VolumesTransfersV357Test-7886453 None] Task 'cinder.volume.flows.manager.create_volume.CreateVolumeFromSpecTask;volume:create' (dfeebc24-9543-413a-9fec-da7b93332bf1) transitioned into state 'RUNNING' from state 'PENDING' {{(pid=86772) _task_receiver /opt/stack/data/venv/lib/python3.12/site-packages/taskflow/listeners/logging.py:242}}
Jul 03 01:07:39 devstack cinder-volume[86772]: INFO cinder.volume.flows.manager.create_volume [None req-4eecc17c-5405-4f46-9c9e-42e7f6e0b636 tempest-VolumesTransfersV357Test-7886453 None] Volume 17e040ad-5529-4098-8a35-cb45de87b735: being created as raw with specification: {'status': 'creating', 'volume_name': 'volume-17e040ad-5529-4098-8a35-cb45de87b735', 'volume_size': 1}
Jul 03 01:07:39 devstack cinder-volume[86772]: DEBUG oslo_concurrency.lockutils [None req-4eecc17c-5405-4f46-9c9e-42e7f6e0b636 tempest-VolumesTransfersV357Test-7886453 None] Acquiring lock "quobyte" by "cinder.volume.drivers.quobyte.QuobyteDriver.create_volume" {{(pid=86772) inner /opt/stack/data/venv/lib/python3.12/site-packages/oslo_concurrency/lockutils.py:511}}
Jul 03 01:07:39 devstack sudo[92772]: pam_unix(sudo:session): session closed for user root
Jul 03 01:07:39 devstack cinder-volume[86772]: DEBUG oslo_concurrency.processutils [None req-8c006e1e-5f62-4074-a09d-1770f6ef1750 tempest-GroupsV314Test-1380891647 None] CMD "sudo cinder-rootwrap /etc/cinder/rootwrap.conf qemu-img create -f qcow2 -o backing_file=/opt/stack/data/cinder/mnt/b453e831081e89184b1c9bb6cb63fc23/volume-2d95dd82-3365-4dff-bef4-0ad274ebec76,backing_fmt=qcow2 /opt/stack/data/cinder/mnt/b453e831081e89184b1c9bb6cb63fc23/volume-2d95dd82-3365-4dff-bef4-0ad274ebec76.9a67f9b2-e704-4801-bdb0-318292a4114f 1G" returned: 0 in 0.898s {{(pid=86772) execute /opt/stack/data/venv/lib/python3.12/site-packages/oslo_concurrency/processutils.py:468}}
Jul 03 01:07:39 devstack cinder-volume[86772]: DEBUG oslo_concurrency.processutils [None req-8c006e1e-5f62-4074-a09d-1770f6ef1750 tempest-GroupsV314Test-1380891647 None] Running cmd (subprocess): sudo cinder-rootwrap /etc/cinder/rootwrap.conf qemu-img rebase -u -b volume-2d95dd82-3365-4dff-bef4-0ad274ebec76 -F qcow2 /opt/stack/data/cinder/mnt/b453e831081e89184b1c9bb6cb63fc23/volume-2d95dd82-3365-4dff-bef4-0ad274ebec76.9a67f9b2-e704-4801-bdb0-318292a4114f {{(pid=86772) execute /opt/stack/data/venv/lib/python3.12/site-packages/oslo_concurrency/processutils.py:440}}
Jul 03 01:07:39 devstack sudo[92778]: quobyte : PWD=/ ; USER=root ; COMMAND=/opt/stack/data/venv/bin/cinder-rootwrap /etc/cinder/rootwrap.conf qemu-img rebase -u -b volume-2d95dd82-3365-4dff-bef4-0ad274ebec76 -F qcow2 /opt/stack/data/cinder/mnt/b453e831081e89184b1c9bb6cb63fc23/volume-2d95dd82-3365-4dff-bef4-0ad274ebec76.9a67f9b2-e704-4801-bdb0-318292a4114f
Jul 03 01:07:39 devstack sudo[92778]: pam_unix(sudo:session): session opened for user root(uid=0) by (uid=1000)
Jul 03 01:07:39 devstack sudo[92778]: pam_unix(sudo:session): session closed for user root
Jul 03 01:07:39 devstack cinder-volume[86772]: DEBUG oslo_concurrency.processutils [None req-8c006e1e-5f62-4074-a09d-1770f6ef1750 tempest-GroupsV314Test-1380891647 None] CMD "sudo cinder-rootwrap /etc/cinder/rootwrap.conf qemu-img rebase -u -b volume-2d95dd82-3365-4dff-bef4-0ad274ebec76 -F qcow2 /opt/stack/data/cinder/mnt/b453e831081e89184b1c9bb6cb63fc23/volume-2d95dd82-3365-4dff-bef4-0ad274ebec76.9a67f9b2-e704-4801-bdb0-318292a4114f" returned: 0 in 0.701s {{(pid=86772) execute /opt/stack/data/venv/lib/python3.12/site-packages/oslo_concurrency/processutils.py:468}}
Jul 03 01:07:39 devstack cinder-volume[86772]: WARNING cinder.volume.drivers.remotefs [None req-8c006e1e-5f62-4074-a09d-1770f6ef1750 tempest-GroupsV314Test-1380891647 None] /opt/stack/data/cinder/mnt/b453e831081e89184b1c9bb6cb63fc23/volume-2d95dd82-3365-4dff-bef4-0ad274ebec76.9a67f9b2-e704-4801-bdb0-318292a4114f is being set with open permissions: ugo+rw: NotImplementedError
Jul 03 01:07:39 devstack cinder-volume[86772]: DEBUG oslo_concurrency.processutils [None req-8c006e1e-5f62-4074-a09d-1770f6ef1750 tempest-GroupsV314Test-1380891647 None] Running cmd (subprocess): sudo cinder-rootwrap /etc/cinder/rootwrap.conf chmod ugo+rw /opt/stack/data/cinder/mnt/b453e831081e89184b1c9bb6cb63fc23/volume-2d95dd82-3365-4dff-bef4-0ad274ebec76.9a67f9b2-e704-4801-bdb0-318292a4114f {{(pid=86772) execute /opt/stack/data/venv/lib/python3.12/site-packages/oslo_concurrency/processutils.py:440}}
Jul 03 01:07:40 devstack sudo[92784]: quobyte : PWD=/ ; USER=root ; COMMAND=/opt/stack/data/venv/bin/cinder-rootwrap /etc/cinder/rootwrap.conf chmod ugo+rw /opt/stack/data/cinder/mnt/b453e831081e89184b1c9bb6cb63fc23/volume-2d95dd82-3365-4dff-bef4-0ad274ebec76.9a67f9b2-e704-4801-bdb0-318292a4114f
Jul 03 01:07:40 devstack sudo[92784]: pam_unix(sudo:session): session opened for user root(uid=0) by (uid=1000)
Jul 03 01:07:40 devstack sudo[92784]: pam_unix(sudo:session): session closed for user root
Jul 03 01:07:40 devstack cinder-volume[86772]: DEBUG oslo_concurrency.processutils [None req-8c006e1e-5f62-4074-a09d-1770f6ef1750 tempest-GroupsV314Test-1380891647 None] CMD "sudo cinder-rootwrap /etc/cinder/rootwrap.conf chmod ugo+rw /opt/stack/data/cinder/mnt/b453e831081e89184b1c9bb6cb63fc23/volume-2d95dd82-3365-4dff-bef4-0ad274ebec76.9a67f9b2-e704-4801-bdb0-318292a4114f" returned: 0 in 0.780s {{(pid=86772) execute /opt/stack/data/venv/lib/python3.12/site-packages/oslo_concurrency/processutils.py:468}}
Jul 03 01:07:40 devstack cinder-volume[86772]: DEBUG oslo_concurrency.processutils [None req-8c006e1e-5f62-4074-a09d-1770f6ef1750 tempest-GroupsV314Test-1380891647 None] Running cmd (subprocess): sudo cinder-rootwrap /etc/cinder/rootwrap.conf truncate -s0 /opt/stack/data/cinder/mnt/b453e831081e89184b1c9bb6cb63fc23/volume-2d95dd82-3365-4dff-bef4-0ad274ebec76.info {{(pid=86772) execute /opt/stack/data/venv/lib/python3.12/site-packages/oslo_concurrency/processutils.py:440}}
Jul 03 01:07:40 devstack sudo[92787]: quobyte : PWD=/ ; USER=root ; COMMAND=/opt/stack/data/venv/bin/cinder-rootwrap /etc/cinder/rootwrap.conf truncate -s0 /opt/stack/data/cinder/mnt/b453e831081e89184b1c9bb6cb63fc23/volume-2d95dd82-3365-4dff-bef4-0ad274ebec76.info
Jul 03 01:07:40 devstack sudo[92787]: pam_unix(sudo:session): session opened for user root(uid=0) by (uid=1000)
Jul 03 01:07:41 devstack sudo[92787]: pam_unix(sudo:session): session closed for user root
Jul 03 01:07:41 devstack cinder-volume[86772]: DEBUG oslo_concurrency.processutils [None req-8c006e1e-5f62-4074-a09d-1770f6ef1750 tempest-GroupsV314Test-1380891647 None] CMD "sudo cinder-rootwrap /etc/cinder/rootwrap.conf truncate -s0 /opt/stack/data/cinder/mnt/b453e831081e89184b1c9bb6cb63fc23/volume-2d95dd82-3365-4dff-bef4-0ad274ebec76.info" returned: 0 in 0.767s {{(pid=86772) execute /opt/stack/data/venv/lib/python3.12/site-packages/oslo_concurrency/processutils.py:468}}
Jul 03 01:07:41 devstack cinder-volume[86772]: WARNING cinder.volume.drivers.remotefs [None req-8c006e1e-5f62-4074-a09d-1770f6ef1750 tempest-GroupsV314Test-1380891647 None] /opt/stack/data/cinder/mnt/b453e831081e89184b1c9bb6cb63fc23/volume-2d95dd82-3365-4dff-bef4-0ad274ebec76.info is being set with open permissions: ugo+rw: NotImplementedError
Jul 03 01:07:41 devstack cinder-volume[86772]: DEBUG oslo_concurrency.processutils [None req-8c006e1e-5f62-4074-a09d-1770f6ef1750 tempest-GroupsV314Test-1380891647 None] Running cmd (subprocess): sudo cinder-rootwrap /etc/cinder/rootwrap.conf chmod ugo+rw /opt/stack/data/cinder/mnt/b453e831081e89184b1c9bb6cb63fc23/volume-2d95dd82-3365-4dff-bef4-0ad274ebec76.info {{(pid=86772) execute /opt/stack/data/venv/lib/python3.12/site-packages/oslo_concurrency/processutils.py:440}}
Jul 03 01:07:41 devstack sudo[92791]: quobyte : PWD=/ ; USER=root ; COMMAND=/opt/stack/data/venv/bin/cinder-rootwrap /etc/cinder/rootwrap.conf chmod ugo+rw /opt/stack/data/cinder/mnt/b453e831081e89184b1c9bb6cb63fc23/volume-2d95dd82-3365-4dff-bef4-0ad274ebec76.info
Jul 03 01:07:41 devstack sudo[92791]: pam_unix(sudo:session): session opened for user root(uid=0) by (uid=1000)
Jul 03 01:07:42 devstack sudo[92791]: pam_unix(sudo:session): session closed for user root
Jul 03 01:07:42 devstack cinder-volume[86772]: DEBUG oslo_concurrency.processutils [None req-8c006e1e-5f62-4074-a09d-1770f6ef1750 tempest-GroupsV314Test-1380891647 None] CMD "sudo cinder-rootwrap /etc/cinder/rootwrap.conf chmod ugo+rw /opt/stack/data/cinder/mnt/b453e831081e89184b1c9bb6cb63fc23/volume-2d95dd82-3365-4dff-bef4-0ad274ebec76.info" returned: 0 in 0.907s {{(pid=86772) execute /opt/stack/data/venv/lib/python3.12/site-packages/oslo_concurrency/processutils.py:468}}
Jul 03 01:07:42 devstack cinder-volume[86772]: DEBUG cinder.coordination [None req-8c006e1e-5f62-4074-a09d-1770f6ef1750 tempest-GroupsV314Test-1380891647 None] Acquiring lock "cinder-quobyte-ad16ae67-1115-4599-ad2b-d16b5ed242d2" by "_copy_volume_from_snapshot" {{(pid=86772) __acquire /opt/stack/cinder/cinder/coordination.py:138}}
Jul 03 01:07:42 devstack cinder-volume[86772]: DEBUG cinder.coordination [None req-8c006e1e-5f62-4074-a09d-1770f6ef1750 tempest-GroupsV314Test-1380891647 None] Lock "cinder-quobyte-ad16ae67-1115-4599-ad2b-d16b5ed242d2" acquired by "_copy_volume_from_snapshot" :: waited 0.015s {{(pid=86772) __acquire /opt/stack/cinder/cinder/coordination.py:141}}
Jul 03 01:07:42 devstack cinder-volume[86772]: DEBUG cinder.volume.drivers.quobyte [None req-8c006e1e-5f62-4074-a09d-1770f6ef1750 tempest-GroupsV314Test-1380891647 None] snapshot: 9a67f9b2-e704-4801-bdb0-318292a4114f, volume: ad16ae67-1115-4599-ad2b-d16b5ed242d2, {{(pid=86772) _copy_volume_from_snapshot /opt/stack/cinder/cinder/volume/drivers/quobyte.py:401}}
Jul 03 01:07:42 devstack cinder-volume[86772]: DEBUG oslo_concurrency.lockutils [None req-8c006e1e-5f62-4074-a09d-1770f6ef1750 tempest-GroupsV314Test-1380891647 None] Acquiring lock "quobyte_ensure" by "cinder.volume.drivers.quobyte.QuobyteDriver._ensure_shares_mounted" {{(pid=86772) inner /opt/stack/data/venv/lib/python3.12/site-packages/oslo_concurrency/lockutils.py:511}}
Jul 03 01:07:42 devstack cinder-volume[86772]: DEBUG oslo_concurrency.lockutils [None req-8c006e1e-5f62-4074-a09d-1770f6ef1750 tempest-GroupsV314Test-1380891647 None] Lock "quobyte_ensure" acquired by "cinder.volume.drivers.quobyte.QuobyteDriver._ensure_shares_mounted" :: waited 0.001s {{(pid=86772) inner /opt/stack/data/venv/lib/python3.12/site-packages/oslo_concurrency/lockutils.py:524}}
Jul 03 01:07:42 devstack cinder-volume[86772]: DEBUG cinder.volume.drivers.quobyte [None req-8c006e1e-5f62-4074-a09d-1770f6ef1750 tempest-GroupsV314Test-1380891647 None] Quobyte Volume URL set to: {'osci02.corp.quobyte.com/cinder-vol-466306e4-bd41-448c-9adc-c83c7d81d171': None} {{(pid=86772) _load_shares_config /opt/stack/cinder/cinder/volume/drivers/quobyte.py:617}}
Jul 03 01:07:42 devstack cinder-volume[86772]: DEBUG cinder.volume.drivers.quobyte [None req-8c006e1e-5f62-4074-a09d-1770f6ef1750 tempest-GroupsV314Test-1380891647 None] Available shares ['osci02.corp.quobyte.com/cinder-vol-466306e4-bd41-448c-9adc-c83c7d81d171'] {{(pid=86772) _ensure_shares_mounted /opt/stack/cinder/cinder/volume/drivers/quobyte.py:647}}
Jul 03 01:07:42 devstack cinder-volume[86772]: DEBUG oslo_concurrency.lockutils [None req-8c006e1e-5f62-4074-a09d-1770f6ef1750 tempest-GroupsV314Test-1380891647 None] Lock "quobyte_ensure" "released" by "cinder.volume.drivers.quobyte.QuobyteDriver._ensure_shares_mounted" :: held 0.005s {{(pid=86772) inner /opt/stack/data/venv/lib/python3.12/site-packages/oslo_concurrency/lockutils.py:543}}
Jul 03 01:07:42 devstack cinder-volume[86772]: DEBUG oslo.privsep.daemon [-] privsep: reply[093df18e-f9dd-42df-8bbd-32dd669800ef]: (4, 'qcow2') {{(pid=88216) _call_back /opt/stack/data/venv/lib/python3.12/site-packages/oslo_privsep/daemon.py:580}}
Jul 03 01:07:42 devstack cinder-volume[86772]: DEBUG oslo_concurrency.processutils [None req-8c006e1e-5f62-4074-a09d-1770f6ef1750 tempest-GroupsV314Test-1380891647 None] Running cmd (subprocess): /opt/stack/data/venv/bin/python3.12 -m oslo_concurrency.prlimit --as=1073741824 --cpu=60 -- sudo cinder-rootwrap /etc/cinder/rootwrap.conf env LC_ALL=C qemu-img info -f qcow2 --output=json --force-share /opt/stack/data/cinder/mnt/b453e831081e89184b1c9bb6cb63fc23/volume-2d95dd82-3365-4dff-bef4-0ad274ebec76.9a67f9b2-e704-4801-bdb0-318292a4114f {{(pid=86772) execute /opt/stack/data/venv/lib/python3.12/site-packages/oslo_concurrency/processutils.py:440}}
Jul 03 01:07:42 devstack sudo[92811]: quobyte : PWD=/ ; USER=root ; COMMAND=/opt/stack/data/venv/bin/cinder-rootwrap /etc/cinder/rootwrap.conf env LC_ALL=C qemu-img info -f qcow2 --output=json --force-share /opt/stack/data/cinder/mnt/b453e831081e89184b1c9bb6cb63fc23/volume-2d95dd82-3365-4dff-bef4-0ad274ebec76.9a67f9b2-e704-4801-bdb0-318292a4114f
Jul 03 01:07:42 devstack sudo[92811]: pam_unix(sudo:session): session opened for user root(uid=0) by (uid=1000)
Jul 03 01:07:43 devstack sudo[92811]: pam_unix(sudo:session): session closed for user root
Jul 03 01:07:43 devstack cinder-volume[86772]: DEBUG oslo_concurrency.processutils [None req-8c006e1e-5f62-4074-a09d-1770f6ef1750 tempest-GroupsV314Test-1380891647 None] CMD "/opt/stack/data/venv/bin/python3.12 -m oslo_concurrency.prlimit --as=1073741824 --cpu=60 -- sudo cinder-rootwrap /etc/cinder/rootwrap.conf env LC_ALL=C qemu-img info -f qcow2 --output=json --force-share /opt/stack/data/cinder/mnt/b453e831081e89184b1c9bb6cb63fc23/volume-2d95dd82-3365-4dff-bef4-0ad274ebec76.9a67f9b2-e704-4801-bdb0-318292a4114f" returned: 0 in 0.798s {{(pid=86772) execute /opt/stack/data/venv/lib/python3.12/site-packages/oslo_concurrency/processutils.py:468}}
Jul 03 01:07:43 devstack cinder-volume[86772]: DEBUG cinder.volume.drivers.remotefs [None req-8c006e1e-5f62-4074-a09d-1770f6ef1750 tempest-GroupsV314Test-1380891647 None] Fetching qemu-img info with special backing_file_template: (/opt/stack/data/cinder/mnt/[0-9a-f]+/)?(volume-2d95dd82-3365-4dff-bef4-0ad274ebec76(.(tmp-snap-)?[0-9a-f-]+)?|volume_from_snapshot_cache/(tmp-snap-)?[0-9a-f-]+(.(child-|parent-)[0-9a-f-]+)?)$ {{(pid=86772) _qemu_img_info_base /opt/stack/cinder/cinder/volume/drivers/remotefs.py:896}}
Jul 03 01:07:43 devstack cinder-volume[86772]: DEBUG cinder.volume.drivers.quobyte [None req-8c006e1e-5f62-4074-a09d-1770f6ef1750 tempest-GroupsV314Test-1380891647 None] will copy from snapshot at /opt/stack/data/cinder/mnt/b453e831081e89184b1c9bb6cb63fc23/volume-2d95dd82-3365-4dff-bef4-0ad274ebec76 {{(pid=86772) _copy_volume_from_snapshot /opt/stack/cinder/cinder/volume/drivers/quobyte.py:420}}
Jul 03 01:07:43 devstack cinder-volume[86772]: DEBUG cinder.volume.drivers.quobyte [None req-8c006e1e-5f62-4074-a09d-1770f6ef1750 tempest-GroupsV314Test-1380891647 None] Creating direct copy from snapshot {{(pid=86772) _copy_volume_from_snapshot /opt/stack/cinder/cinder/volume/drivers/quobyte.py:428}}
Jul 03 01:07:43 devstack cinder-volume[86772]: DEBUG oslo.privsep.daemon [-] privsep: reply[32361fbb-934a-48f2-a4ab-28786518cf28]: (4, 'qcow2') {{(pid=88216) _call_back /opt/stack/data/venv/lib/python3.12/site-packages/oslo_privsep/daemon.py:580}}
Jul 03 01:07:43 devstack cinder-volume[86772]: DEBUG oslo_concurrency.processutils [None req-8c006e1e-5f62-4074-a09d-1770f6ef1750 tempest-GroupsV314Test-1380891647 None] Running cmd (subprocess): /opt/stack/data/venv/bin/python3.12 -m oslo_concurrency.prlimit --as=1073741824 --cpu=60 -- sudo cinder-rootwrap /etc/cinder/rootwrap.conf env LC_ALL=C qemu-img info -f qcow2 --output=json /opt/stack/data/cinder/mnt/b453e831081e89184b1c9bb6cb63fc23/volume-2d95dd82-3365-4dff-bef4-0ad274ebec76 {{(pid=86772) execute /opt/stack/data/venv/lib/python3.12/site-packages/oslo_concurrency/processutils.py:440}}
Jul 03 01:07:43 devstack sudo[92817]: quobyte : PWD=/ ; USER=root ; COMMAND=/opt/stack/data/venv/bin/cinder-rootwrap /etc/cinder/rootwrap.conf env LC_ALL=C qemu-img info -f qcow2 --output=json /opt/stack/data/cinder/mnt/b453e831081e89184b1c9bb6cb63fc23/volume-2d95dd82-3365-4dff-bef4-0ad274ebec76
Jul 03 01:07:43 devstack sudo[92817]: pam_unix(sudo:session): session opened for user root(uid=0) by (uid=1000)
Jul 03 01:07:44 devstack sudo[92817]: pam_unix(sudo:session): session closed for user root
Jul 03 01:07:44 devstack cinder-volume[86772]: DEBUG oslo_concurrency.processutils [None req-8c006e1e-5f62-4074-a09d-1770f6ef1750 tempest-GroupsV314Test-1380891647 None] CMD "/opt/stack/data/venv/bin/python3.12 -m oslo_concurrency.prlimit --as=1073741824 --cpu=60 -- sudo cinder-rootwrap /etc/cinder/rootwrap.conf env LC_ALL=C qemu-img info -f qcow2 --output=json /opt/stack/data/cinder/mnt/b453e831081e89184b1c9bb6cb63fc23/volume-2d95dd82-3365-4dff-bef4-0ad274ebec76" returned: 0 in 0.796s {{(pid=86772) execute /opt/stack/data/venv/lib/python3.12/site-packages/oslo_concurrency/processutils.py:468}}
Jul 03 01:07:44 devstack cinder-volume[86772]: DEBUG cinder.utils [None req-8c006e1e-5f62-4074-a09d-1770f6ef1750 tempest-GroupsV314Test-1380891647 None] Path /opt/stack/data/cinder/mnt/b453e831081e89184b1c9bb6cb63fc23/volume-ad16ae67-1115-4599-ad2b-d16b5ed242d2 not found in is_blk_device check {{(pid=86772) is_blk_device /opt/stack/cinder/cinder/utils.py:615}}
Jul 03 01:07:44 devstack cinder-volume[86772]: DEBUG oslo_concurrency.processutils [None req-8c006e1e-5f62-4074-a09d-1770f6ef1750 tempest-GroupsV314Test-1380891647 None] Running cmd (subprocess): sudo cinder-rootwrap /etc/cinder/rootwrap.conf qemu-img convert -O qcow2 /opt/stack/data/cinder/mnt/b453e831081e89184b1c9bb6cb63fc23/volume-2d95dd82-3365-4dff-bef4-0ad274ebec76 /opt/stack/data/cinder/mnt/b453e831081e89184b1c9bb6cb63fc23/volume-ad16ae67-1115-4599-ad2b-d16b5ed242d2 {{(pid=86772) execute /opt/stack/data/venv/lib/python3.12/site-packages/oslo_concurrency/processutils.py:440}}
Jul 03 01:07:44 devstack sudo[92822]: quobyte : PWD=/ ; USER=root ; COMMAND=/opt/stack/data/venv/bin/cinder-rootwrap /etc/cinder/rootwrap.conf qemu-img convert -O qcow2 /opt/stack/data/cinder/mnt/b453e831081e89184b1c9bb6cb63fc23/volume-2d95dd82-3365-4dff-bef4-0ad274ebec76 /opt/stack/data/cinder/mnt/b453e831081e89184b1c9bb6cb63fc23/volume-ad16ae67-1115-4599-ad2b-d16b5ed242d2
Jul 03 01:07:44 devstack sudo[92822]: pam_unix(sudo:session): session opened for user root(uid=0) by (uid=1000)
Jul 03 01:07:50 devstack cinder-volume[86772]: DEBUG dbcounter [-] [86772] Writing DB stats cinder:UPDATE=11,cinder:SELECT=13,cinder:INSERT=4,cinder:DELETE=1 {{(pid=86772) stat_writer /opt/stack/data/venv/lib/python3.12/site-packages/dbcounter.py:115}}
Jul 03 01:07:50 devstack cinder-volume[86772]: DEBUG dbcounter [-] [86772] Writing DB stats cinder:UPDATE=12,cinder:SELECT=12,cinder:INSERT=3,cinder:DELETE=1 {{(pid=86772) stat_writer /opt/stack/data/venv/lib/python3.12/site-packages/dbcounter.py:115}}
Jul 03 01:07:51 devstack sudo[92822]: pam_unix(sudo:session): session closed for user root
Jul 03 01:07:51 devstack cinder-volume[86772]: DEBUG oslo_concurrency.processutils [None req-8c006e1e-5f62-4074-a09d-1770f6ef1750 tempest-GroupsV314Test-1380891647 None] CMD "sudo cinder-rootwrap /etc/cinder/rootwrap.conf qemu-img convert -O qcow2 /opt/stack/data/cinder/mnt/b453e831081e89184b1c9bb6cb63fc23/volume-2d95dd82-3365-4dff-bef4-0ad274ebec76 /opt/stack/data/cinder/mnt/b453e831081e89184b1c9bb6cb63fc23/volume-ad16ae67-1115-4599-ad2b-d16b5ed242d2" returned: 0 in 6.946s {{(pid=86772) execute /opt/stack/data/venv/lib/python3.12/site-packages/oslo_concurrency/processutils.py:468}}
Jul 03 01:07:51 devstack cinder-volume[86772]: DEBUG oslo.privsep.daemon [-] privsep: reply[9c262c48-35ec-4b30-a24e-fdf5df018ed3]: (4, 'qcow2') {{(pid=88216) _call_back /opt/stack/data/venv/lib/python3.12/site-packages/oslo_privsep/daemon.py:580}}
Jul 03 01:07:51 devstack cinder-volume[86772]: DEBUG oslo_concurrency.processutils [None req-8c006e1e-5f62-4074-a09d-1770f6ef1750 tempest-GroupsV314Test-1380891647 None] Running cmd (subprocess): /opt/stack/data/venv/bin/python3.12 -m oslo_concurrency.prlimit --as=1073741824 --cpu=60 -- sudo cinder-rootwrap /etc/cinder/rootwrap.conf env LC_ALL=C qemu-img info -f qcow2 --output=json /opt/stack/data/cinder/mnt/b453e831081e89184b1c9bb6cb63fc23/volume-2d95dd82-3365-4dff-bef4-0ad274ebec76 {{(pid=86772) execute /opt/stack/data/venv/lib/python3.12/site-packages/oslo_concurrency/processutils.py:440}}
Jul 03 01:07:51 devstack sudo[92924]: quobyte : PWD=/ ; USER=root ; COMMAND=/opt/stack/data/venv/bin/cinder-rootwrap /etc/cinder/rootwrap.conf env LC_ALL=C qemu-img info -f qcow2 --output=json /opt/stack/data/cinder/mnt/b453e831081e89184b1c9bb6cb63fc23/volume-2d95dd82-3365-4dff-bef4-0ad274ebec76
Jul 03 01:07:51 devstack sudo[92924]: pam_unix(sudo:session): session opened for user root(uid=0) by (uid=1000)
Jul 03 01:07:52 devstack sudo[92924]: pam_unix(sudo:session): session closed for user root
Jul 03 01:07:52 devstack cinder-volume[86772]: DEBUG oslo_concurrency.processutils [None req-8c006e1e-5f62-4074-a09d-1770f6ef1750 tempest-GroupsV314Test-1380891647 None] CMD "/opt/stack/data/venv/bin/python3.12 -m oslo_concurrency.prlimit --as=1073741824 --cpu=60 -- sudo cinder-rootwrap /etc/cinder/rootwrap.conf env LC_ALL=C qemu-img info -f qcow2 --output=json /opt/stack/data/cinder/mnt/b453e831081e89184b1c9bb6cb63fc23/volume-2d95dd82-3365-4dff-bef4-0ad274ebec76" returned: 0 in 1.598s {{(pid=86772) execute /opt/stack/data/venv/lib/python3.12/site-packages/oslo_concurrency/processutils.py:468}}
Jul 03 01:07:52 devstack cinder-volume[86772]: DEBUG cinder.image.image_utils [None req-8c006e1e-5f62-4074-a09d-1770f6ef1750 tempest-GroupsV314Test-1380891647 None] Image conversion details: src /opt/stack/data/cinder/mnt/b453e831081e89184b1c9bb6cb63fc23/volume-2d95dd82-3365-4dff-bef4-0ad274ebec76, size 1024.00 MB, duration 6.95 sec, destination /opt/stack/data/cinder/mnt/b453e831081e89184b1c9bb6cb63fc23/volume-ad16ae67-1115-4599-ad2b-d16b5ed242d2 {{(pid=86772) _convert_image /opt/stack/cinder/cinder/image/image_utils.py:536}}
Jul 03 01:07:52 devstack cinder-volume[86772]: INFO cinder.image.image_utils [None req-8c006e1e-5f62-4074-a09d-1770f6ef1750 tempest-GroupsV314Test-1380891647 None] Converted 1024.00 MB image at 147.39 MB/s
Jul 03 01:07:52 devstack cinder-volume[86772]: WARNING cinder.volume.drivers.remotefs [None req-8c006e1e-5f62-4074-a09d-1770f6ef1750 tempest-GroupsV314Test-1380891647 None] /opt/stack/data/cinder/mnt/b453e831081e89184b1c9bb6cb63fc23/volume-ad16ae67-1115-4599-ad2b-d16b5ed242d2 is being set with open permissions: ugo+rw: NotImplementedError
Jul 03 01:07:52 devstack cinder-volume[86772]: DEBUG oslo_concurrency.processutils [None req-8c006e1e-5f62-4074-a09d-1770f6ef1750 tempest-GroupsV314Test-1380891647 None] Running cmd (subprocess): sudo cinder-rootwrap /etc/cinder/rootwrap.conf chmod ugo+rw /opt/stack/data/cinder/mnt/b453e831081e89184b1c9bb6cb63fc23/volume-ad16ae67-1115-4599-ad2b-d16b5ed242d2 {{(pid=86772) execute /opt/stack/data/venv/lib/python3.12/site-packages/oslo_concurrency/processutils.py:440}}
Jul 03 01:07:52 devstack sudo[92965]: quobyte : PWD=/ ; USER=root ; COMMAND=/opt/stack/data/venv/bin/cinder-rootwrap /etc/cinder/rootwrap.conf chmod ugo+rw /opt/stack/data/cinder/mnt/b453e831081e89184b1c9bb6cb63fc23/volume-ad16ae67-1115-4599-ad2b-d16b5ed242d2
Jul 03 01:07:52 devstack sudo[92965]: pam_unix(sudo:session): session opened for user root(uid=0) by (uid=1000)
Jul 03 01:07:53 devstack sudo[92965]: pam_unix(sudo:session): session closed for user root
Jul 03 01:07:53 devstack cinder-volume[86772]: DEBUG oslo_concurrency.processutils [None req-8c006e1e-5f62-4074-a09d-1770f6ef1750 tempest-GroupsV314Test-1380891647 None] CMD "sudo cinder-rootwrap /etc/cinder/rootwrap.conf chmod ugo+rw /opt/stack/data/cinder/mnt/b453e831081e89184b1c9bb6cb63fc23/volume-ad16ae67-1115-4599-ad2b-d16b5ed242d2" returned: 0 in 0.772s {{(pid=86772) execute /opt/stack/data/venv/lib/python3.12/site-packages/oslo_concurrency/processutils.py:468}}
Jul 03 01:07:53 devstack cinder-volume[86772]: DEBUG cinder.coordination [None req-8c006e1e-5f62-4074-a09d-1770f6ef1750 tempest-GroupsV314Test-1380891647 None] Lock "cinder-quobyte-ad16ae67-1115-4599-ad2b-d16b5ed242d2" released by "_copy_volume_from_snapshot" :: held 10.994s {{(pid=86772) __release /opt/stack/cinder/cinder/coordination.py:152}}
Jul 03 01:07:53 devstack cinder-volume[86772]: DEBUG cinder.coordination [None req-8c006e1e-5f62-4074-a09d-1770f6ef1750 tempest-GroupsV314Test-1380891647 None] Acquiring lock "cinder-quobyte-9a67f9b2-e704-4801-bdb0-318292a4114f" by "_delete_snapshot" {{(pid=86772) __acquire /opt/stack/cinder/cinder/coordination.py:138}}
