Aug 05 10:29:58 devstack cinder-volume[88736]: DEBUG cinder.volume.flows.manager.create_volume [None req-12001682-da6e-4804-ba0f-b7e1c2d78748 tempest-VolumeSnapshotQuotasNegativeTestJSON-1277609650 None] Volume reschedule parameters: True retry: {'num_attempts': 1, 'backends': ['devstack@QuobyteHD#QuobyteHD'], 'hosts': ['devstack@QuobyteHD#QuobyteHD']} {{(pid=88736) get_flow /opt/stack/cinder/cinder/volume/flows/manager/create_volume.py:1397}}
Aug 05 10:29:58 devstack cinder-volume[88736]: DEBUG cinder.volume.manager [None req-12001682-da6e-4804-ba0f-b7e1c2d78748 tempest-VolumeSnapshotQuotasNegativeTestJSON-1277609650 None] Flow 'volume_create_manager' (1eb0ec7d-1def-4eb7-a7ef-6da3b6bc05ab) transitioned into state 'RUNNING' from state 'PENDING' {{(pid=88736) _flow_receiver /opt/stack/data/venv/lib/python3.12/site-packages/taskflow/listeners/logging.py:160}}
Aug 05 10:29:58 devstack cinder-volume[88736]: DEBUG cinder.volume.manager [None req-12001682-da6e-4804-ba0f-b7e1c2d78748 tempest-VolumeSnapshotQuotasNegativeTestJSON-1277609650 None] Task 'cinder.volume.flows.manager.create_volume.ExtractVolumeRefTask;volume:create' (09c2a6e0-f235-4b52-bb20-1e31e20e1ede) transitioned into state 'RUNNING' from state 'PENDING' {{(pid=88736) _task_receiver /opt/stack/data/venv/lib/python3.12/site-packages/taskflow/listeners/logging.py:242}}
Aug 05 10:29:58 devstack cinder-volume[88736]: DEBUG cinder.volume.manager [None req-12001682-da6e-4804-ba0f-b7e1c2d78748 tempest-VolumeSnapshotQuotasNegativeTestJSON-1277609650 None] Task 'cinder.volume.flows.manager.create_volume.ExtractVolumeRefTask;volume:create' (09c2a6e0-f235-4b52-bb20-1e31e20e1ede) transitioned into state 'SUCCESS' from state 'RUNNING' with result 'Volume(_name_id=None,admin_metadata=,attach_status='detached',availability_zone='nova',bootable=False,cluster=,cluster_name=None,consistencygroup=,consistencygroup_id=None,created_at=2026-08-05T08:29:58Z,deleted=False,deleted_at=None,display_description=None,display_name='tempest-VolumeSnapshotQuotasNegativeTestJSON-Volume-1466484366',ec2_id=None,encryption_key_id=None,glance_metadata=,group=,group_id=None,host='devstack@QuobyteHD#QuobyteHD',id=fdc0c412-a109-4f88-a594-b68ab0c30194,launched_at=None,metadata={},migration_status=None,multiattach=False,previous_status=None,project_id='620ae56492d747b2bef7da3279099f88',provider_auth=None,provider_geometry=None,provider_id=None,provider_location=None,replication_driver_data=None,replication_extended_status=None,replication_status=None,scheduled_at=2026-08-05T08:29:59Z,service_uuid=None,shared_targets=True,size=1,snapshot_id=None,snapshots=,source_volid=None,status='creating',terminated_at=None,updated_at=2026-08-05T08:29:59Z,use_quota=True,user_id='9ab0036283754e2284ca3bc0b14b2395',volume_attachment=VolumeAttachmentList,volume_type=VolumeType(03e559df-80e8-4a86-8fd4-4d6ca4d25413),volume_type_id=03e559df-80e8-4a86-8fd4-4d6ca4d25413)' {{(pid=88736) _task_receiver /opt/stack/data/venv/lib/python3.12/site-packages/taskflow/listeners/logging.py:218}}
Aug 05 10:29:58 devstack cinder-volume[88736]: DEBUG cinder.volume.manager [None req-12001682-da6e-4804-ba0f-b7e1c2d78748 tempest-VolumeSnapshotQuotasNegativeTestJSON-1277609650 None] Task 'cinder.volume.flows.manager.create_volume.OnFailureRescheduleTask;volume:create' (78f88898-ea78-4c27-acc2-13af2afec580) transitioned into state 'RUNNING' from state 'PENDING' {{(pid=88736) _task_receiver /opt/stack/data/venv/lib/python3.12/site-packages/taskflow/listeners/logging.py:242}}
Aug 05 10:29:58 devstack cinder-volume[88736]: DEBUG cinder.volume.manager [None req-12001682-da6e-4804-ba0f-b7e1c2d78748 tempest-VolumeSnapshotQuotasNegativeTestJSON-1277609650 None] Task 'cinder.volume.flows.manager.create_volume.OnFailureRescheduleTask;volume:create' (78f88898-ea78-4c27-acc2-13af2afec580) transitioned into state 'SUCCESS' from state 'RUNNING' with result 'None' {{(pid=88736) _task_receiver /opt/stack/data/venv/lib/python3.12/site-packages/taskflow/listeners/logging.py:218}}
Aug 05 10:29:58 devstack cinder-volume[88736]: DEBUG cinder.volume.manager [None req-12001682-da6e-4804-ba0f-b7e1c2d78748 tempest-VolumeSnapshotQuotasNegativeTestJSON-1277609650 None] Task 'cinder.volume.flows.manager.create_volume.ExtractVolumeSpecTask;volume:create' (80e7b9d1-b59c-4a20-9479-6d7031c8b79d) transitioned into state 'RUNNING' from state 'PENDING' {{(pid=88736) _task_receiver /opt/stack/data/venv/lib/python3.12/site-packages/taskflow/listeners/logging.py:242}}
Aug 05 10:29:58 devstack cinder-volume[88736]: DEBUG cinder.volume.manager [None req-12001682-da6e-4804-ba0f-b7e1c2d78748 tempest-VolumeSnapshotQuotasNegativeTestJSON-1277609650 None] Task 'cinder.volume.flows.manager.create_volume.ExtractVolumeSpecTask;volume:create' (80e7b9d1-b59c-4a20-9479-6d7031c8b79d) transitioned into state 'SUCCESS' from state 'RUNNING' with result '{'status': 'creating', 'type': 'raw', 'volume_id': 'fdc0c412-a109-4f88-a594-b68ab0c30194', 'volume_name': 'volume-fdc0c412-a109-4f88-a594-b68ab0c30194', 'volume_size': 1}' {{(pid=88736) _task_receiver /opt/stack/data/venv/lib/python3.12/site-packages/taskflow/listeners/logging.py:218}}
Aug 05 10:29:58 devstack cinder-volume[88736]: DEBUG cinder.volume.manager [None req-12001682-da6e-4804-ba0f-b7e1c2d78748 tempest-VolumeSnapshotQuotasNegativeTestJSON-1277609650 None] Task 'cinder.volume.flows.manager.create_volume.NotifyVolumeActionTask;volume:create, create.start' (60730122-c449-4b27-a576-4f5516bbcac3) transitioned into state 'RUNNING' from state 'PENDING' {{(pid=88736) _task_receiver /opt/stack/data/venv/lib/python3.12/site-packages/taskflow/listeners/logging.py:242}}
Aug 05 10:29:58 devstack cinder-volume[88736]: DEBUG cinder.volume.manager [None req-12001682-da6e-4804-ba0f-b7e1c2d78748 tempest-VolumeSnapshotQuotasNegativeTestJSON-1277609650 None] Task 'cinder.volume.flows.manager.create_volume.NotifyVolumeActionTask;volume:create, create.start' (60730122-c449-4b27-a576-4f5516bbcac3) transitioned into state 'SUCCESS' from state 'RUNNING' with result 'None' {{(pid=88736) _task_receiver /opt/stack/data/venv/lib/python3.12/site-packages/taskflow/listeners/logging.py:218}}
Aug 05 10:29:58 devstack cinder-volume[88736]: DEBUG cinder.volume.manager [None req-12001682-da6e-4804-ba0f-b7e1c2d78748 tempest-VolumeSnapshotQuotasNegativeTestJSON-1277609650 None] Task 'cinder.volume.flows.manager.create_volume.CreateVolumeFromSpecTask;volume:create' (faa59129-8426-4378-a31c-e1f192ebfed2) transitioned into state 'RUNNING' from state 'PENDING' {{(pid=88736) _task_receiver /opt/stack/data/venv/lib/python3.12/site-packages/taskflow/listeners/logging.py:242}}
Aug 05 10:29:58 devstack cinder-volume[88736]: INFO cinder.volume.flows.manager.create_volume [None req-12001682-da6e-4804-ba0f-b7e1c2d78748 tempest-VolumeSnapshotQuotasNegativeTestJSON-1277609650 None] Volume fdc0c412-a109-4f88-a594-b68ab0c30194: being created as raw with specification: {'status': 'creating', 'volume_name': 'volume-fdc0c412-a109-4f88-a594-b68ab0c30194', 'volume_size': 1}
Aug 05 10:29:58 devstack cinder-volume[88736]: DEBUG oslo_concurrency.lockutils [None req-12001682-da6e-4804-ba0f-b7e1c2d78748 tempest-VolumeSnapshotQuotasNegativeTestJSON-1277609650 None] Acquiring lock "quobyte" by "cinder.volume.drivers.quobyte.QuobyteDriver.create_volume" {{(pid=88736) inner /opt/stack/data/venv/lib/python3.12/site-packages/oslo_concurrency/lockutils.py:512}}
Aug 05 10:29:58 devstack cinder-volume[88736]: DEBUG oslo_concurrency.lockutils [None req-12001682-da6e-4804-ba0f-b7e1c2d78748 tempest-VolumeSnapshotQuotasNegativeTestJSON-1277609650 None] Lock "quobyte" acquired by "cinder.volume.drivers.quobyte.QuobyteDriver.create_volume" :: waited 0.000s {{(pid=88736) inner /opt/stack/data/venv/lib/python3.12/site-packages/oslo_concurrency/lockutils.py:525}}
Aug 05 10:29:58 devstack cinder-volume[88736]: DEBUG cinder.volume.drivers.quobyte [None req-12001682-da6e-4804-ba0f-b7e1c2d78748 tempest-VolumeSnapshotQuotasNegativeTestJSON-1277609650 None] ==> create_volume: call "{'self': , 'volume': Volume(_name_id=None,admin_metadata=,attach_status='detached',availability_zone='nova',bootable=False,cluster=,cluster_name=None,consistencygroup=,consistencygroup_id=None,created_at=2026-08-05T08:29:58Z,deleted=False,deleted_at=None,display_description=None,display_name='tempest-VolumeSnapshotQuotasNegativeTestJSON-Volume-1466484366',ec2_id=None,encryption_key_id=None,glance_metadata=,group=,group_id=None,host='devstack@QuobyteHD#QuobyteHD',id=fdc0c412-a109-4f88-a594-b68ab0c30194,launched_at=None,metadata={},migration_status=None,multiattach=False,previous_status=None,project_id='620ae56492d747b2bef7da3279099f88',provider_auth=None,provider_geometry=None,provider_id=None,provider_location=None,replication_driver_data=None,replication_extended_status=None,replication_status=None,scheduled_at=2026-08-05T08:29:59Z,service_uuid=None,shared_targets=True,size=1,snapshot_id=None,snapshots=,source_volid=None,status='creating',terminated_at=None,updated_at=2026-08-05T08:29:59Z,use_quota=True,user_id='9ab0036283754e2284ca3bc0b14b2395',volume_attachment=VolumeAttachmentList,volume_type=VolumeType(03e559df-80e8-4a86-8fd4-4d6ca4d25413),volume_type_id=03e559df-80e8-4a86-8fd4-4d6ca4d25413)}" {{(pid=88736) trace_logging_wrapper /opt/stack/cinder/cinder/volume/volume_utils.py:1497}}
Aug 05 10:29:58 devstack cinder-volume[88736]: DEBUG cinder.volume.drivers.remotefs [None req-12001682-da6e-4804-ba0f-b7e1c2d78748 tempest-VolumeSnapshotQuotasNegativeTestJSON-1277609650 None] Creating volume fdc0c412-a109-4f88-a594-b68ab0c30194 {{(pid=88736) create_volume /opt/stack/cinder/cinder/volume/drivers/remotefs.py:292}}
Aug 05 10:29:58 devstack cinder-volume[88736]: DEBUG oslo_concurrency.lockutils [None req-12001682-da6e-4804-ba0f-b7e1c2d78748 tempest-VolumeSnapshotQuotasNegativeTestJSON-1277609650 None] Acquiring lock "quobyte_ensure" by "cinder.volume.drivers.quobyte.QuobyteDriver._ensure_shares_mounted" {{(pid=88736) inner /opt/stack/data/venv/lib/python3.12/site-packages/oslo_concurrency/lockutils.py:512}}
Aug 05 10:29:58 devstack cinder-volume[88736]: DEBUG oslo_concurrency.lockutils [None req-12001682-da6e-4804-ba0f-b7e1c2d78748 tempest-VolumeSnapshotQuotasNegativeTestJSON-1277609650 None] Lock "quobyte_ensure" acquired by "cinder.volume.drivers.quobyte.QuobyteDriver._ensure_shares_mounted" :: waited 0.000s {{(pid=88736) inner /opt/stack/data/venv/lib/python3.12/site-packages/oslo_concurrency/lockutils.py:525}}
Aug 05 10:29:58 devstack cinder-volume[88736]: DEBUG cinder.volume.drivers.quobyte [None req-12001682-da6e-4804-ba0f-b7e1c2d78748 tempest-VolumeSnapshotQuotasNegativeTestJSON-1277609650 None] Quobyte Volume URL set to: {'osci02.corp.quobyte.com/cinder-vol-cbd4823d-25ce-472b-afd4-164a3c71b3a7': None} {{(pid=88736) _load_shares_config /opt/stack/cinder/cinder/volume/drivers/quobyte.py:665}}
Aug 05 10:29:58 devstack cinder-volume[88736]: DEBUG cinder.volume.drivers.quobyte [None req-12001682-da6e-4804-ba0f-b7e1c2d78748 tempest-VolumeSnapshotQuotasNegativeTestJSON-1277609650 None] Available shares ['osci02.corp.quobyte.com/cinder-vol-cbd4823d-25ce-472b-afd4-164a3c71b3a7'] {{(pid=88736) _ensure_shares_mounted /opt/stack/cinder/cinder/volume/drivers/quobyte.py:695}}
Aug 05 10:29:58 devstack cinder-volume[88736]: DEBUG oslo_concurrency.lockutils [None req-12001682-da6e-4804-ba0f-b7e1c2d78748 tempest-VolumeSnapshotQuotasNegativeTestJSON-1277609650 None] Lock "quobyte_ensure" "released" by "cinder.volume.drivers.quobyte.QuobyteDriver._ensure_shares_mounted" :: held 0.009s {{(pid=88736) inner /opt/stack/data/venv/lib/python3.12/site-packages/oslo_concurrency/lockutils.py:544}}
Aug 05 10:29:58 devstack cinder-volume[88736]: DEBUG cinder.volume.drivers.quobyte [None req-12001682-da6e-4804-ba0f-b7e1c2d78748 tempest-VolumeSnapshotQuotasNegativeTestJSON-1277609650 None] Selected osci02.corp.quobyte.com/cinder-vol-cbd4823d-25ce-472b-afd4-164a3c71b3a7 as target Quobyte volume. {{(pid=88736) _find_share /opt/stack/cinder/cinder/volume/drivers/quobyte.py:716}}
Aug 05 10:29:58 devstack cinder-volume[88736]: INFO cinder.volume.drivers.remotefs [None req-12001682-da6e-4804-ba0f-b7e1c2d78748 tempest-VolumeSnapshotQuotasNegativeTestJSON-1277609650 None] casted to osci02.corp.quobyte.com/cinder-vol-cbd4823d-25ce-472b-afd4-164a3c71b3a7
Aug 05 10:29:58 devstack cinder-volume[88736]: DEBUG oslo_concurrency.processutils [None req-12001682-da6e-4804-ba0f-b7e1c2d78748 tempest-VolumeSnapshotQuotasNegativeTestJSON-1277609650 None] Running cmd (subprocess): sudo cinder-rootwrap /etc/cinder/rootwrap.conf qemu-img create -f qcow2 -o preallocation=metadata /opt/stack/data/cinder/mnt/58ac7b8679e4503f114ae84b9e2cf5bd/volume-fdc0c412-a109-4f88-a594-b68ab0c30194 1073741824 {{(pid=88736) execute /opt/stack/data/venv/lib/python3.12/site-packages/oslo_concurrency/processutils.py:440}}
Aug 05 10:29:59 devstack sudo[96243]: quobyte : PWD=/ ; USER=root ; COMMAND=/opt/stack/data/venv/bin/cinder-rootwrap /etc/cinder/rootwrap.conf qemu-img create -f qcow2 -o preallocation=metadata /opt/stack/data/cinder/mnt/58ac7b8679e4503f114ae84b9e2cf5bd/volume-fdc0c412-a109-4f88-a594-b68ab0c30194 1073741824
Aug 05 10:29:59 devstack sudo[96243]: pam_unix(sudo:session): session opened for user root(uid=0) by (uid=1000)
Aug 05 10:29:59 devstack cinder-volume[88736]: INFO cinder.volume.manager [None req-1d2864b3-b2da-4907-a423-d9e266682393 tempest-GroupSnapshotsTest-1753681046 None] Update group completed successfully.
Aug 05 10:29:59 devstack sudo[96243]: pam_unix(sudo:session): session closed for user root
Aug 05 10:29:59 devstack cinder-volume[88736]: DEBUG oslo_concurrency.processutils [None req-12001682-da6e-4804-ba0f-b7e1c2d78748 tempest-VolumeSnapshotQuotasNegativeTestJSON-1277609650 None] CMD "sudo cinder-rootwrap /etc/cinder/rootwrap.conf qemu-img create -f qcow2 -o preallocation=metadata /opt/stack/data/cinder/mnt/58ac7b8679e4503f114ae84b9e2cf5bd/volume-fdc0c412-a109-4f88-a594-b68ab0c30194 1073741824" returned: 0 in 0.600s {{(pid=88736) execute /opt/stack/data/venv/lib/python3.12/site-packages/oslo_concurrency/processutils.py:468}}
Aug 05 10:29:59 devstack cinder-volume[88736]: DEBUG oslo_concurrency.processutils [None req-12001682-da6e-4804-ba0f-b7e1c2d78748 tempest-VolumeSnapshotQuotasNegativeTestJSON-1277609650 None] Running cmd (subprocess): sudo cinder-rootwrap /etc/cinder/rootwrap.conf chmod ugo+rw /opt/stack/data/cinder/mnt/58ac7b8679e4503f114ae84b9e2cf5bd/volume-fdc0c412-a109-4f88-a594-b68ab0c30194 {{(pid=88736) execute /opt/stack/data/venv/lib/python3.12/site-packages/oslo_concurrency/processutils.py:440}}
Aug 05 10:29:59 devstack sudo[96249]: quobyte : PWD=/ ; USER=root ; COMMAND=/opt/stack/data/venv/bin/cinder-rootwrap /etc/cinder/rootwrap.conf chmod ugo+rw /opt/stack/data/cinder/mnt/58ac7b8679e4503f114ae84b9e2cf5bd/volume-fdc0c412-a109-4f88-a594-b68ab0c30194
Aug 05 10:29:59 devstack sudo[96249]: pam_unix(sudo:session): session opened for user root(uid=0) by (uid=1000)
Aug 05 10:30:00 devstack sudo[96249]: pam_unix(sudo:session): session closed for user root
Aug 05 10:30:00 devstack cinder-volume[88736]: DEBUG oslo_concurrency.processutils [None req-12001682-da6e-4804-ba0f-b7e1c2d78748 tempest-VolumeSnapshotQuotasNegativeTestJSON-1277609650 None] CMD "sudo cinder-rootwrap /etc/cinder/rootwrap.conf chmod ugo+rw /opt/stack/data/cinder/mnt/58ac7b8679e4503f114ae84b9e2cf5bd/volume-fdc0c412-a109-4f88-a594-b68ab0c30194" returned: 0 in 0.352s {{(pid=88736) execute /opt/stack/data/venv/lib/python3.12/site-packages/oslo_concurrency/processutils.py:468}}
Aug 05 10:30:00 devstack cinder-volume[88736]: DEBUG cinder.volume.drivers.quobyte [None req-12001682-da6e-4804-ba0f-b7e1c2d78748 tempest-VolumeSnapshotQuotasNegativeTestJSON-1277609650 None] <== create_volume: return (1055ms) {'provider_location': 'osci02.corp.quobyte.com/cinder-vol-cbd4823d-25ce-472b-afd4-164a3c71b3a7'} {{(pid=88736) trace_logging_wrapper /opt/stack/cinder/cinder/volume/volume_utils.py:1522}}
Aug 05 10:30:00 devstack cinder-volume[88736]: DEBUG oslo_concurrency.lockutils [None req-12001682-da6e-4804-ba0f-b7e1c2d78748 tempest-VolumeSnapshotQuotasNegativeTestJSON-1277609650 None] Lock "quobyte" "released" by "cinder.volume.drivers.quobyte.QuobyteDriver.create_volume" :: held 1.060s {{(pid=88736) inner /opt/stack/data/venv/lib/python3.12/site-packages/oslo_concurrency/lockutils.py:544}}
Aug 05 10:30:00 devstack cinder-volume[88736]: DEBUG cinder.volume.manager [None req-12001682-da6e-4804-ba0f-b7e1c2d78748 tempest-VolumeSnapshotQuotasNegativeTestJSON-1277609650 None] Task 'cinder.volume.flows.manager.create_volume.CreateVolumeFromSpecTask;volume:create' (faa59129-8426-4378-a31c-e1f192ebfed2) transitioned into state 'SUCCESS' from state 'RUNNING' with result '{'status': 'creating', 'volume_name': 'volume-fdc0c412-a109-4f88-a594-b68ab0c30194', 'volume_size': 1}' {{(pid=88736) _task_receiver /opt/stack/data/venv/lib/python3.12/site-packages/taskflow/listeners/logging.py:218}}
Aug 05 10:30:00 devstack cinder-volume[88736]: DEBUG cinder.volume.manager [None req-12001682-da6e-4804-ba0f-b7e1c2d78748 tempest-VolumeSnapshotQuotasNegativeTestJSON-1277609650 None] Task 'cinder.volume.flows.manager.create_volume.CreateVolumeOnFinishTask;volume:create, create.end' (4ef3d586-537e-4f4d-82c0-94a0061247eb) transitioned into state 'RUNNING' from state 'PENDING' {{(pid=88736) _task_receiver /opt/stack/data/venv/lib/python3.12/site-packages/taskflow/listeners/logging.py:242}}
Aug 05 10:30:00 devstack cinder-volume[88736]: INFO cinder.volume.flows.manager.create_volume [None req-12001682-da6e-4804-ba0f-b7e1c2d78748 tempest-VolumeSnapshotQuotasNegativeTestJSON-1277609650 None] Volume volume-fdc0c412-a109-4f88-a594-b68ab0c30194 (fdc0c412-a109-4f88-a594-b68ab0c30194): created successfully
Aug 05 10:30:00 devstack cinder-volume[88736]: DEBUG cinder.volume.manager [None req-12001682-da6e-4804-ba0f-b7e1c2d78748 tempest-VolumeSnapshotQuotasNegativeTestJSON-1277609650 None] Task 'cinder.volume.flows.manager.create_volume.CreateVolumeOnFinishTask;volume:create, create.end' (4ef3d586-537e-4f4d-82c0-94a0061247eb) transitioned into state 'SUCCESS' from state 'RUNNING' with result 'None' {{(pid=88736) _task_receiver /opt/stack/data/venv/lib/python3.12/site-packages/taskflow/listeners/logging.py:218}}
Aug 05 10:30:00 devstack cinder-volume[88736]: DEBUG cinder.volume.manager [None req-12001682-da6e-4804-ba0f-b7e1c2d78748 tempest-VolumeSnapshotQuotasNegativeTestJSON-1277609650 None] Flow 'volume_create_manager' (1eb0ec7d-1def-4eb7-a7ef-6da3b6bc05ab) transitioned into state 'SUCCESS' from state 'RUNNING' {{(pid=88736) _flow_receiver /opt/stack/data/venv/lib/python3.12/site-packages/taskflow/listeners/logging.py:160}}
Aug 05 10:30:00 devstack cinder-volume[88736]: INFO cinder.volume.manager [None req-12001682-da6e-4804-ba0f-b7e1c2d78748 tempest-VolumeSnapshotQuotasNegativeTestJSON-1277609650 None] Created volume successfully.
Aug 05 10:30:00 devstack cinder-volume[88736]: INFO cinder.volume.manager [None req-b63e1636-909f-4fdd-b439-b052b74879e7 tempest-GroupSnapshotsTest-1753681046 None] GroupSnapshot 2948bed2-8406-412f-858c-950cd962336f: creating.
Aug 05 10:30:00 devstack cinder-volume[88736]: DEBUG cinder.volume.manager [None req-b63e1636-909f-4fdd-b439-b052b74879e7 tempest-GroupSnapshotsTest-1753681046 None] Group snapshot 2948bed2-8406-412f-858c-950cd962336f: creating. {{(pid=88736) create_group_snapshot /opt/stack/cinder/cinder/volume/manager.py:4175}}
Aug 05 10:30:00 devstack cinder-volume[88736]: DEBUG oslo_concurrency.lockutils [None req-b63e1636-909f-4fdd-b439-b052b74879e7 tempest-GroupSnapshotsTest-1753681046 None] Acquiring lock "quobyte" by "cinder.volume.drivers.quobyte.QuobyteDriver.create_snapshot" {{(pid=88736) inner /opt/stack/data/venv/lib/python3.12/site-packages/oslo_concurrency/lockutils.py:512}}
Aug 05 10:30:00 devstack cinder-volume[88736]: DEBUG oslo_concurrency.lockutils [None req-b63e1636-909f-4fdd-b439-b052b74879e7 tempest-GroupSnapshotsTest-1753681046 None] Lock "quobyte" acquired by "cinder.volume.drivers.quobyte.QuobyteDriver.create_snapshot" :: waited 0.001s {{(pid=88736) inner /opt/stack/data/venv/lib/python3.12/site-packages/oslo_concurrency/lockutils.py:525}}
Aug 05 10:30:00 devstack cinder-volume[88736]: DEBUG cinder.volume.drivers.remotefs [None req-b63e1636-909f-4fdd-b439-b052b74879e7 tempest-GroupSnapshotsTest-1753681046 None] Creating offline snapshot 3c720229-3427-4e21-99d6-c7e1a2a2db48 of volume 43e93c4c-7e15-4850-beff-cd4e483290a3 {{(pid=88736) _create_snapshot /opt/stack/cinder/cinder/volume/drivers/remotefs.py:1816}}
Aug 05 10:30:01 devstack cinder-volume[88736]: DEBUG oslo.privsep.daemon [-] privsep: reply[d4589f26-1bbd-457a-bdff-b0449dfc4d2d]: (4, 'qcow2') {{(pid=90235) _call_back /opt/stack/data/venv/lib/python3.12/site-packages/oslo_privsep/daemon.py:580}}
Aug 05 10:30:01 devstack cinder-volume[88736]: DEBUG oslo_concurrency.processutils [None req-b63e1636-909f-4fdd-b439-b052b74879e7 tempest-GroupSnapshotsTest-1753681046 None] Running cmd (subprocess): /opt/stack/data/venv/bin/python3.12 -m oslo_concurrency.prlimit --as=1073741824 --cpu=60 -- sudo cinder-rootwrap /etc/cinder/rootwrap.conf env LC_ALL=C qemu-img info -f qcow2 --output=json --force-share /opt/stack/data/cinder/mnt/58ac7b8679e4503f114ae84b9e2cf5bd/volume-43e93c4c-7e15-4850-beff-cd4e483290a3 {{(pid=88736) execute /opt/stack/data/venv/lib/python3.12/site-packages/oslo_concurrency/processutils.py:440}}
Aug 05 10:30:01 devstack sudo[96263]: quobyte : PWD=/ ; USER=root ; COMMAND=/opt/stack/data/venv/bin/cinder-rootwrap /etc/cinder/rootwrap.conf env LC_ALL=C qemu-img info -f qcow2 --output=json --force-share /opt/stack/data/cinder/mnt/58ac7b8679e4503f114ae84b9e2cf5bd/volume-43e93c4c-7e15-4850-beff-cd4e483290a3
Aug 05 10:30:01 devstack sudo[96263]: pam_unix(sudo:session): session opened for user root(uid=0) by (uid=1000)
Aug 05 10:30:01 devstack cinder-volume[88736]: DEBUG oslo_concurrency.lockutils [None req-3255c258-9e08-4cc9-a01f-5a0aae579ddb tempest-VolumeSnapshotQuotasNegativeTestJSON-1277609650 None] Acquiring lock "quobyte" by "cinder.volume.drivers.quobyte.QuobyteDriver.create_snapshot" {{(pid=88736) inner /opt/stack/data/venv/lib/python3.12/site-packages/oslo_concurrency/lockutils.py:512}}
Aug 05 10:30:01 devstack sudo[96263]: pam_unix(sudo:session): session closed for user root
Aug 05 10:30:01 devstack cinder-volume[88736]: DEBUG oslo_concurrency.processutils [None req-b63e1636-909f-4fdd-b439-b052b74879e7 tempest-GroupSnapshotsTest-1753681046 None] CMD "/opt/stack/data/venv/bin/python3.12 -m oslo_concurrency.prlimit --as=1073741824 --cpu=60 -- sudo cinder-rootwrap /etc/cinder/rootwrap.conf env LC_ALL=C qemu-img info -f qcow2 --output=json --force-share /opt/stack/data/cinder/mnt/58ac7b8679e4503f114ae84b9e2cf5bd/volume-43e93c4c-7e15-4850-beff-cd4e483290a3" returned: 0 in 0.592s {{(pid=88736) execute /opt/stack/data/venv/lib/python3.12/site-packages/oslo_concurrency/processutils.py:468}}
Aug 05 10:30:01 devstack cinder-volume[88736]: DEBUG oslo_concurrency.processutils [None req-b63e1636-909f-4fdd-b439-b052b74879e7 tempest-GroupSnapshotsTest-1753681046 None] Running cmd (subprocess): sudo cinder-rootwrap /etc/cinder/rootwrap.conf qemu-img create -f qcow2 -o backing_file=/opt/stack/data/cinder/mnt/58ac7b8679e4503f114ae84b9e2cf5bd/volume-43e93c4c-7e15-4850-beff-cd4e483290a3,backing_fmt=qcow2 /opt/stack/data/cinder/mnt/58ac7b8679e4503f114ae84b9e2cf5bd/volume-43e93c4c-7e15-4850-beff-cd4e483290a3.3c720229-3427-4e21-99d6-c7e1a2a2db48 1G {{(pid=88736) execute /opt/stack/data/venv/lib/python3.12/site-packages/oslo_concurrency/processutils.py:440}}
Aug 05 10:30:01 devstack sudo[96268]: quobyte : PWD=/ ; USER=root ; COMMAND=/opt/stack/data/venv/bin/cinder-rootwrap /etc/cinder/rootwrap.conf qemu-img create -f qcow2 -o backing_file=/opt/stack/data/cinder/mnt/58ac7b8679e4503f114ae84b9e2cf5bd/volume-43e93c4c-7e15-4850-beff-cd4e483290a3,backing_fmt=qcow2 /opt/stack/data/cinder/mnt/58ac7b8679e4503f114ae84b9e2cf5bd/volume-43e93c4c-7e15-4850-beff-cd4e483290a3.3c720229-3427-4e21-99d6-c7e1a2a2db48 1G
Aug 05 10:30:01 devstack sudo[96268]: pam_unix(sudo:session): session opened for user root(uid=0) by (uid=1000)
Aug 05 10:30:02 devstack sudo[96268]: pam_unix(sudo:session): session closed for user root
Aug 05 10:30:02 devstack cinder-volume[88736]: DEBUG oslo_concurrency.processutils [None req-b63e1636-909f-4fdd-b439-b052b74879e7 tempest-GroupSnapshotsTest-1753681046 None] CMD "sudo cinder-rootwrap /etc/cinder/rootwrap.conf qemu-img create -f qcow2 -o backing_file=/opt/stack/data/cinder/mnt/58ac7b8679e4503f114ae84b9e2cf5bd/volume-43e93c4c-7e15-4850-beff-cd4e483290a3,backing_fmt=qcow2 /opt/stack/data/cinder/mnt/58ac7b8679e4503f114ae84b9e2cf5bd/volume-43e93c4c-7e15-4850-beff-cd4e483290a3.3c720229-3427-4e21-99d6-c7e1a2a2db48 1G" returned: 0 in 0.591s {{(pid=88736) execute /opt/stack/data/venv/lib/python3.12/site-packages/oslo_concurrency/processutils.py:468}}
Aug 05 10:30:02 devstack cinder-volume[88736]: DEBUG oslo_concurrency.processutils [None req-b63e1636-909f-4fdd-b439-b052b74879e7 tempest-GroupSnapshotsTest-1753681046 None] Running cmd (subprocess): sudo cinder-rootwrap /etc/cinder/rootwrap.conf qemu-img rebase -u -b volume-43e93c4c-7e15-4850-beff-cd4e483290a3 -F qcow2 /opt/stack/data/cinder/mnt/58ac7b8679e4503f114ae84b9e2cf5bd/volume-43e93c4c-7e15-4850-beff-cd4e483290a3.3c720229-3427-4e21-99d6-c7e1a2a2db48 {{(pid=88736) execute /opt/stack/data/venv/lib/python3.12/site-packages/oslo_concurrency/processutils.py:440}}
Aug 05 10:30:02 devstack sudo[96274]: quobyte : PWD=/ ; USER=root ; COMMAND=/opt/stack/data/venv/bin/cinder-rootwrap /etc/cinder/rootwrap.conf qemu-img rebase -u -b volume-43e93c4c-7e15-4850-beff-cd4e483290a3 -F qcow2 /opt/stack/data/cinder/mnt/58ac7b8679e4503f114ae84b9e2cf5bd/volume-43e93c4c-7e15-4850-beff-cd4e483290a3.3c720229-3427-4e21-99d6-c7e1a2a2db48
Aug 05 10:30:02 devstack sudo[96274]: pam_unix(sudo:session): session opened for user root(uid=0) by (uid=1000)
Aug 05 10:30:02 devstack sudo[96274]: pam_unix(sudo:session): session closed for user root
Aug 05 10:30:02 devstack cinder-volume[88736]: DEBUG oslo_concurrency.processutils [None req-b63e1636-909f-4fdd-b439-b052b74879e7 tempest-GroupSnapshotsTest-1753681046 None] CMD "sudo cinder-rootwrap /etc/cinder/rootwrap.conf qemu-img rebase -u -b volume-43e93c4c-7e15-4850-beff-cd4e483290a3 -F qcow2 /opt/stack/data/cinder/mnt/58ac7b8679e4503f114ae84b9e2cf5bd/volume-43e93c4c-7e15-4850-beff-cd4e483290a3.3c720229-3427-4e21-99d6-c7e1a2a2db48" returned: 0 in 0.361s {{(pid=88736) execute /opt/stack/data/venv/lib/python3.12/site-packages/oslo_concurrency/processutils.py:468}}
Aug 05 10:30:02 devstack cinder-volume[88736]: WARNING cinder.volume.drivers.remotefs [None req-b63e1636-909f-4fdd-b439-b052b74879e7 tempest-GroupSnapshotsTest-1753681046 None] /opt/stack/data/cinder/mnt/58ac7b8679e4503f114ae84b9e2cf5bd/volume-43e93c4c-7e15-4850-beff-cd4e483290a3.3c720229-3427-4e21-99d6-c7e1a2a2db48 is being set with open permissions: ugo+rw: NotImplementedError
Aug 05 10:30:02 devstack cinder-volume[88736]: DEBUG oslo_concurrency.processutils [None req-b63e1636-909f-4fdd-b439-b052b74879e7 tempest-GroupSnapshotsTest-1753681046 None] Running cmd (subprocess): sudo cinder-rootwrap /etc/cinder/rootwrap.conf chmod ugo+rw /opt/stack/data/cinder/mnt/58ac7b8679e4503f114ae84b9e2cf5bd/volume-43e93c4c-7e15-4850-beff-cd4e483290a3.3c720229-3427-4e21-99d6-c7e1a2a2db48 {{(pid=88736) execute /opt/stack/data/venv/lib/python3.12/site-packages/oslo_concurrency/processutils.py:440}}
Aug 05 10:30:02 devstack sudo[96282]: quobyte : PWD=/ ; USER=root ; COMMAND=/opt/stack/data/venv/bin/cinder-rootwrap /etc/cinder/rootwrap.conf chmod ugo+rw /opt/stack/data/cinder/mnt/58ac7b8679e4503f114ae84b9e2cf5bd/volume-43e93c4c-7e15-4850-beff-cd4e483290a3.3c720229-3427-4e21-99d6-c7e1a2a2db48
Aug 05 10:30:02 devstack sudo[96282]: pam_unix(sudo:session): session opened for user root(uid=0) by (uid=1000)
Aug 05 10:30:02 devstack sudo[96282]: pam_unix(sudo:session): session closed for user root
Aug 05 10:30:02 devstack cinder-volume[88736]: DEBUG oslo_concurrency.processutils [None req-b63e1636-909f-4fdd-b439-b052b74879e7 tempest-GroupSnapshotsTest-1753681046 None] CMD "sudo cinder-rootwrap /etc/cinder/rootwrap.conf chmod ugo+rw /opt/stack/data/cinder/mnt/58ac7b8679e4503f114ae84b9e2cf5bd/volume-43e93c4c-7e15-4850-beff-cd4e483290a3.3c720229-3427-4e21-99d6-c7e1a2a2db48" returned: 0 in 0.274s {{(pid=88736) execute /opt/stack/data/venv/lib/python3.12/site-packages/oslo_concurrency/processutils.py:468}}
Aug 05 10:30:02 devstack cinder-volume[88736]: DEBUG oslo_concurrency.processutils [None req-b63e1636-909f-4fdd-b439-b052b74879e7 tempest-GroupSnapshotsTest-1753681046 None] Running cmd (subprocess): sudo cinder-rootwrap /etc/cinder/rootwrap.conf truncate -s0 /opt/stack/data/cinder/mnt/58ac7b8679e4503f114ae84b9e2cf5bd/volume-43e93c4c-7e15-4850-beff-cd4e483290a3.info {{(pid=88736) execute /opt/stack/data/venv/lib/python3.12/site-packages/oslo_concurrency/processutils.py:440}}
Aug 05 10:30:02 devstack sudo[96285]: quobyte : PWD=/ ; USER=root ; COMMAND=/opt/stack/data/venv/bin/cinder-rootwrap /etc/cinder/rootwrap.conf truncate -s0 /opt/stack/data/cinder/mnt/58ac7b8679e4503f114ae84b9e2cf5bd/volume-43e93c4c-7e15-4850-beff-cd4e483290a3.info
Aug 05 10:30:02 devstack sudo[96285]: pam_unix(sudo:session): session opened for user root(uid=0) by (uid=1000)
Aug 05 10:30:03 devstack sudo[96285]: pam_unix(sudo:session): session closed for user root
Aug 05 10:30:03 devstack cinder-volume[88736]: DEBUG oslo_concurrency.processutils [None req-b63e1636-909f-4fdd-b439-b052b74879e7 tempest-GroupSnapshotsTest-1753681046 None] CMD "sudo cinder-rootwrap /etc/cinder/rootwrap.conf truncate -s0 /opt/stack/data/cinder/mnt/58ac7b8679e4503f114ae84b9e2cf5bd/volume-43e93c4c-7e15-4850-beff-cd4e483290a3.info" returned: 0 in 0.280s {{(pid=88736) execute /opt/stack/data/venv/lib/python3.12/site-packages/oslo_concurrency/processutils.py:468}}
Aug 05 10:30:03 devstack cinder-volume[88736]: WARNING cinder.volume.drivers.remotefs [None req-b63e1636-909f-4fdd-b439-b052b74879e7 tempest-GroupSnapshotsTest-1753681046 None] /opt/stack/data/cinder/mnt/58ac7b8679e4503f114ae84b9e2cf5bd/volume-43e93c4c-7e15-4850-beff-cd4e483290a3.info is being set with open permissions: ugo+rw: NotImplementedError
Aug 05 10:30:03 devstack cinder-volume[88736]: DEBUG oslo_concurrency.processutils [None req-b63e1636-909f-4fdd-b439-b052b74879e7 tempest-GroupSnapshotsTest-1753681046 None] Running cmd (subprocess): sudo cinder-rootwrap /etc/cinder/rootwrap.conf chmod ugo+rw /opt/stack/data/cinder/mnt/58ac7b8679e4503f114ae84b9e2cf5bd/volume-43e93c4c-7e15-4850-beff-cd4e483290a3.info {{(pid=88736) execute /opt/stack/data/venv/lib/python3.12/site-packages/oslo_concurrency/processutils.py:440}}
Aug 05 10:30:03 devstack sudo[96290]: quobyte : PWD=/ ; USER=root ; COMMAND=/opt/stack/data/venv/bin/cinder-rootwrap /etc/cinder/rootwrap.conf chmod ugo+rw /opt/stack/data/cinder/mnt/58ac7b8679e4503f114ae84b9e2cf5bd/volume-43e93c4c-7e15-4850-beff-cd4e483290a3.info
Aug 05 10:30:03 devstack sudo[96290]: pam_unix(sudo:session): session opened for user root(uid=0) by (uid=1000)
Aug 05 10:30:03 devstack sudo[96290]: pam_unix(sudo:session): session closed for user root
Aug 05 10:30:03 devstack cinder-volume[88736]: DEBUG oslo_concurrency.processutils [None req-b63e1636-909f-4fdd-b439-b052b74879e7 tempest-GroupSnapshotsTest-1753681046 None] CMD "sudo cinder-rootwrap /etc/cinder/rootwrap.conf chmod ugo+rw /opt/stack/data/cinder/mnt/58ac7b8679e4503f114ae84b9e2cf5bd/volume-43e93c4c-7e15-4850-beff-cd4e483290a3.info" returned: 0 in 0.305s {{(pid=88736) execute /opt/stack/data/venv/lib/python3.12/site-packages/oslo_concurrency/processutils.py:468}}
Aug 05 10:30:03 devstack cinder-volume[88736]: DEBUG oslo_concurrency.lockutils [None req-b63e1636-909f-4fdd-b439-b052b74879e7 tempest-GroupSnapshotsTest-1753681046 None] Lock "quobyte" "released" by "cinder.volume.drivers.quobyte.QuobyteDriver.create_snapshot" :: held 2.527s {{(pid=88736) inner /opt/stack/data/venv/lib/python3.12/site-packages/oslo_concurrency/lockutils.py:544}}
Aug 05 10:30:03 devstack cinder-volume[88736]: DEBUG oslo_concurrency.lockutils [None req-b63e1636-909f-4fdd-b439-b052b74879e7 tempest-GroupSnapshotsTest-1753681046 None] Acquiring lock "quobyte" by "cinder.volume.drivers.quobyte.QuobyteDriver.create_snapshot" {{(pid=88736) inner /opt/stack/data/venv/lib/python3.12/site-packages/oslo_concurrency/lockutils.py:512}}
Aug 05 10:30:03 devstack cinder-volume[88736]: DEBUG oslo_concurrency.lockutils [None req-b63e1636-909f-4fdd-b439-b052b74879e7 tempest-GroupSnapshotsTest-1753681046 None] Lock "quobyte" acquired by "cinder.volume.drivers.quobyte.QuobyteDriver.create_snapshot" :: waited 0.000s {{(pid=88736) inner /opt/stack/data/venv/lib/python3.12/site-packages/oslo_concurrency/lockutils.py:525}}
Aug 05 10:30:03 devstack cinder-volume[88736]: DEBUG cinder.volume.drivers.remotefs [None req-b63e1636-909f-4fdd-b439-b052b74879e7 tempest-GroupSnapshotsTest-1753681046 None] Creating offline snapshot 65dd007c-4843-48ef-819b-b760e5e51f66 of volume bdb2d1f8-ca97-464e-ab8a-4a78ceef74d9 {{(pid=88736) _create_snapshot /opt/stack/cinder/cinder/volume/drivers/remotefs.py:1816}}
Aug 05 10:30:03 devstack cinder-volume[88736]: DEBUG oslo.privsep.daemon [-] privsep: reply[1b8fa6a5-3bb8-4e33-a05b-44f4bbf96cce]: (4, 'qcow2') {{(pid=90235) _call_back /opt/stack/data/venv/lib/python3.12/site-packages/oslo_privsep/daemon.py:580}}
Aug 05 10:30:03 devstack cinder-volume[88736]: DEBUG oslo_concurrency.processutils [None req-b63e1636-909f-4fdd-b439-b052b74879e7 tempest-GroupSnapshotsTest-1753681046 None] Running cmd (subprocess): /opt/stack/data/venv/bin/python3.12 -m oslo_concurrency.prlimit --as=1073741824 --cpu=60 -- sudo cinder-rootwrap /etc/cinder/rootwrap.conf env LC_ALL=C qemu-img info -f qcow2 --output=json --force-share /opt/stack/data/cinder/mnt/58ac7b8679e4503f114ae84b9e2cf5bd/volume-bdb2d1f8-ca97-464e-ab8a-4a78ceef74d9 {{(pid=88736) execute /opt/stack/data/venv/lib/python3.12/site-packages/oslo_concurrency/processutils.py:440}}
Aug 05 10:30:03 devstack sudo[96293]: quobyte : PWD=/ ; USER=root ; COMMAND=/opt/stack/data/venv/bin/cinder-rootwrap /etc/cinder/rootwrap.conf env LC_ALL=C qemu-img info -f qcow2 --output=json --force-share /opt/stack/data/cinder/mnt/58ac7b8679e4503f114ae84b9e2cf5bd/volume-bdb2d1f8-ca97-464e-ab8a-4a78ceef74d9
Aug 05 10:30:03 devstack sudo[96293]: pam_unix(sudo:session): session opened for user root(uid=0) by (uid=1000)
Aug 05 10:30:04 devstack sudo[96293]: pam_unix(sudo:session): session closed for user root
Aug 05 10:30:04 devstack cinder-volume[88736]: DEBUG oslo_concurrency.processutils [None req-b63e1636-909f-4fdd-b439-b052b74879e7 tempest-GroupSnapshotsTest-1753681046 None] CMD "/opt/stack/data/venv/bin/python3.12 -m oslo_concurrency.prlimit --as=1073741824 --cpu=60 -- sudo cinder-rootwrap /etc/cinder/rootwrap.conf env LC_ALL=C qemu-img info -f qcow2 --output=json --force-share /opt/stack/data/cinder/mnt/58ac7b8679e4503f114ae84b9e2cf5bd/volume-bdb2d1f8-ca97-464e-ab8a-4a78ceef74d9" returned: 0 in 0.516s {{(pid=88736) execute /opt/stack/data/venv/lib/python3.12/site-packages/oslo_concurrency/processutils.py:468}}
Aug 05 10:30:04 devstack cinder-volume[88736]: DEBUG oslo_concurrency.processutils [None req-b63e1636-909f-4fdd-b439-b052b74879e7 tempest-GroupSnapshotsTest-1753681046 None] Running cmd (subprocess): sudo cinder-rootwrap /etc/cinder/rootwrap.conf qemu-img create -f qcow2 -o backing_file=/opt/stack/data/cinder/mnt/58ac7b8679e4503f114ae84b9e2cf5bd/volume-bdb2d1f8-ca97-464e-ab8a-4a78ceef74d9,backing_fmt=qcow2 /opt/stack/data/cinder/mnt/58ac7b8679e4503f114ae84b9e2cf5bd/volume-bdb2d1f8-ca97-464e-ab8a-4a78ceef74d9.65dd007c-4843-48ef-819b-b760e5e51f66 1G {{(pid=88736) execute /opt/stack/data/venv/lib/python3.12/site-packages/oslo_concurrency/processutils.py:440}}
Aug 05 10:30:04 devstack sudo[96299]: quobyte : PWD=/ ; USER=root ; COMMAND=/opt/stack/data/venv/bin/cinder-rootwrap /etc/cinder/rootwrap.conf qemu-img create -f qcow2 -o backing_file=/opt/stack/data/cinder/mnt/58ac7b8679e4503f114ae84b9e2cf5bd/volume-bdb2d1f8-ca97-464e-ab8a-4a78ceef74d9,backing_fmt=qcow2 /opt/stack/data/cinder/mnt/58ac7b8679e4503f114ae84b9e2cf5bd/volume-bdb2d1f8-ca97-464e-ab8a-4a78ceef74d9.65dd007c-4843-48ef-819b-b760e5e51f66 1G
Aug 05 10:30:04 devstack sudo[96299]: pam_unix(sudo:session): session opened for user root(uid=0) by (uid=1000)
Aug 05 10:30:04 devstack sudo[96299]: pam_unix(sudo:session): session closed for user root
Aug 05 10:30:04 devstack cinder-volume[88736]: DEBUG oslo_concurrency.processutils [None req-b63e1636-909f-4fdd-b439-b052b74879e7 tempest-GroupSnapshotsTest-1753681046 None] CMD "sudo cinder-rootwrap /etc/cinder/rootwrap.conf qemu-img create -f qcow2 -o backing_file=/opt/stack/data/cinder/mnt/58ac7b8679e4503f114ae84b9e2cf5bd/volume-bdb2d1f8-ca97-464e-ab8a-4a78ceef74d9,backing_fmt=qcow2 /opt/stack/data/cinder/mnt/58ac7b8679e4503f114ae84b9e2cf5bd/volume-bdb2d1f8-ca97-464e-ab8a-4a78ceef74d9.65dd007c-4843-48ef-819b-b760e5e51f66 1G" returned: 0 in 0.690s {{(pid=88736) execute /opt/stack/data/venv/lib/python3.12/site-packages/oslo_concurrency/processutils.py:468}}
Aug 05 10:30:04 devstack cinder-volume[88736]: DEBUG oslo_concurrency.processutils [None req-b63e1636-909f-4fdd-b439-b052b74879e7 tempest-GroupSnapshotsTest-1753681046 None] Running cmd (subprocess): sudo cinder-rootwrap /etc/cinder/rootwrap.conf qemu-img rebase -u -b volume-bdb2d1f8-ca97-464e-ab8a-4a78ceef74d9 -F qcow2 /opt/stack/data/cinder/mnt/58ac7b8679e4503f114ae84b9e2cf5bd/volume-bdb2d1f8-ca97-464e-ab8a-4a78ceef74d9.65dd007c-4843-48ef-819b-b760e5e51f66 {{(pid=88736) execute /opt/stack/data/venv/lib/python3.12/site-packages/oslo_concurrency/processutils.py:440}}
Aug 05 10:30:04 devstack sudo[96312]: quobyte : PWD=/ ; USER=root ; COMMAND=/opt/stack/data/venv/bin/cinder-rootwrap /etc/cinder/rootwrap.conf qemu-img rebase -u -b volume-bdb2d1f8-ca97-464e-ab8a-4a78ceef74d9 -F qcow2 /opt/stack/data/cinder/mnt/58ac7b8679e4503f114ae84b9e2cf5bd/volume-bdb2d1f8-ca97-464e-ab8a-4a78ceef74d9.65dd007c-4843-48ef-819b-b760e5e51f66
Aug 05 10:30:04 devstack sudo[96312]: pam_unix(sudo:session): session opened for user root(uid=0) by (uid=1000)
Aug 05 10:30:05 devstack sudo[96312]: pam_unix(sudo:session): session closed for user root
Aug 05 10:30:05 devstack cinder-volume[88736]: DEBUG oslo_concurrency.processutils [None req-b63e1636-909f-4fdd-b439-b052b74879e7 tempest-GroupSnapshotsTest-1753681046 None] CMD "sudo cinder-rootwrap /etc/cinder/rootwrap.conf qemu-img rebase -u -b volume-bdb2d1f8-ca97-464e-ab8a-4a78ceef74d9 -F qcow2 /opt/stack/data/cinder/mnt/58ac7b8679e4503f114ae84b9e2cf5bd/volume-bdb2d1f8-ca97-464e-ab8a-4a78ceef74d9.65dd007c-4843-48ef-819b-b760e5e51f66" returned: 0 in 0.563s {{(pid=88736) execute /opt/stack/data/venv/lib/python3.12/site-packages/oslo_concurrency/processutils.py:468}}
Aug 05 10:30:05 devstack cinder-volume[88736]: WARNING cinder.volume.drivers.remotefs [None req-b63e1636-909f-4fdd-b439-b052b74879e7 tempest-GroupSnapshotsTest-1753681046 None] /opt/stack/data/cinder/mnt/58ac7b8679e4503f114ae84b9e2cf5bd/volume-bdb2d1f8-ca97-464e-ab8a-4a78ceef74d9.65dd007c-4843-48ef-819b-b760e5e51f66 is being set with open permissions: ugo+rw: NotImplementedError
Aug 05 10:30:05 devstack cinder-volume[88736]: DEBUG oslo_concurrency.processutils [None req-b63e1636-909f-4fdd-b439-b052b74879e7 tempest-GroupSnapshotsTest-1753681046 None] Running cmd (subprocess): sudo cinder-rootwrap /etc/cinder/rootwrap.conf chmod ugo+rw /opt/stack/data/cinder/mnt/58ac7b8679e4503f114ae84b9e2cf5bd/volume-bdb2d1f8-ca97-464e-ab8a-4a78ceef74d9.65dd007c-4843-48ef-819b-b760e5e51f66 {{(pid=88736) execute /opt/stack/data/venv/lib/python3.12/site-packages/oslo_concurrency/processutils.py:440}}
Aug 05 10:30:05 devstack sudo[96338]: quobyte : PWD=/ ; USER=root ; COMMAND=/opt/stack/data/venv/bin/cinder-rootwrap /etc/cinder/rootwrap.conf chmod ugo+rw /opt/stack/data/cinder/mnt/58ac7b8679e4503f114ae84b9e2cf5bd/volume-bdb2d1f8-ca97-464e-ab8a-4a78ceef74d9.65dd007c-4843-48ef-819b-b760e5e51f66
Aug 05 10:30:05 devstack sudo[96338]: pam_unix(sudo:session): session opened for user root(uid=0) by (uid=1000)
Aug 05 10:30:05 devstack cinder-volume[88736]: DEBUG cinder.volume.flows.manager.create_volume [None req-c731f894-2c64-4ae7-ab7e-0903fa2fd1af tempest-VolumesSnapshotTestJSON-182025420 None] Volume reschedule parameters: True retry: {'num_attempts': 1, 'backends': ['devstack@QuobyteHD#QuobyteHD'], 'hosts': ['devstack@QuobyteHD#QuobyteHD']} {{(pid=88736) get_flow /opt/stack/cinder/cinder/volume/flows/manager/create_volume.py:1397}}
Aug 05 10:30:05 devstack sudo[96338]: pam_unix(sudo:session): session closed for user root
Aug 05 10:30:05 devstack cinder-volume[88736]: DEBUG cinder.volume.manager [None req-c731f894-2c64-4ae7-ab7e-0903fa2fd1af tempest-VolumesSnapshotTestJSON-182025420 None] Flow 'volume_create_manager' (aafee03f-d2fe-4157-8108-293fba66185b) transitioned into state 'RUNNING' from state 'PENDING' {{(pid=88736) _flow_receiver /opt/stack/data/venv/lib/python3.12/site-packages/taskflow/listeners/logging.py:160}}
Aug 05 10:30:05 devstack cinder-volume[88736]: DEBUG cinder.volume.manager [None req-c731f894-2c64-4ae7-ab7e-0903fa2fd1af tempest-VolumesSnapshotTestJSON-182025420 None] Task 'cinder.volume.flows.manager.create_volume.ExtractVolumeRefTask;volume:create' (1d6fca5c-2c61-4741-8f1e-bd51f43d7daf) transitioned into state 'RUNNING' from state 'PENDING' {{(pid=88736) _task_receiver /opt/stack/data/venv/lib/python3.12/site-packages/taskflow/listeners/logging.py:242}}
Aug 05 10:30:05 devstack cinder-volume[88736]: DEBUG oslo_concurrency.processutils [None req-b63e1636-909f-4fdd-b439-b052b74879e7 tempest-GroupSnapshotsTest-1753681046 None] CMD "sudo cinder-rootwrap /etc/cinder/rootwrap.conf chmod ugo+rw /opt/stack/data/cinder/mnt/58ac7b8679e4503f114ae84b9e2cf5bd/volume-bdb2d1f8-ca97-464e-ab8a-4a78ceef74d9.65dd007c-4843-48ef-819b-b760e5e51f66" returned: 0 in 0.356s {{(pid=88736) execute /opt/stack/data/venv/lib/python3.12/site-packages/oslo_concurrency/processutils.py:468}}
Aug 05 10:30:05 devstack cinder-volume[88736]: DEBUG cinder.volume.manager [None req-c731f894-2c64-4ae7-ab7e-0903fa2fd1af tempest-VolumesSnapshotTestJSON-182025420 None] Task 'cinder.volume.flows.manager.create_volume.ExtractVolumeRefTask;volume:create' (1d6fca5c-2c61-4741-8f1e-bd51f43d7daf) transitioned into state 'SUCCESS' from state 'RUNNING' with result 'Volume(_name_id=None,admin_metadata=,attach_status='detached',availability_zone='nova',bootable=False,cluster=,cluster_name=None,consistencygroup=,consistencygroup_id=None,created_at=2026-08-05T08:30:05Z,deleted=False,deleted_at=None,display_description=None,display_name='tempest-VolumesSnapshotTestJSON-Volume-403507073',ec2_id=None,encryption_key_id=None,glance_metadata=,group=,group_id=None,host='devstack@QuobyteHD#QuobyteHD',id=e3a6d6f4-72d7-4629-a681-70626c1029d9,launched_at=None,metadata={},migration_status=None,multiattach=False,previous_status=None,project_id='e1200cd63afa4175a61e9b5613680143',provider_auth=None,provider_geometry=None,provider_id=None,provider_location=None,replication_driver_data=None,replication_extended_status=None,replication_status=None,scheduled_at=2026-08-05T08:30:06Z,service_uuid=None,shared_targets=True,size=1,snapshot_id=None,snapshots=,source_volid=None,status='creating',terminated_at=None,updated_at=2026-08-05T08:30:06Z,use_quota=True,user_id='ed760878836741cfbbac0f719e81272b',volume_attachment=VolumeAttachmentList,volume_type=VolumeType(03e559df-80e8-4a86-8fd4-4d6ca4d25413),volume_type_id=03e559df-80e8-4a86-8fd4-4d6ca4d25413)' {{(pid=88736) _task_receiver /opt/stack/data/venv/lib/python3.12/site-packages/taskflow/listeners/logging.py:218}}
Aug 05 10:30:05 devstack cinder-volume[88736]: DEBUG cinder.volume.manager [None req-c731f894-2c64-4ae7-ab7e-0903fa2fd1af tempest-VolumesSnapshotTestJSON-182025420 None] Task 'cinder.volume.flows.manager.create_volume.OnFailureRescheduleTask;volume:create' (9c0a684e-3d7f-4b24-bcd4-9ae1e87a5984) transitioned into state 'RUNNING' from state 'PENDING' {{(pid=88736) _task_receiver /opt/stack/data/venv/lib/python3.12/site-packages/taskflow/listeners/logging.py:242}}
Aug 05 10:30:05 devstack cinder-volume[88736]: DEBUG cinder.volume.manager [None req-c731f894-2c64-4ae7-ab7e-0903fa2fd1af tempest-VolumesSnapshotTestJSON-182025420 None] Task 'cinder.volume.flows.manager.create_volume.OnFailureRescheduleTask;volume:create' (9c0a684e-3d7f-4b24-bcd4-9ae1e87a5984) transitioned into state 'SUCCESS' from state 'RUNNING' with result 'None' {{(pid=88736) _task_receiver /opt/stack/data/venv/lib/python3.12/site-packages/taskflow/listeners/logging.py:218}}
Aug 05 10:30:05 devstack cinder-volume[88736]: DEBUG cinder.volume.manager [None req-c731f894-2c64-4ae7-ab7e-0903fa2fd1af tempest-VolumesSnapshotTestJSON-182025420 None] Task 'cinder.volume.flows.manager.create_volume.ExtractVolumeSpecTask;volume:create' (a5b3e5ba-8ceb-4ccf-977e-9a1c5c075811) transitioned into state 'RUNNING' from state 'PENDING' {{(pid=88736) _task_receiver /opt/stack/data/venv/lib/python3.12/site-packages/taskflow/listeners/logging.py:242}}
Aug 05 10:30:05 devstack cinder-volume[88736]: DEBUG cinder.volume.manager [None req-c731f894-2c64-4ae7-ab7e-0903fa2fd1af tempest-VolumesSnapshotTestJSON-182025420 None] Task 'cinder.volume.flows.manager.create_volume.ExtractVolumeSpecTask;volume:create' (a5b3e5ba-8ceb-4ccf-977e-9a1c5c075811) transitioned into state 'SUCCESS' from state 'RUNNING' with result '{'status': 'creating', 'type': 'raw', 'volume_id': 'e3a6d6f4-72d7-4629-a681-70626c1029d9', 'volume_name': 'volume-e3a6d6f4-72d7-4629-a681-70626c1029d9', 'volume_size': 1}' {{(pid=88736) _task_receiver /opt/stack/data/venv/lib/python3.12/site-packages/taskflow/listeners/logging.py:218}}
Aug 05 10:30:05 devstack cinder-volume[88736]: DEBUG cinder.volume.manager [None req-c731f894-2c64-4ae7-ab7e-0903fa2fd1af tempest-VolumesSnapshotTestJSON-182025420 None] Task 'cinder.volume.flows.manager.create_volume.NotifyVolumeActionTask;volume:create, create.start' (49522f39-805c-44b1-af21-ce03cb4a5932) transitioned into state 'RUNNING' from state 'PENDING' {{(pid=88736) _task_receiver /opt/stack/data/venv/lib/python3.12/site-packages/taskflow/listeners/logging.py:242}}
Aug 05 10:30:05 devstack cinder-volume[88736]: DEBUG cinder.volume.manager [None req-c731f894-2c64-4ae7-ab7e-0903fa2fd1af tempest-VolumesSnapshotTestJSON-182025420 None] Task 'cinder.volume.flows.manager.create_volume.NotifyVolumeActionTask;volume:create, create.start' (49522f39-805c-44b1-af21-ce03cb4a5932) transitioned into state 'SUCCESS' from state 'RUNNING' with result 'None' {{(pid=88736) _task_receiver /opt/stack/data/venv/lib/python3.12/site-packages/taskflow/listeners/logging.py:218}}
Aug 05 10:30:05 devstack cinder-volume[88736]: DEBUG cinder.volume.manager [None req-c731f894-2c64-4ae7-ab7e-0903fa2fd1af tempest-VolumesSnapshotTestJSON-182025420 None] Task 'cinder.volume.flows.manager.create_volume.CreateVolumeFromSpecTask;volume:create' (ad156398-c43e-440a-ac46-e62b46fb0a6d) transitioned into state 'RUNNING' from state 'PENDING' {{(pid=88736) _task_receiver /opt/stack/data/venv/lib/python3.12/site-packages/taskflow/listeners/logging.py:242}}
Aug 05 10:30:05 devstack cinder-volume[88736]: INFO cinder.volume.flows.manager.create_volume [None req-c731f894-2c64-4ae7-ab7e-0903fa2fd1af tempest-VolumesSnapshotTestJSON-182025420 None] Volume e3a6d6f4-72d7-4629-a681-70626c1029d9: being created as raw with specification: {'status': 'creating', 'volume_name': 'volume-e3a6d6f4-72d7-4629-a681-70626c1029d9', 'volume_size': 1}
Aug 05 10:30:05 devstack cinder-volume[88736]: DEBUG oslo_concurrency.lockutils [None req-c731f894-2c64-4ae7-ab7e-0903fa2fd1af tempest-VolumesSnapshotTestJSON-182025420 None] Acquiring lock "quobyte" by "cinder.volume.drivers.quobyte.QuobyteDriver.create_volume" {{(pid=88736) inner /opt/stack/data/venv/lib/python3.12/site-packages/oslo_concurrency/lockutils.py:512}}
Aug 05 10:30:05 devstack cinder-volume[88736]: DEBUG oslo_concurrency.processutils [None req-b63e1636-909f-4fdd-b439-b052b74879e7 tempest-GroupSnapshotsTest-1753681046 None] Running cmd (subprocess): sudo cinder-rootwrap /etc/cinder/rootwrap.conf truncate -s0 /opt/stack/data/cinder/mnt/58ac7b8679e4503f114ae84b9e2cf5bd/volume-bdb2d1f8-ca97-464e-ab8a-4a78ceef74d9.info {{(pid=88736) execute /opt/stack/data/venv/lib/python3.12/site-packages/oslo_concurrency/processutils.py:440}}
Aug 05 10:30:05 devstack sudo[96342]: quobyte : PWD=/ ; USER=root ; COMMAND=/opt/stack/data/venv/bin/cinder-rootwrap /etc/cinder/rootwrap.conf truncate -s0 /opt/stack/data/cinder/mnt/58ac7b8679e4503f114ae84b9e2cf5bd/volume-bdb2d1f8-ca97-464e-ab8a-4a78ceef74d9.info
Aug 05 10:30:05 devstack sudo[96342]: pam_unix(sudo:session): session opened for user root(uid=0) by (uid=1000)
Aug 05 10:30:06 devstack sudo[96342]: pam_unix(sudo:session): session closed for user root
Aug 05 10:30:06 devstack cinder-volume[88736]: DEBUG oslo_concurrency.processutils [None req-b63e1636-909f-4fdd-b439-b052b74879e7 tempest-GroupSnapshotsTest-1753681046 None] CMD "sudo cinder-rootwrap /etc/cinder/rootwrap.conf truncate -s0 /opt/stack/data/cinder/mnt/58ac7b8679e4503f114ae84b9e2cf5bd/volume-bdb2d1f8-ca97-464e-ab8a-4a78ceef74d9.info" returned: 0 in 0.268s {{(pid=88736) execute /opt/stack/data/venv/lib/python3.12/site-packages/oslo_concurrency/processutils.py:468}}
Aug 05 10:30:06 devstack cinder-volume[88736]: WARNING cinder.volume.drivers.remotefs [None req-b63e1636-909f-4fdd-b439-b052b74879e7 tempest-GroupSnapshotsTest-1753681046 None] /opt/stack/data/cinder/mnt/58ac7b8679e4503f114ae84b9e2cf5bd/volume-bdb2d1f8-ca97-464e-ab8a-4a78ceef74d9.info is being set with open permissions: ugo+rw: NotImplementedError
