Aug 05 10:29:31 devstack cinder-volume[88736]: DEBUG oslo_concurrency.processutils [None req-0af36f05-d291-46ae-b551-7775fbc738cd tempest-VolumesTransfersV357Test-1653126700 None] Running cmd (subprocess): /opt/stack/data/venv/bin/python3.12 -m oslo_concurrency.prlimit --as=1073741824 --cpu=60 -- sudo cinder-rootwrap /etc/cinder/rootwrap.conf env LC_ALL=C qemu-img info -f qcow2 --output=json --force-share /opt/stack/data/cinder/mnt/58ac7b8679e4503f114ae84b9e2cf5bd/volume-34f3d19b-c3f7-49e4-930b-dd2fd93a62c8 {{(pid=88736) execute /opt/stack/data/venv/lib/python3.12/site-packages/oslo_concurrency/processutils.py:440}}
Aug 05 10:29:31 devstack sudo[96046]: quobyte : PWD=/ ; USER=root ; COMMAND=/opt/stack/data/venv/bin/cinder-rootwrap /etc/cinder/rootwrap.conf env LC_ALL=C qemu-img info -f qcow2 --output=json --force-share /opt/stack/data/cinder/mnt/58ac7b8679e4503f114ae84b9e2cf5bd/volume-34f3d19b-c3f7-49e4-930b-dd2fd93a62c8
Aug 05 10:29:31 devstack sudo[96046]: pam_unix(sudo:session): session opened for user root(uid=0) by (uid=1000)
Aug 05 10:29:31 devstack cinder-volume[88736]: DEBUG cinder.coordination [None req-daaa8b05-7be0-4b8c-91aa-278d23db1494 tempest-VolumeQuotasNegativeTestJSON-976073010 None] Acquiring lock "cinder-63fc3166-e97d-41e9-8759-006df67ac1c5-delete_volume" by "delete_volume" {{(pid=88736) __acquire /opt/stack/cinder/cinder/coordination.py:138}}
Aug 05 10:29:31 devstack cinder-volume[88736]: DEBUG cinder.coordination [None req-daaa8b05-7be0-4b8c-91aa-278d23db1494 tempest-VolumeQuotasNegativeTestJSON-976073010 None] Lock "cinder-63fc3166-e97d-41e9-8759-006df67ac1c5-delete_volume" acquired by "delete_volume" :: waited 0.042s {{(pid=88736) __acquire /opt/stack/cinder/cinder/coordination.py:141}}
Aug 05 10:29:31 devstack sudo[96044]: pam_unix(sudo:session): session closed for user root
Aug 05 10:29:31 devstack cinder-volume[88736]: DEBUG oslo_concurrency.processutils [None req-03d1e24e-0101-4292-9a72-bf9b70740500 tempest-GroupSnapshotsTest-1753681046 None] CMD "/opt/stack/data/venv/bin/python3.12 -m oslo_concurrency.prlimit --as=1073741824 --cpu=60 -- sudo cinder-rootwrap /etc/cinder/rootwrap.conf env LC_ALL=C qemu-img info -f qcow2 --output=json --force-share /opt/stack/data/cinder/mnt/58ac7b8679e4503f114ae84b9e2cf5bd/volume-35cd6f9d-795d-421f-9262-8b59c3ef23b4" returned: 0 in 0.521s {{(pid=88736) execute /opt/stack/data/venv/lib/python3.12/site-packages/oslo_concurrency/processutils.py:468}}
Aug 05 10:29:31 devstack cinder-volume[88736]: DEBUG cinder.volume.drivers.quobyte [None req-03d1e24e-0101-4292-9a72-bf9b70740500 tempest-GroupSnapshotsTest-1753681046 None] will copy from snapshot at /opt/stack/data/cinder/mnt/58ac7b8679e4503f114ae84b9e2cf5bd/volume-35cd6f9d-795d-421f-9262-8b59c3ef23b4 {{(pid=88736) _copy_volume_from_snapshot /opt/stack/cinder/cinder/volume/drivers/quobyte.py:426}}
Aug 05 10:29:31 devstack cinder-volume[88736]: DEBUG cinder.volume.drivers.quobyte [None req-03d1e24e-0101-4292-9a72-bf9b70740500 tempest-GroupSnapshotsTest-1753681046 None] Creating direct copy from snapshot {{(pid=88736) _copy_volume_from_snapshot /opt/stack/cinder/cinder/volume/drivers/quobyte.py:434}}
Aug 05 10:29:31 devstack cinder-volume[88736]: DEBUG cinder.utils [None req-03d1e24e-0101-4292-9a72-bf9b70740500 tempest-GroupSnapshotsTest-1753681046 None] Path /opt/stack/data/cinder/mnt/58ac7b8679e4503f114ae84b9e2cf5bd/volume-7fcefb97-2229-434e-959d-13027ab25d5d not found in is_blk_device check {{(pid=88736) is_blk_device /opt/stack/cinder/cinder/utils.py:615}}
Aug 05 10:29:31 devstack cinder-volume[88736]: DEBUG oslo_concurrency.processutils [None req-03d1e24e-0101-4292-9a72-bf9b70740500 tempest-GroupSnapshotsTest-1753681046 None] Running cmd (subprocess): sudo cinder-rootwrap /etc/cinder/rootwrap.conf qemu-img convert -O qcow2 /opt/stack/data/cinder/mnt/58ac7b8679e4503f114ae84b9e2cf5bd/volume-35cd6f9d-795d-421f-9262-8b59c3ef23b4 /opt/stack/data/cinder/mnt/58ac7b8679e4503f114ae84b9e2cf5bd/volume-7fcefb97-2229-434e-959d-13027ab25d5d {{(pid=88736) execute /opt/stack/data/venv/lib/python3.12/site-packages/oslo_concurrency/processutils.py:440}}
Aug 05 10:29:31 devstack cinder-volume[88736]: DEBUG cinder.coordination [None req-daaa8b05-7be0-4b8c-91aa-278d23db1494 tempest-VolumeQuotasNegativeTestJSON-976073010 None] Acquiring lock "cinder-quobyte-63fc3166-e97d-41e9-8759-006df67ac1c5" by "delete_volume" {{(pid=88736) __acquire /opt/stack/cinder/cinder/coordination.py:138}}
Aug 05 10:29:31 devstack cinder-volume[88736]: DEBUG cinder.coordination [None req-daaa8b05-7be0-4b8c-91aa-278d23db1494 tempest-VolumeQuotasNegativeTestJSON-976073010 None] Lock "cinder-quobyte-63fc3166-e97d-41e9-8759-006df67ac1c5" acquired by "delete_volume" :: waited 0.023s {{(pid=88736) __acquire /opt/stack/cinder/cinder/coordination.py:141}}
Aug 05 10:29:31 devstack sudo[96051]: quobyte : PWD=/ ; USER=root ; COMMAND=/opt/stack/data/venv/bin/cinder-rootwrap /etc/cinder/rootwrap.conf qemu-img convert -O qcow2 /opt/stack/data/cinder/mnt/58ac7b8679e4503f114ae84b9e2cf5bd/volume-35cd6f9d-795d-421f-9262-8b59c3ef23b4 /opt/stack/data/cinder/mnt/58ac7b8679e4503f114ae84b9e2cf5bd/volume-7fcefb97-2229-434e-959d-13027ab25d5d
Aug 05 10:29:31 devstack sudo[96051]: pam_unix(sudo:session): session opened for user root(uid=0) by (uid=1000)
Aug 05 10:29:31 devstack cinder-volume[88736]: DEBUG oslo.privsep.daemon [-] privsep: reply[356dcdfb-8e8a-4ec4-a530-b1af7c75dfbe]: (4, 'qcow2') {{(pid=90235) _call_back /opt/stack/data/venv/lib/python3.12/site-packages/oslo_privsep/daemon.py:580}}
Aug 05 10:29:31 devstack cinder-volume[88736]: DEBUG oslo_concurrency.processutils [None req-daaa8b05-7be0-4b8c-91aa-278d23db1494 tempest-VolumeQuotasNegativeTestJSON-976073010 None] Running cmd (subprocess): /opt/stack/data/venv/bin/python3.12 -m oslo_concurrency.prlimit --as=1073741824 --cpu=60 -- sudo cinder-rootwrap /etc/cinder/rootwrap.conf env LC_ALL=C qemu-img info -f qcow2 --output=json --force-share /opt/stack/data/cinder/mnt/58ac7b8679e4503f114ae84b9e2cf5bd/volume-63fc3166-e97d-41e9-8759-006df67ac1c5 {{(pid=88736) execute /opt/stack/data/venv/lib/python3.12/site-packages/oslo_concurrency/processutils.py:440}}
Aug 05 10:29:31 devstack sudo[96046]: pam_unix(sudo:session): session closed for user root
Aug 05 10:29:31 devstack sudo[96053]: quobyte : PWD=/ ; USER=root ; COMMAND=/opt/stack/data/venv/bin/cinder-rootwrap /etc/cinder/rootwrap.conf env LC_ALL=C qemu-img info -f qcow2 --output=json --force-share /opt/stack/data/cinder/mnt/58ac7b8679e4503f114ae84b9e2cf5bd/volume-63fc3166-e97d-41e9-8759-006df67ac1c5
Aug 05 10:29:31 devstack sudo[96053]: pam_unix(sudo:session): session opened for user root(uid=0) by (uid=1000)
Aug 05 10:29:31 devstack cinder-volume[88736]: DEBUG oslo_concurrency.processutils [None req-0af36f05-d291-46ae-b551-7775fbc738cd tempest-VolumesTransfersV357Test-1653126700 None] CMD "/opt/stack/data/venv/bin/python3.12 -m oslo_concurrency.prlimit --as=1073741824 --cpu=60 -- sudo cinder-rootwrap /etc/cinder/rootwrap.conf env LC_ALL=C qemu-img info -f qcow2 --output=json --force-share /opt/stack/data/cinder/mnt/58ac7b8679e4503f114ae84b9e2cf5bd/volume-34f3d19b-c3f7-49e4-930b-dd2fd93a62c8" returned: 0 in 0.505s {{(pid=88736) execute /opt/stack/data/venv/lib/python3.12/site-packages/oslo_concurrency/processutils.py:468}}
Aug 05 10:29:31 devstack cinder-volume[88736]: DEBUG oslo_concurrency.processutils [None req-0af36f05-d291-46ae-b551-7775fbc738cd tempest-VolumesTransfersV357Test-1653126700 None] Running cmd (subprocess): sudo cinder-rootwrap /etc/cinder/rootwrap.conf rm -f /opt/stack/data/cinder/mnt/58ac7b8679e4503f114ae84b9e2cf5bd/volume-34f3d19b-c3f7-49e4-930b-dd2fd93a62c8 {{(pid=88736) execute /opt/stack/data/venv/lib/python3.12/site-packages/oslo_concurrency/processutils.py:440}}
Aug 05 10:29:31 devstack sudo[96058]: quobyte : PWD=/ ; USER=root ; COMMAND=/opt/stack/data/venv/bin/cinder-rootwrap /etc/cinder/rootwrap.conf rm -f /opt/stack/data/cinder/mnt/58ac7b8679e4503f114ae84b9e2cf5bd/volume-34f3d19b-c3f7-49e4-930b-dd2fd93a62c8
Aug 05 10:29:31 devstack sudo[96058]: pam_unix(sudo:session): session opened for user root(uid=0) by (uid=1000)
Aug 05 10:29:32 devstack sudo[96058]: pam_unix(sudo:session): session closed for user root
Aug 05 10:29:32 devstack cinder-volume[88736]: DEBUG oslo_concurrency.processutils [None req-0af36f05-d291-46ae-b551-7775fbc738cd tempest-VolumesTransfersV357Test-1653126700 None] CMD "sudo cinder-rootwrap /etc/cinder/rootwrap.conf rm -f /opt/stack/data/cinder/mnt/58ac7b8679e4503f114ae84b9e2cf5bd/volume-34f3d19b-c3f7-49e4-930b-dd2fd93a62c8" returned: 0 in 0.512s {{(pid=88736) execute /opt/stack/data/venv/lib/python3.12/site-packages/oslo_concurrency/processutils.py:468}}
Aug 05 10:29:32 devstack cinder-volume[88736]: DEBUG cinder.coordination [None req-0af36f05-d291-46ae-b551-7775fbc738cd tempest-VolumesTransfersV357Test-1653126700 None] Lock "cinder-quobyte-34f3d19b-c3f7-49e4-930b-dd2fd93a62c8" released by "delete_volume" :: held 1.126s {{(pid=88736) __release /opt/stack/cinder/cinder/coordination.py:152}}
Aug 05 10:29:32 devstack sudo[96053]: pam_unix(sudo:session): session closed for user root
Aug 05 10:29:32 devstack cinder-volume[88736]: DEBUG oslo_concurrency.processutils [None req-daaa8b05-7be0-4b8c-91aa-278d23db1494 tempest-VolumeQuotasNegativeTestJSON-976073010 None] CMD "/opt/stack/data/venv/bin/python3.12 -m oslo_concurrency.prlimit --as=1073741824 --cpu=60 -- sudo cinder-rootwrap /etc/cinder/rootwrap.conf env LC_ALL=C qemu-img info -f qcow2 --output=json --force-share /opt/stack/data/cinder/mnt/58ac7b8679e4503f114ae84b9e2cf5bd/volume-63fc3166-e97d-41e9-8759-006df67ac1c5" returned: 0 in 0.937s {{(pid=88736) execute /opt/stack/data/venv/lib/python3.12/site-packages/oslo_concurrency/processutils.py:468}}
Aug 05 10:29:32 devstack cinder-volume[88736]: DEBUG oslo_concurrency.processutils [None req-daaa8b05-7be0-4b8c-91aa-278d23db1494 tempest-VolumeQuotasNegativeTestJSON-976073010 None] Running cmd (subprocess): sudo cinder-rootwrap /etc/cinder/rootwrap.conf rm -f /opt/stack/data/cinder/mnt/58ac7b8679e4503f114ae84b9e2cf5bd/volume-63fc3166-e97d-41e9-8759-006df67ac1c5 {{(pid=88736) execute /opt/stack/data/venv/lib/python3.12/site-packages/oslo_concurrency/processutils.py:440}}
Aug 05 10:29:32 devstack cinder-volume[88736]: DEBUG cinder.quota [None req-0af36f05-d291-46ae-b551-7775fbc738cd tempest-VolumesTransfersV357Test-1653126700 None] Created reservations ['2c06cf08-7bfc-4770-90e6-49fc470dde5d', '02f4f8f4-529b-4cbd-910e-78a51c5b8fb4', '285ee969-ea8f-42d3-b258-fb35f6dd39ff', '20260e8a-212e-4b44-a97e-fa9fea88a17e'] {{(pid=88736) reserve /opt/stack/cinder/cinder/quota.py:752}}
Aug 05 10:29:32 devstack sudo[96076]: quobyte : PWD=/ ; USER=root ; COMMAND=/opt/stack/data/venv/bin/cinder-rootwrap /etc/cinder/rootwrap.conf rm -f /opt/stack/data/cinder/mnt/58ac7b8679e4503f114ae84b9e2cf5bd/volume-63fc3166-e97d-41e9-8759-006df67ac1c5
Aug 05 10:29:32 devstack sudo[96076]: pam_unix(sudo:session): session opened for user root(uid=0) by (uid=1000)
Aug 05 10:29:33 devstack cinder-volume[88736]: DEBUG oslo_concurrency.lockutils [None req-0af36f05-d291-46ae-b551-7775fbc738cd tempest-VolumesTransfersV357Test-1653126700 None] Acquiring lock "quobyte_ensure" by "cinder.volume.drivers.quobyte.QuobyteDriver._ensure_shares_mounted" {{(pid=88736) inner /opt/stack/data/venv/lib/python3.12/site-packages/oslo_concurrency/lockutils.py:512}}
Aug 05 10:29:33 devstack cinder-volume[88736]: DEBUG oslo_concurrency.lockutils [None req-0af36f05-d291-46ae-b551-7775fbc738cd tempest-VolumesTransfersV357Test-1653126700 None] Lock "quobyte_ensure" acquired by "cinder.volume.drivers.quobyte.QuobyteDriver._ensure_shares_mounted" :: waited 0.002s {{(pid=88736) inner /opt/stack/data/venv/lib/python3.12/site-packages/oslo_concurrency/lockutils.py:525}}
Aug 05 10:29:33 devstack cinder-volume[88736]: DEBUG cinder.volume.drivers.quobyte [None req-0af36f05-d291-46ae-b551-7775fbc738cd tempest-VolumesTransfersV357Test-1653126700 None] Quobyte Volume URL set to: {'osci02.corp.quobyte.com/cinder-vol-cbd4823d-25ce-472b-afd4-164a3c71b3a7': None} {{(pid=88736) _load_shares_config /opt/stack/cinder/cinder/volume/drivers/quobyte.py:665}}
Aug 05 10:29:33 devstack cinder-volume[88736]: DEBUG cinder.volume.drivers.quobyte [None req-0af36f05-d291-46ae-b551-7775fbc738cd tempest-VolumesTransfersV357Test-1653126700 None] Available shares ['osci02.corp.quobyte.com/cinder-vol-cbd4823d-25ce-472b-afd4-164a3c71b3a7'] {{(pid=88736) _ensure_shares_mounted /opt/stack/cinder/cinder/volume/drivers/quobyte.py:695}}
Aug 05 10:29:33 devstack cinder-volume[88736]: DEBUG oslo_concurrency.lockutils [None req-0af36f05-d291-46ae-b551-7775fbc738cd tempest-VolumesTransfersV357Test-1653126700 None] Lock "quobyte_ensure" "released" by "cinder.volume.drivers.quobyte.QuobyteDriver._ensure_shares_mounted" :: held 0.025s {{(pid=88736) inner /opt/stack/data/venv/lib/python3.12/site-packages/oslo_concurrency/lockutils.py:544}}
Aug 05 10:29:33 devstack cinder-volume[88736]: DEBUG oslo_concurrency.processutils [None req-0af36f05-d291-46ae-b551-7775fbc738cd tempest-VolumesTransfersV357Test-1653126700 None] Running cmd (subprocess): sudo cinder-rootwrap /etc/cinder/rootwrap.conf df --portability --block-size 1 /opt/stack/data/cinder/mnt/58ac7b8679e4503f114ae84b9e2cf5bd {{(pid=88736) execute /opt/stack/data/venv/lib/python3.12/site-packages/oslo_concurrency/processutils.py:440}}
Aug 05 10:29:33 devstack sudo[96078]: quobyte : PWD=/ ; USER=root ; COMMAND=/opt/stack/data/venv/bin/cinder-rootwrap /etc/cinder/rootwrap.conf df --portability --block-size 1 /opt/stack/data/cinder/mnt/58ac7b8679e4503f114ae84b9e2cf5bd
Aug 05 10:29:33 devstack sudo[96078]: pam_unix(sudo:session): session opened for user root(uid=0) by (uid=1000)
Aug 05 10:29:34 devstack sudo[96078]: pam_unix(sudo:session): session closed for user root
Aug 05 10:29:34 devstack cinder-volume[88736]: DEBUG oslo_concurrency.processutils [None req-0af36f05-d291-46ae-b551-7775fbc738cd tempest-VolumesTransfersV357Test-1653126700 None] CMD "sudo cinder-rootwrap /etc/cinder/rootwrap.conf df --portability --block-size 1 /opt/stack/data/cinder/mnt/58ac7b8679e4503f114ae84b9e2cf5bd" returned: 0 in 0.850s {{(pid=88736) execute /opt/stack/data/venv/lib/python3.12/site-packages/oslo_concurrency/processutils.py:468}}
Aug 05 10:29:34 devstack cinder-volume[88736]: DEBUG cinder.manager [None req-0af36f05-d291-46ae-b551-7775fbc738cd tempest-VolumesTransfersV357Test-1653126700 None] Notifying Schedulers of capabilities ... {{(pid=88736) _publish_service_capabilities /opt/stack/cinder/cinder/manager.py:219}}
Aug 05 10:29:34 devstack sudo[96076]: pam_unix(sudo:session): session closed for user root
Aug 05 10:29:34 devstack cinder-volume[88736]: INFO cinder.volume.manager [None req-0af36f05-d291-46ae-b551-7775fbc738cd tempest-VolumesTransfersV357Test-1653126700 None] Deleted volume successfully.
Aug 05 10:29:34 devstack cinder-volume[88736]: DEBUG oslo_concurrency.processutils [None req-daaa8b05-7be0-4b8c-91aa-278d23db1494 tempest-VolumeQuotasNegativeTestJSON-976073010 None] CMD "sudo cinder-rootwrap /etc/cinder/rootwrap.conf rm -f /opt/stack/data/cinder/mnt/58ac7b8679e4503f114ae84b9e2cf5bd/volume-63fc3166-e97d-41e9-8759-006df67ac1c5" returned: 0 in 1.505s {{(pid=88736) execute /opt/stack/data/venv/lib/python3.12/site-packages/oslo_concurrency/processutils.py:468}}
Aug 05 10:29:34 devstack cinder-volume[88736]: DEBUG cinder.coordination [None req-daaa8b05-7be0-4b8c-91aa-278d23db1494 tempest-VolumeQuotasNegativeTestJSON-976073010 None] Lock "cinder-quobyte-63fc3166-e97d-41e9-8759-006df67ac1c5" released by "delete_volume" :: held 2.547s {{(pid=88736) __release /opt/stack/cinder/cinder/coordination.py:152}}
Aug 05 10:29:34 devstack cinder-volume[88736]: DEBUG cinder.coordination [None req-0af36f05-d291-46ae-b551-7775fbc738cd tempest-VolumesTransfersV357Test-1653126700 None] Lock "cinder-34f3d19b-c3f7-49e4-930b-dd2fd93a62c8-delete_volume" released by "delete_volume" :: held 3.109s {{(pid=88736) __release /opt/stack/cinder/cinder/coordination.py:152}}
Aug 05 10:29:34 devstack cinder-volume[88736]: DEBUG cinder.quota [None req-daaa8b05-7be0-4b8c-91aa-278d23db1494 tempest-VolumeQuotasNegativeTestJSON-976073010 None] Created reservations ['6eb455a1-8786-45a4-814b-5436c830b04b', 'e8e8ef33-beba-4b9b-a3a0-ce4635193d2b', 'b0d00612-130a-4893-9f92-c547e5fbac9b', 'cd2c0608-d71d-4ac0-9607-922e9d97d7db'] {{(pid=88736) reserve /opt/stack/cinder/cinder/quota.py:752}}
Aug 05 10:29:34 devstack cinder-volume[88736]: DEBUG oslo_concurrency.lockutils [None req-daaa8b05-7be0-4b8c-91aa-278d23db1494 tempest-VolumeQuotasNegativeTestJSON-976073010 None] Acquiring lock "quobyte_ensure" by "cinder.volume.drivers.quobyte.QuobyteDriver._ensure_shares_mounted" {{(pid=88736) inner /opt/stack/data/venv/lib/python3.12/site-packages/oslo_concurrency/lockutils.py:512}}
Aug 05 10:29:34 devstack cinder-volume[88736]: DEBUG oslo_concurrency.lockutils [None req-daaa8b05-7be0-4b8c-91aa-278d23db1494 tempest-VolumeQuotasNegativeTestJSON-976073010 None] Lock "quobyte_ensure" acquired by "cinder.volume.drivers.quobyte.QuobyteDriver._ensure_shares_mounted" :: waited 0.003s {{(pid=88736) inner /opt/stack/data/venv/lib/python3.12/site-packages/oslo_concurrency/lockutils.py:525}}
Aug 05 10:29:34 devstack cinder-volume[88736]: DEBUG cinder.volume.drivers.quobyte [None req-daaa8b05-7be0-4b8c-91aa-278d23db1494 tempest-VolumeQuotasNegativeTestJSON-976073010 None] Quobyte Volume URL set to: {'osci02.corp.quobyte.com/cinder-vol-cbd4823d-25ce-472b-afd4-164a3c71b3a7': None} {{(pid=88736) _load_shares_config /opt/stack/cinder/cinder/volume/drivers/quobyte.py:665}}
Aug 05 10:29:34 devstack cinder-volume[88736]: DEBUG cinder.volume.drivers.quobyte [None req-daaa8b05-7be0-4b8c-91aa-278d23db1494 tempest-VolumeQuotasNegativeTestJSON-976073010 None] Available shares ['osci02.corp.quobyte.com/cinder-vol-cbd4823d-25ce-472b-afd4-164a3c71b3a7'] {{(pid=88736) _ensure_shares_mounted /opt/stack/cinder/cinder/volume/drivers/quobyte.py:695}}
Aug 05 10:29:34 devstack cinder-volume[88736]: DEBUG oslo_concurrency.lockutils [None req-daaa8b05-7be0-4b8c-91aa-278d23db1494 tempest-VolumeQuotasNegativeTestJSON-976073010 None] Lock "quobyte_ensure" "released" by "cinder.volume.drivers.quobyte.QuobyteDriver._ensure_shares_mounted" :: held 0.035s {{(pid=88736) inner /opt/stack/data/venv/lib/python3.12/site-packages/oslo_concurrency/lockutils.py:544}}
Aug 05 10:29:34 devstack cinder-volume[88736]: DEBUG oslo_concurrency.processutils [None req-daaa8b05-7be0-4b8c-91aa-278d23db1494 tempest-VolumeQuotasNegativeTestJSON-976073010 None] Running cmd (subprocess): sudo cinder-rootwrap /etc/cinder/rootwrap.conf df --portability --block-size 1 /opt/stack/data/cinder/mnt/58ac7b8679e4503f114ae84b9e2cf5bd {{(pid=88736) execute /opt/stack/data/venv/lib/python3.12/site-packages/oslo_concurrency/processutils.py:440}}
Aug 05 10:29:34 devstack sudo[96084]: quobyte : PWD=/ ; USER=root ; COMMAND=/opt/stack/data/venv/bin/cinder-rootwrap /etc/cinder/rootwrap.conf df --portability --block-size 1 /opt/stack/data/cinder/mnt/58ac7b8679e4503f114ae84b9e2cf5bd
Aug 05 10:29:34 devstack sudo[96084]: pam_unix(sudo:session): session opened for user root(uid=0) by (uid=1000)
Aug 05 10:29:35 devstack sudo[96084]: pam_unix(sudo:session): session closed for user root
Aug 05 10:29:35 devstack cinder-volume[88736]: DEBUG oslo_concurrency.processutils [None req-daaa8b05-7be0-4b8c-91aa-278d23db1494 tempest-VolumeQuotasNegativeTestJSON-976073010 None] CMD "sudo cinder-rootwrap /etc/cinder/rootwrap.conf df --portability --block-size 1 /opt/stack/data/cinder/mnt/58ac7b8679e4503f114ae84b9e2cf5bd" returned: 0 in 0.752s {{(pid=88736) execute /opt/stack/data/venv/lib/python3.12/site-packages/oslo_concurrency/processutils.py:468}}
Aug 05 10:29:35 devstack cinder-volume[88736]: DEBUG cinder.manager [None req-daaa8b05-7be0-4b8c-91aa-278d23db1494 tempest-VolumeQuotasNegativeTestJSON-976073010 None] Notifying Schedulers of capabilities ... {{(pid=88736) _publish_service_capabilities /opt/stack/cinder/cinder/manager.py:219}}
Aug 05 10:29:35 devstack cinder-volume[88736]: INFO cinder.volume.manager [None req-daaa8b05-7be0-4b8c-91aa-278d23db1494 tempest-VolumeQuotasNegativeTestJSON-976073010 None] Deleted volume successfully.
Aug 05 10:29:35 devstack cinder-volume[88736]: DEBUG cinder.coordination [None req-daaa8b05-7be0-4b8c-91aa-278d23db1494 tempest-VolumeQuotasNegativeTestJSON-976073010 None] Lock "cinder-63fc3166-e97d-41e9-8759-006df67ac1c5-delete_volume" released by "delete_volume" :: held 4.128s {{(pid=88736) __release /opt/stack/cinder/cinder/coordination.py:152}}
Aug 05 10:29:39 devstack sudo[96051]: pam_unix(sudo:session): session closed for user root
Aug 05 10:29:39 devstack cinder-volume[88736]: DEBUG oslo_concurrency.processutils [None req-03d1e24e-0101-4292-9a72-bf9b70740500 tempest-GroupSnapshotsTest-1753681046 None] CMD "sudo cinder-rootwrap /etc/cinder/rootwrap.conf qemu-img convert -O qcow2 /opt/stack/data/cinder/mnt/58ac7b8679e4503f114ae84b9e2cf5bd/volume-35cd6f9d-795d-421f-9262-8b59c3ef23b4 /opt/stack/data/cinder/mnt/58ac7b8679e4503f114ae84b9e2cf5bd/volume-7fcefb97-2229-434e-959d-13027ab25d5d" returned: 0 in 7.877s {{(pid=88736) execute /opt/stack/data/venv/lib/python3.12/site-packages/oslo_concurrency/processutils.py:468}}
Aug 05 10:29:39 devstack cinder-volume[88736]: DEBUG cinder.image.image_utils [None req-03d1e24e-0101-4292-9a72-bf9b70740500 tempest-GroupSnapshotsTest-1753681046 None] Image conversion details: src /opt/stack/data/cinder/mnt/58ac7b8679e4503f114ae84b9e2cf5bd/volume-35cd6f9d-795d-421f-9262-8b59c3ef23b4, size 1024.00 MB, duration 7.88 sec, destination /opt/stack/data/cinder/mnt/58ac7b8679e4503f114ae84b9e2cf5bd/volume-7fcefb97-2229-434e-959d-13027ab25d5d {{(pid=88736) _convert_image /opt/stack/cinder/cinder/image/image_utils.py:536}}
Aug 05 10:29:39 devstack cinder-volume[88736]: INFO cinder.image.image_utils [None req-03d1e24e-0101-4292-9a72-bf9b70740500 tempest-GroupSnapshotsTest-1753681046 None] Converted 1024.00 MB image at 129.99 MB/s
Aug 05 10:29:39 devstack cinder-volume[88736]: WARNING cinder.volume.drivers.remotefs [None req-03d1e24e-0101-4292-9a72-bf9b70740500 tempest-GroupSnapshotsTest-1753681046 None] /opt/stack/data/cinder/mnt/58ac7b8679e4503f114ae84b9e2cf5bd/volume-7fcefb97-2229-434e-959d-13027ab25d5d is being set with open permissions: ugo+rw: NotImplementedError
Aug 05 10:29:39 devstack cinder-volume[88736]: DEBUG oslo_concurrency.processutils [None req-03d1e24e-0101-4292-9a72-bf9b70740500 tempest-GroupSnapshotsTest-1753681046 None] Running cmd (subprocess): sudo cinder-rootwrap /etc/cinder/rootwrap.conf chmod ugo+rw /opt/stack/data/cinder/mnt/58ac7b8679e4503f114ae84b9e2cf5bd/volume-7fcefb97-2229-434e-959d-13027ab25d5d {{(pid=88736) execute /opt/stack/data/venv/lib/python3.12/site-packages/oslo_concurrency/processutils.py:440}}
Aug 05 10:29:39 devstack sudo[96090]: quobyte : PWD=/ ; USER=root ; COMMAND=/opt/stack/data/venv/bin/cinder-rootwrap /etc/cinder/rootwrap.conf chmod ugo+rw /opt/stack/data/cinder/mnt/58ac7b8679e4503f114ae84b9e2cf5bd/volume-7fcefb97-2229-434e-959d-13027ab25d5d
Aug 05 10:29:39 devstack sudo[96090]: pam_unix(sudo:session): session opened for user root(uid=0) by (uid=1000)
Aug 05 10:29:39 devstack sudo[96090]: pam_unix(sudo:session): session closed for user root
Aug 05 10:29:39 devstack cinder-volume[88736]: DEBUG oslo_concurrency.processutils [None req-03d1e24e-0101-4292-9a72-bf9b70740500 tempest-GroupSnapshotsTest-1753681046 None] CMD "sudo cinder-rootwrap /etc/cinder/rootwrap.conf chmod ugo+rw /opt/stack/data/cinder/mnt/58ac7b8679e4503f114ae84b9e2cf5bd/volume-7fcefb97-2229-434e-959d-13027ab25d5d" returned: 0 in 0.400s {{(pid=88736) execute /opt/stack/data/venv/lib/python3.12/site-packages/oslo_concurrency/processutils.py:468}}
Aug 05 10:29:39 devstack cinder-volume[88736]: DEBUG cinder.coordination [None req-03d1e24e-0101-4292-9a72-bf9b70740500 tempest-GroupSnapshotsTest-1753681046 None] Lock "cinder-quobyte-7fcefb97-2229-434e-959d-13027ab25d5d" released by "_copy_volume_from_snapshot" :: held 9.440s {{(pid=88736) __release /opt/stack/cinder/cinder/coordination.py:152}}
Aug 05 10:29:40 devstack cinder-volume[88736]: DEBUG cinder.coordination [None req-03d1e24e-0101-4292-9a72-bf9b70740500 tempest-GroupSnapshotsTest-1753681046 None] Lock "cinder-quobyte-448e3bb0-8741-435a-8ae9-ece5b9cf75ae-7fcefb97-2229-434e-959d-13027ab25d5d" released by "_create_volume_from_snapshot" :: held 9.560s {{(pid=88736) __release /opt/stack/cinder/cinder/coordination.py:152}}
Aug 05 10:29:40 devstack cinder-volume[88736]: DEBUG oslo_concurrency.lockutils [None req-03d1e24e-0101-4292-9a72-bf9b70740500 tempest-GroupSnapshotsTest-1753681046 None] Lock "quobyte" "released" by "cinder.volume.drivers.quobyte.QuobyteDriver.create_volume_from_snapshot" :: held 9.595s {{(pid=88736) inner /opt/stack/data/venv/lib/python3.12/site-packages/oslo_concurrency/lockutils.py:544}}
Aug 05 10:29:40 devstack cinder-volume[88736]: INFO cinder.volume.manager [None req-03d1e24e-0101-4292-9a72-bf9b70740500 tempest-GroupSnapshotsTest-1753681046 None] Create group from source-snapshot-82e036ac-d7bb-4502-a91a-afb7df8e42e0 completed successfully.
Aug 05 10:29:41 devstack cinder-volume[88736]: DEBUG cinder.coordination [None req-a9bb3cd9-6a8c-472e-a2e7-984710219bb8 tempest-GroupSnapshotsTest-1753681046 None] Acquiring lock "cinder-quobyte-7fcefb97-2229-434e-959d-13027ab25d5d" by "delete_volume" {{(pid=88736) __acquire /opt/stack/cinder/cinder/coordination.py:138}}
Aug 05 10:29:41 devstack cinder-volume[88736]: DEBUG cinder.coordination [None req-a9bb3cd9-6a8c-472e-a2e7-984710219bb8 tempest-GroupSnapshotsTest-1753681046 None] Lock "cinder-quobyte-7fcefb97-2229-434e-959d-13027ab25d5d" acquired by "delete_volume" :: waited 0.027s {{(pid=88736) __acquire /opt/stack/cinder/cinder/coordination.py:141}}
Aug 05 10:29:41 devstack cinder-volume[88736]: DEBUG oslo.privsep.daemon [-] privsep: reply[96c5d6d6-8256-4403-95be-f98035eb6387]: (4, 'qcow2') {{(pid=90235) _call_back /opt/stack/data/venv/lib/python3.12/site-packages/oslo_privsep/daemon.py:580}}
Aug 05 10:29:41 devstack cinder-volume[88736]: DEBUG oslo_concurrency.processutils [None req-a9bb3cd9-6a8c-472e-a2e7-984710219bb8 tempest-GroupSnapshotsTest-1753681046 None] Running cmd (subprocess): /opt/stack/data/venv/bin/python3.12 -m oslo_concurrency.prlimit --as=1073741824 --cpu=60 -- sudo cinder-rootwrap /etc/cinder/rootwrap.conf env LC_ALL=C qemu-img info -f qcow2 --output=json --force-share /opt/stack/data/cinder/mnt/58ac7b8679e4503f114ae84b9e2cf5bd/volume-7fcefb97-2229-434e-959d-13027ab25d5d {{(pid=88736) execute /opt/stack/data/venv/lib/python3.12/site-packages/oslo_concurrency/processutils.py:440}}
Aug 05 10:29:41 devstack sudo[96094]: quobyte : PWD=/ ; USER=root ; COMMAND=/opt/stack/data/venv/bin/cinder-rootwrap /etc/cinder/rootwrap.conf env LC_ALL=C qemu-img info -f qcow2 --output=json --force-share /opt/stack/data/cinder/mnt/58ac7b8679e4503f114ae84b9e2cf5bd/volume-7fcefb97-2229-434e-959d-13027ab25d5d
Aug 05 10:29:41 devstack sudo[96094]: pam_unix(sudo:session): session opened for user root(uid=0) by (uid=1000)
Aug 05 10:29:42 devstack sudo[96094]: pam_unix(sudo:session): session closed for user root
Aug 05 10:29:42 devstack cinder-volume[88736]: DEBUG oslo_concurrency.processutils [None req-a9bb3cd9-6a8c-472e-a2e7-984710219bb8 tempest-GroupSnapshotsTest-1753681046 None] CMD "/opt/stack/data/venv/bin/python3.12 -m oslo_concurrency.prlimit --as=1073741824 --cpu=60 -- sudo cinder-rootwrap /etc/cinder/rootwrap.conf env LC_ALL=C qemu-img info -f qcow2 --output=json --force-share /opt/stack/data/cinder/mnt/58ac7b8679e4503f114ae84b9e2cf5bd/volume-7fcefb97-2229-434e-959d-13027ab25d5d" returned: 0 in 0.705s {{(pid=88736) execute /opt/stack/data/venv/lib/python3.12/site-packages/oslo_concurrency/processutils.py:468}}
Aug 05 10:29:42 devstack cinder-volume[88736]: DEBUG oslo_concurrency.processutils [None req-a9bb3cd9-6a8c-472e-a2e7-984710219bb8 tempest-GroupSnapshotsTest-1753681046 None] Running cmd (subprocess): sudo cinder-rootwrap /etc/cinder/rootwrap.conf rm -f /opt/stack/data/cinder/mnt/58ac7b8679e4503f114ae84b9e2cf5bd/volume-7fcefb97-2229-434e-959d-13027ab25d5d {{(pid=88736) execute /opt/stack/data/venv/lib/python3.12/site-packages/oslo_concurrency/processutils.py:440}}
Aug 05 10:29:42 devstack sudo[96099]: quobyte : PWD=/ ; USER=root ; COMMAND=/opt/stack/data/venv/bin/cinder-rootwrap /etc/cinder/rootwrap.conf rm -f /opt/stack/data/cinder/mnt/58ac7b8679e4503f114ae84b9e2cf5bd/volume-7fcefb97-2229-434e-959d-13027ab25d5d
Aug 05 10:29:42 devstack sudo[96099]: pam_unix(sudo:session): session opened for user root(uid=0) by (uid=1000)
Aug 05 10:29:42 devstack sudo[96099]: pam_unix(sudo:session): session closed for user root
Aug 05 10:29:42 devstack cinder-volume[88736]: DEBUG oslo_concurrency.processutils [None req-a9bb3cd9-6a8c-472e-a2e7-984710219bb8 tempest-GroupSnapshotsTest-1753681046 None] CMD "sudo cinder-rootwrap /etc/cinder/rootwrap.conf rm -f /opt/stack/data/cinder/mnt/58ac7b8679e4503f114ae84b9e2cf5bd/volume-7fcefb97-2229-434e-959d-13027ab25d5d" returned: 0 in 0.356s {{(pid=88736) execute /opt/stack/data/venv/lib/python3.12/site-packages/oslo_concurrency/processutils.py:468}}
Aug 05 10:29:42 devstack cinder-volume[88736]: DEBUG cinder.coordination [None req-a9bb3cd9-6a8c-472e-a2e7-984710219bb8 tempest-GroupSnapshotsTest-1753681046 None] Lock "cinder-quobyte-7fcefb97-2229-434e-959d-13027ab25d5d" released by "delete_volume" :: held 1.168s {{(pid=88736) __release /opt/stack/cinder/cinder/coordination.py:152}}
Aug 05 10:29:42 devstack cinder-volume[88736]: DEBUG cinder.quota [None req-a9bb3cd9-6a8c-472e-a2e7-984710219bb8 tempest-GroupSnapshotsTest-1753681046 None] Created reservations ['2a77621b-1591-452d-9401-7caa6863b2fe'] {{(pid=88736) reserve /opt/stack/cinder/cinder/quota.py:752}}
Aug 05 10:29:42 devstack cinder-volume[88736]: WARNING cinder.quota [None req-a9bb3cd9-6a8c-472e-a2e7-984710219bb8 tempest-GroupSnapshotsTest-1753681046 None] Deprecated: Default quota for resource: volumes_tempest-GroupSnapshotsTest-volume-type-777101474 is set by the default quota flag: quota_volumes_tempest-GroupSnapshotsTest-volume-type-777101474, it is now deprecated. Please use the default quota class for default quota.
Aug 05 10:29:42 devstack cinder-volume[88736]: WARNING cinder.quota [None req-a9bb3cd9-6a8c-472e-a2e7-984710219bb8 tempest-GroupSnapshotsTest-1753681046 None] Deprecated: Default quota for resource: gigabytes_tempest-GroupSnapshotsTest-volume-type-777101474 is set by the default quota flag: quota_gigabytes_tempest-GroupSnapshotsTest-volume-type-777101474, it is now deprecated. Please use the default quota class for default quota.
Aug 05 10:29:43 devstack cinder-volume[88736]: DEBUG cinder.quota [None req-a9bb3cd9-6a8c-472e-a2e7-984710219bb8 tempest-GroupSnapshotsTest-1753681046 None] Created reservations ['12fd7f3c-af1d-421d-9baf-bb09c04246ac', '25f6c210-fc74-4082-a034-2748d04acaab', '1de65d22-427a-47ff-8ac7-cb4e5d38de1b', '2c8c2246-84a8-4161-a07d-f86ca94927ee'] {{(pid=88736) reserve /opt/stack/cinder/cinder/quota.py:752}}
Aug 05 10:29:43 devstack cinder-volume[88736]: DEBUG oslo_concurrency.lockutils [None req-a9bb3cd9-6a8c-472e-a2e7-984710219bb8 tempest-GroupSnapshotsTest-1753681046 None] Acquiring lock "quobyte_ensure" by "cinder.volume.drivers.quobyte.QuobyteDriver._ensure_shares_mounted" {{(pid=88736) inner /opt/stack/data/venv/lib/python3.12/site-packages/oslo_concurrency/lockutils.py:512}}
Aug 05 10:29:43 devstack cinder-volume[88736]: DEBUG oslo_concurrency.lockutils [None req-a9bb3cd9-6a8c-472e-a2e7-984710219bb8 tempest-GroupSnapshotsTest-1753681046 None] Lock "quobyte_ensure" acquired by "cinder.volume.drivers.quobyte.QuobyteDriver._ensure_shares_mounted" :: waited 0.001s {{(pid=88736) inner /opt/stack/data/venv/lib/python3.12/site-packages/oslo_concurrency/lockutils.py:525}}
Aug 05 10:29:43 devstack cinder-volume[88736]: DEBUG cinder.volume.drivers.quobyte [None req-a9bb3cd9-6a8c-472e-a2e7-984710219bb8 tempest-GroupSnapshotsTest-1753681046 None] Quobyte Volume URL set to: {'osci02.corp.quobyte.com/cinder-vol-cbd4823d-25ce-472b-afd4-164a3c71b3a7': None} {{(pid=88736) _load_shares_config /opt/stack/cinder/cinder/volume/drivers/quobyte.py:665}}
Aug 05 10:29:43 devstack cinder-volume[88736]: DEBUG cinder.volume.drivers.quobyte [None req-a9bb3cd9-6a8c-472e-a2e7-984710219bb8 tempest-GroupSnapshotsTest-1753681046 None] Available shares ['osci02.corp.quobyte.com/cinder-vol-cbd4823d-25ce-472b-afd4-164a3c71b3a7'] {{(pid=88736) _ensure_shares_mounted /opt/stack/cinder/cinder/volume/drivers/quobyte.py:695}}
Aug 05 10:29:43 devstack cinder-volume[88736]: DEBUG oslo_concurrency.lockutils [None req-a9bb3cd9-6a8c-472e-a2e7-984710219bb8 tempest-GroupSnapshotsTest-1753681046 None] Lock "quobyte_ensure" "released" by "cinder.volume.drivers.quobyte.QuobyteDriver._ensure_shares_mounted" :: held 0.017s {{(pid=88736) inner /opt/stack/data/venv/lib/python3.12/site-packages/oslo_concurrency/lockutils.py:544}}
Aug 05 10:29:43 devstack cinder-volume[88736]: DEBUG oslo_concurrency.processutils [None req-a9bb3cd9-6a8c-472e-a2e7-984710219bb8 tempest-GroupSnapshotsTest-1753681046 None] Running cmd (subprocess): sudo cinder-rootwrap /etc/cinder/rootwrap.conf df --portability --block-size 1 /opt/stack/data/cinder/mnt/58ac7b8679e4503f114ae84b9e2cf5bd {{(pid=88736) execute /opt/stack/data/venv/lib/python3.12/site-packages/oslo_concurrency/processutils.py:440}}
Aug 05 10:29:43 devstack sudo[96108]: quobyte : PWD=/ ; USER=root ; COMMAND=/opt/stack/data/venv/bin/cinder-rootwrap /etc/cinder/rootwrap.conf df --portability --block-size 1 /opt/stack/data/cinder/mnt/58ac7b8679e4503f114ae84b9e2cf5bd
Aug 05 10:29:43 devstack sudo[96108]: pam_unix(sudo:session): session opened for user root(uid=0) by (uid=1000)
Aug 05 10:29:43 devstack sudo[96108]: pam_unix(sudo:session): session closed for user root
Aug 05 10:29:43 devstack cinder-volume[88736]: DEBUG oslo_concurrency.processutils [None req-a9bb3cd9-6a8c-472e-a2e7-984710219bb8 tempest-GroupSnapshotsTest-1753681046 None] CMD "sudo cinder-rootwrap /etc/cinder/rootwrap.conf df --portability --block-size 1 /opt/stack/data/cinder/mnt/58ac7b8679e4503f114ae84b9e2cf5bd" returned: 0 in 0.344s {{(pid=88736) execute /opt/stack/data/venv/lib/python3.12/site-packages/oslo_concurrency/processutils.py:468}}
Aug 05 10:29:43 devstack cinder-volume[88736]: DEBUG cinder.manager [None req-a9bb3cd9-6a8c-472e-a2e7-984710219bb8 tempest-GroupSnapshotsTest-1753681046 None] Notifying Schedulers of capabilities ... {{(pid=88736) _publish_service_capabilities /opt/stack/cinder/cinder/manager.py:219}}
Aug 05 10:29:43 devstack cinder-volume[88736]: INFO cinder.volume.manager [None req-a9bb3cd9-6a8c-472e-a2e7-984710219bb8 tempest-GroupSnapshotsTest-1753681046 None] Delete group completed successfully.
Aug 05 10:29:44 devstack cinder-volume[88736]: INFO cinder.volume.manager [None req-0486b89e-d3d5-4d80-9868-045854daff53 tempest-GroupSnapshotsTest-1753681046 None] group_snapshot 82e036ac-d7bb-4502-a91a-afb7df8e42e0: deleting
Aug 05 10:29:44 devstack cinder-volume[88736]: DEBUG cinder.volume.manager [None req-0486b89e-d3d5-4d80-9868-045854daff53 tempest-GroupSnapshotsTest-1753681046 None] group_snapshot 82e036ac-d7bb-4502-a91a-afb7df8e42e0: deleting {{(pid=88736) delete_group_snapshot /opt/stack/cinder/cinder/volume/manager.py:4350}}
Aug 05 10:29:44 devstack cinder-volume[88736]: DEBUG cinder.coordination [None req-0486b89e-d3d5-4d80-9868-045854daff53 tempest-GroupSnapshotsTest-1753681046 None] Acquiring lock "cinder-quobyte-35cd6f9d-795d-421f-9262-8b59c3ef23b4" by "delete_snapshot" {{(pid=88736) __acquire /opt/stack/cinder/cinder/coordination.py:138}}
Aug 05 10:29:44 devstack cinder-volume[88736]: DEBUG cinder.coordination [None req-0486b89e-d3d5-4d80-9868-045854daff53 tempest-GroupSnapshotsTest-1753681046 None] Lock "cinder-quobyte-35cd6f9d-795d-421f-9262-8b59c3ef23b4" acquired by "delete_snapshot" :: waited 0.030s {{(pid=88736) __acquire /opt/stack/cinder/cinder/coordination.py:141}}
Aug 05 10:29:44 devstack cinder-volume[88736]: DEBUG cinder.coordination [None req-0486b89e-d3d5-4d80-9868-045854daff53 tempest-GroupSnapshotsTest-1753681046 None] Acquiring lock "cinder-quobyte-448e3bb0-8741-435a-8ae9-ece5b9cf75ae" by "_delete_snapshot" {{(pid=88736) __acquire /opt/stack/cinder/cinder/coordination.py:138}}
Aug 05 10:29:44 devstack cinder-volume[88736]: DEBUG cinder.coordination [None req-0486b89e-d3d5-4d80-9868-045854daff53 tempest-GroupSnapshotsTest-1753681046 None] Lock "cinder-quobyte-448e3bb0-8741-435a-8ae9-ece5b9cf75ae" acquired by "_delete_snapshot" :: waited 0.030s {{(pid=88736) __acquire /opt/stack/cinder/cinder/coordination.py:141}}
Aug 05 10:29:44 devstack cinder-volume[88736]: DEBUG cinder.volume.drivers.remotefs [None req-0486b89e-d3d5-4d80-9868-045854daff53 tempest-GroupSnapshotsTest-1753681046 None] Deleting offline snapshot 448e3bb0-8741-435a-8ae9-ece5b9cf75ae of volume 35cd6f9d-795d-421f-9262-8b59c3ef23b4 {{(pid=88736) _delete_snapshot /opt/stack/cinder/cinder/volume/drivers/remotefs.py:1288}}
Aug 05 10:29:44 devstack cinder-volume[88736]: DEBUG cinder.volume.drivers.remotefs [None req-0486b89e-d3d5-4d80-9868-045854daff53 tempest-GroupSnapshotsTest-1753681046 None] snapshot_file for this snap is: volume-35cd6f9d-795d-421f-9262-8b59c3ef23b4.448e3bb0-8741-435a-8ae9-ece5b9cf75ae {{(pid=88736) _delete_snapshot /opt/stack/cinder/cinder/volume/drivers/remotefs.py:1317}}
Aug 05 10:29:44 devstack cinder-volume[88736]: DEBUG oslo.privsep.daemon [-] privsep: reply[9bb94da7-b601-4f1c-b871-36e19ae2d66e]: (4, 'qcow2') {{(pid=90235) _call_back /opt/stack/data/venv/lib/python3.12/site-packages/oslo_privsep/daemon.py:580}}
Aug 05 10:29:44 devstack cinder-volume[88736]: DEBUG oslo_concurrency.processutils [None req-0486b89e-d3d5-4d80-9868-045854daff53 tempest-GroupSnapshotsTest-1753681046 None] Running cmd (subprocess): /opt/stack/data/venv/bin/python3.12 -m oslo_concurrency.prlimit --as=1073741824 --cpu=60 -- sudo cinder-rootwrap /etc/cinder/rootwrap.conf env LC_ALL=C qemu-img info -f qcow2 --output=json --force-share /opt/stack/data/cinder/mnt/58ac7b8679e4503f114ae84b9e2cf5bd/volume-35cd6f9d-795d-421f-9262-8b59c3ef23b4.448e3bb0-8741-435a-8ae9-ece5b9cf75ae {{(pid=88736) execute /opt/stack/data/venv/lib/python3.12/site-packages/oslo_concurrency/processutils.py:440}}
Aug 05 10:29:44 devstack sudo[96112]: quobyte : PWD=/ ; USER=root ; COMMAND=/opt/stack/data/venv/bin/cinder-rootwrap /etc/cinder/rootwrap.conf env LC_ALL=C qemu-img info -f qcow2 --output=json --force-share /opt/stack/data/cinder/mnt/58ac7b8679e4503f114ae84b9e2cf5bd/volume-35cd6f9d-795d-421f-9262-8b59c3ef23b4.448e3bb0-8741-435a-8ae9-ece5b9cf75ae
Aug 05 10:29:44 devstack sudo[96112]: pam_unix(sudo:session): session opened for user root(uid=0) by (uid=1000)
Aug 05 10:29:45 devstack sudo[96112]: pam_unix(sudo:session): session closed for user root
Aug 05 10:29:45 devstack cinder-volume[88736]: DEBUG oslo_concurrency.processutils [None req-0486b89e-d3d5-4d80-9868-045854daff53 tempest-GroupSnapshotsTest-1753681046 None] CMD "/opt/stack/data/venv/bin/python3.12 -m oslo_concurrency.prlimit --as=1073741824 --cpu=60 -- sudo cinder-rootwrap /etc/cinder/rootwrap.conf env LC_ALL=C qemu-img info -f qcow2 --output=json --force-share /opt/stack/data/cinder/mnt/58ac7b8679e4503f114ae84b9e2cf5bd/volume-35cd6f9d-795d-421f-9262-8b59c3ef23b4.448e3bb0-8741-435a-8ae9-ece5b9cf75ae" returned: 0 in 0.457s {{(pid=88736) execute /opt/stack/data/venv/lib/python3.12/site-packages/oslo_concurrency/processutils.py:468}}
Aug 05 10:29:45 devstack cinder-volume[88736]: DEBUG cinder.volume.drivers.remotefs [None req-0486b89e-d3d5-4d80-9868-045854daff53 tempest-GroupSnapshotsTest-1753681046 None] Fetching qemu-img info with special backing_file_template: (/opt/stack/data/cinder/mnt/[0-9a-f]+/)?(volume-35cd6f9d-795d-421f-9262-8b59c3ef23b4(.(tmp-snap-)?[0-9a-f-]+)?|volume_from_snapshot_cache/(tmp-snap-)?[0-9a-f-]+(.(child-|parent-)[0-9a-f-]+)?)$ {{(pid=88736) _qemu_img_info_base /opt/stack/cinder/cinder/volume/drivers/remotefs.py:896}}
Aug 05 10:29:45 devstack cinder-volume[88736]: DEBUG oslo.privsep.daemon [-] privsep: reply[a9d66603-85be-40df-b868-a0c0bf7abe64]: (4, 'qcow2') {{(pid=90235) _call_back /opt/stack/data/venv/lib/python3.12/site-packages/oslo_privsep/daemon.py:580}}
Aug 05 10:29:45 devstack cinder-volume[88736]: DEBUG oslo_concurrency.processutils [None req-0486b89e-d3d5-4d80-9868-045854daff53 tempest-GroupSnapshotsTest-1753681046 None] Running cmd (subprocess): /opt/stack/data/venv/bin/python3.12 -m oslo_concurrency.prlimit --as=1073741824 --cpu=60 -- sudo cinder-rootwrap /etc/cinder/rootwrap.conf env LC_ALL=C qemu-img info -f qcow2 --output=json --force-share /opt/stack/data/cinder/mnt/58ac7b8679e4503f114ae84b9e2cf5bd/volume-35cd6f9d-795d-421f-9262-8b59c3ef23b4 {{(pid=88736) execute /opt/stack/data/venv/lib/python3.12/site-packages/oslo_concurrency/processutils.py:440}}
Aug 05 10:29:45 devstack sudo[96117]: quobyte : PWD=/ ; USER=root ; COMMAND=/opt/stack/data/venv/bin/cinder-rootwrap /etc/cinder/rootwrap.conf env LC_ALL=C qemu-img info -f qcow2 --output=json --force-share /opt/stack/data/cinder/mnt/58ac7b8679e4503f114ae84b9e2cf5bd/volume-35cd6f9d-795d-421f-9262-8b59c3ef23b4
Aug 05 10:29:45 devstack sudo[96117]: pam_unix(sudo:session): session opened for user root(uid=0) by (uid=1000)
Aug 05 10:29:45 devstack sudo[96117]: pam_unix(sudo:session): session closed for user root
Aug 05 10:29:45 devstack cinder-volume[88736]: DEBUG oslo_concurrency.processutils [None req-0486b89e-d3d5-4d80-9868-045854daff53 tempest-GroupSnapshotsTest-1753681046 None] CMD "/opt/stack/data/venv/bin/python3.12 -m oslo_concurrency.prlimit --as=1073741824 --cpu=60 -- sudo cinder-rootwrap /etc/cinder/rootwrap.conf env LC_ALL=C qemu-img info -f qcow2 --output=json --force-share /opt/stack/data/cinder/mnt/58ac7b8679e4503f114ae84b9e2cf5bd/volume-35cd6f9d-795d-421f-9262-8b59c3ef23b4" returned: 0 in 0.615s {{(pid=88736) execute /opt/stack/data/venv/lib/python3.12/site-packages/oslo_concurrency/processutils.py:468}}
Aug 05 10:29:45 devstack cinder-volume[88736]: DEBUG oslo_concurrency.processutils [None req-0486b89e-d3d5-4d80-9868-045854daff53 tempest-GroupSnapshotsTest-1753681046 None] Running cmd (subprocess): sudo cinder-rootwrap /etc/cinder/rootwrap.conf qemu-img commit -d /opt/stack/data/cinder/mnt/58ac7b8679e4503f114ae84b9e2cf5bd/volume-35cd6f9d-795d-421f-9262-8b59c3ef23b4.448e3bb0-8741-435a-8ae9-ece5b9cf75ae {{(pid=88736) execute /opt/stack/data/venv/lib/python3.12/site-packages/oslo_concurrency/processutils.py:440}}
Aug 05 10:29:45 devstack sudo[96123]: quobyte : PWD=/ ; USER=root ; COMMAND=/opt/stack/data/venv/bin/cinder-rootwrap /etc/cinder/rootwrap.conf qemu-img commit -d /opt/stack/data/cinder/mnt/58ac7b8679e4503f114ae84b9e2cf5bd/volume-35cd6f9d-795d-421f-9262-8b59c3ef23b4.448e3bb0-8741-435a-8ae9-ece5b9cf75ae
Aug 05 10:29:45 devstack sudo[96123]: pam_unix(sudo:session): session opened for user root(uid=0) by (uid=1000)
Aug 05 10:29:46 devstack sudo[96123]: pam_unix(sudo:session): session closed for user root
Aug 05 10:29:46 devstack cinder-volume[88736]: DEBUG oslo_concurrency.processutils [None req-0486b89e-d3d5-4d80-9868-045854daff53 tempest-GroupSnapshotsTest-1753681046 None] CMD "sudo cinder-rootwrap /etc/cinder/rootwrap.conf qemu-img commit -d /opt/stack/data/cinder/mnt/58ac7b8679e4503f114ae84b9e2cf5bd/volume-35cd6f9d-795d-421f-9262-8b59c3ef23b4.448e3bb0-8741-435a-8ae9-ece5b9cf75ae" returned: 0 in 0.523s {{(pid=88736) execute /opt/stack/data/venv/lib/python3.12/site-packages/oslo_concurrency/processutils.py:468}}
Aug 05 10:29:46 devstack cinder-volume[88736]: DEBUG oslo_concurrency.processutils [None req-0486b89e-d3d5-4d80-9868-045854daff53 tempest-GroupSnapshotsTest-1753681046 None] Running cmd (subprocess): sudo cinder-rootwrap /etc/cinder/rootwrap.conf rm -f /opt/stack/data/cinder/mnt/58ac7b8679e4503f114ae84b9e2cf5bd/volume-35cd6f9d-795d-421f-9262-8b59c3ef23b4.448e3bb0-8741-435a-8ae9-ece5b9cf75ae {{(pid=88736) execute /opt/stack/data/venv/lib/python3.12/site-packages/oslo_concurrency/processutils.py:440}}
Aug 05 10:29:46 devstack sudo[96129]: quobyte : PWD=/ ; USER=root ; COMMAND=/opt/stack/data/venv/bin/cinder-rootwrap /etc/cinder/rootwrap.conf rm -f /opt/stack/data/cinder/mnt/58ac7b8679e4503f114ae84b9e2cf5bd/volume-35cd6f9d-795d-421f-9262-8b59c3ef23b4.448e3bb0-8741-435a-8ae9-ece5b9cf75ae
Aug 05 10:29:46 devstack sudo[96129]: pam_unix(sudo:session): session opened for user root(uid=0) by (uid=1000)
Aug 05 10:29:46 devstack sudo[96129]: pam_unix(sudo:session): session closed for user root
Aug 05 10:29:46 devstack cinder-volume[88736]: DEBUG oslo_concurrency.processutils [None req-0486b89e-d3d5-4d80-9868-045854daff53 tempest-GroupSnapshotsTest-1753681046 None] CMD "sudo cinder-rootwrap /etc/cinder/rootwrap.conf rm -f /opt/stack/data/cinder/mnt/58ac7b8679e4503f114ae84b9e2cf5bd/volume-35cd6f9d-795d-421f-9262-8b59c3ef23b4.448e3bb0-8741-435a-8ae9-ece5b9cf75ae" returned: 0 in 0.276s {{(pid=88736) execute /opt/stack/data/venv/lib/python3.12/site-packages/oslo_concurrency/processutils.py:468}}
Aug 05 10:29:46 devstack cinder-volume[88736]: DEBUG cinder.coordination [None req-0486b89e-d3d5-4d80-9868-045854daff53 tempest-GroupSnapshotsTest-1753681046 None] Lock "cinder-quobyte-448e3bb0-8741-435a-8ae9-ece5b9cf75ae" released by "_delete_snapshot" :: held 1.995s {{(pid=88736) __release /opt/stack/cinder/cinder/coordination.py:152}}
Aug 05 10:29:46 devstack cinder-volume[88736]: DEBUG cinder.coordination [None req-0486b89e-d3d5-4d80-9868-045854daff53 tempest-GroupSnapshotsTest-1753681046 None] Lock "cinder-quobyte-35cd6f9d-795d-421f-9262-8b59c3ef23b4" released by "delete_snapshot" :: held 2.035s {{(pid=88736) __release /opt/stack/cinder/cinder/coordination.py:152}}
Aug 05 10:29:46 devstack cinder-volume[88736]: WARNING cinder.quota [None req-0486b89e-d3d5-4d80-9868-045854daff53 tempest-GroupSnapshotsTest-1753681046 None] Deprecated: Default quota for resource: snapshots_tempest-GroupSnapshotsTest-volume-type-777101474 is set by the default quota flag: quota_snapshots_tempest-GroupSnapshotsTest-volume-type-777101474, it is now deprecated. Please use the default quota class for default quota.
Aug 05 10:29:46 devstack cinder-volume[88736]: DEBUG cinder.quota [None req-0486b89e-d3d5-4d80-9868-045854daff53 tempest-GroupSnapshotsTest-1753681046 None] Created reservations ['59a9df65-7ae1-4b97-ab75-b3cc8cd84670', 'bbbf8e52-b64d-452a-8164-533570d5d0f2', '7bf8d3cf-6662-49a6-91a5-94c5e9b1f91d', '6228d18f-18cc-4160-8357-770fd6ce0d0d'] {{(pid=88736) reserve /opt/stack/cinder/cinder/quota.py:752}}
Aug 05 10:29:46 devstack cinder-volume[88736]: INFO cinder.volume.manager [None req-0486b89e-d3d5-4d80-9868-045854daff53 tempest-GroupSnapshotsTest-1753681046 None] group_snapshot 82e036ac-d7bb-4502-a91a-afb7df8e42e0: deleted successfully
Aug 05 10:29:47 devstack cinder-volume[88736]: DEBUG cinder.volume.flows.manager.create_volume [None req-9b744ca9-3680-4794-b750-a4e0cd9aaa6a tempest-VolumesCloneNegativeTest-122887514 None] Volume reschedule parameters: True retry: {'num_attempts': 1, 'backends': ['devstack@QuobyteHD#QuobyteHD'], 'hosts': ['devstack@QuobyteHD#QuobyteHD']} {{(pid=88736) get_flow /opt/stack/cinder/cinder/volume/flows/manager/create_volume.py:1397}}
Aug 05 10:29:47 devstack cinder-volume[88736]: DEBUG cinder.volume.manager [None req-9b744ca9-3680-4794-b750-a4e0cd9aaa6a tempest-VolumesCloneNegativeTest-122887514 None] Flow 'volume_create_manager' (3757f852-00d7-4a20-a0c4-f38388c6df62) transitioned into state 'RUNNING' from state 'PENDING' {{(pid=88736) _flow_receiver /opt/stack/data/venv/lib/python3.12/site-packages/taskflow/listeners/logging.py:160}}
Aug 05 10:29:47 devstack cinder-volume[88736]: DEBUG cinder.volume.manager [None req-9b744ca9-3680-4794-b750-a4e0cd9aaa6a tempest-VolumesCloneNegativeTest-122887514 None] Task 'cinder.volume.flows.manager.create_volume.ExtractVolumeRefTask;volume:create' (2f533e07-afec-4999-a081-5163a281c405) transitioned into state 'RUNNING' from state 'PENDING' {{(pid=88736) _task_receiver /opt/stack/data/venv/lib/python3.12/site-packages/taskflow/listeners/logging.py:242}}
Aug 05 10:29:47 devstack cinder-volume[88736]: DEBUG cinder.volume.manager [None req-9b744ca9-3680-4794-b750-a4e0cd9aaa6a tempest-VolumesCloneNegativeTest-122887514 None] Task 'cinder.volume.flows.manager.create_volume.ExtractVolumeRefTask;volume:create' (2f533e07-afec-4999-a081-5163a281c405) transitioned into state 'SUCCESS' from state 'RUNNING' with result 'Volume(_name_id=None,admin_metadata=,attach_status='detached',availability_zone='nova',bootable=False,cluster=,cluster_name=None,consistencygroup=,consistencygroup_id=None,created_at=2026-08-05T08:29:47Z,deleted=False,deleted_at=None,display_description=None,display_name='tempest-VolumesCloneNegativeTest-Volume-1313488048',ec2_id=None,encryption_key_id=None,glance_metadata=,group=,group_id=None,host='devstack@QuobyteHD#QuobyteHD',id=d3cb431c-67fa-4010-bf79-3cdb3da278f8,launched_at=None,metadata={},migration_status=None,multiattach=False,previous_status=None,project_id='c94839857fc541f6997db6a897d41a18',provider_auth=None,provider_geometry=None,provider_id=None,provider_location=None,replication_driver_data=None,replication_extended_status=None,replication_status=None,scheduled_at=2026-08-05T08:29:47Z,service_uuid=None,shared_targets=True,size=2,snapshot_id=None,snapshots=,source_volid=None,status='creating',terminated_at=None,updated_at=2026-08-05T08:29:47Z,use_quota=True,user_id='00dfa0ce5225460bb6c479ed70c2aee0',volume_attachment=VolumeAttachmentList,volume_type=VolumeType(03e559df-80e8-4a86-8fd4-4d6ca4d25413),volume_type_id=03e559df-80e8-4a86-8fd4-4d6ca4d25413)' {{(pid=88736) _task_receiver /opt/stack/data/venv/lib/python3.12/site-packages/taskflow/listeners/logging.py:218}}
