Aug 05 10:19:03 devstack devstack@g-api.service[78346]: DEBUG glance.common.config [None req-e3bf3f36-d52f-4ab5-aba5-d4b90d504c80 None None] barbican_service_user.collect_timing = False {{(pid=78346) log_opt_values /opt/stack/data/venv/lib/python3.12/site-packages/oslo_config/cfg.py:3545}}
Aug 05 10:19:03 devstack devstack@g-api.service[78346]: DEBUG glance.common.config [None req-e3bf3f36-d52f-4ab5-aba5-d4b90d504c80 None None] barbican_service_user.insecure = False {{(pid=78346) log_opt_values /opt/stack/data/venv/lib/python3.12/site-packages/oslo_config/cfg.py:3545}}
Aug 05 10:19:03 devstack devstack@g-api.service[78346]: DEBUG glance.common.config [None req-e3bf3f36-d52f-4ab5-aba5-d4b90d504c80 None None] barbican_service_user.keyfile = None {{(pid=78346) log_opt_values /opt/stack/data/venv/lib/python3.12/site-packages/oslo_config/cfg.py:3545}}
Aug 05 10:19:03 devstack devstack@g-api.service[78346]: DEBUG glance.common.config [None req-e3bf3f36-d52f-4ab5-aba5-d4b90d504c80 None None] barbican_service_user.split_loggers = False {{(pid=78346) log_opt_values /opt/stack/data/venv/lib/python3.12/site-packages/oslo_config/cfg.py:3545}}
Aug 05 10:19:03 devstack devstack@g-api.service[78346]: DEBUG glance.common.config [None req-e3bf3f36-d52f-4ab5-aba5-d4b90d504c80 None None] barbican_service_user.timeout = None {{(pid=78346) log_opt_values /opt/stack/data/venv/lib/python3.12/site-packages/oslo_config/cfg.py:3545}}
Aug 05 10:19:03 devstack devstack@g-api.service[78346]: DEBUG glance.common.config [None req-e3bf3f36-d52f-4ab5-aba5-d4b90d504c80 None None] database.asyncio_connection = **** {{(pid=78346) log_opt_values /opt/stack/data/venv/lib/python3.12/site-packages/oslo_config/cfg.py:3545}}
Aug 05 10:19:03 devstack devstack@g-api.service[78346]: DEBUG glance.common.config [None req-e3bf3f36-d52f-4ab5-aba5-d4b90d504c80 None None] database.asyncio_slave_connection = **** {{(pid=78346) log_opt_values /opt/stack/data/venv/lib/python3.12/site-packages/oslo_config/cfg.py:3545}}
Aug 05 10:19:03 devstack devstack@g-api.service[78346]: DEBUG glance.common.config [None req-e3bf3f36-d52f-4ab5-aba5-d4b90d504c80 None None] database.backend = sqlalchemy {{(pid=78346) log_opt_values /opt/stack/data/venv/lib/python3.12/site-packages/oslo_config/cfg.py:3545}}
Aug 05 10:19:03 devstack devstack@g-api.service[78346]: DEBUG glance.common.config [None req-e3bf3f36-d52f-4ab5-aba5-d4b90d504c80 None None] database.connection = **** {{(pid=78346) log_opt_values /opt/stack/data/venv/lib/python3.12/site-packages/oslo_config/cfg.py:3545}}
Aug 05 10:19:03 devstack devstack@g-api.service[78346]: DEBUG glance.common.config [None req-e3bf3f36-d52f-4ab5-aba5-d4b90d504c80 None None] database.connection_debug = 0 {{(pid=78346) log_opt_values /opt/stack/data/venv/lib/python3.12/site-packages/oslo_config/cfg.py:3545}}
Aug 05 10:19:03 devstack devstack@g-api.service[78346]: DEBUG glance.common.config [None req-e3bf3f36-d52f-4ab5-aba5-d4b90d504c80 None None] database.connection_parameters = {{(pid=78346) log_opt_values /opt/stack/data/venv/lib/python3.12/site-packages/oslo_config/cfg.py:3545}}
Aug 05 10:19:03 devstack devstack@g-api.service[78346]: DEBUG glance.common.config [None req-e3bf3f36-d52f-4ab5-aba5-d4b90d504c80 None None] database.connection_recycle_time = 3600 {{(pid=78346) log_opt_values /opt/stack/data/venv/lib/python3.12/site-packages/oslo_config/cfg.py:3545}}
Aug 05 10:19:03 devstack devstack@g-api.service[78346]: DEBUG glance.common.config [None req-e3bf3f36-d52f-4ab5-aba5-d4b90d504c80 None None] database.connection_trace = False {{(pid=78346) log_opt_values /opt/stack/data/venv/lib/python3.12/site-packages/oslo_config/cfg.py:3545}}
Aug 05 10:19:03 devstack devstack@g-api.service[78346]: DEBUG glance.common.config [None req-e3bf3f36-d52f-4ab5-aba5-d4b90d504c80 None None] database.db_inc_retry_interval = True {{(pid=78346) log_opt_values /opt/stack/data/venv/lib/python3.12/site-packages/oslo_config/cfg.py:3545}}
Aug 05 10:19:03 devstack devstack@g-api.service[78346]: DEBUG glance.common.config [None req-e3bf3f36-d52f-4ab5-aba5-d4b90d504c80 None None] database.db_max_retries = 20 {{(pid=78346) log_opt_values /opt/stack/data/venv/lib/python3.12/site-packages/oslo_config/cfg.py:3545}}
Aug 05 10:19:03 devstack devstack@g-api.service[78346]: DEBUG glance.common.config [None req-e3bf3f36-d52f-4ab5-aba5-d4b90d504c80 None None] database.db_max_retry_interval = 10 {{(pid=78346) log_opt_values /opt/stack/data/venv/lib/python3.12/site-packages/oslo_config/cfg.py:3545}}
Aug 05 10:19:03 devstack devstack@g-api.service[78346]: DEBUG glance.common.config [None req-e3bf3f36-d52f-4ab5-aba5-d4b90d504c80 None None] database.db_retry_interval = 1 {{(pid=78346) log_opt_values /opt/stack/data/venv/lib/python3.12/site-packages/oslo_config/cfg.py:3545}}
Aug 05 10:19:03 devstack devstack@g-api.service[78346]: DEBUG glance.common.config [None req-e3bf3f36-d52f-4ab5-aba5-d4b90d504c80 None None] database.max_overflow = 50 {{(pid=78346) log_opt_values /opt/stack/data/venv/lib/python3.12/site-packages/oslo_config/cfg.py:3545}}
Aug 05 10:19:03 devstack devstack@g-api.service[78346]: DEBUG glance.common.config [None req-e3bf3f36-d52f-4ab5-aba5-d4b90d504c80 None None] database.max_pool_size = 5 {{(pid=78346) log_opt_values /opt/stack/data/venv/lib/python3.12/site-packages/oslo_config/cfg.py:3545}}
Aug 05 10:19:03 devstack devstack@g-api.service[78346]: DEBUG glance.common.config [None req-e3bf3f36-d52f-4ab5-aba5-d4b90d504c80 None None] database.max_retries = 10 {{(pid=78346) log_opt_values /opt/stack/data/venv/lib/python3.12/site-packages/oslo_config/cfg.py:3545}}
Aug 05 10:19:03 devstack devstack@g-api.service[78346]: DEBUG glance.common.config [None req-e3bf3f36-d52f-4ab5-aba5-d4b90d504c80 None None] database.mysql_sql_mode = TRADITIONAL {{(pid=78346) log_opt_values /opt/stack/data/venv/lib/python3.12/site-packages/oslo_config/cfg.py:3545}}
Aug 05 10:19:03 devstack devstack@g-api.service[78346]: DEBUG glance.common.config [None req-e3bf3f36-d52f-4ab5-aba5-d4b90d504c80 None None] database.mysql_wsrep_sync_wait = None {{(pid=78346) log_opt_values /opt/stack/data/venv/lib/python3.12/site-packages/oslo_config/cfg.py:3545}}
Aug 05 10:19:03 devstack devstack@g-api.service[78346]: DEBUG glance.common.config [None req-e3bf3f36-d52f-4ab5-aba5-d4b90d504c80 None None] database.pool_timeout = None {{(pid=78346) log_opt_values /opt/stack/data/venv/lib/python3.12/site-packages/oslo_config/cfg.py:3545}}
Aug 05 10:19:03 devstack devstack@g-api.service[78346]: DEBUG glance.common.config [None req-e3bf3f36-d52f-4ab5-aba5-d4b90d504c80 None None] database.retry_interval = 10 {{(pid=78346) log_opt_values /opt/stack/data/venv/lib/python3.12/site-packages/oslo_config/cfg.py:3545}}
Aug 05 10:19:03 devstack devstack@g-api.service[78346]: DEBUG glance.common.config [None req-e3bf3f36-d52f-4ab5-aba5-d4b90d504c80 None None] database.slave_connection = **** {{(pid=78346) log_opt_values /opt/stack/data/venv/lib/python3.12/site-packages/oslo_config/cfg.py:3545}}
Aug 05 10:19:03 devstack devstack@g-api.service[78346]: DEBUG glance.common.config [None req-e3bf3f36-d52f-4ab5-aba5-d4b90d504c80 None None] database.sqlite_synchronous = True {{(pid=78346) log_opt_values /opt/stack/data/venv/lib/python3.12/site-packages/oslo_config/cfg.py:3545}}
Aug 05 10:19:03 devstack devstack@g-api.service[78346]: DEBUG glance.common.config [None req-e3bf3f36-d52f-4ab5-aba5-d4b90d504c80 None None] database.synchronous_reader = True {{(pid=78346) log_opt_values /opt/stack/data/venv/lib/python3.12/site-packages/oslo_config/cfg.py:3545}}
Aug 05 10:19:03 devstack devstack@g-api.service[78346]: DEBUG glance.common.config [None req-e3bf3f36-d52f-4ab5-aba5-d4b90d504c80 None None] database.use_db_reconnect = False {{(pid=78346) log_opt_values /opt/stack/data/venv/lib/python3.12/site-packages/oslo_config/cfg.py:3545}}
Aug 05 10:19:03 devstack devstack@g-api.service[78346]: DEBUG glance.common.config [None req-e3bf3f36-d52f-4ab5-aba5-d4b90d504c80 None None] healthcheck.allowed_source_ranges = [] {{(pid=78346) log_opt_values /opt/stack/data/venv/lib/python3.12/site-packages/oslo_config/cfg.py:3545}}
Aug 05 10:19:03 devstack devstack@g-api.service[78346]: DEBUG glance.common.config [None req-e3bf3f36-d52f-4ab5-aba5-d4b90d504c80 None None] healthcheck.backends = ['disable_by_file'] {{(pid=78346) log_opt_values /opt/stack/data/venv/lib/python3.12/site-packages/oslo_config/cfg.py:3545}}
Aug 05 10:19:03 devstack devstack@g-api.service[78346]: DEBUG glance.common.config [None req-e3bf3f36-d52f-4ab5-aba5-d4b90d504c80 None None] healthcheck.detailed = False {{(pid=78346) log_opt_values /opt/stack/data/venv/lib/python3.12/site-packages/oslo_config/cfg.py:3545}}
Aug 05 10:19:03 devstack devstack@g-api.service[78346]: DEBUG glance.common.config [None req-e3bf3f36-d52f-4ab5-aba5-d4b90d504c80 None None] healthcheck.disable_by_file_path = None {{(pid=78346) log_opt_values /opt/stack/data/venv/lib/python3.12/site-packages/oslo_config/cfg.py:3545}}
Aug 05 10:19:03 devstack devstack@g-api.service[78346]: DEBUG glance.common.config [None req-e3bf3f36-d52f-4ab5-aba5-d4b90d504c80 None None] healthcheck.ignore_proxied_requests = False {{(pid=78346) log_opt_values /opt/stack/data/venv/lib/python3.12/site-packages/oslo_config/cfg.py:3545}}
Aug 05 10:19:03 devstack devstack@g-api.service[78346]: DEBUG glance.common.config [None req-e3bf3f36-d52f-4ab5-aba5-d4b90d504c80 None None] ******************************************************************************** {{(pid=78346) log_opt_values /opt/stack/data/venv/lib/python3.12/site-packages/oslo_config/cfg.py:3552}}
Aug 05 10:19:03 devstack devstack@g-api.service[78346]: WSGI app 0 (mountpoint='') ready in 5 seconds on interpreter 0x7a5464aa4668 pid: 78346 (default app)
Aug 05 10:19:07 devstack devstack@g-api.service[78345]: DEBUG glance.api.middleware.version_negotiation [None req-c6856a89-95ec-43e9-8c2b-1c7cedde9dd2 None None] Determining version of request: GET / Accept: application/json {{(pid=78345) process_request /opt/stack/glance/glance/api/middleware/version_negotiation.py:44}}
Aug 05 10:19:07 devstack devstack@g-api.service[78345]: DEBUG glance.api.middleware.version_negotiation [None req-c6856a89-95ec-43e9-8c2b-1c7cedde9dd2 None None] Using url versioning {{(pid=78345) process_request /opt/stack/glance/glance/api/middleware/version_negotiation.py:57}}
Aug 05 10:19:07 devstack devstack@g-api.service[78345]: DEBUG glance.api.middleware.version_negotiation [None req-c6856a89-95ec-43e9-8c2b-1c7cedde9dd2 None None] Unknown version. Returning version choices. {{(pid=78345) process_request /opt/stack/glance/glance/api/middleware/version_negotiation.py:64}}
Aug 05 10:19:07 devstack devstack@g-api.service[78345]: [pid: 78345|app: 0|req: 2/2] 127.0.0.1 () {34 vars in 516 bytes} [Wed Aug 5 10:19:07 2026] GET / => generated 1557 bytes in 2 msecs (HTTP/1.1 300) 3 headers in 106 bytes (1 switches on core 0)
Aug 05 10:19:07 devstack devstack@g-api.service[78346]: DEBUG glance.api.middleware.version_negotiation [None req-e3bf3f36-d52f-4ab5-aba5-d4b90d504c80 None None] Determining version of request: POST /v2/images Accept: */* {{(pid=78346) process_request /opt/stack/glance/glance/api/middleware/version_negotiation.py:44}}
Aug 05 10:19:07 devstack devstack@g-api.service[78346]: DEBUG glance.api.middleware.version_negotiation [None req-e3bf3f36-d52f-4ab5-aba5-d4b90d504c80 None None] Using url versioning {{(pid=78346) process_request /opt/stack/glance/glance/api/middleware/version_negotiation.py:57}}
Aug 05 10:19:07 devstack devstack@g-api.service[78346]: DEBUG glance.api.middleware.version_negotiation [None req-e3bf3f36-d52f-4ab5-aba5-d4b90d504c80 None None] Matched version: v2 {{(pid=78346) process_request /opt/stack/glance/glance/api/middleware/version_negotiation.py:69}}
Aug 05 10:19:07 devstack devstack@g-api.service[78346]: DEBUG glance.api.middleware.version_negotiation [None req-e3bf3f36-d52f-4ab5-aba5-d4b90d504c80 None None] new path /v2/images {{(pid=78346) process_request /opt/stack/glance/glance/api/middleware/version_negotiation.py:70}}
Aug 05 10:19:08 devstack devstack@g-api.service[78346]: [pid: 78346|app: 0|req: 1/3] 127.0.0.1 () {40 vars in 779 bytes} [Wed Aug 5 10:19:07 2026] POST /v2/images => generated 807 bytes in 1207 msecs (HTTP/1.1 201) 6 headers in 314 bytes (1 switches on core 0)
Aug 05 10:19:08 devstack devstack@g-api.service[78345]: DEBUG glance.api.middleware.version_negotiation [None req-c6856a89-95ec-43e9-8c2b-1c7cedde9dd2 None None] Determining version of request: PUT /v2/images/619f1530-41da-4b56-a554-65c809c7c1ea/file Accept: {{(pid=78345) process_request /opt/stack/glance/glance/api/middleware/version_negotiation.py:44}}
Aug 05 10:19:08 devstack devstack@g-api.service[78345]: DEBUG glance.api.middleware.version_negotiation [None req-c6856a89-95ec-43e9-8c2b-1c7cedde9dd2 None None] Using url versioning {{(pid=78345) process_request /opt/stack/glance/glance/api/middleware/version_negotiation.py:57}}
Aug 05 10:19:08 devstack devstack@g-api.service[78345]: DEBUG glance.api.middleware.version_negotiation [None req-c6856a89-95ec-43e9-8c2b-1c7cedde9dd2 None None] Matched version: v2 {{(pid=78345) process_request /opt/stack/glance/glance/api/middleware/version_negotiation.py:69}}
Aug 05 10:19:08 devstack devstack@g-api.service[78345]: DEBUG glance.api.middleware.version_negotiation [None req-c6856a89-95ec-43e9-8c2b-1c7cedde9dd2 None None] new path /v2/images/619f1530-41da-4b56-a554-65c809c7c1ea/file {{(pid=78345) process_request /opt/stack/glance/glance/api/middleware/version_negotiation.py:70}}
Aug 05 10:19:09 devstack devstack@g-api.service[78345]: INFO glance.api.v2.image_data [None req-8586b072-9dfb-43a6-92ed-61345e3479c3 admin admin] Unable to create trust: no such option collect_timing in group [keystone_authtoken] Use the existing user token.
Aug 05 10:19:10 devstack devstack@g-api.service[78345]: DEBUG glance.location [None req-8586b072-9dfb-43a6-92ed-61345e3479c3 admin admin] Enabling in-flight format inspection for qcow2 {{(pid=78345) set_data /opt/stack/glance/glance/location.py:596}}
Aug 05 10:19:10 devstack devstack@g-api.service[78345]: DEBUG oslo_utils.imageutils.format_inspector [None req-8586b072-9dfb-43a6-92ed-61345e3479c3 admin admin] Format inspector for vmdk does not match, excluding from consideration (Signature KDMV not found: b'QFI\xfb') {{(pid=78345) _process_chunk /opt/stack/data/venv/lib/python3.12/site-packages/oslo_utils/imageutils/format_inspector.py:1758}}
Aug 05 10:19:10 devstack devstack@g-api.service[78345]: DEBUG oslo_utils.imageutils.format_inspector [None req-8586b072-9dfb-43a6-92ed-61345e3479c3 admin admin] Format inspector for vhdx does not match, excluding from consideration (Region signature not found at 30000) {{(pid=78345) _process_chunk /opt/stack/data/venv/lib/python3.12/site-packages/oslo_utils/imageutils/format_inspector.py:1758}}
Aug 05 10:19:10 devstack devstack@g-api.service[78345]: DEBUG glance_store._drivers.filesystem [None req-8586b072-9dfb-43a6-92ed-61345e3479c3 admin admin] Wrote 21692416 bytes to /opt/stack/data/glance/images/619f1530-41da-4b56-a554-65c809c7c1ea with checksum 87617e24a5e30cb3b87fda8c0764838f and multihash 9a9bce0083a00939ec17c11febbfc767aa211aaa54f51e75c5a8b271a9b5637c77205a518b7a2007cb391d23cceb01e0e4e8d64832317151bc85b734b92a7be0 {{(pid=78345) add /opt/stack/data/venv/lib/python3.12/site-packages/glance_store/_drivers/filesystem.py:899}}
Aug 05 10:19:10 devstack devstack@g-api.service[78345]: INFO glance.location [None req-8586b072-9dfb-43a6-92ed-61345e3479c3 admin admin] Image format matched and virtual size computed: 117440512
Aug 05 10:19:10 devstack devstack@g-api.service[78345]: DEBUG glance_store.backend [None req-8586b072-9dfb-43a6-92ed-61345e3479c3 admin admin] Skipping store.set_acls... not implemented. {{(pid=78345) set_acls /opt/stack/data/venv/lib/python3.12/site-packages/glance_store/backend.py:507}}
Aug 05 10:19:10 devstack devstack@g-api.service[78345]: [pid: 78345|app: 0|req: 3/4] 127.0.0.1 () {42 vars in 911 bytes} [Wed Aug 5 10:19:08 2026] PUT /v2/images/619f1530-41da-4b56-a554-65c809c7c1ea/file => generated 0 bytes in 1767 msecs (HTTP/1.1 204) 4 headers in 171 bytes (1 switches on core 0)
Aug 05 10:19:10 devstack devstack@g-api.service[78346]: DEBUG glance.api.middleware.version_negotiation [None req-14c0c1ad-7d27-43d3-83cb-f7205162040e admin admin] Determining version of request: GET /v2/images/619f1530-41da-4b56-a554-65c809c7c1ea Accept: */* {{(pid=78346) process_request /opt/stack/glance/glance/api/middleware/version_negotiation.py:44}}
Aug 05 10:19:10 devstack devstack@g-api.service[78346]: DEBUG glance.api.middleware.version_negotiation [None req-14c0c1ad-7d27-43d3-83cb-f7205162040e admin admin] Using url versioning {{(pid=78346) process_request /opt/stack/glance/glance/api/middleware/version_negotiation.py:57}}
Aug 05 10:19:10 devstack devstack@g-api.service[78346]: DEBUG glance.api.middleware.version_negotiation [None req-14c0c1ad-7d27-43d3-83cb-f7205162040e admin admin] Matched version: v2 {{(pid=78346) process_request /opt/stack/glance/glance/api/middleware/version_negotiation.py:69}}
Aug 05 10:19:10 devstack devstack@g-api.service[78346]: DEBUG glance.api.middleware.version_negotiation [None req-14c0c1ad-7d27-43d3-83cb-f7205162040e admin admin] new path /v2/images/619f1530-41da-4b56-a554-65c809c7c1ea {{(pid=78346) process_request /opt/stack/glance/glance/api/middleware/version_negotiation.py:70}}
Aug 05 10:19:10 devstack devstack@g-api.service[78346]: [pid: 78346|app: 0|req: 2/5] 127.0.0.1 () {36 vars in 799 bytes} [Wed Aug 5 10:19:10 2026] GET /v2/images/619f1530-41da-4b56-a554-65c809c7c1ea => generated 976 bytes in 20 msecs (HTTP/1.1 200) 4 headers in 157 bytes (1 switches on core 0)
Aug 05 10:19:20 devstack devstack@g-api.service[78345]: DEBUG dbcounter [-] [78345] Writing DB stats glance:INSERT=5,glance:SELECT=16,glance:UPDATE=2 {{(pid=78345) stat_writer /opt/stack/data/venv/lib/python3.12/site-packages/dbcounter.py:115}}
Aug 05 10:19:20 devstack devstack@g-api.service[78346]: DEBUG dbcounter [-] [78346] Writing DB stats glance:INSERT=9,glance:SELECT=6 {{(pid=78346) stat_writer /opt/stack/data/venv/lib/python3.12/site-packages/dbcounter.py:115}}
Aug 05 10:19:53 devstack devstack@g-api.service[78345]: DEBUG glance.api.middleware.version_negotiation [None req-8586b072-9dfb-43a6-92ed-61345e3479c3 admin admin] Determining version of request: GET / Accept: application/json {{(pid=78345) process_request /opt/stack/glance/glance/api/middleware/version_negotiation.py:44}}
Aug 05 10:19:53 devstack devstack@g-api.service[78345]: DEBUG glance.api.middleware.version_negotiation [None req-8586b072-9dfb-43a6-92ed-61345e3479c3 admin admin] Using url versioning {{(pid=78345) process_request /opt/stack/glance/glance/api/middleware/version_negotiation.py:57}}
Aug 05 10:19:53 devstack devstack@g-api.service[78345]: DEBUG glance.api.middleware.version_negotiation [None req-8586b072-9dfb-43a6-92ed-61345e3479c3 admin admin] Unknown version. Returning version choices. {{(pid=78345) process_request /opt/stack/glance/glance/api/middleware/version_negotiation.py:64}}
Aug 05 10:19:53 devstack devstack@g-api.service[78345]: [pid: 78345|app: 0|req: 4/6] 127.0.0.1 () {34 vars in 516 bytes} [Wed Aug 5 10:19:53 2026] GET / => generated 1557 bytes in 3 msecs (HTTP/1.1 300) 3 headers in 106 bytes (1 switches on core 0)
Aug 05 10:19:53 devstack devstack@g-api.service[78346]: DEBUG glance.api.middleware.version_negotiation [None req-3aec3bc0-72b9-4d4c-b513-b0379fa244d3 admin admin] Determining version of request: GET /v2/images Accept: application/json {{(pid=78346) process_request /opt/stack/glance/glance/api/middleware/version_negotiation.py:44}}
Aug 05 10:19:53 devstack devstack@g-api.service[78346]: DEBUG glance.api.middleware.version_negotiation [None req-3aec3bc0-72b9-4d4c-b513-b0379fa244d3 admin admin] Using url versioning {{(pid=78346) process_request /opt/stack/glance/glance/api/middleware/version_negotiation.py:57}}
Aug 05 10:19:53 devstack devstack@g-api.service[78346]: DEBUG glance.api.middleware.version_negotiation [None req-3aec3bc0-72b9-4d4c-b513-b0379fa244d3 admin admin] Matched version: v2 {{(pid=78346) process_request /opt/stack/glance/glance/api/middleware/version_negotiation.py:69}}
Aug 05 10:19:53 devstack devstack@g-api.service[78346]: DEBUG glance.api.middleware.version_negotiation [None req-3aec3bc0-72b9-4d4c-b513-b0379fa244d3 admin admin] new path /v2/images {{(pid=78346) process_request /opt/stack/glance/glance/api/middleware/version_negotiation.py:70}}
Aug 05 10:19:53 devstack devstack@g-api.service[78346]: [pid: 78346|app: 0|req: 3/7] 127.0.0.1 () {36 vars in 738 bytes} [Wed Aug 5 10:19:53 2026] GET /v2/images => generated 1045 bytes in 99 msecs (HTTP/1.1 200) 4 headers in 158 bytes (1 switches on core 0)
Aug 05 10:20:02 devstack devstack@g-api.service[78345]: DEBUG glance.api.middleware.version_negotiation [None req-8586b072-9dfb-43a6-92ed-61345e3479c3 admin admin] Determining version of request: GET / Accept: application/json {{(pid=78345) process_request /opt/stack/glance/glance/api/middleware/version_negotiation.py:44}}
Aug 05 10:20:02 devstack devstack@g-api.service[78345]: DEBUG glance.api.middleware.version_negotiation [None req-8586b072-9dfb-43a6-92ed-61345e3479c3 admin admin] Using url versioning {{(pid=78345) process_request /opt/stack/glance/glance/api/middleware/version_negotiation.py:57}}
Aug 05 10:20:02 devstack devstack@g-api.service[78345]: DEBUG glance.api.middleware.version_negotiation [None req-8586b072-9dfb-43a6-92ed-61345e3479c3 admin admin] Unknown version. Returning version choices. {{(pid=78345) process_request /opt/stack/glance/glance/api/middleware/version_negotiation.py:64}}
Aug 05 10:20:02 devstack devstack@g-api.service[78345]: [pid: 78345|app: 0|req: 5/8] 127.0.0.1 () {34 vars in 516 bytes} [Wed Aug 5 10:20:02 2026] GET / => generated 1557 bytes in 2 msecs (HTTP/1.1 300) 3 headers in 106 bytes (1 switches on core 0)
Aug 05 10:20:02 devstack devstack@g-api.service[78346]: DEBUG glance.api.middleware.version_negotiation [None req-82d5d7c0-434a-43fd-b752-09b35f51dd64 admin admin] Determining version of request: GET /v2/images/619f1530-41da-4b56-a554-65c809c7c1ea Accept: */* {{(pid=78346) process_request /opt/stack/glance/glance/api/middleware/version_negotiation.py:44}}
Aug 05 10:20:02 devstack devstack@g-api.service[78346]: DEBUG glance.api.middleware.version_negotiation [None req-82d5d7c0-434a-43fd-b752-09b35f51dd64 admin admin] Using url versioning {{(pid=78346) process_request /opt/stack/glance/glance/api/middleware/version_negotiation.py:57}}
Aug 05 10:20:02 devstack devstack@g-api.service[78346]: DEBUG glance.api.middleware.version_negotiation [None req-82d5d7c0-434a-43fd-b752-09b35f51dd64 admin admin] Matched version: v2 {{(pid=78346) process_request /opt/stack/glance/glance/api/middleware/version_negotiation.py:69}}
Aug 05 10:20:02 devstack devstack@g-api.service[78346]: DEBUG glance.api.middleware.version_negotiation [None req-82d5d7c0-434a-43fd-b752-09b35f51dd64 admin admin] new path /v2/images/619f1530-41da-4b56-a554-65c809c7c1ea {{(pid=78346) process_request /opt/stack/glance/glance/api/middleware/version_negotiation.py:70}}
Aug 05 10:20:03 devstack devstack@g-api.service[78346]: [pid: 78346|app: 0|req: 4/9] 127.0.0.1 () {36 vars in 799 bytes} [Wed Aug 5 10:20:02 2026] GET /v2/images/619f1530-41da-4b56-a554-65c809c7c1ea => generated 976 bytes in 78 msecs (HTTP/1.1 200) 4 headers in 157 bytes (1 switches on core 0)
Aug 05 10:20:09 devstack devstack@g-api.service[78345]: DEBUG glance.api.middleware.version_negotiation [None req-8586b072-9dfb-43a6-92ed-61345e3479c3 admin admin] Determining version of request: GET / Accept: application/json {{(pid=78345) process_request /opt/stack/glance/glance/api/middleware/version_negotiation.py:44}}
Aug 05 10:20:09 devstack devstack@g-api.service[78345]: DEBUG glance.api.middleware.version_negotiation [None req-8586b072-9dfb-43a6-92ed-61345e3479c3 admin admin] Using url versioning {{(pid=78345) process_request /opt/stack/glance/glance/api/middleware/version_negotiation.py:57}}
Aug 05 10:20:09 devstack devstack@g-api.service[78345]: DEBUG glance.api.middleware.version_negotiation [None req-8586b072-9dfb-43a6-92ed-61345e3479c3 admin admin] Unknown version. Returning version choices. {{(pid=78345) process_request /opt/stack/glance/glance/api/middleware/version_negotiation.py:64}}
Aug 05 10:20:09 devstack devstack@g-api.service[78345]: [pid: 78345|app: 0|req: 6/10] 127.0.0.1 () {34 vars in 516 bytes} [Wed Aug 5 10:20:09 2026] GET / => generated 1557 bytes in 2 msecs (HTTP/1.1 300) 3 headers in 106 bytes (1 switches on core 0)
Aug 05 10:20:09 devstack devstack@g-api.service[78346]: DEBUG glance.api.middleware.version_negotiation [None req-92ba1ae5-cd4e-4d68-a63e-97487fbbb0ae admin admin] Determining version of request: GET /v2/images/619f1530-41da-4b56-a554-65c809c7c1ea Accept: */* {{(pid=78346) process_request /opt/stack/glance/glance/api/middleware/version_negotiation.py:44}}
Aug 05 10:20:09 devstack devstack@g-api.service[78346]: DEBUG glance.api.middleware.version_negotiation [None req-92ba1ae5-cd4e-4d68-a63e-97487fbbb0ae admin admin] Using url versioning {{(pid=78346) process_request /opt/stack/glance/glance/api/middleware/version_negotiation.py:57}}
Aug 05 10:20:09 devstack devstack@g-api.service[78346]: DEBUG glance.api.middleware.version_negotiation [None req-92ba1ae5-cd4e-4d68-a63e-97487fbbb0ae admin admin] Matched version: v2 {{(pid=78346) process_request /opt/stack/glance/glance/api/middleware/version_negotiation.py:69}}
Aug 05 10:20:09 devstack devstack@g-api.service[78346]: DEBUG glance.api.middleware.version_negotiation [None req-92ba1ae5-cd4e-4d68-a63e-97487fbbb0ae admin admin] new path /v2/images/619f1530-41da-4b56-a554-65c809c7c1ea {{(pid=78346) process_request /opt/stack/glance/glance/api/middleware/version_negotiation.py:70}}
Aug 05 10:20:09 devstack devstack@g-api.service[78346]: [pid: 78346|app: 0|req: 5/11] 127.0.0.1 () {36 vars in 799 bytes} [Wed Aug 5 10:20:09 2026] GET /v2/images/619f1530-41da-4b56-a554-65c809c7c1ea => generated 976 bytes in 74 msecs (HTTP/1.1 200) 4 headers in 157 bytes (1 switches on core 0)
Aug 05 10:20:19 devstack devstack@g-api.service[78346]: DEBUG dbcounter [-] [78346] Writing DB stats glance:SELECT=5 {{(pid=78346) stat_writer /opt/stack/data/venv/lib/python3.12/site-packages/dbcounter.py:115}}
Aug 05 10:21:26 devstack devstack@g-api.service[78345]: DEBUG glance.api.middleware.version_negotiation [None req-8586b072-9dfb-43a6-92ed-61345e3479c3 admin admin] Determining version of request: GET / Accept: application/json {{(pid=78345) process_request /opt/stack/glance/glance/api/middleware/version_negotiation.py:44}}
Aug 05 10:21:26 devstack devstack@g-api.service[78345]: DEBUG glance.api.middleware.version_negotiation [None req-8586b072-9dfb-43a6-92ed-61345e3479c3 admin admin] Using url versioning {{(pid=78345) process_request /opt/stack/glance/glance/api/middleware/version_negotiation.py:57}}
Aug 05 10:21:26 devstack devstack@g-api.service[78345]: DEBUG glance.api.middleware.version_negotiation [None req-8586b072-9dfb-43a6-92ed-61345e3479c3 admin admin] Unknown version. Returning version choices. {{(pid=78345) process_request /opt/stack/glance/glance/api/middleware/version_negotiation.py:64}}
Aug 05 10:21:26 devstack devstack@g-api.service[78345]: [pid: 78345|app: 0|req: 7/12] 127.0.0.1 () {36 vars in 485 bytes} [Wed Aug 5 10:21:26 2026] GET / => generated 1557 bytes in 2 msecs (HTTP/1.1 300) 3 headers in 106 bytes (1 switches on core 0)
Aug 05 10:24:30 devstack devstack@g-api.service[78346]: DEBUG glance.api.middleware.version_negotiation [None req-52eeaad7-e271-438b-9600-43dc13ee2b9c admin admin] Determining version of request: GET / Accept: application/json {{(pid=78346) process_request /opt/stack/glance/glance/api/middleware/version_negotiation.py:44}}
Aug 05 10:24:30 devstack devstack@g-api.service[78346]: DEBUG glance.api.middleware.version_negotiation [None req-52eeaad7-e271-438b-9600-43dc13ee2b9c admin admin] Using url versioning {{(pid=78346) process_request /opt/stack/glance/glance/api/middleware/version_negotiation.py:57}}
Aug 05 10:24:30 devstack devstack@g-api.service[78346]: DEBUG glance.api.middleware.version_negotiation [None req-52eeaad7-e271-438b-9600-43dc13ee2b9c admin admin] Unknown version. Returning version choices. {{(pid=78346) process_request /opt/stack/glance/glance/api/middleware/version_negotiation.py:64}}
Aug 05 10:24:30 devstack devstack@g-api.service[78346]: [pid: 78346|app: 0|req: 6/13] 127.0.0.1 () {34 vars in 502 bytes} [Wed Aug 5 10:24:30 2026] GET / => generated 1557 bytes in 9 msecs (HTTP/1.1 300) 3 headers in 106 bytes (1 switches on core 0)
Aug 05 10:24:30 devstack devstack@g-api.service[78345]: DEBUG glance.api.middleware.version_negotiation [None req-8586b072-9dfb-43a6-92ed-61345e3479c3 admin admin] Determining version of request: GET /v2/images/619f1530-41da-4b56-a554-65c809c7c1ea Accept: */* {{(pid=78345) process_request /opt/stack/glance/glance/api/middleware/version_negotiation.py:44}}
Aug 05 10:24:30 devstack devstack@g-api.service[78345]: DEBUG glance.api.middleware.version_negotiation [None req-8586b072-9dfb-43a6-92ed-61345e3479c3 admin admin] Using url versioning {{(pid=78345) process_request /opt/stack/glance/glance/api/middleware/version_negotiation.py:57}}
Aug 05 10:24:30 devstack devstack@g-api.service[78345]: DEBUG glance.api.middleware.version_negotiation [None req-8586b072-9dfb-43a6-92ed-61345e3479c3 admin admin] Matched version: v2 {{(pid=78345) process_request /opt/stack/glance/glance/api/middleware/version_negotiation.py:69}}
Aug 05 10:24:30 devstack devstack@g-api.service[78345]: DEBUG glance.api.middleware.version_negotiation [None req-8586b072-9dfb-43a6-92ed-61345e3479c3 admin admin] new path /v2/images/619f1530-41da-4b56-a554-65c809c7c1ea {{(pid=78345) process_request /opt/stack/glance/glance/api/middleware/version_negotiation.py:70}}
Aug 05 10:24:31 devstack devstack@g-api.service[78345]: [pid: 78345|app: 0|req: 8/14] 127.0.0.1 () {42 vars in 1058 bytes} [Wed Aug 5 10:24:30 2026] GET /v2/images/619f1530-41da-4b56-a554-65c809c7c1ea => generated 976 bytes in 555 msecs (HTTP/1.1 200) 4 headers in 157 bytes (1 switches on core 0)
Aug 05 10:24:31 devstack devstack@g-api.service[78346]: DEBUG glance.api.middleware.version_negotiation [None req-52eeaad7-e271-438b-9600-43dc13ee2b9c admin admin] Determining version of request: GET /v2/schemas/image Accept: */* {{(pid=78346) process_request /opt/stack/glance/glance/api/middleware/version_negotiation.py:44}}
Aug 05 10:24:31 devstack devstack@g-api.service[78346]: DEBUG glance.api.middleware.version_negotiation [None req-52eeaad7-e271-438b-9600-43dc13ee2b9c admin admin] Using url versioning {{(pid=78346) process_request /opt/stack/glance/glance/api/middleware/version_negotiation.py:57}}
Aug 05 10:24:31 devstack devstack@g-api.service[78346]: DEBUG glance.api.middleware.version_negotiation [None req-52eeaad7-e271-438b-9600-43dc13ee2b9c admin admin] Matched version: v2 {{(pid=78346) process_request /opt/stack/glance/glance/api/middleware/version_negotiation.py:69}}
Aug 05 10:24:31 devstack devstack@g-api.service[78346]: DEBUG glance.api.middleware.version_negotiation [None req-52eeaad7-e271-438b-9600-43dc13ee2b9c admin admin] new path /v2/schemas/image {{(pid=78346) process_request /opt/stack/glance/glance/api/middleware/version_negotiation.py:70}}
Aug 05 10:24:31 devstack devstack@g-api.service[78346]: [pid: 78346|app: 0|req: 7/15] 127.0.0.1 () {42 vars in 998 bytes} [Wed Aug 5 10:24:31 2026] GET /v2/schemas/image => generated 6083 bytes in 18 msecs (HTTP/1.1 200) 4 headers in 158 bytes (1 switches on core 0)
Aug 05 10:24:32 devstack devstack@g-api.service[78345]: DEBUG glance.api.middleware.version_negotiation [None req-a1a79be1-1b80-456b-a8aa-c8b31426715f tempest-AttachVolumeNegativeTest-627035277 tempest-AttachVolumeNegativeTest-627035277-project-member] Determining version of request: GET / Accept: application/json {{(pid=78345) process_request /opt/stack/glance/glance/api/middleware/version_negotiation.py:44}}
Aug 05 10:24:32 devstack devstack@g-api.service[78345]: DEBUG glance.api.middleware.version_negotiation [None req-a1a79be1-1b80-456b-a8aa-c8b31426715f tempest-AttachVolumeNegativeTest-627035277 tempest-AttachVolumeNegativeTest-627035277-project-member] Using url versioning {{(pid=78345) process_request /opt/stack/glance/glance/api/middleware/version_negotiation.py:57}}
Aug 05 10:24:32 devstack devstack@g-api.service[78345]: DEBUG glance.api.middleware.version_negotiation [None req-a1a79be1-1b80-456b-a8aa-c8b31426715f tempest-AttachVolumeNegativeTest-627035277 tempest-AttachVolumeNegativeTest-627035277-project-member] Unknown version. Returning version choices. {{(pid=78345) process_request /opt/stack/glance/glance/api/middleware/version_negotiation.py:64}}
Aug 05 10:24:32 devstack devstack@g-api.service[78345]: [pid: 78345|app: 0|req: 9/16] 127.0.0.1 () {34 vars in 502 bytes} [Wed Aug 5 10:24:32 2026] GET / => generated 1557 bytes in 3 msecs (HTTP/1.1 300) 3 headers in 106 bytes (1 switches on core 0)
Aug 05 10:24:32 devstack devstack@g-api.service[78346]: DEBUG glance.api.middleware.version_negotiation [None req-a1a79be1-1b80-456b-a8aa-c8b31426715f tempest-AttachVolumeNegativeTest-627035277 tempest-AttachVolumeNegativeTest-627035277-project-member] Determining version of request: GET /v2/images/619f1530-41da-4b56-a554-65c809c7c1ea Accept: */* {{(pid=78346) process_request /opt/stack/glance/glance/api/middleware/version_negotiation.py:44}}
Aug 05 10:24:32 devstack devstack@g-api.service[78346]: DEBUG glance.api.middleware.version_negotiation [None req-a1a79be1-1b80-456b-a8aa-c8b31426715f tempest-AttachVolumeNegativeTest-627035277 tempest-AttachVolumeNegativeTest-627035277-project-member] Using url versioning {{(pid=78346) process_request /opt/stack/glance/glance/api/middleware/version_negotiation.py:57}}
Aug 05 10:24:32 devstack devstack@g-api.service[78346]: DEBUG glance.api.middleware.version_negotiation [None req-a1a79be1-1b80-456b-a8aa-c8b31426715f tempest-AttachVolumeNegativeTest-627035277 tempest-AttachVolumeNegativeTest-627035277-project-member] Matched version: v2 {{(pid=78346) process_request /opt/stack/glance/glance/api/middleware/version_negotiation.py:69}}
Aug 05 10:24:32 devstack devstack@g-api.service[78346]: DEBUG glance.api.middleware.version_negotiation [None req-a1a79be1-1b80-456b-a8aa-c8b31426715f tempest-AttachVolumeNegativeTest-627035277 tempest-AttachVolumeNegativeTest-627035277-project-member] new path /v2/images/619f1530-41da-4b56-a554-65c809c7c1ea {{(pid=78346) process_request /opt/stack/glance/glance/api/middleware/version_negotiation.py:70}}
Aug 05 10:24:32 devstack devstack@g-api.service[78346]: [pid: 78346|app: 0|req: 8/17] 127.0.0.1 () {42 vars in 1058 bytes} [Wed Aug 5 10:24:32 2026] GET /v2/images/619f1530-41da-4b56-a554-65c809c7c1ea => generated 976 bytes in 225 msecs (HTTP/1.1 200) 4 headers in 157 bytes (1 switches on core 0)
Aug 05 10:24:32 devstack devstack@g-api.service[78345]: DEBUG glance.api.middleware.version_negotiation [None req-a1a79be1-1b80-456b-a8aa-c8b31426715f tempest-AttachVolumeNegativeTest-627035277 tempest-AttachVolumeNegativeTest-627035277-project-member] Determining version of request: GET /v2/schemas/image Accept: */* {{(pid=78345) process_request /opt/stack/glance/glance/api/middleware/version_negotiation.py:44}}
Aug 05 10:24:32 devstack devstack@g-api.service[78345]: DEBUG glance.api.middleware.version_negotiation [None req-a1a79be1-1b80-456b-a8aa-c8b31426715f tempest-AttachVolumeNegativeTest-627035277 tempest-AttachVolumeNegativeTest-627035277-project-member] Using url versioning {{(pid=78345) process_request /opt/stack/glance/glance/api/middleware/version_negotiation.py:57}}
Aug 05 10:24:32 devstack devstack@g-api.service[78345]: DEBUG glance.api.middleware.version_negotiation [None req-a1a79be1-1b80-456b-a8aa-c8b31426715f tempest-AttachVolumeNegativeTest-627035277 tempest-AttachVolumeNegativeTest-627035277-project-member] Matched version: v2 {{(pid=78345) process_request /opt/stack/glance/glance/api/middleware/version_negotiation.py:69}}
Aug 05 10:24:32 devstack devstack@g-api.service[78345]: DEBUG glance.api.middleware.version_negotiation [None req-a1a79be1-1b80-456b-a8aa-c8b31426715f tempest-AttachVolumeNegativeTest-627035277 tempest-AttachVolumeNegativeTest-627035277-project-member] new path /v2/schemas/image {{(pid=78345) process_request /opt/stack/glance/glance/api/middleware/version_negotiation.py:70}}
Aug 05 10:24:32 devstack devstack@g-api.service[78345]: [pid: 78345|app: 0|req: 10/18] 127.0.0.1 () {42 vars in 998 bytes} [Wed Aug 5 10:24:32 2026] GET /v2/schemas/image => generated 6083 bytes in 9 msecs (HTTP/1.1 200) 4 headers in 158 bytes (1 switches on core 0)
Aug 05 10:24:41 devstack devstack@g-api.service[78345]: DEBUG dbcounter [-] [78345] Writing DB stats glance:SELECT=2 {{(pid=78345) stat_writer /opt/stack/data/venv/lib/python3.12/site-packages/dbcounter.py:115}}
Aug 05 10:24:42 devstack devstack@g-api.service[78346]: DEBUG dbcounter [-] [78346] Writing DB stats glance:SELECT=2 {{(pid=78346) stat_writer /opt/stack/data/venv/lib/python3.12/site-packages/dbcounter.py:115}}
Aug 05 10:24:45 devstack devstack@g-api.service[78346]: DEBUG glance.api.middleware.version_negotiation [None req-4e27947c-4c0d-4c18-a6f2-7c1f87dee7de tempest-AttachVolumeShelveTestJSON-989072706 tempest-AttachVolumeShelveTestJSON-989072706-project-member] Determining version of request: GET /v2/images/619f1530-41da-4b56-a554-65c809c7c1ea Accept: */* {{(pid=78346) process_request /opt/stack/glance/glance/api/middleware/version_negotiation.py:44}}
Aug 05 10:24:45 devstack devstack@g-api.service[78346]: DEBUG glance.api.middleware.version_negotiation [None req-4e27947c-4c0d-4c18-a6f2-7c1f87dee7de tempest-AttachVolumeShelveTestJSON-989072706 tempest-AttachVolumeShelveTestJSON-989072706-project-member] Using url versioning {{(pid=78346) process_request /opt/stack/glance/glance/api/middleware/version_negotiation.py:57}}
Aug 05 10:24:45 devstack devstack@g-api.service[78346]: DEBUG glance.api.middleware.version_negotiation [None req-4e27947c-4c0d-4c18-a6f2-7c1f87dee7de tempest-AttachVolumeShelveTestJSON-989072706 tempest-AttachVolumeShelveTestJSON-989072706-project-member] Matched version: v2 {{(pid=78346) process_request /opt/stack/glance/glance/api/middleware/version_negotiation.py:69}}
Aug 05 10:24:45 devstack devstack@g-api.service[78346]: DEBUG glance.api.middleware.version_negotiation [None req-4e27947c-4c0d-4c18-a6f2-7c1f87dee7de tempest-AttachVolumeShelveTestJSON-989072706 tempest-AttachVolumeShelveTestJSON-989072706-project-member] new path /v2/images/619f1530-41da-4b56-a554-65c809c7c1ea {{(pid=78346) process_request /opt/stack/glance/glance/api/middleware/version_negotiation.py:70}}
Aug 05 10:24:46 devstack devstack@g-api.service[78346]: [pid: 78346|app: 0|req: 9/19] 127.0.0.1 () {42 vars in 1058 bytes} [Wed Aug 5 10:24:45 2026] GET /v2/images/619f1530-41da-4b56-a554-65c809c7c1ea => generated 976 bytes in 319 msecs (HTTP/1.1 200) 4 headers in 157 bytes (1 switches on core 0)
Aug 05 10:24:46 devstack devstack@g-api.service[78345]: DEBUG glance.api.middleware.version_negotiation [None req-4e27947c-4c0d-4c18-a6f2-7c1f87dee7de tempest-AttachVolumeShelveTestJSON-989072706 tempest-AttachVolumeShelveTestJSON-989072706-project-member] Determining version of request: GET /v2/images/619f1530-41da-4b56-a554-65c809c7c1ea/file Accept: */* {{(pid=78345) process_request /opt/stack/glance/glance/api/middleware/version_negotiation.py:44}}
Aug 05 10:24:46 devstack devstack@g-api.service[78345]: DEBUG glance.api.middleware.version_negotiation [None req-4e27947c-4c0d-4c18-a6f2-7c1f87dee7de tempest-AttachVolumeShelveTestJSON-989072706 tempest-AttachVolumeShelveTestJSON-989072706-project-member] Using url versioning {{(pid=78345) process_request /opt/stack/glance/glance/api/middleware/version_negotiation.py:57}}
Aug 05 10:24:46 devstack devstack@g-api.service[78345]: DEBUG glance.api.middleware.version_negotiation [None req-4e27947c-4c0d-4c18-a6f2-7c1f87dee7de tempest-AttachVolumeShelveTestJSON-989072706 tempest-AttachVolumeShelveTestJSON-989072706-project-member] Matched version: v2 {{(pid=78345) process_request /opt/stack/glance/glance/api/middleware/version_negotiation.py:69}}
Aug 05 10:24:46 devstack devstack@g-api.service[78345]: DEBUG glance.api.middleware.version_negotiation [None req-4e27947c-4c0d-4c18-a6f2-7c1f87dee7de tempest-AttachVolumeShelveTestJSON-989072706 tempest-AttachVolumeShelveTestJSON-989072706-project-member] new path /v2/images/619f1530-41da-4b56-a554-65c809c7c1ea/file {{(pid=78345) process_request /opt/stack/glance/glance/api/middleware/version_negotiation.py:70}}
Aug 05 10:24:46 devstack devstack@g-api.service[78345]: DEBUG glance_store._drivers.filesystem [None req-4e27947c-4c0d-4c18-a6f2-7c1f87dee7de tempest-AttachVolumeShelveTestJSON-989072706 tempest-AttachVolumeShelveTestJSON-989072706-project-member] Found image at /opt/stack/data/glance/images/619f1530-41da-4b56-a554-65c809c7c1ea. Returning in ChunkedFile. {{(pid=78345) get /opt/stack/data/venv/lib/python3.12/site-packages/glance_store/_drivers/filesystem.py:724}}
Aug 05 10:24:46 devstack devstack@g-api.service[78345]: DEBUG glance.image_cache [None req-4e27947c-4c0d-4c18-a6f2-7c1f87dee7de tempest-AttachVolumeShelveTestJSON-989072706 tempest-AttachVolumeShelveTestJSON-989072706-project-member] Tee'ing image '619f1530-41da-4b56-a554-65c809c7c1ea' into cache {{(pid=78345) get_caching_iter /opt/stack/glance/glance/image_cache/__init__.py:356}}
Aug 05 10:24:46 devstack devstack@g-api.service[78345]: DEBUG glance.image_cache.drivers.centralized_db [None req-4e27947c-4c0d-4c18-a6f2-7c1f87dee7de tempest-AttachVolumeShelveTestJSON-989072706 tempest-AttachVolumeShelveTestJSON-989072706-project-member] Fetch finished, moving '/opt/stack/data/glance/cache/incomplete/619f1530-41da-4b56-a554-65c809c7c1ea' to '/opt/stack/data/glance/cache/619f1530-41da-4b56-a554-65c809c7c1ea' {{(pid=78345) commit /opt/stack/glance/glance/image_cache/drivers/centralized_db.py:243}}
Aug 05 10:24:46 devstack devstack@g-api.service[78345]: DEBUG glance.image_cache.drivers.centralized_db [None req-4e27947c-4c0d-4c18-a6f2-7c1f87dee7de tempest-AttachVolumeShelveTestJSON-989072706 tempest-AttachVolumeShelveTestJSON-989072706-project-member] Image cached successfully. {{(pid=78345) commit /opt/stack/glance/glance/image_cache/drivers/centralized_db.py:258}}
Aug 05 10:24:46 devstack devstack@g-api.service[78345]: [pid: 78345|app: 0|req: 11/20] 127.0.0.1 () {42 vars in 1068 bytes} [Wed Aug 5 10:24:46 2026] GET /v2/images/619f1530-41da-4b56-a554-65c809c7c1ea/file => generated 21692416 bytes in 613 msecs (HTTP/1.1 200) 4 headers in 191 bytes (335 switches on core 0)
Aug 05 10:24:46 devstack devstack@g-api.service[78346]: DEBUG glance.api.middleware.version_negotiation [None req-4e27947c-4c0d-4c18-a6f2-7c1f87dee7de tempest-AttachVolumeShelveTestJSON-989072706 tempest-AttachVolumeShelveTestJSON-989072706-project-member] Determining version of request: GET /v2/images/619f1530-41da-4b56-a554-65c809c7c1ea Accept: */* {{(pid=78346) process_request /opt/stack/glance/glance/api/middleware/version_negotiation.py:44}}
Aug 05 10:24:46 devstack devstack@g-api.service[78346]: DEBUG glance.api.middleware.version_negotiation [None req-4e27947c-4c0d-4c18-a6f2-7c1f87dee7de tempest-AttachVolumeShelveTestJSON-989072706 tempest-AttachVolumeShelveTestJSON-989072706-project-member] Using url versioning {{(pid=78346) process_request /opt/stack/glance/glance/api/middleware/version_negotiation.py:57}}
Aug 05 10:24:46 devstack devstack@g-api.service[78346]: DEBUG glance.api.middleware.version_negotiation [None req-4e27947c-4c0d-4c18-a6f2-7c1f87dee7de tempest-AttachVolumeShelveTestJSON-989072706 tempest-AttachVolumeShelveTestJSON-989072706-project-member] Matched version: v2 {{(pid=78346) process_request /opt/stack/glance/glance/api/middleware/version_negotiation.py:69}}
Aug 05 10:24:46 devstack devstack@g-api.service[78346]: DEBUG glance.api.middleware.version_negotiation [None req-4e27947c-4c0d-4c18-a6f2-7c1f87dee7de tempest-AttachVolumeShelveTestJSON-989072706 tempest-AttachVolumeShelveTestJSON-989072706-project-member] new path /v2/images/619f1530-41da-4b56-a554-65c809c7c1ea {{(pid=78346) process_request /opt/stack/glance/glance/api/middleware/version_negotiation.py:70}}
Aug 05 10:24:46 devstack devstack@g-api.service[78346]: [pid: 78346|app: 0|req: 10/21] 127.0.0.1 () {42 vars in 1058 bytes} [Wed Aug 5 10:24:46 2026] GET /v2/images/619f1530-41da-4b56-a554-65c809c7c1ea => generated 976 bytes in 32 msecs (HTTP/1.1 200) 4 headers in 157 bytes (1 switches on core 0)
Aug 05 10:24:46 devstack devstack@g-api.service[78345]: DEBUG glance.api.middleware.version_negotiation [None req-4e27947c-4c0d-4c18-a6f2-7c1f87dee7de tempest-AttachVolumeShelveTestJSON-989072706 tempest-AttachVolumeShelveTestJSON-989072706-project-member] Determining version of request: GET /v2/schemas/image Accept: */* {{(pid=78345) process_request /opt/stack/glance/glance/api/middleware/version_negotiation.py:44}}
Aug 05 10:24:46 devstack devstack@g-api.service[78345]: DEBUG glance.api.middleware.version_negotiation [None req-4e27947c-4c0d-4c18-a6f2-7c1f87dee7de tempest-AttachVolumeShelveTestJSON-989072706 tempest-AttachVolumeShelveTestJSON-989072706-project-member] Using url versioning {{(pid=78345) process_request /opt/stack/glance/glance/api/middleware/version_negotiation.py:57}}
Aug 05 10:24:46 devstack devstack@g-api.service[78345]: DEBUG glance.api.middleware.version_negotiation [None req-4e27947c-4c0d-4c18-a6f2-7c1f87dee7de tempest-AttachVolumeShelveTestJSON-989072706 tempest-AttachVolumeShelveTestJSON-989072706-project-member] Matched version: v2 {{(pid=78345) process_request /opt/stack/glance/glance/api/middleware/version_negotiation.py:69}}
Aug 05 10:24:46 devstack devstack@g-api.service[78345]: DEBUG glance.api.middleware.version_negotiation [None req-4e27947c-4c0d-4c18-a6f2-7c1f87dee7de tempest-AttachVolumeShelveTestJSON-989072706 tempest-AttachVolumeShelveTestJSON-989072706-project-member] new path /v2/schemas/image {{(pid=78345) process_request /opt/stack/glance/glance/api/middleware/version_negotiation.py:70}}
Aug 05 10:24:46 devstack devstack@g-api.service[78345]: [pid: 78345|app: 0|req: 12/22] 127.0.0.1 () {42 vars in 998 bytes} [Wed Aug 5 10:24:46 2026] GET /v2/schemas/image => generated 6083 bytes in 11 msecs (HTTP/1.1 200) 4 headers in 158 bytes (1 switches on core 0)
Aug 05 10:24:56 devstack devstack@g-api.service[78345]: DEBUG dbcounter [-] [78345] Writing DB stats glance:SELECT=5,glance:INSERT=1 {{(pid=78345) stat_writer /opt/stack/data/venv/lib/python3.12/site-packages/dbcounter.py:115}}
Aug 05 10:24:56 devstack devstack@g-api.service[78346]: DEBUG dbcounter [-] [78346] Writing DB stats glance:SELECT=4 {{(pid=78346) stat_writer /opt/stack/data/venv/lib/python3.12/site-packages/dbcounter.py:115}}
Aug 05 10:25:00 devstack devstack@g-api.service[78346]: DEBUG glance.api.middleware.version_negotiation [None req-4e27947c-4c0d-4c18-a6f2-7c1f87dee7de tempest-AttachVolumeShelveTestJSON-989072706 tempest-AttachVolumeShelveTestJSON-989072706-project-member] Determining version of request: GET /v2/images/619f1530-41da-4b56-a554-65c809c7c1ea Accept: */* {{(pid=78346) process_request /opt/stack/glance/glance/api/middleware/version_negotiation.py:44}}
Aug 05 10:25:00 devstack devstack@g-api.service[78346]: DEBUG glance.api.middleware.version_negotiation [None req-4e27947c-4c0d-4c18-a6f2-7c1f87dee7de tempest-AttachVolumeShelveTestJSON-989072706 tempest-AttachVolumeShelveTestJSON-989072706-project-member] Using url versioning {{(pid=78346) process_request /opt/stack/glance/glance/api/middleware/version_negotiation.py:57}}
Aug 05 10:25:00 devstack devstack@g-api.service[78346]: DEBUG glance.api.middleware.version_negotiation [None req-4e27947c-4c0d-4c18-a6f2-7c1f87dee7de tempest-AttachVolumeShelveTestJSON-989072706 tempest-AttachVolumeShelveTestJSON-989072706-project-member] Matched version: v2 {{(pid=78346) process_request /opt/stack/glance/glance/api/middleware/version_negotiation.py:69}}
Aug 05 10:25:00 devstack devstack@g-api.service[78346]: DEBUG glance.api.middleware.version_negotiation [None req-4e27947c-4c0d-4c18-a6f2-7c1f87dee7de tempest-AttachVolumeShelveTestJSON-989072706 tempest-AttachVolumeShelveTestJSON-989072706-project-member] new path /v2/images/619f1530-41da-4b56-a554-65c809c7c1ea {{(pid=78346) process_request /opt/stack/glance/glance/api/middleware/version_negotiation.py:70}}
Aug 05 10:25:00 devstack devstack@g-api.service[78346]: [pid: 78346|app: 0|req: 11/23] 127.0.0.1 () {42 vars in 1058 bytes} [Wed Aug 5 10:25:00 2026] GET /v2/images/619f1530-41da-4b56-a554-65c809c7c1ea => generated 976 bytes in 35 msecs (HTTP/1.1 200) 4 headers in 157 bytes (1 switches on core 0)
Aug 05 10:25:00 devstack devstack@g-api.service[78345]: DEBUG glance.api.middleware.version_negotiation [None req-4e27947c-4c0d-4c18-a6f2-7c1f87dee7de tempest-AttachVolumeShelveTestJSON-989072706 tempest-AttachVolumeShelveTestJSON-989072706-project-member] Determining version of request: GET /v2/schemas/image Accept: */* {{(pid=78345) process_request /opt/stack/glance/glance/api/middleware/version_negotiation.py:44}}
Aug 05 10:25:00 devstack devstack@g-api.service[78345]: DEBUG glance.api.middleware.version_negotiation [None req-4e27947c-4c0d-4c18-a6f2-7c1f87dee7de tempest-AttachVolumeShelveTestJSON-989072706 tempest-AttachVolumeShelveTestJSON-989072706-project-member] Using url versioning {{(pid=78345) process_request /opt/stack/glance/glance/api/middleware/version_negotiation.py:57}}
