Jul 16 12:53:31 devstack cinder-volume[87560]: DEBUG oslo_concurrency.processutils [None req-90a6ad9f-c465-4d40-93de-2a4ffe4fc3ad tempest-GroupsV314Test-433536983 None] CMD "sudo cinder-rootwrap /etc/cinder/rootwrap.conf qemu-img convert -O qcow2 /opt/stack/data/cinder/mnt/68c2f5d72ac3f65e1505db2d32b7925a/volume-31021c73-4d01-4b26-81c0-7e0e40827ffb /opt/stack/data/cinder/mnt/68c2f5d72ac3f65e1505db2d32b7925a/volume-2be0ffb4-6ffd-4b69-98f4-def9b760ff3f" returned: 0 in 9.601s {{(pid=87560) execute /opt/stack/data/venv/lib/python3.12/site-packages/oslo_concurrency/processutils.py:468}}
Jul 16 12:53:31 devstack cinder-volume[87560]: DEBUG oslo.privsep.daemon [-] privsep: reply[3a9c75da-1870-48a9-84e7-042725740ad4]: (4, 'qcow2') {{(pid=89076) _call_back /opt/stack/data/venv/lib/python3.12/site-packages/oslo_privsep/daemon.py:580}}
Jul 16 12:53:31 devstack cinder-volume[87560]: DEBUG oslo_concurrency.processutils [None req-90a6ad9f-c465-4d40-93de-2a4ffe4fc3ad tempest-GroupsV314Test-433536983 None] Running cmd (subprocess): /opt/stack/data/venv/bin/python3.12 -m oslo_concurrency.prlimit --as=1073741824 --cpu=60 -- sudo cinder-rootwrap /etc/cinder/rootwrap.conf env LC_ALL=C qemu-img info -f qcow2 --output=json /opt/stack/data/cinder/mnt/68c2f5d72ac3f65e1505db2d32b7925a/volume-31021c73-4d01-4b26-81c0-7e0e40827ffb {{(pid=87560) execute /opt/stack/data/venv/lib/python3.12/site-packages/oslo_concurrency/processutils.py:440}}
Jul 16 12:53:31 devstack sudo[93740]: quobyte : PWD=/ ; USER=root ; COMMAND=/opt/stack/data/venv/bin/cinder-rootwrap /etc/cinder/rootwrap.conf env LC_ALL=C qemu-img info -f qcow2 --output=json /opt/stack/data/cinder/mnt/68c2f5d72ac3f65e1505db2d32b7925a/volume-31021c73-4d01-4b26-81c0-7e0e40827ffb
Jul 16 12:53:31 devstack sudo[93740]: pam_unix(sudo:session): session opened for user root(uid=0) by (uid=1000)
Jul 16 12:53:32 devstack cinder-volume[87560]: DEBUG oslo_concurrency.lockutils [req-20272dab-b898-48eb-9aa9-12eedd7a2b17 req-3365e3e0-a361-4937-80f4-f053be9b44d1 tempest-TestServerVolumeAttachmentScenario-879109974 None] Acquiring lock "quobyte" by "cinder.volume.drivers.quobyte.QuobyteDriver.initialize_connection" {{(pid=87560) inner /opt/stack/data/venv/lib/python3.12/site-packages/oslo_concurrency/lockutils.py:511}}
Jul 16 12:53:32 devstack sudo[93740]: pam_unix(sudo:session): session closed for user root
Jul 16 12:53:32 devstack cinder-volume[87560]: DEBUG oslo_concurrency.processutils [None req-90a6ad9f-c465-4d40-93de-2a4ffe4fc3ad tempest-GroupsV314Test-433536983 None] CMD "/opt/stack/data/venv/bin/python3.12 -m oslo_concurrency.prlimit --as=1073741824 --cpu=60 -- sudo cinder-rootwrap /etc/cinder/rootwrap.conf env LC_ALL=C qemu-img info -f qcow2 --output=json /opt/stack/data/cinder/mnt/68c2f5d72ac3f65e1505db2d32b7925a/volume-31021c73-4d01-4b26-81c0-7e0e40827ffb" returned: 0 in 0.937s {{(pid=87560) execute /opt/stack/data/venv/lib/python3.12/site-packages/oslo_concurrency/processutils.py:468}}
Jul 16 12:53:32 devstack cinder-volume[87560]: DEBUG cinder.image.image_utils [None req-90a6ad9f-c465-4d40-93de-2a4ffe4fc3ad tempest-GroupsV314Test-433536983 None] Image conversion details: src /opt/stack/data/cinder/mnt/68c2f5d72ac3f65e1505db2d32b7925a/volume-31021c73-4d01-4b26-81c0-7e0e40827ffb, size 1024.00 MB, duration 9.60 sec, destination /opt/stack/data/cinder/mnt/68c2f5d72ac3f65e1505db2d32b7925a/volume-2be0ffb4-6ffd-4b69-98f4-def9b760ff3f {{(pid=87560) _convert_image /opt/stack/cinder/cinder/image/image_utils.py:536}}
Jul 16 12:53:32 devstack cinder-volume[87560]: INFO cinder.image.image_utils [None req-90a6ad9f-c465-4d40-93de-2a4ffe4fc3ad tempest-GroupsV314Test-433536983 None] Converted 1024.00 MB image at 106.65 MB/s
Jul 16 12:53:32 devstack cinder-volume[87560]: WARNING cinder.volume.drivers.remotefs [None req-90a6ad9f-c465-4d40-93de-2a4ffe4fc3ad tempest-GroupsV314Test-433536983 None] /opt/stack/data/cinder/mnt/68c2f5d72ac3f65e1505db2d32b7925a/volume-2be0ffb4-6ffd-4b69-98f4-def9b760ff3f is being set with open permissions: ugo+rw: NotImplementedError
Jul 16 12:53:32 devstack cinder-volume[87560]: DEBUG oslo_concurrency.processutils [None req-90a6ad9f-c465-4d40-93de-2a4ffe4fc3ad tempest-GroupsV314Test-433536983 None] Running cmd (subprocess): sudo cinder-rootwrap /etc/cinder/rootwrap.conf chmod ugo+rw /opt/stack/data/cinder/mnt/68c2f5d72ac3f65e1505db2d32b7925a/volume-2be0ffb4-6ffd-4b69-98f4-def9b760ff3f {{(pid=87560) execute /opt/stack/data/venv/lib/python3.12/site-packages/oslo_concurrency/processutils.py:440}}
Jul 16 12:53:32 devstack sudo[93755]: quobyte : PWD=/ ; USER=root ; COMMAND=/opt/stack/data/venv/bin/cinder-rootwrap /etc/cinder/rootwrap.conf chmod ugo+rw /opt/stack/data/cinder/mnt/68c2f5d72ac3f65e1505db2d32b7925a/volume-2be0ffb4-6ffd-4b69-98f4-def9b760ff3f
Jul 16 12:53:32 devstack sudo[93755]: pam_unix(sudo:session): session opened for user root(uid=0) by (uid=1000)
Jul 16 12:53:32 devstack sudo[93755]: pam_unix(sudo:session): session closed for user root
Jul 16 12:53:32 devstack cinder-volume[87560]: DEBUG oslo_concurrency.processutils [None req-90a6ad9f-c465-4d40-93de-2a4ffe4fc3ad tempest-GroupsV314Test-433536983 None] CMD "sudo cinder-rootwrap /etc/cinder/rootwrap.conf chmod ugo+rw /opt/stack/data/cinder/mnt/68c2f5d72ac3f65e1505db2d32b7925a/volume-2be0ffb4-6ffd-4b69-98f4-def9b760ff3f" returned: 0 in 0.561s {{(pid=87560) execute /opt/stack/data/venv/lib/python3.12/site-packages/oslo_concurrency/processutils.py:468}}
Jul 16 12:53:32 devstack cinder-volume[87560]: DEBUG cinder.coordination [None req-90a6ad9f-c465-4d40-93de-2a4ffe4fc3ad tempest-GroupsV314Test-433536983 None] Lock "cinder-quobyte-2be0ffb4-6ffd-4b69-98f4-def9b760ff3f" released by "_copy_volume_from_snapshot" :: held 12.560s {{(pid=87560) __release /opt/stack/cinder/cinder/coordination.py:152}}
Jul 16 12:53:32 devstack cinder-volume[87560]: DEBUG cinder.coordination [None req-90a6ad9f-c465-4d40-93de-2a4ffe4fc3ad tempest-GroupsV314Test-433536983 None] Acquiring lock "cinder-quobyte-91b424ea-c513-441b-bb0a-ed85341754dc" by "_delete_snapshot" {{(pid=87560) __acquire /opt/stack/cinder/cinder/coordination.py:138}}
Jul 16 12:53:32 devstack cinder-volume[87560]: DEBUG cinder.coordination [None req-90a6ad9f-c465-4d40-93de-2a4ffe4fc3ad tempest-GroupsV314Test-433536983 None] Lock "cinder-quobyte-91b424ea-c513-441b-bb0a-ed85341754dc" acquired by "_delete_snapshot" :: waited 0.031s {{(pid=87560) __acquire /opt/stack/cinder/cinder/coordination.py:141}}
Jul 16 12:53:32 devstack cinder-volume[87560]: DEBUG cinder.volume.drivers.remotefs [None req-90a6ad9f-c465-4d40-93de-2a4ffe4fc3ad tempest-GroupsV314Test-433536983 None] Deleting offline snapshot 91b424ea-c513-441b-bb0a-ed85341754dc of volume 31021c73-4d01-4b26-81c0-7e0e40827ffb {{(pid=87560) _delete_snapshot /opt/stack/cinder/cinder/volume/drivers/remotefs.py:1288}}
Jul 16 12:53:32 devstack cinder-volume[87560]: DEBUG cinder.volume.drivers.remotefs [None req-90a6ad9f-c465-4d40-93de-2a4ffe4fc3ad tempest-GroupsV314Test-433536983 None] snapshot_file for this snap is: volume-31021c73-4d01-4b26-81c0-7e0e40827ffb.91b424ea-c513-441b-bb0a-ed85341754dc {{(pid=87560) _delete_snapshot /opt/stack/cinder/cinder/volume/drivers/remotefs.py:1317}}
Jul 16 12:53:32 devstack cinder-volume[87560]: DEBUG oslo.privsep.daemon [-] privsep: reply[d07a7d91-0ac6-4309-a705-745671955e61]: (4, 'qcow2') {{(pid=89076) _call_back /opt/stack/data/venv/lib/python3.12/site-packages/oslo_privsep/daemon.py:580}}
Jul 16 12:53:32 devstack cinder-volume[87560]: DEBUG oslo_concurrency.processutils [None req-90a6ad9f-c465-4d40-93de-2a4ffe4fc3ad tempest-GroupsV314Test-433536983 None] Running cmd (subprocess): /opt/stack/data/venv/bin/python3.12 -m oslo_concurrency.prlimit --as=1073741824 --cpu=60 -- sudo cinder-rootwrap /etc/cinder/rootwrap.conf env LC_ALL=C qemu-img info -f qcow2 --output=json --force-share /opt/stack/data/cinder/mnt/68c2f5d72ac3f65e1505db2d32b7925a/volume-31021c73-4d01-4b26-81c0-7e0e40827ffb.91b424ea-c513-441b-bb0a-ed85341754dc {{(pid=87560) execute /opt/stack/data/venv/lib/python3.12/site-packages/oslo_concurrency/processutils.py:440}}
Jul 16 12:53:33 devstack sudo[93759]: quobyte : PWD=/ ; USER=root ; COMMAND=/opt/stack/data/venv/bin/cinder-rootwrap /etc/cinder/rootwrap.conf env LC_ALL=C qemu-img info -f qcow2 --output=json --force-share /opt/stack/data/cinder/mnt/68c2f5d72ac3f65e1505db2d32b7925a/volume-31021c73-4d01-4b26-81c0-7e0e40827ffb.91b424ea-c513-441b-bb0a-ed85341754dc
Jul 16 12:53:33 devstack sudo[93759]: pam_unix(sudo:session): session opened for user root(uid=0) by (uid=1000)
Jul 16 12:53:33 devstack sudo[93759]: pam_unix(sudo:session): session closed for user root
Jul 16 12:53:33 devstack cinder-volume[87560]: DEBUG oslo_concurrency.processutils [None req-90a6ad9f-c465-4d40-93de-2a4ffe4fc3ad tempest-GroupsV314Test-433536983 None] CMD "/opt/stack/data/venv/bin/python3.12 -m oslo_concurrency.prlimit --as=1073741824 --cpu=60 -- sudo cinder-rootwrap /etc/cinder/rootwrap.conf env LC_ALL=C qemu-img info -f qcow2 --output=json --force-share /opt/stack/data/cinder/mnt/68c2f5d72ac3f65e1505db2d32b7925a/volume-31021c73-4d01-4b26-81c0-7e0e40827ffb.91b424ea-c513-441b-bb0a-ed85341754dc" returned: 0 in 0.660s {{(pid=87560) execute /opt/stack/data/venv/lib/python3.12/site-packages/oslo_concurrency/processutils.py:468}}
Jul 16 12:53:33 devstack cinder-volume[87560]: DEBUG cinder.volume.drivers.remotefs [None req-90a6ad9f-c465-4d40-93de-2a4ffe4fc3ad tempest-GroupsV314Test-433536983 None] Fetching qemu-img info with special backing_file_template: (/opt/stack/data/cinder/mnt/[0-9a-f]+/)?(volume-31021c73-4d01-4b26-81c0-7e0e40827ffb(.(tmp-snap-)?[0-9a-f-]+)?|volume_from_snapshot_cache/(tmp-snap-)?[0-9a-f-]+(.(child-|parent-)[0-9a-f-]+)?)$ {{(pid=87560) _qemu_img_info_base /opt/stack/cinder/cinder/volume/drivers/remotefs.py:896}}
Jul 16 12:53:33 devstack cinder-volume[87560]: DEBUG oslo.privsep.daemon [-] privsep: reply[5270eea3-83a4-4047-a00a-e82e7397ec87]: (4, 'qcow2') {{(pid=89076) _call_back /opt/stack/data/venv/lib/python3.12/site-packages/oslo_privsep/daemon.py:580}}
Jul 16 12:53:33 devstack cinder-volume[87560]: DEBUG oslo_concurrency.processutils [None req-90a6ad9f-c465-4d40-93de-2a4ffe4fc3ad tempest-GroupsV314Test-433536983 None] Running cmd (subprocess): /opt/stack/data/venv/bin/python3.12 -m oslo_concurrency.prlimit --as=1073741824 --cpu=60 -- sudo cinder-rootwrap /etc/cinder/rootwrap.conf env LC_ALL=C qemu-img info -f qcow2 --output=json --force-share /opt/stack/data/cinder/mnt/68c2f5d72ac3f65e1505db2d32b7925a/volume-31021c73-4d01-4b26-81c0-7e0e40827ffb {{(pid=87560) execute /opt/stack/data/venv/lib/python3.12/site-packages/oslo_concurrency/processutils.py:440}}
Jul 16 12:53:33 devstack sudo[93764]: quobyte : PWD=/ ; USER=root ; COMMAND=/opt/stack/data/venv/bin/cinder-rootwrap /etc/cinder/rootwrap.conf env LC_ALL=C qemu-img info -f qcow2 --output=json --force-share /opt/stack/data/cinder/mnt/68c2f5d72ac3f65e1505db2d32b7925a/volume-31021c73-4d01-4b26-81c0-7e0e40827ffb
Jul 16 12:53:33 devstack sudo[93764]: pam_unix(sudo:session): session opened for user root(uid=0) by (uid=1000)
Jul 16 12:53:34 devstack sudo[93764]: pam_unix(sudo:session): session closed for user root
Jul 16 12:53:34 devstack cinder-volume[87560]: DEBUG oslo_concurrency.processutils [None req-90a6ad9f-c465-4d40-93de-2a4ffe4fc3ad tempest-GroupsV314Test-433536983 None] CMD "/opt/stack/data/venv/bin/python3.12 -m oslo_concurrency.prlimit --as=1073741824 --cpu=60 -- sudo cinder-rootwrap /etc/cinder/rootwrap.conf env LC_ALL=C qemu-img info -f qcow2 --output=json --force-share /opt/stack/data/cinder/mnt/68c2f5d72ac3f65e1505db2d32b7925a/volume-31021c73-4d01-4b26-81c0-7e0e40827ffb" returned: 0 in 0.778s {{(pid=87560) execute /opt/stack/data/venv/lib/python3.12/site-packages/oslo_concurrency/processutils.py:468}}
Jul 16 12:53:34 devstack cinder-volume[87560]: DEBUG oslo_concurrency.processutils [None req-90a6ad9f-c465-4d40-93de-2a4ffe4fc3ad tempest-GroupsV314Test-433536983 None] Running cmd (subprocess): sudo cinder-rootwrap /etc/cinder/rootwrap.conf qemu-img commit -d /opt/stack/data/cinder/mnt/68c2f5d72ac3f65e1505db2d32b7925a/volume-31021c73-4d01-4b26-81c0-7e0e40827ffb.91b424ea-c513-441b-bb0a-ed85341754dc {{(pid=87560) execute /opt/stack/data/venv/lib/python3.12/site-packages/oslo_concurrency/processutils.py:440}}
Jul 16 12:53:34 devstack sudo[93805]: quobyte : PWD=/ ; USER=root ; COMMAND=/opt/stack/data/venv/bin/cinder-rootwrap /etc/cinder/rootwrap.conf qemu-img commit -d /opt/stack/data/cinder/mnt/68c2f5d72ac3f65e1505db2d32b7925a/volume-31021c73-4d01-4b26-81c0-7e0e40827ffb.91b424ea-c513-441b-bb0a-ed85341754dc
Jul 16 12:53:34 devstack sudo[93805]: pam_unix(sudo:session): session opened for user root(uid=0) by (uid=1000)
Jul 16 12:53:35 devstack cinder-volume[87560]: DEBUG cinder.volume.flows.manager.create_volume [None req-b2e535f6-290a-42a0-aef9-1cc7ce50ea79 tempest-ServerRescueNegativeTestJSON-1966361535 None] Volume reschedule parameters: True retry: {'num_attempts': 1, 'backends': ['devstack@QuobyteHD#QuobyteHD'], 'hosts': ['devstack@QuobyteHD#QuobyteHD']} {{(pid=87560) get_flow /opt/stack/cinder/cinder/volume/flows/manager/create_volume.py:1397}}
Jul 16 12:53:35 devstack sudo[93805]: pam_unix(sudo:session): session closed for user root
Jul 16 12:53:35 devstack cinder-volume[87560]: DEBUG cinder.volume.manager [None req-b2e535f6-290a-42a0-aef9-1cc7ce50ea79 tempest-ServerRescueNegativeTestJSON-1966361535 None] Flow 'volume_create_manager' (4b262397-0039-473c-87ef-3c7a837b0f42) transitioned into state 'RUNNING' from state 'PENDING' {{(pid=87560) _flow_receiver /opt/stack/data/venv/lib/python3.12/site-packages/taskflow/listeners/logging.py:160}}
Jul 16 12:53:35 devstack cinder-volume[87560]: DEBUG cinder.volume.manager [None req-b2e535f6-290a-42a0-aef9-1cc7ce50ea79 tempest-ServerRescueNegativeTestJSON-1966361535 None] Task 'cinder.volume.flows.manager.create_volume.ExtractVolumeRefTask;volume:create' (10fd9cdd-b70f-4fcb-859d-4825acebc1cd) transitioned into state 'RUNNING' from state 'PENDING' {{(pid=87560) _task_receiver /opt/stack/data/venv/lib/python3.12/site-packages/taskflow/listeners/logging.py:242}}
Jul 16 12:53:35 devstack cinder-volume[87560]: DEBUG oslo_concurrency.processutils [None req-90a6ad9f-c465-4d40-93de-2a4ffe4fc3ad tempest-GroupsV314Test-433536983 None] CMD "sudo cinder-rootwrap /etc/cinder/rootwrap.conf qemu-img commit -d /opt/stack/data/cinder/mnt/68c2f5d72ac3f65e1505db2d32b7925a/volume-31021c73-4d01-4b26-81c0-7e0e40827ffb.91b424ea-c513-441b-bb0a-ed85341754dc" returned: 0 in 0.700s {{(pid=87560) execute /opt/stack/data/venv/lib/python3.12/site-packages/oslo_concurrency/processutils.py:468}}
Jul 16 12:53:35 devstack cinder-volume[87560]: DEBUG oslo_concurrency.processutils [None req-90a6ad9f-c465-4d40-93de-2a4ffe4fc3ad tempest-GroupsV314Test-433536983 None] Running cmd (subprocess): sudo cinder-rootwrap /etc/cinder/rootwrap.conf rm -f /opt/stack/data/cinder/mnt/68c2f5d72ac3f65e1505db2d32b7925a/volume-31021c73-4d01-4b26-81c0-7e0e40827ffb.91b424ea-c513-441b-bb0a-ed85341754dc {{(pid=87560) execute /opt/stack/data/venv/lib/python3.12/site-packages/oslo_concurrency/processutils.py:440}}
Jul 16 12:53:35 devstack cinder-volume[87560]: DEBUG cinder.volume.manager [None req-b2e535f6-290a-42a0-aef9-1cc7ce50ea79 tempest-ServerRescueNegativeTestJSON-1966361535 None] Task 'cinder.volume.flows.manager.create_volume.ExtractVolumeRefTask;volume:create' (10fd9cdd-b70f-4fcb-859d-4825acebc1cd) transitioned into state 'SUCCESS' from state 'RUNNING' with result 'Volume(_name_id=None,admin_metadata=,attach_status='detached',availability_zone='nova',bootable=False,cluster=,cluster_name=None,consistencygroup=,consistencygroup_id=None,created_at=2026-07-16T10:53:34Z,deleted=False,deleted_at=None,display_description=None,display_name='tempest-ServerRescueNegativeTestJSON-volume-2131923409',ec2_id=None,encryption_key_id=None,glance_metadata=,group=,group_id=None,host='devstack@QuobyteHD#QuobyteHD',id=f560b0c6-b4be-432e-853d-9dd520db06d3,launched_at=None,metadata={},migration_status=None,multiattach=False,previous_status=None,project_id='60069c6853a34cf28283029d5f782d63',provider_auth=None,provider_geometry=None,provider_id=None,provider_location=None,replication_driver_data=None,replication_extended_status=None,replication_status=None,scheduled_at=2026-07-16T10:53:35Z,service_uuid=None,shared_targets=True,size=1,snapshot_id=None,snapshots=,source_volid=None,status='creating',terminated_at=None,updated_at=2026-07-16T10:53:35Z,use_quota=True,user_id='e6c3154e73e34698b568a814eee130c9',volume_attachment=VolumeAttachmentList,volume_type=VolumeType(0f77db31-71b5-4cf2-8019-de54d38da464),volume_type_id=0f77db31-71b5-4cf2-8019-de54d38da464)' {{(pid=87560) _task_receiver /opt/stack/data/venv/lib/python3.12/site-packages/taskflow/listeners/logging.py:218}}
Jul 16 12:53:35 devstack sudo[93810]: quobyte : PWD=/ ; USER=root ; COMMAND=/opt/stack/data/venv/bin/cinder-rootwrap /etc/cinder/rootwrap.conf rm -f /opt/stack/data/cinder/mnt/68c2f5d72ac3f65e1505db2d32b7925a/volume-31021c73-4d01-4b26-81c0-7e0e40827ffb.91b424ea-c513-441b-bb0a-ed85341754dc
Jul 16 12:53:35 devstack sudo[93810]: pam_unix(sudo:session): session opened for user root(uid=0) by (uid=1000)
Jul 16 12:53:35 devstack cinder-volume[87560]: DEBUG cinder.volume.manager [None req-b2e535f6-290a-42a0-aef9-1cc7ce50ea79 tempest-ServerRescueNegativeTestJSON-1966361535 None] Task 'cinder.volume.flows.manager.create_volume.OnFailureRescheduleTask;volume:create' (1cd8294f-8e1e-41bf-a085-ccf990341e2c) transitioned into state 'RUNNING' from state 'PENDING' {{(pid=87560) _task_receiver /opt/stack/data/venv/lib/python3.12/site-packages/taskflow/listeners/logging.py:242}}
Jul 16 12:53:35 devstack cinder-volume[87560]: DEBUG cinder.volume.manager [None req-b2e535f6-290a-42a0-aef9-1cc7ce50ea79 tempest-ServerRescueNegativeTestJSON-1966361535 None] Task 'cinder.volume.flows.manager.create_volume.OnFailureRescheduleTask;volume:create' (1cd8294f-8e1e-41bf-a085-ccf990341e2c) transitioned into state 'SUCCESS' from state 'RUNNING' with result 'None' {{(pid=87560) _task_receiver /opt/stack/data/venv/lib/python3.12/site-packages/taskflow/listeners/logging.py:218}}
Jul 16 12:53:35 devstack cinder-volume[87560]: DEBUG cinder.volume.manager [None req-b2e535f6-290a-42a0-aef9-1cc7ce50ea79 tempest-ServerRescueNegativeTestJSON-1966361535 None] Task 'cinder.volume.flows.manager.create_volume.ExtractVolumeSpecTask;volume:create' (a125a1c6-73b6-4a74-8a72-c64154ae1c74) transitioned into state 'RUNNING' from state 'PENDING' {{(pid=87560) _task_receiver /opt/stack/data/venv/lib/python3.12/site-packages/taskflow/listeners/logging.py:242}}
Jul 16 12:53:35 devstack cinder-volume[87560]: DEBUG cinder.volume.manager [None req-b2e535f6-290a-42a0-aef9-1cc7ce50ea79 tempest-ServerRescueNegativeTestJSON-1966361535 None] Task 'cinder.volume.flows.manager.create_volume.ExtractVolumeSpecTask;volume:create' (a125a1c6-73b6-4a74-8a72-c64154ae1c74) transitioned into state 'SUCCESS' from state 'RUNNING' with result '{'status': 'creating', 'type': 'raw', 'volume_id': 'f560b0c6-b4be-432e-853d-9dd520db06d3', 'volume_name': 'volume-f560b0c6-b4be-432e-853d-9dd520db06d3', 'volume_size': 1}' {{(pid=87560) _task_receiver /opt/stack/data/venv/lib/python3.12/site-packages/taskflow/listeners/logging.py:218}}
Jul 16 12:53:35 devstack cinder-volume[87560]: DEBUG cinder.volume.manager [None req-b2e535f6-290a-42a0-aef9-1cc7ce50ea79 tempest-ServerRescueNegativeTestJSON-1966361535 None] Task 'cinder.volume.flows.manager.create_volume.NotifyVolumeActionTask;volume:create, create.start' (5cfea250-9a8f-42d1-b3bf-7db5dc7f81e6) transitioned into state 'RUNNING' from state 'PENDING' {{(pid=87560) _task_receiver /opt/stack/data/venv/lib/python3.12/site-packages/taskflow/listeners/logging.py:242}}
Jul 16 12:53:35 devstack cinder-volume[87560]: DEBUG cinder.volume.manager [None req-b2e535f6-290a-42a0-aef9-1cc7ce50ea79 tempest-ServerRescueNegativeTestJSON-1966361535 None] Task 'cinder.volume.flows.manager.create_volume.NotifyVolumeActionTask;volume:create, create.start' (5cfea250-9a8f-42d1-b3bf-7db5dc7f81e6) transitioned into state 'SUCCESS' from state 'RUNNING' with result 'None' {{(pid=87560) _task_receiver /opt/stack/data/venv/lib/python3.12/site-packages/taskflow/listeners/logging.py:218}}
Jul 16 12:53:35 devstack cinder-volume[87560]: DEBUG cinder.volume.manager [None req-b2e535f6-290a-42a0-aef9-1cc7ce50ea79 tempest-ServerRescueNegativeTestJSON-1966361535 None] Task 'cinder.volume.flows.manager.create_volume.CreateVolumeFromSpecTask;volume:create' (7ffdbe44-0ecc-4997-80ea-08a8c86a804a) transitioned into state 'RUNNING' from state 'PENDING' {{(pid=87560) _task_receiver /opt/stack/data/venv/lib/python3.12/site-packages/taskflow/listeners/logging.py:242}}
Jul 16 12:53:35 devstack cinder-volume[87560]: INFO cinder.volume.flows.manager.create_volume [None req-b2e535f6-290a-42a0-aef9-1cc7ce50ea79 tempest-ServerRescueNegativeTestJSON-1966361535 None] Volume f560b0c6-b4be-432e-853d-9dd520db06d3: being created as raw with specification: {'status': 'creating', 'volume_name': 'volume-f560b0c6-b4be-432e-853d-9dd520db06d3', 'volume_size': 1}
Jul 16 12:53:35 devstack cinder-volume[87560]: DEBUG oslo_concurrency.lockutils [None req-b2e535f6-290a-42a0-aef9-1cc7ce50ea79 tempest-ServerRescueNegativeTestJSON-1966361535 None] Acquiring lock "quobyte" by "cinder.volume.drivers.quobyte.QuobyteDriver.create_volume" {{(pid=87560) inner /opt/stack/data/venv/lib/python3.12/site-packages/oslo_concurrency/lockutils.py:511}}
Jul 16 12:53:35 devstack sudo[93810]: pam_unix(sudo:session): session closed for user root
Jul 16 12:53:35 devstack cinder-volume[87560]: DEBUG oslo_concurrency.processutils [None req-90a6ad9f-c465-4d40-93de-2a4ffe4fc3ad tempest-GroupsV314Test-433536983 None] CMD "sudo cinder-rootwrap /etc/cinder/rootwrap.conf rm -f /opt/stack/data/cinder/mnt/68c2f5d72ac3f65e1505db2d32b7925a/volume-31021c73-4d01-4b26-81c0-7e0e40827ffb.91b424ea-c513-441b-bb0a-ed85341754dc" returned: 0 in 0.277s {{(pid=87560) execute /opt/stack/data/venv/lib/python3.12/site-packages/oslo_concurrency/processutils.py:468}}
Jul 16 12:53:35 devstack cinder-volume[87560]: DEBUG cinder.coordination [None req-90a6ad9f-c465-4d40-93de-2a4ffe4fc3ad tempest-GroupsV314Test-433536983 None] Lock "cinder-quobyte-91b424ea-c513-441b-bb0a-ed85341754dc" released by "_delete_snapshot" :: held 2.555s {{(pid=87560) __release /opt/stack/cinder/cinder/coordination.py:152}}
Jul 16 12:53:35 devstack cinder-volume[87560]: DEBUG oslo_concurrency.lockutils [None req-90a6ad9f-c465-4d40-93de-2a4ffe4fc3ad tempest-GroupsV314Test-433536983 None] Lock "quobyte" "released" by "cinder.volume.drivers.quobyte.QuobyteDriver.create_cloned_volume" :: held 19.917s {{(pid=87560) inner /opt/stack/data/venv/lib/python3.12/site-packages/oslo_concurrency/lockutils.py:543}}
Jul 16 12:53:35 devstack cinder-volume[87560]: DEBUG oslo_concurrency.lockutils [req-20272dab-b898-48eb-9aa9-12eedd7a2b17 req-3365e3e0-a361-4937-80f4-f053be9b44d1 tempest-TestServerVolumeAttachmentScenario-879109974 None] Lock "quobyte" acquired by "cinder.volume.drivers.quobyte.QuobyteDriver.initialize_connection" :: waited 3.282s {{(pid=87560) inner /opt/stack/data/venv/lib/python3.12/site-packages/oslo_concurrency/lockutils.py:524}}
Jul 16 12:53:35 devstack cinder-volume[87560]: DEBUG oslo_concurrency.lockutils [req-20272dab-b898-48eb-9aa9-12eedd7a2b17 req-3365e3e0-a361-4937-80f4-f053be9b44d1 tempest-TestServerVolumeAttachmentScenario-879109974 None] Lock "quobyte" "released" by "cinder.volume.drivers.quobyte.QuobyteDriver.initialize_connection" :: held 0.027s {{(pid=87560) inner /opt/stack/data/venv/lib/python3.12/site-packages/oslo_concurrency/lockutils.py:543}}
Jul 16 12:53:35 devstack cinder-volume[87560]: DEBUG oslo_concurrency.lockutils [None req-b2e535f6-290a-42a0-aef9-1cc7ce50ea79 tempest-ServerRescueNegativeTestJSON-1966361535 None] Lock "quobyte" acquired by "cinder.volume.drivers.quobyte.QuobyteDriver.create_volume" :: waited 0.297s {{(pid=87560) inner /opt/stack/data/venv/lib/python3.12/site-packages/oslo_concurrency/lockutils.py:524}}
Jul 16 12:53:35 devstack cinder-volume[87560]: DEBUG cinder.volume.drivers.quobyte [None req-b2e535f6-290a-42a0-aef9-1cc7ce50ea79 tempest-ServerRescueNegativeTestJSON-1966361535 None] ==> create_volume: call "{'self': , 'volume': Volume(_name_id=None,admin_metadata=,attach_status='detached',availability_zone='nova',bootable=False,cluster=,cluster_name=None,consistencygroup=,consistencygroup_id=None,created_at=2026-07-16T10:53:34Z,deleted=False,deleted_at=None,display_description=None,display_name='tempest-ServerRescueNegativeTestJSON-volume-2131923409',ec2_id=None,encryption_key_id=None,glance_metadata=,group=,group_id=None,host='devstack@QuobyteHD#QuobyteHD',id=f560b0c6-b4be-432e-853d-9dd520db06d3,launched_at=None,metadata={},migration_status=None,multiattach=False,previous_status=None,project_id='60069c6853a34cf28283029d5f782d63',provider_auth=None,provider_geometry=None,provider_id=None,provider_location=None,replication_driver_data=None,replication_extended_status=None,replication_status=None,scheduled_at=2026-07-16T10:53:35Z,service_uuid=None,shared_targets=True,size=1,snapshot_id=None,snapshots=,source_volid=None,status='creating',terminated_at=None,updated_at=2026-07-16T10:53:35Z,use_quota=True,user_id='e6c3154e73e34698b568a814eee130c9',volume_attachment=VolumeAttachmentList,volume_type=VolumeType(0f77db31-71b5-4cf2-8019-de54d38da464),volume_type_id=0f77db31-71b5-4cf2-8019-de54d38da464)}" {{(pid=87560) trace_logging_wrapper /opt/stack/cinder/cinder/volume/volume_utils.py:1497}}
Jul 16 12:53:35 devstack cinder-volume[87560]: DEBUG cinder.volume.drivers.remotefs [None req-b2e535f6-290a-42a0-aef9-1cc7ce50ea79 tempest-ServerRescueNegativeTestJSON-1966361535 None] Creating volume f560b0c6-b4be-432e-853d-9dd520db06d3 {{(pid=87560) create_volume /opt/stack/cinder/cinder/volume/drivers/remotefs.py:292}}
Jul 16 12:53:35 devstack cinder-volume[87560]: DEBUG oslo_concurrency.lockutils [None req-b2e535f6-290a-42a0-aef9-1cc7ce50ea79 tempest-ServerRescueNegativeTestJSON-1966361535 None] Acquiring lock "quobyte_ensure" by "cinder.volume.drivers.quobyte.QuobyteDriver._ensure_shares_mounted" {{(pid=87560) inner /opt/stack/data/venv/lib/python3.12/site-packages/oslo_concurrency/lockutils.py:511}}
Jul 16 12:53:35 devstack cinder-volume[87560]: DEBUG oslo_concurrency.lockutils [None req-b2e535f6-290a-42a0-aef9-1cc7ce50ea79 tempest-ServerRescueNegativeTestJSON-1966361535 None] Lock "quobyte_ensure" acquired by "cinder.volume.drivers.quobyte.QuobyteDriver._ensure_shares_mounted" :: waited 0.000s {{(pid=87560) inner /opt/stack/data/venv/lib/python3.12/site-packages/oslo_concurrency/lockutils.py:524}}
Jul 16 12:53:35 devstack cinder-volume[87560]: DEBUG cinder.volume.drivers.quobyte [None req-b2e535f6-290a-42a0-aef9-1cc7ce50ea79 tempest-ServerRescueNegativeTestJSON-1966361535 None] Quobyte Volume URL set to: {'osci02.corp.quobyte.com/cinder-vol-632f739c-c287-48f3-adee-4ff425fe9cc1': None} {{(pid=87560) _load_shares_config /opt/stack/cinder/cinder/volume/drivers/quobyte.py:651}}
Jul 16 12:53:35 devstack cinder-volume[87560]: DEBUG cinder.volume.drivers.quobyte [None req-b2e535f6-290a-42a0-aef9-1cc7ce50ea79 tempest-ServerRescueNegativeTestJSON-1966361535 None] Available shares ['osci02.corp.quobyte.com/cinder-vol-632f739c-c287-48f3-adee-4ff425fe9cc1'] {{(pid=87560) _ensure_shares_mounted /opt/stack/cinder/cinder/volume/drivers/quobyte.py:681}}
Jul 16 12:53:35 devstack cinder-volume[87560]: DEBUG oslo_concurrency.lockutils [None req-b2e535f6-290a-42a0-aef9-1cc7ce50ea79 tempest-ServerRescueNegativeTestJSON-1966361535 None] Lock "quobyte_ensure" "released" by "cinder.volume.drivers.quobyte.QuobyteDriver._ensure_shares_mounted" :: held 0.007s {{(pid=87560) inner /opt/stack/data/venv/lib/python3.12/site-packages/oslo_concurrency/lockutils.py:543}}
Jul 16 12:53:35 devstack cinder-volume[87560]: DEBUG cinder.volume.drivers.quobyte [None req-b2e535f6-290a-42a0-aef9-1cc7ce50ea79 tempest-ServerRescueNegativeTestJSON-1966361535 None] Selected osci02.corp.quobyte.com/cinder-vol-632f739c-c287-48f3-adee-4ff425fe9cc1 as target Quobyte volume. {{(pid=87560) _find_share /opt/stack/cinder/cinder/volume/drivers/quobyte.py:702}}
Jul 16 12:53:35 devstack cinder-volume[87560]: INFO cinder.volume.drivers.remotefs [None req-b2e535f6-290a-42a0-aef9-1cc7ce50ea79 tempest-ServerRescueNegativeTestJSON-1966361535 None] casted to osci02.corp.quobyte.com/cinder-vol-632f739c-c287-48f3-adee-4ff425fe9cc1
Jul 16 12:53:35 devstack cinder-volume[87560]: DEBUG oslo_concurrency.processutils [None req-b2e535f6-290a-42a0-aef9-1cc7ce50ea79 tempest-ServerRescueNegativeTestJSON-1966361535 None] Running cmd (subprocess): sudo cinder-rootwrap /etc/cinder/rootwrap.conf qemu-img create -f qcow2 -o preallocation=metadata /opt/stack/data/cinder/mnt/68c2f5d72ac3f65e1505db2d32b7925a/volume-f560b0c6-b4be-432e-853d-9dd520db06d3 1073741824 {{(pid=87560) execute /opt/stack/data/venv/lib/python3.12/site-packages/oslo_concurrency/processutils.py:440}}
Jul 16 12:53:35 devstack sudo[93813]: quobyte : PWD=/ ; USER=root ; COMMAND=/opt/stack/data/venv/bin/cinder-rootwrap /etc/cinder/rootwrap.conf qemu-img create -f qcow2 -o preallocation=metadata /opt/stack/data/cinder/mnt/68c2f5d72ac3f65e1505db2d32b7925a/volume-f560b0c6-b4be-432e-853d-9dd520db06d3 1073741824
Jul 16 12:53:35 devstack sudo[93813]: pam_unix(sudo:session): session opened for user root(uid=0) by (uid=1000)
Jul 16 12:53:35 devstack cinder-volume[87560]: DEBUG cinder.volume.manager [req-20272dab-b898-48eb-9aa9-12eedd7a2b17 req-3365e3e0-a361-4937-80f4-f053be9b44d1 tempest-TestServerVolumeAttachmentScenario-879109974 None] Connection info returned from driver {'export': 'osci02.corp.quobyte.com/cinder-vol-632f739c-c287-48f3-adee-4ff425fe9cc1', 'name': 'volume-3bf0c50e-f984-4710-b222-9cf662e6587c', 'options': None, 'format': 'qcow2', 'qos_specs': None, 'access_mode': 'rw', 'encrypted': False, 'cacheable': False, 'driver_volume_type': 'quobyte', 'mount_point_base': '/opt/stack/data/cinder/mnt', 'attachment_id': 'ec8f4797-57c9-485d-9752-e2d1d9c0e52d', 'enforce_multipath': True} {{(pid=87560) _connection_create /opt/stack/cinder/cinder/volume/manager.py:4924}}
Jul 16 12:53:35 devstack cinder-volume[87560]: INFO cinder.volume.manager [None req-90a6ad9f-c465-4d40-93de-2a4ffe4fc3ad tempest-GroupsV314Test-433536983 None] Create group from source-group-6c5aa5cf-3cc8-4e5d-afc7-37ec1e35d7cc completed successfully.
Jul 16 12:53:35 devstack cinder-volume[87560]: INFO cinder.volume.manager [req-20272dab-b898-48eb-9aa9-12eedd7a2b17 req-3365e3e0-a361-4937-80f4-f053be9b44d1 tempest-TestServerVolumeAttachmentScenario-879109974 None] attachment_update completed successfully.
Jul 16 12:53:36 devstack sudo[93813]: pam_unix(sudo:session): session closed for user root
Jul 16 12:53:36 devstack cinder-volume[87560]: DEBUG oslo_concurrency.processutils [None req-b2e535f6-290a-42a0-aef9-1cc7ce50ea79 tempest-ServerRescueNegativeTestJSON-1966361535 None] CMD "sudo cinder-rootwrap /etc/cinder/rootwrap.conf qemu-img create -f qcow2 -o preallocation=metadata /opt/stack/data/cinder/mnt/68c2f5d72ac3f65e1505db2d32b7925a/volume-f560b0c6-b4be-432e-853d-9dd520db06d3 1073741824" returned: 0 in 0.880s {{(pid=87560) execute /opt/stack/data/venv/lib/python3.12/site-packages/oslo_concurrency/processutils.py:468}}
Jul 16 12:53:36 devstack cinder-volume[87560]: DEBUG oslo_concurrency.processutils [None req-b2e535f6-290a-42a0-aef9-1cc7ce50ea79 tempest-ServerRescueNegativeTestJSON-1966361535 None] Running cmd (subprocess): sudo cinder-rootwrap /etc/cinder/rootwrap.conf chmod ugo+rw /opt/stack/data/cinder/mnt/68c2f5d72ac3f65e1505db2d32b7925a/volume-f560b0c6-b4be-432e-853d-9dd520db06d3 {{(pid=87560) execute /opt/stack/data/venv/lib/python3.12/site-packages/oslo_concurrency/processutils.py:440}}
Jul 16 12:53:36 devstack sudo[94200]: quobyte : PWD=/ ; USER=root ; COMMAND=/opt/stack/data/venv/bin/cinder-rootwrap /etc/cinder/rootwrap.conf chmod ugo+rw /opt/stack/data/cinder/mnt/68c2f5d72ac3f65e1505db2d32b7925a/volume-f560b0c6-b4be-432e-853d-9dd520db06d3
Jul 16 12:53:36 devstack sudo[94200]: pam_unix(sudo:session): session opened for user root(uid=0) by (uid=1000)
Jul 16 12:53:37 devstack sudo[94200]: pam_unix(sudo:session): session closed for user root
Jul 16 12:53:37 devstack cinder-volume[87560]: DEBUG oslo_concurrency.processutils [None req-b2e535f6-290a-42a0-aef9-1cc7ce50ea79 tempest-ServerRescueNegativeTestJSON-1966361535 None] CMD "sudo cinder-rootwrap /etc/cinder/rootwrap.conf chmod ugo+rw /opt/stack/data/cinder/mnt/68c2f5d72ac3f65e1505db2d32b7925a/volume-f560b0c6-b4be-432e-853d-9dd520db06d3" returned: 0 in 0.628s {{(pid=87560) execute /opt/stack/data/venv/lib/python3.12/site-packages/oslo_concurrency/processutils.py:468}}
Jul 16 12:53:37 devstack cinder-volume[87560]: DEBUG cinder.volume.drivers.quobyte [None req-b2e535f6-290a-42a0-aef9-1cc7ce50ea79 tempest-ServerRescueNegativeTestJSON-1966361535 None] <== create_volume: return (1584ms) {'provider_location': 'osci02.corp.quobyte.com/cinder-vol-632f739c-c287-48f3-adee-4ff425fe9cc1'} {{(pid=87560) trace_logging_wrapper /opt/stack/cinder/cinder/volume/volume_utils.py:1522}}
Jul 16 12:53:37 devstack cinder-volume[87560]: DEBUG oslo_concurrency.lockutils [None req-b2e535f6-290a-42a0-aef9-1cc7ce50ea79 tempest-ServerRescueNegativeTestJSON-1966361535 None] Lock "quobyte" "released" by "cinder.volume.drivers.quobyte.QuobyteDriver.create_volume" :: held 1.586s {{(pid=87560) inner /opt/stack/data/venv/lib/python3.12/site-packages/oslo_concurrency/lockutils.py:543}}
Jul 16 12:53:37 devstack cinder-volume[87560]: DEBUG cinder.volume.manager [None req-b2e535f6-290a-42a0-aef9-1cc7ce50ea79 tempest-ServerRescueNegativeTestJSON-1966361535 None] Task 'cinder.volume.flows.manager.create_volume.CreateVolumeFromSpecTask;volume:create' (7ffdbe44-0ecc-4997-80ea-08a8c86a804a) transitioned into state 'SUCCESS' from state 'RUNNING' with result '{'status': 'creating', 'volume_name': 'volume-f560b0c6-b4be-432e-853d-9dd520db06d3', 'volume_size': 1}' {{(pid=87560) _task_receiver /opt/stack/data/venv/lib/python3.12/site-packages/taskflow/listeners/logging.py:218}}
Jul 16 12:53:37 devstack cinder-volume[87560]: DEBUG cinder.volume.manager [None req-b2e535f6-290a-42a0-aef9-1cc7ce50ea79 tempest-ServerRescueNegativeTestJSON-1966361535 None] Task 'cinder.volume.flows.manager.create_volume.CreateVolumeOnFinishTask;volume:create, create.end' (496d5fd3-1cb7-4371-b680-90ed4fbfb6d4) transitioned into state 'RUNNING' from state 'PENDING' {{(pid=87560) _task_receiver /opt/stack/data/venv/lib/python3.12/site-packages/taskflow/listeners/logging.py:242}}
Jul 16 12:53:37 devstack cinder-volume[87560]: INFO cinder.volume.flows.manager.create_volume [None req-b2e535f6-290a-42a0-aef9-1cc7ce50ea79 tempest-ServerRescueNegativeTestJSON-1966361535 None] Volume volume-f560b0c6-b4be-432e-853d-9dd520db06d3 (f560b0c6-b4be-432e-853d-9dd520db06d3): created successfully
Jul 16 12:53:37 devstack cinder-volume[87560]: DEBUG cinder.volume.manager [None req-b2e535f6-290a-42a0-aef9-1cc7ce50ea79 tempest-ServerRescueNegativeTestJSON-1966361535 None] Task 'cinder.volume.flows.manager.create_volume.CreateVolumeOnFinishTask;volume:create, create.end' (496d5fd3-1cb7-4371-b680-90ed4fbfb6d4) transitioned into state 'SUCCESS' from state 'RUNNING' with result 'None' {{(pid=87560) _task_receiver /opt/stack/data/venv/lib/python3.12/site-packages/taskflow/listeners/logging.py:218}}
Jul 16 12:53:37 devstack cinder-volume[87560]: DEBUG cinder.volume.manager [None req-b2e535f6-290a-42a0-aef9-1cc7ce50ea79 tempest-ServerRescueNegativeTestJSON-1966361535 None] Flow 'volume_create_manager' (4b262397-0039-473c-87ef-3c7a837b0f42) transitioned into state 'SUCCESS' from state 'RUNNING' {{(pid=87560) _flow_receiver /opt/stack/data/venv/lib/python3.12/site-packages/taskflow/listeners/logging.py:160}}
Jul 16 12:53:37 devstack cinder-volume[87560]: DEBUG cinder.coordination [None req-1e1d9e73-2e67-461c-a57f-009e3c7fa784 tempest-GroupsV314Test-433536983 None] Acquiring lock "cinder-quobyte-2be0ffb4-6ffd-4b69-98f4-def9b760ff3f" by "delete_volume" {{(pid=87560) __acquire /opt/stack/cinder/cinder/coordination.py:138}}
Jul 16 12:53:37 devstack cinder-volume[87560]: INFO cinder.volume.manager [None req-b2e535f6-290a-42a0-aef9-1cc7ce50ea79 tempest-ServerRescueNegativeTestJSON-1966361535 None] Created volume successfully.
Jul 16 12:53:37 devstack cinder-volume[87560]: DEBUG cinder.coordination [None req-1e1d9e73-2e67-461c-a57f-009e3c7fa784 tempest-GroupsV314Test-433536983 None] Lock "cinder-quobyte-2be0ffb4-6ffd-4b69-98f4-def9b760ff3f" acquired by "delete_volume" :: waited 0.033s {{(pid=87560) __acquire /opt/stack/cinder/cinder/coordination.py:141}}
Jul 16 12:53:37 devstack cinder-volume[87560]: DEBUG oslo.privsep.daemon [-] privsep: reply[3e992d45-479e-4cd4-ad80-254afd6d6ad4]: (4, 'qcow2') {{(pid=89076) _call_back /opt/stack/data/venv/lib/python3.12/site-packages/oslo_privsep/daemon.py:580}}
Jul 16 12:53:37 devstack cinder-volume[87560]: DEBUG oslo_concurrency.processutils [None req-1e1d9e73-2e67-461c-a57f-009e3c7fa784 tempest-GroupsV314Test-433536983 None] Running cmd (subprocess): /opt/stack/data/venv/bin/python3.12 -m oslo_concurrency.prlimit --as=1073741824 --cpu=60 -- sudo cinder-rootwrap /etc/cinder/rootwrap.conf env LC_ALL=C qemu-img info -f qcow2 --output=json --force-share /opt/stack/data/cinder/mnt/68c2f5d72ac3f65e1505db2d32b7925a/volume-2be0ffb4-6ffd-4b69-98f4-def9b760ff3f {{(pid=87560) execute /opt/stack/data/venv/lib/python3.12/site-packages/oslo_concurrency/processutils.py:440}}
Jul 16 12:53:37 devstack sudo[94205]: quobyte : PWD=/ ; USER=root ; COMMAND=/opt/stack/data/venv/bin/cinder-rootwrap /etc/cinder/rootwrap.conf env LC_ALL=C qemu-img info -f qcow2 --output=json --force-share /opt/stack/data/cinder/mnt/68c2f5d72ac3f65e1505db2d32b7925a/volume-2be0ffb4-6ffd-4b69-98f4-def9b760ff3f
Jul 16 12:53:37 devstack sudo[94205]: pam_unix(sudo:session): session opened for user root(uid=0) by (uid=1000)
Jul 16 12:53:37 devstack sudo[94205]: pam_unix(sudo:session): session closed for user root
Jul 16 12:53:37 devstack cinder-volume[87560]: DEBUG oslo_concurrency.processutils [None req-1e1d9e73-2e67-461c-a57f-009e3c7fa784 tempest-GroupsV314Test-433536983 None] CMD "/opt/stack/data/venv/bin/python3.12 -m oslo_concurrency.prlimit --as=1073741824 --cpu=60 -- sudo cinder-rootwrap /etc/cinder/rootwrap.conf env LC_ALL=C qemu-img info -f qcow2 --output=json --force-share /opt/stack/data/cinder/mnt/68c2f5d72ac3f65e1505db2d32b7925a/volume-2be0ffb4-6ffd-4b69-98f4-def9b760ff3f" returned: 0 in 0.507s {{(pid=87560) execute /opt/stack/data/venv/lib/python3.12/site-packages/oslo_concurrency/processutils.py:468}}
Jul 16 12:53:37 devstack cinder-volume[87560]: DEBUG oslo_concurrency.processutils [None req-1e1d9e73-2e67-461c-a57f-009e3c7fa784 tempest-GroupsV314Test-433536983 None] Running cmd (subprocess): sudo cinder-rootwrap /etc/cinder/rootwrap.conf rm -f /opt/stack/data/cinder/mnt/68c2f5d72ac3f65e1505db2d32b7925a/volume-2be0ffb4-6ffd-4b69-98f4-def9b760ff3f {{(pid=87560) execute /opt/stack/data/venv/lib/python3.12/site-packages/oslo_concurrency/processutils.py:440}}
Jul 16 12:53:37 devstack sudo[94231]: quobyte : PWD=/ ; USER=root ; COMMAND=/opt/stack/data/venv/bin/cinder-rootwrap /etc/cinder/rootwrap.conf rm -f /opt/stack/data/cinder/mnt/68c2f5d72ac3f65e1505db2d32b7925a/volume-2be0ffb4-6ffd-4b69-98f4-def9b760ff3f
Jul 16 12:53:37 devstack sudo[94231]: pam_unix(sudo:session): session opened for user root(uid=0) by (uid=1000)
Jul 16 12:53:38 devstack sudo[94231]: pam_unix(sudo:session): session closed for user root
Jul 16 12:53:38 devstack cinder-volume[87560]: DEBUG oslo_concurrency.processutils [None req-1e1d9e73-2e67-461c-a57f-009e3c7fa784 tempest-GroupsV314Test-433536983 None] CMD "sudo cinder-rootwrap /etc/cinder/rootwrap.conf rm -f /opt/stack/data/cinder/mnt/68c2f5d72ac3f65e1505db2d32b7925a/volume-2be0ffb4-6ffd-4b69-98f4-def9b760ff3f" returned: 0 in 0.330s {{(pid=87560) execute /opt/stack/data/venv/lib/python3.12/site-packages/oslo_concurrency/processutils.py:468}}
Jul 16 12:53:38 devstack cinder-volume[87560]: DEBUG cinder.coordination [None req-1e1d9e73-2e67-461c-a57f-009e3c7fa784 tempest-GroupsV314Test-433536983 None] Lock "cinder-quobyte-2be0ffb4-6ffd-4b69-98f4-def9b760ff3f" released by "delete_volume" :: held 0.927s {{(pid=87560) __release /opt/stack/cinder/cinder/coordination.py:152}}
Jul 16 12:53:38 devstack cinder-volume[87560]: DEBUG cinder.quota [None req-1e1d9e73-2e67-461c-a57f-009e3c7fa784 tempest-GroupsV314Test-433536983 None] Created reservations ['dc24496c-f6f5-4b9b-ad58-20768a88aea0'] {{(pid=87560) reserve /opt/stack/cinder/cinder/quota.py:752}}
Jul 16 12:53:38 devstack cinder-volume[87560]: WARNING cinder.quota [None req-1e1d9e73-2e67-461c-a57f-009e3c7fa784 tempest-GroupsV314Test-433536983 None] Deprecated: Default quota for resource: volumes_tempest-GroupsV314Test-volume-type-753436991 is set by the default quota flag: quota_volumes_tempest-GroupsV314Test-volume-type-753436991, it is now deprecated. Please use the default quota class for default quota.
Jul 16 12:53:38 devstack cinder-volume[87560]: WARNING cinder.quota [None req-1e1d9e73-2e67-461c-a57f-009e3c7fa784 tempest-GroupsV314Test-433536983 None] Deprecated: Default quota for resource: gigabytes_tempest-GroupsV314Test-volume-type-753436991 is set by the default quota flag: quota_gigabytes_tempest-GroupsV314Test-volume-type-753436991, it is now deprecated. Please use the default quota class for default quota.
Jul 16 12:53:38 devstack cinder-volume[87560]: DEBUG cinder.quota [None req-1e1d9e73-2e67-461c-a57f-009e3c7fa784 tempest-GroupsV314Test-433536983 None] Created reservations ['8542a9c6-6e22-486a-8b7c-08398a2db23e', '0feea780-91e8-4b98-a727-ae56c7398026', '7ba0fab8-9bcb-4926-a720-f69b9515f8d2', 'b1c6b7a6-70a3-42dd-b904-645c674fd875'] {{(pid=87560) reserve /opt/stack/cinder/cinder/quota.py:752}}
Jul 16 12:53:38 devstack cinder-volume[87560]: DEBUG oslo_concurrency.lockutils [None req-1e1d9e73-2e67-461c-a57f-009e3c7fa784 tempest-GroupsV314Test-433536983 None] Acquiring lock "quobyte_ensure" by "cinder.volume.drivers.quobyte.QuobyteDriver._ensure_shares_mounted" {{(pid=87560) inner /opt/stack/data/venv/lib/python3.12/site-packages/oslo_concurrency/lockutils.py:511}}
Jul 16 12:53:38 devstack cinder-volume[87560]: DEBUG oslo_concurrency.lockutils [None req-1e1d9e73-2e67-461c-a57f-009e3c7fa784 tempest-GroupsV314Test-433536983 None] Lock "quobyte_ensure" acquired by "cinder.volume.drivers.quobyte.QuobyteDriver._ensure_shares_mounted" :: waited 0.001s {{(pid=87560) inner /opt/stack/data/venv/lib/python3.12/site-packages/oslo_concurrency/lockutils.py:524}}
Jul 16 12:53:38 devstack cinder-volume[87560]: DEBUG cinder.volume.drivers.quobyte [None req-1e1d9e73-2e67-461c-a57f-009e3c7fa784 tempest-GroupsV314Test-433536983 None] Quobyte Volume URL set to: {'osci02.corp.quobyte.com/cinder-vol-632f739c-c287-48f3-adee-4ff425fe9cc1': None} {{(pid=87560) _load_shares_config /opt/stack/cinder/cinder/volume/drivers/quobyte.py:651}}
Jul 16 12:53:38 devstack cinder-volume[87560]: DEBUG cinder.volume.drivers.quobyte [None req-1e1d9e73-2e67-461c-a57f-009e3c7fa784 tempest-GroupsV314Test-433536983 None] Available shares ['osci02.corp.quobyte.com/cinder-vol-632f739c-c287-48f3-adee-4ff425fe9cc1'] {{(pid=87560) _ensure_shares_mounted /opt/stack/cinder/cinder/volume/drivers/quobyte.py:681}}
Jul 16 12:53:38 devstack cinder-volume[87560]: DEBUG oslo_concurrency.lockutils [None req-1e1d9e73-2e67-461c-a57f-009e3c7fa784 tempest-GroupsV314Test-433536983 None] Lock "quobyte_ensure" "released" by "cinder.volume.drivers.quobyte.QuobyteDriver._ensure_shares_mounted" :: held 0.020s {{(pid=87560) inner /opt/stack/data/venv/lib/python3.12/site-packages/oslo_concurrency/lockutils.py:543}}
Jul 16 12:53:38 devstack cinder-volume[87560]: DEBUG oslo_concurrency.processutils [None req-1e1d9e73-2e67-461c-a57f-009e3c7fa784 tempest-GroupsV314Test-433536983 None] Running cmd (subprocess): sudo cinder-rootwrap /etc/cinder/rootwrap.conf df --portability --block-size 1 /opt/stack/data/cinder/mnt/68c2f5d72ac3f65e1505db2d32b7925a {{(pid=87560) execute /opt/stack/data/venv/lib/python3.12/site-packages/oslo_concurrency/processutils.py:440}}
Jul 16 12:53:38 devstack sudo[94236]: quobyte : PWD=/ ; USER=root ; COMMAND=/opt/stack/data/venv/bin/cinder-rootwrap /etc/cinder/rootwrap.conf df --portability --block-size 1 /opt/stack/data/cinder/mnt/68c2f5d72ac3f65e1505db2d32b7925a
Jul 16 12:53:38 devstack sudo[94236]: pam_unix(sudo:session): session opened for user root(uid=0) by (uid=1000)
Jul 16 12:53:39 devstack sudo[94236]: pam_unix(sudo:session): session closed for user root
Jul 16 12:53:39 devstack cinder-volume[87560]: DEBUG oslo_concurrency.processutils [None req-1e1d9e73-2e67-461c-a57f-009e3c7fa784 tempest-GroupsV314Test-433536983 None] CMD "sudo cinder-rootwrap /etc/cinder/rootwrap.conf df --portability --block-size 1 /opt/stack/data/cinder/mnt/68c2f5d72ac3f65e1505db2d32b7925a" returned: 0 in 0.419s {{(pid=87560) execute /opt/stack/data/venv/lib/python3.12/site-packages/oslo_concurrency/processutils.py:468}}
Jul 16 12:53:39 devstack cinder-volume[87560]: DEBUG cinder.manager [None req-1e1d9e73-2e67-461c-a57f-009e3c7fa784 tempest-GroupsV314Test-433536983 None] Notifying Schedulers of capabilities ... {{(pid=87560) _publish_service_capabilities /opt/stack/cinder/cinder/manager.py:219}}
Jul 16 12:53:39 devstack cinder-volume[87560]: INFO cinder.volume.manager [None req-1e1d9e73-2e67-461c-a57f-009e3c7fa784 tempest-GroupsV314Test-433536983 None] Delete group completed successfully.
Jul 16 12:53:39 devstack cinder-volume[87560]: DEBUG cinder.coordination [None req-255ec9f5-9b81-4415-b889-b81e8859de79 tempest-GroupsV314Test-433536983 None] Acquiring lock "cinder-quobyte-31021c73-4d01-4b26-81c0-7e0e40827ffb" by "delete_volume" {{(pid=87560) __acquire /opt/stack/cinder/cinder/coordination.py:138}}
Jul 16 12:53:39 devstack cinder-volume[87560]: DEBUG cinder.coordination [None req-255ec9f5-9b81-4415-b889-b81e8859de79 tempest-GroupsV314Test-433536983 None] Lock "cinder-quobyte-31021c73-4d01-4b26-81c0-7e0e40827ffb" acquired by "delete_volume" :: waited 0.038s {{(pid=87560) __acquire /opt/stack/cinder/cinder/coordination.py:141}}
Jul 16 12:53:39 devstack cinder-volume[87560]: DEBUG oslo.privsep.daemon [-] privsep: reply[b166e1fc-8e2e-49ba-8f77-fc792d5a5a06]: (4, 'qcow2') {{(pid=89076) _call_back /opt/stack/data/venv/lib/python3.12/site-packages/oslo_privsep/daemon.py:580}}
Jul 16 12:53:39 devstack cinder-volume[87560]: DEBUG oslo_concurrency.processutils [None req-255ec9f5-9b81-4415-b889-b81e8859de79 tempest-GroupsV314Test-433536983 None] Running cmd (subprocess): /opt/stack/data/venv/bin/python3.12 -m oslo_concurrency.prlimit --as=1073741824 --cpu=60 -- sudo cinder-rootwrap /etc/cinder/rootwrap.conf env LC_ALL=C qemu-img info -f qcow2 --output=json --force-share /opt/stack/data/cinder/mnt/68c2f5d72ac3f65e1505db2d32b7925a/volume-31021c73-4d01-4b26-81c0-7e0e40827ffb {{(pid=87560) execute /opt/stack/data/venv/lib/python3.12/site-packages/oslo_concurrency/processutils.py:440}}
Jul 16 12:53:39 devstack sudo[94241]: quobyte : PWD=/ ; USER=root ; COMMAND=/opt/stack/data/venv/bin/cinder-rootwrap /etc/cinder/rootwrap.conf env LC_ALL=C qemu-img info -f qcow2 --output=json --force-share /opt/stack/data/cinder/mnt/68c2f5d72ac3f65e1505db2d32b7925a/volume-31021c73-4d01-4b26-81c0-7e0e40827ffb
Jul 16 12:53:39 devstack sudo[94241]: pam_unix(sudo:session): session opened for user root(uid=0) by (uid=1000)
Jul 16 12:53:39 devstack sudo[94241]: pam_unix(sudo:session): session closed for user root
Jul 16 12:53:39 devstack cinder-volume[87560]: DEBUG oslo_concurrency.processutils [None req-255ec9f5-9b81-4415-b889-b81e8859de79 tempest-GroupsV314Test-433536983 None] CMD "/opt/stack/data/venv/bin/python3.12 -m oslo_concurrency.prlimit --as=1073741824 --cpu=60 -- sudo cinder-rootwrap /etc/cinder/rootwrap.conf env LC_ALL=C qemu-img info -f qcow2 --output=json --force-share /opt/stack/data/cinder/mnt/68c2f5d72ac3f65e1505db2d32b7925a/volume-31021c73-4d01-4b26-81c0-7e0e40827ffb" returned: 0 in 0.506s {{(pid=87560) execute /opt/stack/data/venv/lib/python3.12/site-packages/oslo_concurrency/processutils.py:468}}
Jul 16 12:53:39 devstack cinder-volume[87560]: DEBUG oslo_concurrency.processutils [None req-255ec9f5-9b81-4415-b889-b81e8859de79 tempest-GroupsV314Test-433536983 None] Running cmd (subprocess): sudo cinder-rootwrap /etc/cinder/rootwrap.conf rm -f /opt/stack/data/cinder/mnt/68c2f5d72ac3f65e1505db2d32b7925a/volume-31021c73-4d01-4b26-81c0-7e0e40827ffb {{(pid=87560) execute /opt/stack/data/venv/lib/python3.12/site-packages/oslo_concurrency/processutils.py:440}}
Jul 16 12:53:39 devstack sudo[94247]: quobyte : PWD=/ ; USER=root ; COMMAND=/opt/stack/data/venv/bin/cinder-rootwrap /etc/cinder/rootwrap.conf rm -f /opt/stack/data/cinder/mnt/68c2f5d72ac3f65e1505db2d32b7925a/volume-31021c73-4d01-4b26-81c0-7e0e40827ffb
Jul 16 12:53:39 devstack sudo[94247]: pam_unix(sudo:session): session opened for user root(uid=0) by (uid=1000)
Jul 16 12:53:40 devstack sudo[94247]: pam_unix(sudo:session): session closed for user root
Jul 16 12:53:40 devstack cinder-volume[87560]: DEBUG oslo_concurrency.processutils [None req-255ec9f5-9b81-4415-b889-b81e8859de79 tempest-GroupsV314Test-433536983 None] CMD "sudo cinder-rootwrap /etc/cinder/rootwrap.conf rm -f /opt/stack/data/cinder/mnt/68c2f5d72ac3f65e1505db2d32b7925a/volume-31021c73-4d01-4b26-81c0-7e0e40827ffb" returned: 0 in 0.318s {{(pid=87560) execute /opt/stack/data/venv/lib/python3.12/site-packages/oslo_concurrency/processutils.py:468}}
