Jul 30 16:37:45 devstack cinder-volume[88380]: WARNING cinder.volume.drivers.remotefs [None req-7c95526c-0ef8-4790-8a25-6c30fb75e52b tempest-VolumesDeleteCascade-1968052983 None] /opt/stack/data/cinder/mnt/dd65416cdaff55ad281e7d7cedf2be3b/volume-eaaa720c-2dc8-4e0a-9e20-b67d3dce0af8.info is being set with open permissions: ugo+rw
Jul 30 16:37:45 devstack cinder-volume[88380]: DEBUG oslo_concurrency.processutils [None req-7c95526c-0ef8-4790-8a25-6c30fb75e52b tempest-VolumesDeleteCascade-1968052983 None] Running cmd (subprocess): sudo cinder-rootwrap /etc/cinder/rootwrap.conf chmod ugo+rw /opt/stack/data/cinder/mnt/dd65416cdaff55ad281e7d7cedf2be3b/volume-eaaa720c-2dc8-4e0a-9e20-b67d3dce0af8.info {{(pid=88380) execute /opt/stack/data/venv/lib/python3.12/site-packages/oslo_concurrency/processutils.py:440}}
Jul 30 16:37:45 devstack sudo[92178]: quobyte : PWD=/ ; USER=root ; COMMAND=/opt/stack/data/venv/bin/cinder-rootwrap /etc/cinder/rootwrap.conf chmod ugo+rw /opt/stack/data/cinder/mnt/dd65416cdaff55ad281e7d7cedf2be3b/volume-eaaa720c-2dc8-4e0a-9e20-b67d3dce0af8.info
Jul 30 16:37:45 devstack sudo[92178]: pam_unix(sudo:session): session opened for user root(uid=0) by (uid=1000)
Jul 30 16:37:45 devstack sudo[92172]: pam_unix(sudo:session): session closed for user root
Jul 30 16:37:45 devstack cinder-volume[88380]: DEBUG oslo_concurrency.processutils [None req-5cb43c6b-9d91-4bea-9345-df790fc7deb9 tempest-VolumeSnapshotQuotasNegativeTestJSON-38892265 None] CMD "/opt/stack/data/venv/bin/python3.12 -m oslo_concurrency.prlimit --as=1073741824 --cpu=60 -- sudo cinder-rootwrap /etc/cinder/rootwrap.conf env LC_ALL=C qemu-img info -f qcow2 --output=json --force-share /opt/stack/data/cinder/mnt/dd65416cdaff55ad281e7d7cedf2be3b/volume-ff7a734a-b25e-47b4-b3ba-4865e80e2dbd.9e7b2a3e-23b5-4d27-9aa5-f22f9cdb7799" returned: 0 in 0.516s {{(pid=88380) execute /opt/stack/data/venv/lib/python3.12/site-packages/oslo_concurrency/processutils.py:468}}
Jul 30 16:37:45 devstack cinder-volume[88380]: DEBUG cinder.volume.drivers.remotefs [None req-5cb43c6b-9d91-4bea-9345-df790fc7deb9 tempest-VolumeSnapshotQuotasNegativeTestJSON-38892265 None] Fetching qemu-img info with special backing_file_template: (/opt/stack/data/cinder/mnt/[0-9a-f]+/)?(volume-ff7a734a-b25e-47b4-b3ba-4865e80e2dbd(.(tmp-snap-)?[0-9a-f-]+)?|volume_from_snapshot_cache/(tmp-snap-)?[0-9a-f-]+(.(child-|parent-)[0-9a-f-]+)?)$ {{(pid=88380) _qemu_img_info_base /opt/stack/cinder/cinder/volume/drivers/remotefs.py:896}}
Jul 30 16:37:45 devstack cinder-volume[88380]: DEBUG oslo.privsep.daemon [-] privsep: reply[b697cc05-c43f-4fdd-9605-c3943514969e]: (4, 'qcow2') {{(pid=89440) _call_back /opt/stack/data/venv/lib/python3.12/site-packages/oslo_privsep/daemon.py:580}}
Jul 30 16:37:45 devstack cinder-volume[88380]: DEBUG oslo_concurrency.processutils [None req-5cb43c6b-9d91-4bea-9345-df790fc7deb9 tempest-VolumeSnapshotQuotasNegativeTestJSON-38892265 None] Running cmd (subprocess): /opt/stack/data/venv/bin/python3.12 -m oslo_concurrency.prlimit --as=1073741824 --cpu=60 -- sudo cinder-rootwrap /etc/cinder/rootwrap.conf env LC_ALL=C qemu-img info -f qcow2 --output=json --force-share /opt/stack/data/cinder/mnt/dd65416cdaff55ad281e7d7cedf2be3b/volume-ff7a734a-b25e-47b4-b3ba-4865e80e2dbd {{(pid=88380) execute /opt/stack/data/venv/lib/python3.12/site-packages/oslo_concurrency/processutils.py:440}}
Jul 30 16:37:46 devstack sudo[92182]: quobyte : PWD=/ ; USER=root ; COMMAND=/opt/stack/data/venv/bin/cinder-rootwrap /etc/cinder/rootwrap.conf env LC_ALL=C qemu-img info -f qcow2 --output=json --force-share /opt/stack/data/cinder/mnt/dd65416cdaff55ad281e7d7cedf2be3b/volume-ff7a734a-b25e-47b4-b3ba-4865e80e2dbd
Jul 30 16:37:46 devstack sudo[92182]: pam_unix(sudo:session): session opened for user root(uid=0) by (uid=1000)
Jul 30 16:37:46 devstack sudo[92178]: pam_unix(sudo:session): session closed for user root
Jul 30 16:37:46 devstack cinder-volume[88380]: DEBUG oslo_concurrency.processutils [None req-7c95526c-0ef8-4790-8a25-6c30fb75e52b tempest-VolumesDeleteCascade-1968052983 None] CMD "sudo cinder-rootwrap /etc/cinder/rootwrap.conf chmod ugo+rw /opt/stack/data/cinder/mnt/dd65416cdaff55ad281e7d7cedf2be3b/volume-eaaa720c-2dc8-4e0a-9e20-b67d3dce0af8.info" returned: 0 in 0.393s {{(pid=88380) execute /opt/stack/data/venv/lib/python3.12/site-packages/oslo_concurrency/processutils.py:468}}
Jul 30 16:37:46 devstack cinder-volume[88380]: DEBUG oslo_concurrency.lockutils [None req-7c95526c-0ef8-4790-8a25-6c30fb75e52b tempest-VolumesDeleteCascade-1968052983 None] Lock "quobyte" "released" by "cinder.volume.drivers.quobyte.QuobyteDriver.create_snapshot" :: held 2.743s {{(pid=88380) inner /opt/stack/data/venv/lib/python3.12/site-packages/oslo_concurrency/lockutils.py:544}}
Jul 30 16:37:46 devstack cinder-volume[88380]: INFO cinder.volume.manager [None req-7c95526c-0ef8-4790-8a25-6c30fb75e52b tempest-VolumesDeleteCascade-1968052983 None] Create snapshot completed successfully
Jul 30 16:37:46 devstack sudo[92182]: pam_unix(sudo:session): session closed for user root
Jul 30 16:37:46 devstack cinder-volume[88380]: DEBUG oslo_concurrency.processutils [None req-5cb43c6b-9d91-4bea-9345-df790fc7deb9 tempest-VolumeSnapshotQuotasNegativeTestJSON-38892265 None] CMD "/opt/stack/data/venv/bin/python3.12 -m oslo_concurrency.prlimit --as=1073741824 --cpu=60 -- sudo cinder-rootwrap /etc/cinder/rootwrap.conf env LC_ALL=C qemu-img info -f qcow2 --output=json --force-share /opt/stack/data/cinder/mnt/dd65416cdaff55ad281e7d7cedf2be3b/volume-ff7a734a-b25e-47b4-b3ba-4865e80e2dbd" returned: 0 in 0.551s {{(pid=88380) execute /opt/stack/data/venv/lib/python3.12/site-packages/oslo_concurrency/processutils.py:468}}
Jul 30 16:37:46 devstack cinder-volume[88380]: DEBUG oslo_concurrency.processutils [None req-5cb43c6b-9d91-4bea-9345-df790fc7deb9 tempest-VolumeSnapshotQuotasNegativeTestJSON-38892265 None] Running cmd (subprocess): sudo cinder-rootwrap /etc/cinder/rootwrap.conf qemu-img commit -d /opt/stack/data/cinder/mnt/dd65416cdaff55ad281e7d7cedf2be3b/volume-ff7a734a-b25e-47b4-b3ba-4865e80e2dbd.9e7b2a3e-23b5-4d27-9aa5-f22f9cdb7799 {{(pid=88380) execute /opt/stack/data/venv/lib/python3.12/site-packages/oslo_concurrency/processutils.py:440}}
Jul 30 16:37:46 devstack sudo[92189]: quobyte : PWD=/ ; USER=root ; COMMAND=/opt/stack/data/venv/bin/cinder-rootwrap /etc/cinder/rootwrap.conf qemu-img commit -d /opt/stack/data/cinder/mnt/dd65416cdaff55ad281e7d7cedf2be3b/volume-ff7a734a-b25e-47b4-b3ba-4865e80e2dbd.9e7b2a3e-23b5-4d27-9aa5-f22f9cdb7799
Jul 30 16:37:46 devstack sudo[92189]: pam_unix(sudo:session): session opened for user root(uid=0) by (uid=1000)
Jul 30 16:37:46 devstack sudo[92189]: pam_unix(sudo:session): session closed for user root
Jul 30 16:37:46 devstack cinder-volume[88380]: DEBUG oslo_concurrency.processutils [None req-5cb43c6b-9d91-4bea-9345-df790fc7deb9 tempest-VolumeSnapshotQuotasNegativeTestJSON-38892265 None] CMD "sudo cinder-rootwrap /etc/cinder/rootwrap.conf qemu-img commit -d /opt/stack/data/cinder/mnt/dd65416cdaff55ad281e7d7cedf2be3b/volume-ff7a734a-b25e-47b4-b3ba-4865e80e2dbd.9e7b2a3e-23b5-4d27-9aa5-f22f9cdb7799" returned: 0 in 0.488s {{(pid=88380) execute /opt/stack/data/venv/lib/python3.12/site-packages/oslo_concurrency/processutils.py:468}}
Jul 30 16:37:46 devstack cinder-volume[88380]: DEBUG oslo_concurrency.processutils [None req-5cb43c6b-9d91-4bea-9345-df790fc7deb9 tempest-VolumeSnapshotQuotasNegativeTestJSON-38892265 None] Running cmd (subprocess): sudo cinder-rootwrap /etc/cinder/rootwrap.conf rm -f /opt/stack/data/cinder/mnt/dd65416cdaff55ad281e7d7cedf2be3b/volume-ff7a734a-b25e-47b4-b3ba-4865e80e2dbd.9e7b2a3e-23b5-4d27-9aa5-f22f9cdb7799 {{(pid=88380) execute /opt/stack/data/venv/lib/python3.12/site-packages/oslo_concurrency/processutils.py:440}}
Jul 30 16:37:46 devstack sudo[92195]: quobyte : PWD=/ ; USER=root ; COMMAND=/opt/stack/data/venv/bin/cinder-rootwrap /etc/cinder/rootwrap.conf rm -f /opt/stack/data/cinder/mnt/dd65416cdaff55ad281e7d7cedf2be3b/volume-ff7a734a-b25e-47b4-b3ba-4865e80e2dbd.9e7b2a3e-23b5-4d27-9aa5-f22f9cdb7799
Jul 30 16:37:46 devstack sudo[92195]: pam_unix(sudo:session): session opened for user root(uid=0) by (uid=1000)
Jul 30 16:37:47 devstack cinder-volume[88380]: DEBUG oslo_concurrency.lockutils [None req-d4a64b9c-961b-4276-9e79-5bf077590f81 tempest-VolumesDeleteCascade-1968052983 None] Acquiring lock "quobyte" by "cinder.volume.drivers.quobyte.QuobyteDriver.create_snapshot" {{(pid=88380) inner /opt/stack/data/venv/lib/python3.12/site-packages/oslo_concurrency/lockutils.py:512}}
Jul 30 16:37:47 devstack cinder-volume[88380]: DEBUG oslo_concurrency.lockutils [None req-d4a64b9c-961b-4276-9e79-5bf077590f81 tempest-VolumesDeleteCascade-1968052983 None] Lock "quobyte" acquired by "cinder.volume.drivers.quobyte.QuobyteDriver.create_snapshot" :: waited 0.003s {{(pid=88380) inner /opt/stack/data/venv/lib/python3.12/site-packages/oslo_concurrency/lockutils.py:525}}
Jul 30 16:37:47 devstack cinder-volume[88380]: DEBUG cinder.volume.drivers.remotefs [None req-d4a64b9c-961b-4276-9e79-5bf077590f81 tempest-VolumesDeleteCascade-1968052983 None] Creating offline snapshot cd2ebe78-d341-4822-8247-2c1489e8a3a8 of volume eaaa720c-2dc8-4e0a-9e20-b67d3dce0af8 {{(pid=88380) _create_snapshot /opt/stack/cinder/cinder/volume/drivers/remotefs.py:1816}}
Jul 30 16:37:47 devstack cinder-volume[88380]: DEBUG oslo.privsep.daemon [-] privsep: reply[c21f040f-bc53-42d0-b19d-15025a0c2745]: (4, 'qcow2') {{(pid=89440) _call_back /opt/stack/data/venv/lib/python3.12/site-packages/oslo_privsep/daemon.py:580}}
Jul 30 16:37:47 devstack cinder-volume[88380]: DEBUG oslo_concurrency.processutils [None req-d4a64b9c-961b-4276-9e79-5bf077590f81 tempest-VolumesDeleteCascade-1968052983 None] Running cmd (subprocess): /opt/stack/data/venv/bin/python3.12 -m oslo_concurrency.prlimit --as=1073741824 --cpu=60 -- sudo cinder-rootwrap /etc/cinder/rootwrap.conf env LC_ALL=C qemu-img info -f qcow2 --output=json --force-share /opt/stack/data/cinder/mnt/dd65416cdaff55ad281e7d7cedf2be3b/volume-eaaa720c-2dc8-4e0a-9e20-b67d3dce0af8.b69ba54e-a4a1-4744-995d-d609c19b750a {{(pid=88380) execute /opt/stack/data/venv/lib/python3.12/site-packages/oslo_concurrency/processutils.py:440}}
Jul 30 16:37:47 devstack sudo[92195]: pam_unix(sudo:session): session closed for user root
Jul 30 16:37:47 devstack cinder-volume[88380]: DEBUG oslo_concurrency.processutils [None req-5cb43c6b-9d91-4bea-9345-df790fc7deb9 tempest-VolumeSnapshotQuotasNegativeTestJSON-38892265 None] CMD "sudo cinder-rootwrap /etc/cinder/rootwrap.conf rm -f /opt/stack/data/cinder/mnt/dd65416cdaff55ad281e7d7cedf2be3b/volume-ff7a734a-b25e-47b4-b3ba-4865e80e2dbd.9e7b2a3e-23b5-4d27-9aa5-f22f9cdb7799" returned: 0 in 0.410s {{(pid=88380) execute /opt/stack/data/venv/lib/python3.12/site-packages/oslo_concurrency/processutils.py:468}}
Jul 30 16:37:47 devstack sudo[92198]: quobyte : PWD=/ ; USER=root ; COMMAND=/opt/stack/data/venv/bin/cinder-rootwrap /etc/cinder/rootwrap.conf env LC_ALL=C qemu-img info -f qcow2 --output=json --force-share /opt/stack/data/cinder/mnt/dd65416cdaff55ad281e7d7cedf2be3b/volume-eaaa720c-2dc8-4e0a-9e20-b67d3dce0af8.b69ba54e-a4a1-4744-995d-d609c19b750a
Jul 30 16:37:47 devstack sudo[92198]: pam_unix(sudo:session): session opened for user root(uid=0) by (uid=1000)
Jul 30 16:37:47 devstack cinder-volume[88380]: DEBUG cinder.coordination [None req-5cb43c6b-9d91-4bea-9345-df790fc7deb9 tempest-VolumeSnapshotQuotasNegativeTestJSON-38892265 None] Lock "cinder-quobyte-9e7b2a3e-23b5-4d27-9aa5-f22f9cdb7799" released by "_delete_snapshot" :: held 2.108s {{(pid=88380) __release /opt/stack/cinder/cinder/coordination.py:152}}
Jul 30 16:37:47 devstack cinder-volume[88380]: DEBUG cinder.coordination [None req-5cb43c6b-9d91-4bea-9345-df790fc7deb9 tempest-VolumeSnapshotQuotasNegativeTestJSON-38892265 None] Lock "cinder-quobyte-ff7a734a-b25e-47b4-b3ba-4865e80e2dbd" released by "delete_snapshot" :: held 2.155s {{(pid=88380) __release /opt/stack/cinder/cinder/coordination.py:152}}
Jul 30 16:37:47 devstack cinder-volume[88380]: DEBUG cinder.quota [None req-5cb43c6b-9d91-4bea-9345-df790fc7deb9 tempest-VolumeSnapshotQuotasNegativeTestJSON-38892265 None] Created reservations ['a38402e6-d77f-4c87-a317-9295d0873219', '0d26581b-8266-4d61-afec-282c2ed65672', 'd8730e9f-c0de-45d0-9cc1-422ccbd61844', '74653c56-b5bf-4c35-81e7-22beefe093ca'] {{(pid=88380) reserve /opt/stack/cinder/cinder/quota.py:752}}
Jul 30 16:37:47 devstack cinder-volume[88380]: INFO cinder.volume.manager [None req-5cb43c6b-9d91-4bea-9345-df790fc7deb9 tempest-VolumeSnapshotQuotasNegativeTestJSON-38892265 None] Delete snapshot completed successfully.
Jul 30 16:37:47 devstack cinder-volume[88380]: DEBUG cinder.coordination [None req-5cb43c6b-9d91-4bea-9345-df790fc7deb9 tempest-VolumeSnapshotQuotasNegativeTestJSON-38892265 None] Lock "cinder-9e7b2a3e-23b5-4d27-9aa5-f22f9cdb7799-delete_snapshot" released by "delete_snapshot" :: held 2.426s {{(pid=88380) __release /opt/stack/cinder/cinder/coordination.py:152}}
Jul 30 16:37:47 devstack sudo[92198]: pam_unix(sudo:session): session closed for user root
Jul 30 16:37:47 devstack cinder-volume[88380]: DEBUG oslo_concurrency.processutils [None req-d4a64b9c-961b-4276-9e79-5bf077590f81 tempest-VolumesDeleteCascade-1968052983 None] CMD "/opt/stack/data/venv/bin/python3.12 -m oslo_concurrency.prlimit --as=1073741824 --cpu=60 -- sudo cinder-rootwrap /etc/cinder/rootwrap.conf env LC_ALL=C qemu-img info -f qcow2 --output=json --force-share /opt/stack/data/cinder/mnt/dd65416cdaff55ad281e7d7cedf2be3b/volume-eaaa720c-2dc8-4e0a-9e20-b67d3dce0af8.b69ba54e-a4a1-4744-995d-d609c19b750a" returned: 0 in 0.496s {{(pid=88380) execute /opt/stack/data/venv/lib/python3.12/site-packages/oslo_concurrency/processutils.py:468}}
Jul 30 16:37:47 devstack cinder-volume[88380]: DEBUG cinder.volume.drivers.remotefs [None req-d4a64b9c-961b-4276-9e79-5bf077590f81 tempest-VolumesDeleteCascade-1968052983 None] Fetching qemu-img info with special backing_file_template: (/opt/stack/data/cinder/mnt/[0-9a-f]+/)?(volume-eaaa720c-2dc8-4e0a-9e20-b67d3dce0af8(.(tmp-snap-)?[0-9a-f-]+)?|volume_from_snapshot_cache/(tmp-snap-)?[0-9a-f-]+(.(child-|parent-)[0-9a-f-]+)?)$ {{(pid=88380) _qemu_img_info_base /opt/stack/cinder/cinder/volume/drivers/remotefs.py:896}}
Jul 30 16:37:47 devstack cinder-volume[88380]: DEBUG oslo_concurrency.processutils [None req-d4a64b9c-961b-4276-9e79-5bf077590f81 tempest-VolumesDeleteCascade-1968052983 None] Running cmd (subprocess): sudo cinder-rootwrap /etc/cinder/rootwrap.conf qemu-img create -f qcow2 -o backing_file=/opt/stack/data/cinder/mnt/dd65416cdaff55ad281e7d7cedf2be3b/volume-eaaa720c-2dc8-4e0a-9e20-b67d3dce0af8.b69ba54e-a4a1-4744-995d-d609c19b750a,backing_fmt=qcow2 /opt/stack/data/cinder/mnt/dd65416cdaff55ad281e7d7cedf2be3b/volume-eaaa720c-2dc8-4e0a-9e20-b67d3dce0af8.cd2ebe78-d341-4822-8247-2c1489e8a3a8 1G {{(pid=88380) execute /opt/stack/data/venv/lib/python3.12/site-packages/oslo_concurrency/processutils.py:440}}
Jul 30 16:37:47 devstack sudo[92204]: quobyte : PWD=/ ; USER=root ; COMMAND=/opt/stack/data/venv/bin/cinder-rootwrap /etc/cinder/rootwrap.conf qemu-img create -f qcow2 -o backing_file=/opt/stack/data/cinder/mnt/dd65416cdaff55ad281e7d7cedf2be3b/volume-eaaa720c-2dc8-4e0a-9e20-b67d3dce0af8.b69ba54e-a4a1-4744-995d-d609c19b750a,backing_fmt=qcow2 /opt/stack/data/cinder/mnt/dd65416cdaff55ad281e7d7cedf2be3b/volume-eaaa720c-2dc8-4e0a-9e20-b67d3dce0af8.cd2ebe78-d341-4822-8247-2c1489e8a3a8 1G
Jul 30 16:37:47 devstack sudo[92204]: pam_unix(sudo:session): session opened for user root(uid=0) by (uid=1000)
Jul 30 16:37:48 devstack sudo[92204]: pam_unix(sudo:session): session closed for user root
Jul 30 16:37:48 devstack cinder-volume[88380]: DEBUG oslo_concurrency.processutils [None req-d4a64b9c-961b-4276-9e79-5bf077590f81 tempest-VolumesDeleteCascade-1968052983 None] CMD "sudo cinder-rootwrap /etc/cinder/rootwrap.conf qemu-img create -f qcow2 -o backing_file=/opt/stack/data/cinder/mnt/dd65416cdaff55ad281e7d7cedf2be3b/volume-eaaa720c-2dc8-4e0a-9e20-b67d3dce0af8.b69ba54e-a4a1-4744-995d-d609c19b750a,backing_fmt=qcow2 /opt/stack/data/cinder/mnt/dd65416cdaff55ad281e7d7cedf2be3b/volume-eaaa720c-2dc8-4e0a-9e20-b67d3dce0af8.cd2ebe78-d341-4822-8247-2c1489e8a3a8 1G" returned: 0 in 0.542s {{(pid=88380) execute /opt/stack/data/venv/lib/python3.12/site-packages/oslo_concurrency/processutils.py:468}}
Jul 30 16:37:48 devstack cinder-volume[88380]: DEBUG oslo_concurrency.processutils [None req-d4a64b9c-961b-4276-9e79-5bf077590f81 tempest-VolumesDeleteCascade-1968052983 None] Running cmd (subprocess): sudo cinder-rootwrap /etc/cinder/rootwrap.conf qemu-img rebase -u -b volume-eaaa720c-2dc8-4e0a-9e20-b67d3dce0af8.b69ba54e-a4a1-4744-995d-d609c19b750a -F qcow2 /opt/stack/data/cinder/mnt/dd65416cdaff55ad281e7d7cedf2be3b/volume-eaaa720c-2dc8-4e0a-9e20-b67d3dce0af8.cd2ebe78-d341-4822-8247-2c1489e8a3a8 {{(pid=88380) execute /opt/stack/data/venv/lib/python3.12/site-packages/oslo_concurrency/processutils.py:440}}
Jul 30 16:37:48 devstack sudo[92210]: quobyte : PWD=/ ; USER=root ; COMMAND=/opt/stack/data/venv/bin/cinder-rootwrap /etc/cinder/rootwrap.conf qemu-img rebase -u -b volume-eaaa720c-2dc8-4e0a-9e20-b67d3dce0af8.b69ba54e-a4a1-4744-995d-d609c19b750a -F qcow2 /opt/stack/data/cinder/mnt/dd65416cdaff55ad281e7d7cedf2be3b/volume-eaaa720c-2dc8-4e0a-9e20-b67d3dce0af8.cd2ebe78-d341-4822-8247-2c1489e8a3a8
Jul 30 16:37:48 devstack sudo[92210]: pam_unix(sudo:session): session opened for user root(uid=0) by (uid=1000)
Jul 30 16:37:48 devstack cinder-volume[88380]: DEBUG cinder.coordination [None req-8f03c06b-3114-4d83-b7f8-543258db5bda tempest-VolumeSnapshotQuotasNegativeTestJSON-38892265 None] Acquiring lock "cinder-ff7a734a-b25e-47b4-b3ba-4865e80e2dbd-delete_volume" by "delete_volume" {{(pid=88380) __acquire /opt/stack/cinder/cinder/coordination.py:138}}
Jul 30 16:37:48 devstack cinder-volume[88380]: DEBUG cinder.coordination [None req-8f03c06b-3114-4d83-b7f8-543258db5bda tempest-VolumeSnapshotQuotasNegativeTestJSON-38892265 None] Lock "cinder-ff7a734a-b25e-47b4-b3ba-4865e80e2dbd-delete_volume" acquired by "delete_volume" :: waited 0.035s {{(pid=88380) __acquire /opt/stack/cinder/cinder/coordination.py:141}}
Jul 30 16:37:48 devstack cinder-volume[88380]: DEBUG cinder.coordination [None req-8f03c06b-3114-4d83-b7f8-543258db5bda tempest-VolumeSnapshotQuotasNegativeTestJSON-38892265 None] Acquiring lock "cinder-quobyte-ff7a734a-b25e-47b4-b3ba-4865e80e2dbd" by "delete_volume" {{(pid=88380) __acquire /opt/stack/cinder/cinder/coordination.py:138}}
Jul 30 16:37:48 devstack cinder-volume[88380]: DEBUG cinder.coordination [None req-8f03c06b-3114-4d83-b7f8-543258db5bda tempest-VolumeSnapshotQuotasNegativeTestJSON-38892265 None] Lock "cinder-quobyte-ff7a734a-b25e-47b4-b3ba-4865e80e2dbd" acquired by "delete_volume" :: waited 0.019s {{(pid=88380) __acquire /opt/stack/cinder/cinder/coordination.py:141}}
Jul 30 16:37:48 devstack sudo[92210]: pam_unix(sudo:session): session closed for user root
Jul 30 16:37:48 devstack cinder-volume[88380]: DEBUG oslo_concurrency.processutils [None req-d4a64b9c-961b-4276-9e79-5bf077590f81 tempest-VolumesDeleteCascade-1968052983 None] CMD "sudo cinder-rootwrap /etc/cinder/rootwrap.conf qemu-img rebase -u -b volume-eaaa720c-2dc8-4e0a-9e20-b67d3dce0af8.b69ba54e-a4a1-4744-995d-d609c19b750a -F qcow2 /opt/stack/data/cinder/mnt/dd65416cdaff55ad281e7d7cedf2be3b/volume-eaaa720c-2dc8-4e0a-9e20-b67d3dce0af8.cd2ebe78-d341-4822-8247-2c1489e8a3a8" returned: 0 in 0.491s {{(pid=88380) execute /opt/stack/data/venv/lib/python3.12/site-packages/oslo_concurrency/processutils.py:468}}
Jul 30 16:37:48 devstack cinder-volume[88380]: WARNING cinder.volume.drivers.remotefs [None req-d4a64b9c-961b-4276-9e79-5bf077590f81 tempest-VolumesDeleteCascade-1968052983 None] /opt/stack/data/cinder/mnt/dd65416cdaff55ad281e7d7cedf2be3b/volume-eaaa720c-2dc8-4e0a-9e20-b67d3dce0af8.cd2ebe78-d341-4822-8247-2c1489e8a3a8 is being set with open permissions: ugo+rw
Jul 30 16:37:48 devstack cinder-volume[88380]: DEBUG oslo_concurrency.processutils [None req-d4a64b9c-961b-4276-9e79-5bf077590f81 tempest-VolumesDeleteCascade-1968052983 None] Running cmd (subprocess): sudo cinder-rootwrap /etc/cinder/rootwrap.conf chmod ugo+rw /opt/stack/data/cinder/mnt/dd65416cdaff55ad281e7d7cedf2be3b/volume-eaaa720c-2dc8-4e0a-9e20-b67d3dce0af8.cd2ebe78-d341-4822-8247-2c1489e8a3a8 {{(pid=88380) execute /opt/stack/data/venv/lib/python3.12/site-packages/oslo_concurrency/processutils.py:440}}
Jul 30 16:37:48 devstack cinder-volume[88380]: DEBUG oslo.privsep.daemon [-] privsep: reply[e4a7a803-8dd4-4fca-bf7b-45049cdfc473]: (4, 'qcow2') {{(pid=89440) _call_back /opt/stack/data/venv/lib/python3.12/site-packages/oslo_privsep/daemon.py:580}}
Jul 30 16:37:48 devstack cinder-volume[88380]: DEBUG oslo_concurrency.processutils [None req-8f03c06b-3114-4d83-b7f8-543258db5bda tempest-VolumeSnapshotQuotasNegativeTestJSON-38892265 None] Running cmd (subprocess): /opt/stack/data/venv/bin/python3.12 -m oslo_concurrency.prlimit --as=1073741824 --cpu=60 -- sudo cinder-rootwrap /etc/cinder/rootwrap.conf env LC_ALL=C qemu-img info -f qcow2 --output=json --force-share /opt/stack/data/cinder/mnt/dd65416cdaff55ad281e7d7cedf2be3b/volume-ff7a734a-b25e-47b4-b3ba-4865e80e2dbd {{(pid=88380) execute /opt/stack/data/venv/lib/python3.12/site-packages/oslo_concurrency/processutils.py:440}}
Jul 30 16:37:48 devstack sudo[92217]: quobyte : PWD=/ ; USER=root ; COMMAND=/opt/stack/data/venv/bin/cinder-rootwrap /etc/cinder/rootwrap.conf chmod ugo+rw /opt/stack/data/cinder/mnt/dd65416cdaff55ad281e7d7cedf2be3b/volume-eaaa720c-2dc8-4e0a-9e20-b67d3dce0af8.cd2ebe78-d341-4822-8247-2c1489e8a3a8
Jul 30 16:37:48 devstack sudo[92217]: pam_unix(sudo:session): session opened for user root(uid=0) by (uid=1000)
Jul 30 16:37:48 devstack sudo[92218]: quobyte : PWD=/ ; USER=root ; COMMAND=/opt/stack/data/venv/bin/cinder-rootwrap /etc/cinder/rootwrap.conf env LC_ALL=C qemu-img info -f qcow2 --output=json --force-share /opt/stack/data/cinder/mnt/dd65416cdaff55ad281e7d7cedf2be3b/volume-ff7a734a-b25e-47b4-b3ba-4865e80e2dbd
Jul 30 16:37:48 devstack sudo[92218]: pam_unix(sudo:session): session opened for user root(uid=0) by (uid=1000)
Jul 30 16:37:49 devstack sudo[92217]: pam_unix(sudo:session): session closed for user root
Jul 30 16:37:49 devstack cinder-volume[88380]: DEBUG oslo_concurrency.processutils [None req-d4a64b9c-961b-4276-9e79-5bf077590f81 tempest-VolumesDeleteCascade-1968052983 None] CMD "sudo cinder-rootwrap /etc/cinder/rootwrap.conf chmod ugo+rw /opt/stack/data/cinder/mnt/dd65416cdaff55ad281e7d7cedf2be3b/volume-eaaa720c-2dc8-4e0a-9e20-b67d3dce0af8.cd2ebe78-d341-4822-8247-2c1489e8a3a8" returned: 0 in 0.296s {{(pid=88380) execute /opt/stack/data/venv/lib/python3.12/site-packages/oslo_concurrency/processutils.py:468}}
Jul 30 16:37:49 devstack cinder-volume[88380]: DEBUG oslo_concurrency.lockutils [None req-d4a64b9c-961b-4276-9e79-5bf077590f81 tempest-VolumesDeleteCascade-1968052983 None] Lock "quobyte" "released" by "cinder.volume.drivers.quobyte.QuobyteDriver.create_snapshot" :: held 1.998s {{(pid=88380) inner /opt/stack/data/venv/lib/python3.12/site-packages/oslo_concurrency/lockutils.py:544}}
Jul 30 16:37:49 devstack cinder-volume[88380]: INFO cinder.volume.manager [None req-d4a64b9c-961b-4276-9e79-5bf077590f81 tempest-VolumesDeleteCascade-1968052983 None] Create snapshot completed successfully
Jul 30 16:37:49 devstack sudo[92218]: pam_unix(sudo:session): session closed for user root
Jul 30 16:37:49 devstack cinder-volume[88380]: DEBUG oslo_concurrency.processutils [None req-8f03c06b-3114-4d83-b7f8-543258db5bda tempest-VolumeSnapshotQuotasNegativeTestJSON-38892265 None] CMD "/opt/stack/data/venv/bin/python3.12 -m oslo_concurrency.prlimit --as=1073741824 --cpu=60 -- sudo cinder-rootwrap /etc/cinder/rootwrap.conf env LC_ALL=C qemu-img info -f qcow2 --output=json --force-share /opt/stack/data/cinder/mnt/dd65416cdaff55ad281e7d7cedf2be3b/volume-ff7a734a-b25e-47b4-b3ba-4865e80e2dbd" returned: 0 in 0.449s {{(pid=88380) execute /opt/stack/data/venv/lib/python3.12/site-packages/oslo_concurrency/processutils.py:468}}
Jul 30 16:37:49 devstack cinder-volume[88380]: DEBUG oslo_concurrency.processutils [None req-8f03c06b-3114-4d83-b7f8-543258db5bda tempest-VolumeSnapshotQuotasNegativeTestJSON-38892265 None] Running cmd (subprocess): sudo cinder-rootwrap /etc/cinder/rootwrap.conf rm -f /opt/stack/data/cinder/mnt/dd65416cdaff55ad281e7d7cedf2be3b/volume-ff7a734a-b25e-47b4-b3ba-4865e80e2dbd {{(pid=88380) execute /opt/stack/data/venv/lib/python3.12/site-packages/oslo_concurrency/processutils.py:440}}
Jul 30 16:37:49 devstack sudo[92225]: quobyte : PWD=/ ; USER=root ; COMMAND=/opt/stack/data/venv/bin/cinder-rootwrap /etc/cinder/rootwrap.conf rm -f /opt/stack/data/cinder/mnt/dd65416cdaff55ad281e7d7cedf2be3b/volume-ff7a734a-b25e-47b4-b3ba-4865e80e2dbd
Jul 30 16:37:49 devstack sudo[92225]: pam_unix(sudo:session): session opened for user root(uid=0) by (uid=1000)
Jul 30 16:37:49 devstack sudo[92225]: pam_unix(sudo:session): session closed for user root
Jul 30 16:37:49 devstack cinder-volume[88380]: DEBUG oslo_concurrency.processutils [None req-8f03c06b-3114-4d83-b7f8-543258db5bda tempest-VolumeSnapshotQuotasNegativeTestJSON-38892265 None] CMD "sudo cinder-rootwrap /etc/cinder/rootwrap.conf rm -f /opt/stack/data/cinder/mnt/dd65416cdaff55ad281e7d7cedf2be3b/volume-ff7a734a-b25e-47b4-b3ba-4865e80e2dbd" returned: 0 in 0.281s {{(pid=88380) execute /opt/stack/data/venv/lib/python3.12/site-packages/oslo_concurrency/processutils.py:468}}
Jul 30 16:37:49 devstack cinder-volume[88380]: DEBUG cinder.coordination [None req-8f03c06b-3114-4d83-b7f8-543258db5bda tempest-VolumeSnapshotQuotasNegativeTestJSON-38892265 None] Lock "cinder-quobyte-ff7a734a-b25e-47b4-b3ba-4865e80e2dbd" released by "delete_volume" :: held 0.801s {{(pid=88380) __release /opt/stack/cinder/cinder/coordination.py:152}}
Jul 30 16:37:49 devstack cinder-volume[88380]: DEBUG cinder.quota [None req-8f03c06b-3114-4d83-b7f8-543258db5bda tempest-VolumeSnapshotQuotasNegativeTestJSON-38892265 None] Created reservations ['09908445-604d-43d5-aba1-20e82bb7aead', 'cc29b77c-f0f1-4c8a-acb7-5015598c1d8f', '765e4aa3-333e-4a56-aca2-22303626b18f', 'c94e9707-a795-4c76-81ce-b6504d18f305'] {{(pid=88380) reserve /opt/stack/cinder/cinder/quota.py:752}}
Jul 30 16:37:49 devstack cinder-volume[88380]: DEBUG oslo_concurrency.lockutils [None req-8f03c06b-3114-4d83-b7f8-543258db5bda tempest-VolumeSnapshotQuotasNegativeTestJSON-38892265 None] Acquiring lock "quobyte_ensure" by "cinder.volume.drivers.quobyte.QuobyteDriver._ensure_shares_mounted" {{(pid=88380) inner /opt/stack/data/venv/lib/python3.12/site-packages/oslo_concurrency/lockutils.py:512}}
Jul 30 16:37:49 devstack cinder-volume[88380]: DEBUG oslo_concurrency.lockutils [None req-8f03c06b-3114-4d83-b7f8-543258db5bda tempest-VolumeSnapshotQuotasNegativeTestJSON-38892265 None] Lock "quobyte_ensure" acquired by "cinder.volume.drivers.quobyte.QuobyteDriver._ensure_shares_mounted" :: waited 0.001s {{(pid=88380) inner /opt/stack/data/venv/lib/python3.12/site-packages/oslo_concurrency/lockutils.py:525}}
Jul 30 16:37:49 devstack cinder-volume[88380]: DEBUG cinder.volume.drivers.quobyte [None req-8f03c06b-3114-4d83-b7f8-543258db5bda tempest-VolumeSnapshotQuotasNegativeTestJSON-38892265 None] Quobyte Volume URL set to: {'osci02.corp.quobyte.com/cinder-vol-8522440b-06be-463a-b9fe-64af11dba763': None} {{(pid=88380) _load_shares_config /opt/stack/cinder/cinder/volume/drivers/quobyte.py:665}}
Jul 30 16:37:49 devstack cinder-volume[88380]: DEBUG cinder.volume.drivers.quobyte [None req-8f03c06b-3114-4d83-b7f8-543258db5bda tempest-VolumeSnapshotQuotasNegativeTestJSON-38892265 None] Available shares ['osci02.corp.quobyte.com/cinder-vol-8522440b-06be-463a-b9fe-64af11dba763'] {{(pid=88380) _ensure_shares_mounted /opt/stack/cinder/cinder/volume/drivers/quobyte.py:695}}
Jul 30 16:37:49 devstack cinder-volume[88380]: DEBUG oslo_concurrency.lockutils [None req-8f03c06b-3114-4d83-b7f8-543258db5bda tempest-VolumeSnapshotQuotasNegativeTestJSON-38892265 None] Lock "quobyte_ensure" "released" by "cinder.volume.drivers.quobyte.QuobyteDriver._ensure_shares_mounted" :: held 0.007s {{(pid=88380) inner /opt/stack/data/venv/lib/python3.12/site-packages/oslo_concurrency/lockutils.py:544}}
Jul 30 16:37:49 devstack cinder-volume[88380]: DEBUG oslo_concurrency.processutils [None req-8f03c06b-3114-4d83-b7f8-543258db5bda tempest-VolumeSnapshotQuotasNegativeTestJSON-38892265 None] Running cmd (subprocess): sudo cinder-rootwrap /etc/cinder/rootwrap.conf df --portability --block-size 1 /opt/stack/data/cinder/mnt/dd65416cdaff55ad281e7d7cedf2be3b {{(pid=88380) execute /opt/stack/data/venv/lib/python3.12/site-packages/oslo_concurrency/processutils.py:440}}
Jul 30 16:37:49 devstack sudo[92228]: quobyte : PWD=/ ; USER=root ; COMMAND=/opt/stack/data/venv/bin/cinder-rootwrap /etc/cinder/rootwrap.conf df --portability --block-size 1 /opt/stack/data/cinder/mnt/dd65416cdaff55ad281e7d7cedf2be3b
Jul 30 16:37:49 devstack sudo[92228]: pam_unix(sudo:session): session opened for user root(uid=0) by (uid=1000)
Jul 30 16:37:50 devstack sudo[92228]: pam_unix(sudo:session): session closed for user root
Jul 30 16:37:50 devstack cinder-volume[88380]: DEBUG oslo_concurrency.processutils [None req-8f03c06b-3114-4d83-b7f8-543258db5bda tempest-VolumeSnapshotQuotasNegativeTestJSON-38892265 None] CMD "sudo cinder-rootwrap /etc/cinder/rootwrap.conf df --portability --block-size 1 /opt/stack/data/cinder/mnt/dd65416cdaff55ad281e7d7cedf2be3b" returned: 0 in 0.369s {{(pid=88380) execute /opt/stack/data/venv/lib/python3.12/site-packages/oslo_concurrency/processutils.py:468}}
Jul 30 16:37:50 devstack cinder-volume[88380]: DEBUG cinder.manager [None req-8f03c06b-3114-4d83-b7f8-543258db5bda tempest-VolumeSnapshotQuotasNegativeTestJSON-38892265 None] Notifying Schedulers of capabilities ... {{(pid=88380) _publish_service_capabilities /opt/stack/cinder/cinder/manager.py:219}}
Jul 30 16:37:50 devstack cinder-volume[88380]: INFO cinder.volume.manager [None req-8f03c06b-3114-4d83-b7f8-543258db5bda tempest-VolumeSnapshotQuotasNegativeTestJSON-38892265 None] Deleted volume successfully.
Jul 30 16:37:50 devstack cinder-volume[88380]: DEBUG cinder.coordination [None req-8f03c06b-3114-4d83-b7f8-543258db5bda tempest-VolumeSnapshotQuotasNegativeTestJSON-38892265 None] Lock "cinder-ff7a734a-b25e-47b4-b3ba-4865e80e2dbd-delete_volume" released by "delete_volume" :: held 1.428s {{(pid=88380) __release /opt/stack/cinder/cinder/coordination.py:152}}
Jul 30 16:37:50 devstack cinder-volume[88380]: DEBUG cinder.coordination [None req-39366479-5a5b-4874-b960-ba9b36a5e336 tempest-VolumesDeleteCascade-1968052983 None] Acquiring lock "cinder-eaaa720c-2dc8-4e0a-9e20-b67d3dce0af8-delete_volume" by "delete_volume" {{(pid=88380) __acquire /opt/stack/cinder/cinder/coordination.py:138}}
Jul 30 16:37:50 devstack cinder-volume[88380]: DEBUG cinder.coordination [None req-39366479-5a5b-4874-b960-ba9b36a5e336 tempest-VolumesDeleteCascade-1968052983 None] Lock "cinder-eaaa720c-2dc8-4e0a-9e20-b67d3dce0af8-delete_volume" acquired by "delete_volume" :: waited 0.033s {{(pid=88380) __acquire /opt/stack/cinder/cinder/coordination.py:141}}
Jul 30 16:37:50 devstack cinder-volume[88380]: DEBUG cinder.volume.manager [None req-39366479-5a5b-4874-b960-ba9b36a5e336 tempest-VolumesDeleteCascade-1968052983 None] Performing cascade delete. {{(pid=88380) delete_volume /opt/stack/cinder/cinder/volume/manager.py:995}}
Jul 30 16:37:50 devstack cinder-volume[88380]: DEBUG cinder.coordination [None req-39366479-5a5b-4874-b960-ba9b36a5e336 tempest-VolumesDeleteCascade-1968052983 None] Acquiring lock "cinder-b69ba54e-a4a1-4744-995d-d609c19b750a-delete_snapshot" by "delete_snapshot" {{(pid=88380) __acquire /opt/stack/cinder/cinder/coordination.py:138}}
Jul 30 16:37:50 devstack cinder-volume[88380]: DEBUG cinder.coordination [None req-39366479-5a5b-4874-b960-ba9b36a5e336 tempest-VolumesDeleteCascade-1968052983 None] Lock "cinder-b69ba54e-a4a1-4744-995d-d609c19b750a-delete_snapshot" acquired by "delete_snapshot" :: waited 0.037s {{(pid=88380) __acquire /opt/stack/cinder/cinder/coordination.py:141}}
Jul 30 16:37:50 devstack cinder-volume[88380]: DEBUG cinder.coordination [None req-39366479-5a5b-4874-b960-ba9b36a5e336 tempest-VolumesDeleteCascade-1968052983 None] Acquiring lock "cinder-quobyte-eaaa720c-2dc8-4e0a-9e20-b67d3dce0af8" by "delete_snapshot" {{(pid=88380) __acquire /opt/stack/cinder/cinder/coordination.py:138}}
Jul 30 16:37:50 devstack cinder-volume[88380]: DEBUG cinder.coordination [None req-39366479-5a5b-4874-b960-ba9b36a5e336 tempest-VolumesDeleteCascade-1968052983 None] Lock "cinder-quobyte-eaaa720c-2dc8-4e0a-9e20-b67d3dce0af8" acquired by "delete_snapshot" :: waited 0.019s {{(pid=88380) __acquire /opt/stack/cinder/cinder/coordination.py:141}}
Jul 30 16:37:50 devstack cinder-volume[88380]: DEBUG cinder.coordination [None req-39366479-5a5b-4874-b960-ba9b36a5e336 tempest-VolumesDeleteCascade-1968052983 None] Acquiring lock "cinder-quobyte-b69ba54e-a4a1-4744-995d-d609c19b750a" by "_delete_snapshot" {{(pid=88380) __acquire /opt/stack/cinder/cinder/coordination.py:138}}
Jul 30 16:37:50 devstack cinder-volume[88380]: DEBUG cinder.coordination [None req-39366479-5a5b-4874-b960-ba9b36a5e336 tempest-VolumesDeleteCascade-1968052983 None] Lock "cinder-quobyte-b69ba54e-a4a1-4744-995d-d609c19b750a" acquired by "_delete_snapshot" :: waited 0.017s {{(pid=88380) __acquire /opt/stack/cinder/cinder/coordination.py:141}}
Jul 30 16:37:50 devstack cinder-volume[88380]: DEBUG cinder.volume.drivers.remotefs [None req-39366479-5a5b-4874-b960-ba9b36a5e336 tempest-VolumesDeleteCascade-1968052983 None] Deleting offline snapshot b69ba54e-a4a1-4744-995d-d609c19b750a of volume eaaa720c-2dc8-4e0a-9e20-b67d3dce0af8 {{(pid=88380) _delete_snapshot /opt/stack/cinder/cinder/volume/drivers/remotefs.py:1288}}
Jul 30 16:37:50 devstack cinder-volume[88380]: DEBUG cinder.volume.drivers.remotefs [None req-39366479-5a5b-4874-b960-ba9b36a5e336 tempest-VolumesDeleteCascade-1968052983 None] snapshot_file for this snap is: volume-eaaa720c-2dc8-4e0a-9e20-b67d3dce0af8.b69ba54e-a4a1-4744-995d-d609c19b750a {{(pid=88380) _delete_snapshot /opt/stack/cinder/cinder/volume/drivers/remotefs.py:1317}}
Jul 30 16:37:50 devstack cinder-volume[88380]: DEBUG oslo.privsep.daemon [-] privsep: reply[73a12768-118c-4c90-8348-d4f51fa78ef1]: (4, 'qcow2') {{(pid=89440) _call_back /opt/stack/data/venv/lib/python3.12/site-packages/oslo_privsep/daemon.py:580}}
Jul 30 16:37:50 devstack cinder-volume[88380]: DEBUG oslo_concurrency.processutils [None req-39366479-5a5b-4874-b960-ba9b36a5e336 tempest-VolumesDeleteCascade-1968052983 None] Running cmd (subprocess): /opt/stack/data/venv/bin/python3.12 -m oslo_concurrency.prlimit --as=1073741824 --cpu=60 -- sudo cinder-rootwrap /etc/cinder/rootwrap.conf env LC_ALL=C qemu-img info -f qcow2 --output=json --force-share /opt/stack/data/cinder/mnt/dd65416cdaff55ad281e7d7cedf2be3b/volume-eaaa720c-2dc8-4e0a-9e20-b67d3dce0af8.b69ba54e-a4a1-4744-995d-d609c19b750a {{(pid=88380) execute /opt/stack/data/venv/lib/python3.12/site-packages/oslo_concurrency/processutils.py:440}}
Jul 30 16:37:50 devstack sudo[92232]: quobyte : PWD=/ ; USER=root ; COMMAND=/opt/stack/data/venv/bin/cinder-rootwrap /etc/cinder/rootwrap.conf env LC_ALL=C qemu-img info -f qcow2 --output=json --force-share /opt/stack/data/cinder/mnt/dd65416cdaff55ad281e7d7cedf2be3b/volume-eaaa720c-2dc8-4e0a-9e20-b67d3dce0af8.b69ba54e-a4a1-4744-995d-d609c19b750a
Jul 30 16:37:50 devstack sudo[92232]: pam_unix(sudo:session): session opened for user root(uid=0) by (uid=1000)
Jul 30 16:37:51 devstack sudo[92232]: pam_unix(sudo:session): session closed for user root
Jul 30 16:37:51 devstack cinder-volume[88380]: DEBUG oslo_concurrency.processutils [None req-39366479-5a5b-4874-b960-ba9b36a5e336 tempest-VolumesDeleteCascade-1968052983 None] CMD "/opt/stack/data/venv/bin/python3.12 -m oslo_concurrency.prlimit --as=1073741824 --cpu=60 -- sudo cinder-rootwrap /etc/cinder/rootwrap.conf env LC_ALL=C qemu-img info -f qcow2 --output=json --force-share /opt/stack/data/cinder/mnt/dd65416cdaff55ad281e7d7cedf2be3b/volume-eaaa720c-2dc8-4e0a-9e20-b67d3dce0af8.b69ba54e-a4a1-4744-995d-d609c19b750a" returned: 0 in 0.599s {{(pid=88380) execute /opt/stack/data/venv/lib/python3.12/site-packages/oslo_concurrency/processutils.py:468}}
Jul 30 16:37:51 devstack cinder-volume[88380]: DEBUG cinder.volume.drivers.remotefs [None req-39366479-5a5b-4874-b960-ba9b36a5e336 tempest-VolumesDeleteCascade-1968052983 None] Fetching qemu-img info with special backing_file_template: (/opt/stack/data/cinder/mnt/[0-9a-f]+/)?(volume-eaaa720c-2dc8-4e0a-9e20-b67d3dce0af8(.(tmp-snap-)?[0-9a-f-]+)?|volume_from_snapshot_cache/(tmp-snap-)?[0-9a-f-]+(.(child-|parent-)[0-9a-f-]+)?)$ {{(pid=88380) _qemu_img_info_base /opt/stack/cinder/cinder/volume/drivers/remotefs.py:896}}
Jul 30 16:37:51 devstack cinder-volume[88380]: DEBUG oslo.privsep.daemon [-] privsep: reply[6afb5b0a-3dd4-453b-83d1-02c9d8217ee7]: (4, 'qcow2') {{(pid=89440) _call_back /opt/stack/data/venv/lib/python3.12/site-packages/oslo_privsep/daemon.py:580}}
Jul 30 16:37:51 devstack cinder-volume[88380]: DEBUG oslo_concurrency.processutils [None req-39366479-5a5b-4874-b960-ba9b36a5e336 tempest-VolumesDeleteCascade-1968052983 None] Running cmd (subprocess): /opt/stack/data/venv/bin/python3.12 -m oslo_concurrency.prlimit --as=1073741824 --cpu=60 -- sudo cinder-rootwrap /etc/cinder/rootwrap.conf env LC_ALL=C qemu-img info -f qcow2 --output=json --force-share /opt/stack/data/cinder/mnt/dd65416cdaff55ad281e7d7cedf2be3b/volume-eaaa720c-2dc8-4e0a-9e20-b67d3dce0af8 {{(pid=88380) execute /opt/stack/data/venv/lib/python3.12/site-packages/oslo_concurrency/processutils.py:440}}
Jul 30 16:37:51 devstack sudo[92237]: quobyte : PWD=/ ; USER=root ; COMMAND=/opt/stack/data/venv/bin/cinder-rootwrap /etc/cinder/rootwrap.conf env LC_ALL=C qemu-img info -f qcow2 --output=json --force-share /opt/stack/data/cinder/mnt/dd65416cdaff55ad281e7d7cedf2be3b/volume-eaaa720c-2dc8-4e0a-9e20-b67d3dce0af8
Jul 30 16:37:51 devstack sudo[92237]: pam_unix(sudo:session): session opened for user root(uid=0) by (uid=1000)
Jul 30 16:37:51 devstack sudo[92237]: pam_unix(sudo:session): session closed for user root
Jul 30 16:37:51 devstack cinder-volume[88380]: DEBUG oslo_concurrency.processutils [None req-39366479-5a5b-4874-b960-ba9b36a5e336 tempest-VolumesDeleteCascade-1968052983 None] CMD "/opt/stack/data/venv/bin/python3.12 -m oslo_concurrency.prlimit --as=1073741824 --cpu=60 -- sudo cinder-rootwrap /etc/cinder/rootwrap.conf env LC_ALL=C qemu-img info -f qcow2 --output=json --force-share /opt/stack/data/cinder/mnt/dd65416cdaff55ad281e7d7cedf2be3b/volume-eaaa720c-2dc8-4e0a-9e20-b67d3dce0af8" returned: 0 in 0.560s {{(pid=88380) execute /opt/stack/data/venv/lib/python3.12/site-packages/oslo_concurrency/processutils.py:468}}
Jul 30 16:37:51 devstack cinder-volume[88380]: DEBUG oslo.privsep.daemon [-] privsep: reply[0a82215b-86e2-4761-ba77-c1518dd0237d]: (4, 'qcow2') {{(pid=89440) _call_back /opt/stack/data/venv/lib/python3.12/site-packages/oslo_privsep/daemon.py:580}}
Jul 30 16:37:51 devstack cinder-volume[88380]: DEBUG oslo_concurrency.processutils [None req-39366479-5a5b-4874-b960-ba9b36a5e336 tempest-VolumesDeleteCascade-1968052983 None] Running cmd (subprocess): /opt/stack/data/venv/bin/python3.12 -m oslo_concurrency.prlimit --as=1073741824 --cpu=60 -- sudo cinder-rootwrap /etc/cinder/rootwrap.conf env LC_ALL=C qemu-img info -f qcow2 --output=json --force-share /opt/stack/data/cinder/mnt/dd65416cdaff55ad281e7d7cedf2be3b/volume-eaaa720c-2dc8-4e0a-9e20-b67d3dce0af8.cd2ebe78-d341-4822-8247-2c1489e8a3a8 {{(pid=88380) execute /opt/stack/data/venv/lib/python3.12/site-packages/oslo_concurrency/processutils.py:440}}
Jul 30 16:37:51 devstack sudo[92243]: quobyte : PWD=/ ; USER=root ; COMMAND=/opt/stack/data/venv/bin/cinder-rootwrap /etc/cinder/rootwrap.conf env LC_ALL=C qemu-img info -f qcow2 --output=json --force-share /opt/stack/data/cinder/mnt/dd65416cdaff55ad281e7d7cedf2be3b/volume-eaaa720c-2dc8-4e0a-9e20-b67d3dce0af8.cd2ebe78-d341-4822-8247-2c1489e8a3a8
Jul 30 16:37:51 devstack sudo[92243]: pam_unix(sudo:session): session opened for user root(uid=0) by (uid=1000)
Jul 30 16:37:52 devstack sudo[92243]: pam_unix(sudo:session): session closed for user root
Jul 30 16:37:52 devstack cinder-volume[88380]: DEBUG oslo_concurrency.processutils [None req-39366479-5a5b-4874-b960-ba9b36a5e336 tempest-VolumesDeleteCascade-1968052983 None] CMD "/opt/stack/data/venv/bin/python3.12 -m oslo_concurrency.prlimit --as=1073741824 --cpu=60 -- sudo cinder-rootwrap /etc/cinder/rootwrap.conf env LC_ALL=C qemu-img info -f qcow2 --output=json --force-share /opt/stack/data/cinder/mnt/dd65416cdaff55ad281e7d7cedf2be3b/volume-eaaa720c-2dc8-4e0a-9e20-b67d3dce0af8.cd2ebe78-d341-4822-8247-2c1489e8a3a8" returned: 0 in 0.551s {{(pid=88380) execute /opt/stack/data/venv/lib/python3.12/site-packages/oslo_concurrency/processutils.py:468}}
Jul 30 16:37:52 devstack cinder-volume[88380]: DEBUG cinder.volume.drivers.remotefs [None req-39366479-5a5b-4874-b960-ba9b36a5e336 tempest-VolumesDeleteCascade-1968052983 None] Fetching qemu-img info with special backing_file_template: (/opt/stack/data/cinder/mnt/[0-9a-f]+/)?(volume-eaaa720c-2dc8-4e0a-9e20-b67d3dce0af8(.(tmp-snap-)?[0-9a-f-]+)?|volume_from_snapshot_cache/(tmp-snap-)?[0-9a-f-]+(.(child-|parent-)[0-9a-f-]+)?)$ {{(pid=88380) _qemu_img_info_base /opt/stack/cinder/cinder/volume/drivers/remotefs.py:896}}
Jul 30 16:37:52 devstack cinder-volume[88380]: DEBUG oslo.privsep.daemon [-] privsep: reply[b68d9b5a-6caa-48d2-813c-c5eb7c5a9af7]: (4, 'qcow2') {{(pid=89440) _call_back /opt/stack/data/venv/lib/python3.12/site-packages/oslo_privsep/daemon.py:580}}
Jul 30 16:37:52 devstack cinder-volume[88380]: DEBUG oslo_concurrency.processutils [None req-39366479-5a5b-4874-b960-ba9b36a5e336 tempest-VolumesDeleteCascade-1968052983 None] Running cmd (subprocess): /opt/stack/data/venv/bin/python3.12 -m oslo_concurrency.prlimit --as=1073741824 --cpu=60 -- sudo cinder-rootwrap /etc/cinder/rootwrap.conf env LC_ALL=C qemu-img info -f qcow2 --output=json --force-share /opt/stack/data/cinder/mnt/dd65416cdaff55ad281e7d7cedf2be3b/volume-eaaa720c-2dc8-4e0a-9e20-b67d3dce0af8.b69ba54e-a4a1-4744-995d-d609c19b750a {{(pid=88380) execute /opt/stack/data/venv/lib/python3.12/site-packages/oslo_concurrency/processutils.py:440}}
Jul 30 16:37:52 devstack sudo[92249]: quobyte : PWD=/ ; USER=root ; COMMAND=/opt/stack/data/venv/bin/cinder-rootwrap /etc/cinder/rootwrap.conf env LC_ALL=C qemu-img info -f qcow2 --output=json --force-share /opt/stack/data/cinder/mnt/dd65416cdaff55ad281e7d7cedf2be3b/volume-eaaa720c-2dc8-4e0a-9e20-b67d3dce0af8.b69ba54e-a4a1-4744-995d-d609c19b750a
Jul 30 16:37:52 devstack sudo[92249]: pam_unix(sudo:session): session opened for user root(uid=0) by (uid=1000)
Jul 30 16:37:52 devstack sudo[92249]: pam_unix(sudo:session): session closed for user root
Jul 30 16:37:52 devstack cinder-volume[88380]: DEBUG oslo_concurrency.processutils [None req-39366479-5a5b-4874-b960-ba9b36a5e336 tempest-VolumesDeleteCascade-1968052983 None] CMD "/opt/stack/data/venv/bin/python3.12 -m oslo_concurrency.prlimit --as=1073741824 --cpu=60 -- sudo cinder-rootwrap /etc/cinder/rootwrap.conf env LC_ALL=C qemu-img info -f qcow2 --output=json --force-share /opt/stack/data/cinder/mnt/dd65416cdaff55ad281e7d7cedf2be3b/volume-eaaa720c-2dc8-4e0a-9e20-b67d3dce0af8.b69ba54e-a4a1-4744-995d-d609c19b750a" returned: 0 in 0.481s {{(pid=88380) execute /opt/stack/data/venv/lib/python3.12/site-packages/oslo_concurrency/processutils.py:468}}
Jul 30 16:37:52 devstack cinder-volume[88380]: DEBUG cinder.volume.drivers.remotefs [None req-39366479-5a5b-4874-b960-ba9b36a5e336 tempest-VolumesDeleteCascade-1968052983 None] Fetching qemu-img info with special backing_file_template: (/opt/stack/data/cinder/mnt/[0-9a-f]+/)?(volume-eaaa720c-2dc8-4e0a-9e20-b67d3dce0af8(.(tmp-snap-)?[0-9a-f-]+)?|volume_from_snapshot_cache/(tmp-snap-)?[0-9a-f-]+(.(child-|parent-)[0-9a-f-]+)?)$ {{(pid=88380) _qemu_img_info_base /opt/stack/cinder/cinder/volume/drivers/remotefs.py:896}}
Jul 30 16:37:52 devstack cinder-volume[88380]: DEBUG oslo.privsep.daemon [-] privsep: reply[4d25056f-6454-4925-9916-c4a5bbbac50a]: (4, 'qcow2') {{(pid=89440) _call_back /opt/stack/data/venv/lib/python3.12/site-packages/oslo_privsep/daemon.py:580}}
Jul 30 16:37:52 devstack cinder-volume[88380]: DEBUG oslo_concurrency.processutils [None req-39366479-5a5b-4874-b960-ba9b36a5e336 tempest-VolumesDeleteCascade-1968052983 None] Running cmd (subprocess): /opt/stack/data/venv/bin/python3.12 -m oslo_concurrency.prlimit --as=1073741824 --cpu=60 -- sudo cinder-rootwrap /etc/cinder/rootwrap.conf env LC_ALL=C qemu-img info -f qcow2 --output=json --force-share /opt/stack/data/cinder/mnt/dd65416cdaff55ad281e7d7cedf2be3b/volume-eaaa720c-2dc8-4e0a-9e20-b67d3dce0af8 {{(pid=88380) execute /opt/stack/data/venv/lib/python3.12/site-packages/oslo_concurrency/processutils.py:440}}
Jul 30 16:37:53 devstack sudo[92302]: quobyte : PWD=/ ; USER=root ; COMMAND=/opt/stack/data/venv/bin/cinder-rootwrap /etc/cinder/rootwrap.conf env LC_ALL=C qemu-img info -f qcow2 --output=json --force-share /opt/stack/data/cinder/mnt/dd65416cdaff55ad281e7d7cedf2be3b/volume-eaaa720c-2dc8-4e0a-9e20-b67d3dce0af8
Jul 30 16:37:53 devstack sudo[92302]: pam_unix(sudo:session): session opened for user root(uid=0) by (uid=1000)
Jul 30 16:37:53 devstack sudo[92302]: pam_unix(sudo:session): session closed for user root
Jul 30 16:37:53 devstack cinder-volume[88380]: DEBUG oslo_concurrency.processutils [None req-39366479-5a5b-4874-b960-ba9b36a5e336 tempest-VolumesDeleteCascade-1968052983 None] CMD "/opt/stack/data/venv/bin/python3.12 -m oslo_concurrency.prlimit --as=1073741824 --cpu=60 -- sudo cinder-rootwrap /etc/cinder/rootwrap.conf env LC_ALL=C qemu-img info -f qcow2 --output=json --force-share /opt/stack/data/cinder/mnt/dd65416cdaff55ad281e7d7cedf2be3b/volume-eaaa720c-2dc8-4e0a-9e20-b67d3dce0af8" returned: 0 in 0.572s {{(pid=88380) execute /opt/stack/data/venv/lib/python3.12/site-packages/oslo_concurrency/processutils.py:468}}
Jul 30 16:37:53 devstack cinder-volume[88380]: DEBUG oslo_concurrency.processutils [None req-39366479-5a5b-4874-b960-ba9b36a5e336 tempest-VolumesDeleteCascade-1968052983 None] Running cmd (subprocess): sudo cinder-rootwrap /etc/cinder/rootwrap.conf qemu-img commit -d /opt/stack/data/cinder/mnt/dd65416cdaff55ad281e7d7cedf2be3b/volume-eaaa720c-2dc8-4e0a-9e20-b67d3dce0af8.b69ba54e-a4a1-4744-995d-d609c19b750a {{(pid=88380) execute /opt/stack/data/venv/lib/python3.12/site-packages/oslo_concurrency/processutils.py:440}}
Jul 30 16:37:53 devstack sudo[92324]: quobyte : PWD=/ ; USER=root ; COMMAND=/opt/stack/data/venv/bin/cinder-rootwrap /etc/cinder/rootwrap.conf qemu-img commit -d /opt/stack/data/cinder/mnt/dd65416cdaff55ad281e7d7cedf2be3b/volume-eaaa720c-2dc8-4e0a-9e20-b67d3dce0af8.b69ba54e-a4a1-4744-995d-d609c19b750a
Jul 30 16:37:53 devstack sudo[92324]: pam_unix(sudo:session): session opened for user root(uid=0) by (uid=1000)
Jul 30 16:37:53 devstack sudo[92324]: pam_unix(sudo:session): session closed for user root
Jul 30 16:37:53 devstack cinder-volume[88380]: DEBUG oslo_concurrency.processutils [None req-39366479-5a5b-4874-b960-ba9b36a5e336 tempest-VolumesDeleteCascade-1968052983 None] CMD "sudo cinder-rootwrap /etc/cinder/rootwrap.conf qemu-img commit -d /opt/stack/data/cinder/mnt/dd65416cdaff55ad281e7d7cedf2be3b/volume-eaaa720c-2dc8-4e0a-9e20-b67d3dce0af8.b69ba54e-a4a1-4744-995d-d609c19b750a" returned: 0 in 0.490s {{(pid=88380) execute /opt/stack/data/venv/lib/python3.12/site-packages/oslo_concurrency/processutils.py:468}}
Jul 30 16:37:53 devstack cinder-volume[88380]: DEBUG oslo_concurrency.processutils [None req-39366479-5a5b-4874-b960-ba9b36a5e336 tempest-VolumesDeleteCascade-1968052983 None] Running cmd (subprocess): sudo cinder-rootwrap /etc/cinder/rootwrap.conf rm -f /opt/stack/data/cinder/mnt/dd65416cdaff55ad281e7d7cedf2be3b/volume-eaaa720c-2dc8-4e0a-9e20-b67d3dce0af8.b69ba54e-a4a1-4744-995d-d609c19b750a {{(pid=88380) execute /opt/stack/data/venv/lib/python3.12/site-packages/oslo_concurrency/processutils.py:440}}
Jul 30 16:37:53 devstack sudo[92330]: quobyte : PWD=/ ; USER=root ; COMMAND=/opt/stack/data/venv/bin/cinder-rootwrap /etc/cinder/rootwrap.conf rm -f /opt/stack/data/cinder/mnt/dd65416cdaff55ad281e7d7cedf2be3b/volume-eaaa720c-2dc8-4e0a-9e20-b67d3dce0af8.b69ba54e-a4a1-4744-995d-d609c19b750a
Jul 30 16:37:53 devstack sudo[92330]: pam_unix(sudo:session): session opened for user root(uid=0) by (uid=1000)
Jul 30 16:37:54 devstack sudo[92330]: pam_unix(sudo:session): session closed for user root
Jul 30 16:37:54 devstack cinder-volume[88380]: DEBUG oslo_concurrency.processutils [None req-39366479-5a5b-4874-b960-ba9b36a5e336 tempest-VolumesDeleteCascade-1968052983 None] CMD "sudo cinder-rootwrap /etc/cinder/rootwrap.conf rm -f /opt/stack/data/cinder/mnt/dd65416cdaff55ad281e7d7cedf2be3b/volume-eaaa720c-2dc8-4e0a-9e20-b67d3dce0af8.b69ba54e-a4a1-4744-995d-d609c19b750a" returned: 0 in 0.276s {{(pid=88380) execute /opt/stack/data/venv/lib/python3.12/site-packages/oslo_concurrency/processutils.py:468}}
Jul 30 16:37:54 devstack cinder-volume[88380]: DEBUG oslo_concurrency.processutils [None req-39366479-5a5b-4874-b960-ba9b36a5e336 tempest-VolumesDeleteCascade-1968052983 None] Running cmd (subprocess): sudo cinder-rootwrap /etc/cinder/rootwrap.conf qemu-img rebase -u -b volume-eaaa720c-2dc8-4e0a-9e20-b67d3dce0af8 /opt/stack/data/cinder/mnt/dd65416cdaff55ad281e7d7cedf2be3b/volume-eaaa720c-2dc8-4e0a-9e20-b67d3dce0af8.cd2ebe78-d341-4822-8247-2c1489e8a3a8 -F qcow2 {{(pid=88380) execute /opt/stack/data/venv/lib/python3.12/site-packages/oslo_concurrency/processutils.py:440}}
