Jul 30 16:37:39 devstack cinder-volume[88380]: DEBUG cinder.volume.drivers.quobyte [None req-f03f3a99-8db4-46cb-ac6a-7b0b3cc1b8d9 tempest-VolumesDeleteCascade-1968052983 None] ==> create_volume: call "{'self': , 'volume': Volume(_name_id=None,admin_metadata=,attach_status='detached',availability_zone='nova',bootable=False,cluster=,cluster_name=None,consistencygroup=,consistencygroup_id=None,created_at=2026-07-30T14:37:38Z,deleted=False,deleted_at=None,display_description=None,display_name='tempest-VolumesDeleteCascade-Volume-737526987',ec2_id=None,encryption_key_id=None,glance_metadata=,group=,group_id=None,host='devstack@QuobyteHD#QuobyteHD',id=eaaa720c-2dc8-4e0a-9e20-b67d3dce0af8,launched_at=None,metadata={},migration_status=None,multiattach=False,previous_status=None,project_id='5cdb1a257c144e4cb1427f489334f3a8',provider_auth=None,provider_geometry=None,provider_id=None,provider_location=None,replication_driver_data=None,replication_extended_status=None,replication_status=None,scheduled_at=2026-07-30T14:37:39Z,service_uuid=None,shared_targets=True,size=1,snapshot_id=None,snapshots=,source_volid=None,status='creating',terminated_at=None,updated_at=2026-07-30T14:37:39Z,use_quota=True,user_id='7328f01e8e2343eca349d38629920516',volume_attachment=VolumeAttachmentList,volume_type=VolumeType(17426dbe-2d57-497f-8f5b-e9224a757947),volume_type_id=17426dbe-2d57-497f-8f5b-e9224a757947)}" {{(pid=88380) trace_logging_wrapper /opt/stack/cinder/cinder/volume/volume_utils.py:1497}}
Jul 30 16:37:39 devstack cinder-volume[88380]: DEBUG cinder.volume.drivers.remotefs [None req-f03f3a99-8db4-46cb-ac6a-7b0b3cc1b8d9 tempest-VolumesDeleteCascade-1968052983 None] Creating volume eaaa720c-2dc8-4e0a-9e20-b67d3dce0af8 {{(pid=88380) create_volume /opt/stack/cinder/cinder/volume/drivers/remotefs.py:292}}
Jul 30 16:37:39 devstack cinder-volume[88380]: DEBUG oslo_concurrency.lockutils [None req-f03f3a99-8db4-46cb-ac6a-7b0b3cc1b8d9 tempest-VolumesDeleteCascade-1968052983 None] Acquiring lock "quobyte_ensure" by "cinder.volume.drivers.quobyte.QuobyteDriver._ensure_shares_mounted" {{(pid=88380) inner /opt/stack/data/venv/lib/python3.12/site-packages/oslo_concurrency/lockutils.py:512}}
Jul 30 16:37:39 devstack cinder-volume[88380]: DEBUG oslo_concurrency.lockutils [None req-f03f3a99-8db4-46cb-ac6a-7b0b3cc1b8d9 tempest-VolumesDeleteCascade-1968052983 None] Lock "quobyte_ensure" acquired by "cinder.volume.drivers.quobyte.QuobyteDriver._ensure_shares_mounted" :: waited 0.001s {{(pid=88380) inner /opt/stack/data/venv/lib/python3.12/site-packages/oslo_concurrency/lockutils.py:525}}
Jul 30 16:37:39 devstack cinder-volume[88380]: DEBUG cinder.volume.drivers.quobyte [None req-f03f3a99-8db4-46cb-ac6a-7b0b3cc1b8d9 tempest-VolumesDeleteCascade-1968052983 None] Quobyte Volume URL set to: {'osci02.corp.quobyte.com/cinder-vol-8522440b-06be-463a-b9fe-64af11dba763': None} {{(pid=88380) _load_shares_config /opt/stack/cinder/cinder/volume/drivers/quobyte.py:665}}
Jul 30 16:37:39 devstack cinder-volume[88380]: DEBUG cinder.volume.drivers.quobyte [None req-f03f3a99-8db4-46cb-ac6a-7b0b3cc1b8d9 tempest-VolumesDeleteCascade-1968052983 None] Available shares ['osci02.corp.quobyte.com/cinder-vol-8522440b-06be-463a-b9fe-64af11dba763'] {{(pid=88380) _ensure_shares_mounted /opt/stack/cinder/cinder/volume/drivers/quobyte.py:695}}
Jul 30 16:37:39 devstack cinder-volume[88380]: DEBUG oslo_concurrency.lockutils [None req-f03f3a99-8db4-46cb-ac6a-7b0b3cc1b8d9 tempest-VolumesDeleteCascade-1968052983 None] Lock "quobyte_ensure" "released" by "cinder.volume.drivers.quobyte.QuobyteDriver._ensure_shares_mounted" :: held 0.008s {{(pid=88380) inner /opt/stack/data/venv/lib/python3.12/site-packages/oslo_concurrency/lockutils.py:544}}
Jul 30 16:37:39 devstack cinder-volume[88380]: DEBUG cinder.volume.drivers.quobyte [None req-f03f3a99-8db4-46cb-ac6a-7b0b3cc1b8d9 tempest-VolumesDeleteCascade-1968052983 None] Selected osci02.corp.quobyte.com/cinder-vol-8522440b-06be-463a-b9fe-64af11dba763 as target Quobyte volume. {{(pid=88380) _find_share /opt/stack/cinder/cinder/volume/drivers/quobyte.py:716}}
Jul 30 16:37:39 devstack cinder-volume[88380]: INFO cinder.volume.drivers.remotefs [None req-f03f3a99-8db4-46cb-ac6a-7b0b3cc1b8d9 tempest-VolumesDeleteCascade-1968052983 None] casted to osci02.corp.quobyte.com/cinder-vol-8522440b-06be-463a-b9fe-64af11dba763
Jul 30 16:37:39 devstack cinder-volume[88380]: DEBUG oslo_concurrency.processutils [None req-f03f3a99-8db4-46cb-ac6a-7b0b3cc1b8d9 tempest-VolumesDeleteCascade-1968052983 None] Running cmd (subprocess): sudo cinder-rootwrap /etc/cinder/rootwrap.conf qemu-img create -f qcow2 -o preallocation=metadata /opt/stack/data/cinder/mnt/dd65416cdaff55ad281e7d7cedf2be3b/volume-eaaa720c-2dc8-4e0a-9e20-b67d3dce0af8 1073741824 {{(pid=88380) execute /opt/stack/data/venv/lib/python3.12/site-packages/oslo_concurrency/processutils.py:440}}
Jul 30 16:37:39 devstack cinder-volume[88380]: DEBUG cinder.volume.manager [None req-837abd4d-6a65-4a60-be33-a8f3e3744366 tempest-VolumeSnapshotQuotasNegativeTestJSON-38892265 None] Task 'cinder.volume.flows.manager.create_volume.CreateVolumeFromSpecTask;volume:create' (ae50b2db-3757-4fea-afc0-544e4dbb30dd) transitioned into state 'SUCCESS' from state 'RUNNING' with result '{'status': 'creating', 'volume_name': 'volume-ff7a734a-b25e-47b4-b3ba-4865e80e2dbd', 'volume_size': 1}' {{(pid=88380) _task_receiver /opt/stack/data/venv/lib/python3.12/site-packages/taskflow/listeners/logging.py:218}}
Jul 30 16:37:39 devstack cinder-volume[88380]: DEBUG cinder.volume.manager [None req-837abd4d-6a65-4a60-be33-a8f3e3744366 tempest-VolumeSnapshotQuotasNegativeTestJSON-38892265 None] Task 'cinder.volume.flows.manager.create_volume.CreateVolumeOnFinishTask;volume:create, create.end' (3b499932-8998-49c6-86a5-7d6d1b326664) transitioned into state 'RUNNING' from state 'PENDING' {{(pid=88380) _task_receiver /opt/stack/data/venv/lib/python3.12/site-packages/taskflow/listeners/logging.py:242}}
Jul 30 16:37:39 devstack sudo[92096]: quobyte : PWD=/ ; USER=root ; COMMAND=/opt/stack/data/venv/bin/cinder-rootwrap /etc/cinder/rootwrap.conf qemu-img create -f qcow2 -o preallocation=metadata /opt/stack/data/cinder/mnt/dd65416cdaff55ad281e7d7cedf2be3b/volume-eaaa720c-2dc8-4e0a-9e20-b67d3dce0af8 1073741824
Jul 30 16:37:39 devstack sudo[92096]: pam_unix(sudo:session): session opened for user root(uid=0) by (uid=1000)
Jul 30 16:37:39 devstack cinder-volume[88380]: INFO cinder.volume.flows.manager.create_volume [None req-837abd4d-6a65-4a60-be33-a8f3e3744366 tempest-VolumeSnapshotQuotasNegativeTestJSON-38892265 None] Volume volume-ff7a734a-b25e-47b4-b3ba-4865e80e2dbd (ff7a734a-b25e-47b4-b3ba-4865e80e2dbd): created successfully
Jul 30 16:37:39 devstack cinder-volume[88380]: DEBUG cinder.volume.manager [None req-837abd4d-6a65-4a60-be33-a8f3e3744366 tempest-VolumeSnapshotQuotasNegativeTestJSON-38892265 None] Task 'cinder.volume.flows.manager.create_volume.CreateVolumeOnFinishTask;volume:create, create.end' (3b499932-8998-49c6-86a5-7d6d1b326664) transitioned into state 'SUCCESS' from state 'RUNNING' with result 'None' {{(pid=88380) _task_receiver /opt/stack/data/venv/lib/python3.12/site-packages/taskflow/listeners/logging.py:218}}
Jul 30 16:37:39 devstack cinder-volume[88380]: DEBUG cinder.volume.manager [None req-837abd4d-6a65-4a60-be33-a8f3e3744366 tempest-VolumeSnapshotQuotasNegativeTestJSON-38892265 None] Flow 'volume_create_manager' (5760e418-a676-47b2-b667-daaa904bd70a) transitioned into state 'SUCCESS' from state 'RUNNING' {{(pid=88380) _flow_receiver /opt/stack/data/venv/lib/python3.12/site-packages/taskflow/listeners/logging.py:160}}
Jul 30 16:37:39 devstack cinder-volume[88380]: INFO cinder.volume.manager [None req-837abd4d-6a65-4a60-be33-a8f3e3744366 tempest-VolumeSnapshotQuotasNegativeTestJSON-38892265 None] Created volume successfully.
Jul 30 16:37:39 devstack cinder-volume[88380]: DEBUG cinder.coordination [None req-932eed81-fdea-4d27-b1a9-98f96d45110c tempest-DeleteServersTestJSON-588963414 None] Acquiring lock "cinder-cc06bfb5-788e-400c-bc00-d8e1cc67b7e2-delete_volume" by "delete_volume" {{(pid=88380) __acquire /opt/stack/cinder/cinder/coordination.py:138}}
Jul 30 16:37:40 devstack cinder-volume[88380]: DEBUG cinder.coordination [None req-932eed81-fdea-4d27-b1a9-98f96d45110c tempest-DeleteServersTestJSON-588963414 None] Lock "cinder-cc06bfb5-788e-400c-bc00-d8e1cc67b7e2-delete_volume" acquired by "delete_volume" :: waited 0.033s {{(pid=88380) __acquire /opt/stack/cinder/cinder/coordination.py:141}}
Jul 30 16:37:40 devstack cinder-volume[88380]: DEBUG cinder.coordination [None req-932eed81-fdea-4d27-b1a9-98f96d45110c tempest-DeleteServersTestJSON-588963414 None] Acquiring lock "cinder-quobyte-cc06bfb5-788e-400c-bc00-d8e1cc67b7e2" by "delete_volume" {{(pid=88380) __acquire /opt/stack/cinder/cinder/coordination.py:138}}
Jul 30 16:37:40 devstack sudo[92096]: pam_unix(sudo:session): session closed for user root
Jul 30 16:37:40 devstack cinder-volume[88380]: DEBUG cinder.coordination [None req-932eed81-fdea-4d27-b1a9-98f96d45110c tempest-DeleteServersTestJSON-588963414 None] Lock "cinder-quobyte-cc06bfb5-788e-400c-bc00-d8e1cc67b7e2" acquired by "delete_volume" :: waited 0.034s {{(pid=88380) __acquire /opt/stack/cinder/cinder/coordination.py:141}}
Jul 30 16:37:40 devstack cinder-volume[88380]: DEBUG oslo_concurrency.processutils [None req-f03f3a99-8db4-46cb-ac6a-7b0b3cc1b8d9 tempest-VolumesDeleteCascade-1968052983 None] CMD "sudo cinder-rootwrap /etc/cinder/rootwrap.conf qemu-img create -f qcow2 -o preallocation=metadata /opt/stack/data/cinder/mnt/dd65416cdaff55ad281e7d7cedf2be3b/volume-eaaa720c-2dc8-4e0a-9e20-b67d3dce0af8 1073741824" returned: 0 in 0.795s {{(pid=88380) execute /opt/stack/data/venv/lib/python3.12/site-packages/oslo_concurrency/processutils.py:468}}
Jul 30 16:37:40 devstack cinder-volume[88380]: DEBUG oslo.privsep.daemon [-] privsep: reply[41d6c963-583d-4444-b413-31980125b190]: (4, 'qcow2') {{(pid=89440) _call_back /opt/stack/data/venv/lib/python3.12/site-packages/oslo_privsep/daemon.py:580}}
Jul 30 16:37:40 devstack cinder-volume[88380]: DEBUG oslo_concurrency.processutils [None req-932eed81-fdea-4d27-b1a9-98f96d45110c tempest-DeleteServersTestJSON-588963414 None] Running cmd (subprocess): /opt/stack/data/venv/bin/python3.12 -m oslo_concurrency.prlimit --as=1073741824 --cpu=60 -- sudo cinder-rootwrap /etc/cinder/rootwrap.conf env LC_ALL=C qemu-img info -f qcow2 --output=json --force-share /opt/stack/data/cinder/mnt/dd65416cdaff55ad281e7d7cedf2be3b/volume-cc06bfb5-788e-400c-bc00-d8e1cc67b7e2 {{(pid=88380) execute /opt/stack/data/venv/lib/python3.12/site-packages/oslo_concurrency/processutils.py:440}}
Jul 30 16:37:40 devstack cinder-volume[88380]: DEBUG oslo_concurrency.processutils [None req-f03f3a99-8db4-46cb-ac6a-7b0b3cc1b8d9 tempest-VolumesDeleteCascade-1968052983 None] Running cmd (subprocess): sudo cinder-rootwrap /etc/cinder/rootwrap.conf chmod ugo+rw /opt/stack/data/cinder/mnt/dd65416cdaff55ad281e7d7cedf2be3b/volume-eaaa720c-2dc8-4e0a-9e20-b67d3dce0af8 {{(pid=88380) execute /opt/stack/data/venv/lib/python3.12/site-packages/oslo_concurrency/processutils.py:440}}
Jul 30 16:37:40 devstack sudo[92103]: quobyte : PWD=/ ; USER=root ; COMMAND=/opt/stack/data/venv/bin/cinder-rootwrap /etc/cinder/rootwrap.conf chmod ugo+rw /opt/stack/data/cinder/mnt/dd65416cdaff55ad281e7d7cedf2be3b/volume-eaaa720c-2dc8-4e0a-9e20-b67d3dce0af8
Jul 30 16:37:40 devstack sudo[92103]: pam_unix(sudo:session): session opened for user root(uid=0) by (uid=1000)
Jul 30 16:37:40 devstack sudo[92102]: quobyte : PWD=/ ; USER=root ; COMMAND=/opt/stack/data/venv/bin/cinder-rootwrap /etc/cinder/rootwrap.conf env LC_ALL=C qemu-img info -f qcow2 --output=json --force-share /opt/stack/data/cinder/mnt/dd65416cdaff55ad281e7d7cedf2be3b/volume-cc06bfb5-788e-400c-bc00-d8e1cc67b7e2
Jul 30 16:37:40 devstack sudo[92102]: pam_unix(sudo:session): session opened for user root(uid=0) by (uid=1000)
Jul 30 16:37:40 devstack cinder-volume[88380]: DEBUG oslo_concurrency.lockutils [None req-73520a8b-6401-4d1f-9775-6fe2e64718f8 tempest-VolumeSnapshotQuotasNegativeTestJSON-38892265 None] Acquiring lock "quobyte" by "cinder.volume.drivers.quobyte.QuobyteDriver.create_snapshot" {{(pid=88380) inner /opt/stack/data/venv/lib/python3.12/site-packages/oslo_concurrency/lockutils.py:512}}
Jul 30 16:37:40 devstack cinder-volume[88380]: DEBUG oslo_concurrency.processutils [None req-f03f3a99-8db4-46cb-ac6a-7b0b3cc1b8d9 tempest-VolumesDeleteCascade-1968052983 None] CMD "sudo cinder-rootwrap /etc/cinder/rootwrap.conf chmod ugo+rw /opt/stack/data/cinder/mnt/dd65416cdaff55ad281e7d7cedf2be3b/volume-eaaa720c-2dc8-4e0a-9e20-b67d3dce0af8" returned: 0 in 0.478s {{(pid=88380) execute /opt/stack/data/venv/lib/python3.12/site-packages/oslo_concurrency/processutils.py:468}}
Jul 30 16:37:40 devstack cinder-volume[88380]: DEBUG cinder.volume.drivers.quobyte [None req-f03f3a99-8db4-46cb-ac6a-7b0b3cc1b8d9 tempest-VolumesDeleteCascade-1968052983 None] <== create_volume: return (1352ms) {'provider_location': 'osci02.corp.quobyte.com/cinder-vol-8522440b-06be-463a-b9fe-64af11dba763'} {{(pid=88380) trace_logging_wrapper /opt/stack/cinder/cinder/volume/volume_utils.py:1522}}
Jul 30 16:37:40 devstack cinder-volume[88380]: DEBUG oslo_concurrency.lockutils [None req-f03f3a99-8db4-46cb-ac6a-7b0b3cc1b8d9 tempest-VolumesDeleteCascade-1968052983 None] Lock "quobyte" "released" by "cinder.volume.drivers.quobyte.QuobyteDriver.create_volume" :: held 1.356s {{(pid=88380) inner /opt/stack/data/venv/lib/python3.12/site-packages/oslo_concurrency/lockutils.py:544}}
Jul 30 16:37:40 devstack sudo[92103]: pam_unix(sudo:session): session closed for user root
Jul 30 16:37:40 devstack cinder-volume[88380]: DEBUG oslo_concurrency.lockutils [None req-73520a8b-6401-4d1f-9775-6fe2e64718f8 tempest-VolumeSnapshotQuotasNegativeTestJSON-38892265 None] Lock "quobyte" acquired by "cinder.volume.drivers.quobyte.QuobyteDriver.create_snapshot" :: waited 0.216s {{(pid=88380) inner /opt/stack/data/venv/lib/python3.12/site-packages/oslo_concurrency/lockutils.py:525}}
Jul 30 16:37:40 devstack cinder-volume[88380]: DEBUG cinder.volume.drivers.remotefs [None req-73520a8b-6401-4d1f-9775-6fe2e64718f8 tempest-VolumeSnapshotQuotasNegativeTestJSON-38892265 None] Creating offline snapshot 9e7b2a3e-23b5-4d27-9aa5-f22f9cdb7799 of volume ff7a734a-b25e-47b4-b3ba-4865e80e2dbd {{(pid=88380) _create_snapshot /opt/stack/cinder/cinder/volume/drivers/remotefs.py:1816}}
Jul 30 16:37:40 devstack cinder-volume[88380]: DEBUG cinder.volume.manager [None req-f03f3a99-8db4-46cb-ac6a-7b0b3cc1b8d9 tempest-VolumesDeleteCascade-1968052983 None] Task 'cinder.volume.flows.manager.create_volume.CreateVolumeFromSpecTask;volume:create' (f4b8c209-da5e-4ca3-8060-9866a90c860a) transitioned into state 'SUCCESS' from state 'RUNNING' with result '{'status': 'creating', 'volume_name': 'volume-eaaa720c-2dc8-4e0a-9e20-b67d3dce0af8', 'volume_size': 1}' {{(pid=88380) _task_receiver /opt/stack/data/venv/lib/python3.12/site-packages/taskflow/listeners/logging.py:218}}
Jul 30 16:37:40 devstack cinder-volume[88380]: DEBUG cinder.volume.manager [None req-f03f3a99-8db4-46cb-ac6a-7b0b3cc1b8d9 tempest-VolumesDeleteCascade-1968052983 None] Task 'cinder.volume.flows.manager.create_volume.CreateVolumeOnFinishTask;volume:create, create.end' (cd383580-93dd-40db-9963-d5eed9852a9b) transitioned into state 'RUNNING' from state 'PENDING' {{(pid=88380) _task_receiver /opt/stack/data/venv/lib/python3.12/site-packages/taskflow/listeners/logging.py:242}}
Jul 30 16:37:40 devstack cinder-volume[88380]: INFO cinder.volume.flows.manager.create_volume [None req-f03f3a99-8db4-46cb-ac6a-7b0b3cc1b8d9 tempest-VolumesDeleteCascade-1968052983 None] Volume volume-eaaa720c-2dc8-4e0a-9e20-b67d3dce0af8 (eaaa720c-2dc8-4e0a-9e20-b67d3dce0af8): created successfully
Jul 30 16:37:40 devstack cinder-volume[88380]: DEBUG cinder.volume.manager [None req-f03f3a99-8db4-46cb-ac6a-7b0b3cc1b8d9 tempest-VolumesDeleteCascade-1968052983 None] Task 'cinder.volume.flows.manager.create_volume.CreateVolumeOnFinishTask;volume:create, create.end' (cd383580-93dd-40db-9963-d5eed9852a9b) transitioned into state 'SUCCESS' from state 'RUNNING' with result 'None' {{(pid=88380) _task_receiver /opt/stack/data/venv/lib/python3.12/site-packages/taskflow/listeners/logging.py:218}}
Jul 30 16:37:40 devstack cinder-volume[88380]: DEBUG cinder.volume.manager [None req-f03f3a99-8db4-46cb-ac6a-7b0b3cc1b8d9 tempest-VolumesDeleteCascade-1968052983 None] Flow 'volume_create_manager' (3b06a60d-a6e3-4c34-ad5a-220e2f4b7fd7) transitioned into state 'SUCCESS' from state 'RUNNING' {{(pid=88380) _flow_receiver /opt/stack/data/venv/lib/python3.12/site-packages/taskflow/listeners/logging.py:160}}
Jul 30 16:37:40 devstack cinder-volume[88380]: DEBUG oslo.privsep.daemon [-] privsep: reply[14079abc-a2b1-44b2-8725-8a0d92410ae5]: (4, 'qcow2') {{(pid=89440) _call_back /opt/stack/data/venv/lib/python3.12/site-packages/oslo_privsep/daemon.py:580}}
Jul 30 16:37:40 devstack cinder-volume[88380]: DEBUG oslo_concurrency.processutils [None req-73520a8b-6401-4d1f-9775-6fe2e64718f8 tempest-VolumeSnapshotQuotasNegativeTestJSON-38892265 None] Running cmd (subprocess): /opt/stack/data/venv/bin/python3.12 -m oslo_concurrency.prlimit --as=1073741824 --cpu=60 -- sudo cinder-rootwrap /etc/cinder/rootwrap.conf env LC_ALL=C qemu-img info -f qcow2 --output=json --force-share /opt/stack/data/cinder/mnt/dd65416cdaff55ad281e7d7cedf2be3b/volume-ff7a734a-b25e-47b4-b3ba-4865e80e2dbd {{(pid=88380) execute /opt/stack/data/venv/lib/python3.12/site-packages/oslo_concurrency/processutils.py:440}}
Jul 30 16:37:40 devstack cinder-volume[88380]: INFO cinder.volume.manager [None req-f03f3a99-8db4-46cb-ac6a-7b0b3cc1b8d9 tempest-VolumesDeleteCascade-1968052983 None] Created volume successfully.
Jul 30 16:37:40 devstack sudo[92102]: pam_unix(sudo:session): session closed for user root
Jul 30 16:37:40 devstack cinder-volume[88380]: DEBUG oslo_concurrency.processutils [None req-932eed81-fdea-4d27-b1a9-98f96d45110c tempest-DeleteServersTestJSON-588963414 None] CMD "/opt/stack/data/venv/bin/python3.12 -m oslo_concurrency.prlimit --as=1073741824 --cpu=60 -- sudo cinder-rootwrap /etc/cinder/rootwrap.conf env LC_ALL=C qemu-img info -f qcow2 --output=json --force-share /opt/stack/data/cinder/mnt/dd65416cdaff55ad281e7d7cedf2be3b/volume-cc06bfb5-788e-400c-bc00-d8e1cc67b7e2" returned: 0 in 0.767s {{(pid=88380) execute /opt/stack/data/venv/lib/python3.12/site-packages/oslo_concurrency/processutils.py:468}}
Jul 30 16:37:40 devstack cinder-volume[88380]: DEBUG oslo_concurrency.processutils [None req-932eed81-fdea-4d27-b1a9-98f96d45110c tempest-DeleteServersTestJSON-588963414 None] Running cmd (subprocess): sudo cinder-rootwrap /etc/cinder/rootwrap.conf rm -f /opt/stack/data/cinder/mnt/dd65416cdaff55ad281e7d7cedf2be3b/volume-cc06bfb5-788e-400c-bc00-d8e1cc67b7e2 {{(pid=88380) execute /opt/stack/data/venv/lib/python3.12/site-packages/oslo_concurrency/processutils.py:440}}
Jul 30 16:37:40 devstack sudo[92116]: quobyte : PWD=/ ; USER=root ; COMMAND=/opt/stack/data/venv/bin/cinder-rootwrap /etc/cinder/rootwrap.conf rm -f /opt/stack/data/cinder/mnt/dd65416cdaff55ad281e7d7cedf2be3b/volume-cc06bfb5-788e-400c-bc00-d8e1cc67b7e2
Jul 30 16:37:40 devstack sudo[92116]: pam_unix(sudo:session): session opened for user root(uid=0) by (uid=1000)
Jul 30 16:37:40 devstack sudo[92114]: quobyte : PWD=/ ; USER=root ; COMMAND=/opt/stack/data/venv/bin/cinder-rootwrap /etc/cinder/rootwrap.conf env LC_ALL=C qemu-img info -f qcow2 --output=json --force-share /opt/stack/data/cinder/mnt/dd65416cdaff55ad281e7d7cedf2be3b/volume-ff7a734a-b25e-47b4-b3ba-4865e80e2dbd
Jul 30 16:37:40 devstack sudo[92114]: pam_unix(sudo:session): session opened for user root(uid=0) by (uid=1000)
Jul 30 16:37:41 devstack sudo[92116]: pam_unix(sudo:session): session closed for user root
Jul 30 16:37:41 devstack cinder-volume[88380]: DEBUG oslo_concurrency.processutils [None req-932eed81-fdea-4d27-b1a9-98f96d45110c tempest-DeleteServersTestJSON-588963414 None] CMD "sudo cinder-rootwrap /etc/cinder/rootwrap.conf rm -f /opt/stack/data/cinder/mnt/dd65416cdaff55ad281e7d7cedf2be3b/volume-cc06bfb5-788e-400c-bc00-d8e1cc67b7e2" returned: 0 in 0.447s {{(pid=88380) execute /opt/stack/data/venv/lib/python3.12/site-packages/oslo_concurrency/processutils.py:468}}
Jul 30 16:37:41 devstack sudo[92114]: pam_unix(sudo:session): session closed for user root
Jul 30 16:37:41 devstack cinder-volume[88380]: DEBUG cinder.coordination [None req-932eed81-fdea-4d27-b1a9-98f96d45110c tempest-DeleteServersTestJSON-588963414 None] Lock "cinder-quobyte-cc06bfb5-788e-400c-bc00-d8e1cc67b7e2" released by "delete_volume" :: held 1.306s {{(pid=88380) __release /opt/stack/cinder/cinder/coordination.py:152}}
Jul 30 16:37:41 devstack cinder-volume[88380]: DEBUG oslo_concurrency.processutils [None req-73520a8b-6401-4d1f-9775-6fe2e64718f8 tempest-VolumeSnapshotQuotasNegativeTestJSON-38892265 None] CMD "/opt/stack/data/venv/bin/python3.12 -m oslo_concurrency.prlimit --as=1073741824 --cpu=60 -- sudo cinder-rootwrap /etc/cinder/rootwrap.conf env LC_ALL=C qemu-img info -f qcow2 --output=json --force-share /opt/stack/data/cinder/mnt/dd65416cdaff55ad281e7d7cedf2be3b/volume-ff7a734a-b25e-47b4-b3ba-4865e80e2dbd" returned: 0 in 0.639s {{(pid=88380) execute /opt/stack/data/venv/lib/python3.12/site-packages/oslo_concurrency/processutils.py:468}}
Jul 30 16:37:41 devstack cinder-volume[88380]: DEBUG oslo_concurrency.processutils [None req-73520a8b-6401-4d1f-9775-6fe2e64718f8 tempest-VolumeSnapshotQuotasNegativeTestJSON-38892265 None] Running cmd (subprocess): sudo cinder-rootwrap /etc/cinder/rootwrap.conf qemu-img create -f qcow2 -o backing_file=/opt/stack/data/cinder/mnt/dd65416cdaff55ad281e7d7cedf2be3b/volume-ff7a734a-b25e-47b4-b3ba-4865e80e2dbd,backing_fmt=qcow2 /opt/stack/data/cinder/mnt/dd65416cdaff55ad281e7d7cedf2be3b/volume-ff7a734a-b25e-47b4-b3ba-4865e80e2dbd.9e7b2a3e-23b5-4d27-9aa5-f22f9cdb7799 1G {{(pid=88380) execute /opt/stack/data/venv/lib/python3.12/site-packages/oslo_concurrency/processutils.py:440}}
Jul 30 16:37:41 devstack sudo[92123]: quobyte : PWD=/ ; USER=root ; COMMAND=/opt/stack/data/venv/bin/cinder-rootwrap /etc/cinder/rootwrap.conf qemu-img create -f qcow2 -o backing_file=/opt/stack/data/cinder/mnt/dd65416cdaff55ad281e7d7cedf2be3b/volume-ff7a734a-b25e-47b4-b3ba-4865e80e2dbd,backing_fmt=qcow2 /opt/stack/data/cinder/mnt/dd65416cdaff55ad281e7d7cedf2be3b/volume-ff7a734a-b25e-47b4-b3ba-4865e80e2dbd.9e7b2a3e-23b5-4d27-9aa5-f22f9cdb7799 1G
Jul 30 16:37:41 devstack sudo[92123]: pam_unix(sudo:session): session opened for user root(uid=0) by (uid=1000)
Jul 30 16:37:41 devstack cinder-volume[88380]: DEBUG oslo_concurrency.lockutils [None req-7c95526c-0ef8-4790-8a25-6c30fb75e52b tempest-VolumesDeleteCascade-1968052983 None] Acquiring lock "quobyte" by "cinder.volume.drivers.quobyte.QuobyteDriver.create_snapshot" {{(pid=88380) inner /opt/stack/data/venv/lib/python3.12/site-packages/oslo_concurrency/lockutils.py:512}}
Jul 30 16:37:41 devstack cinder-volume[88380]: DEBUG cinder.quota [None req-932eed81-fdea-4d27-b1a9-98f96d45110c tempest-DeleteServersTestJSON-588963414 None] Created reservations ['43db044b-9831-4fce-8c45-f6ad21da2cd2', '621532ed-001e-41a8-907e-630f7f3d3fdd', '0eb20034-de21-4bfe-9074-786aaeea65fe', '22a0e630-e0fd-4362-8ed5-912a1bdc954f'] {{(pid=88380) reserve /opt/stack/cinder/cinder/quota.py:752}}
Jul 30 16:37:41 devstack cinder-volume[88380]: DEBUG oslo_concurrency.lockutils [None req-932eed81-fdea-4d27-b1a9-98f96d45110c tempest-DeleteServersTestJSON-588963414 None] Acquiring lock "quobyte_ensure" by "cinder.volume.drivers.quobyte.QuobyteDriver._ensure_shares_mounted" {{(pid=88380) inner /opt/stack/data/venv/lib/python3.12/site-packages/oslo_concurrency/lockutils.py:512}}
Jul 30 16:37:41 devstack cinder-volume[88380]: DEBUG oslo_concurrency.lockutils [None req-932eed81-fdea-4d27-b1a9-98f96d45110c tempest-DeleteServersTestJSON-588963414 None] Lock "quobyte_ensure" acquired by "cinder.volume.drivers.quobyte.QuobyteDriver._ensure_shares_mounted" :: waited 0.001s {{(pid=88380) inner /opt/stack/data/venv/lib/python3.12/site-packages/oslo_concurrency/lockutils.py:525}}
Jul 30 16:37:41 devstack cinder-volume[88380]: DEBUG cinder.volume.drivers.quobyte [None req-932eed81-fdea-4d27-b1a9-98f96d45110c tempest-DeleteServersTestJSON-588963414 None] Quobyte Volume URL set to: {'osci02.corp.quobyte.com/cinder-vol-8522440b-06be-463a-b9fe-64af11dba763': None} {{(pid=88380) _load_shares_config /opt/stack/cinder/cinder/volume/drivers/quobyte.py:665}}
Jul 30 16:37:41 devstack cinder-volume[88380]: DEBUG cinder.volume.drivers.quobyte [None req-932eed81-fdea-4d27-b1a9-98f96d45110c tempest-DeleteServersTestJSON-588963414 None] Available shares ['osci02.corp.quobyte.com/cinder-vol-8522440b-06be-463a-b9fe-64af11dba763'] {{(pid=88380) _ensure_shares_mounted /opt/stack/cinder/cinder/volume/drivers/quobyte.py:695}}
Jul 30 16:37:41 devstack cinder-volume[88380]: DEBUG oslo_concurrency.lockutils [None req-932eed81-fdea-4d27-b1a9-98f96d45110c tempest-DeleteServersTestJSON-588963414 None] Lock "quobyte_ensure" "released" by "cinder.volume.drivers.quobyte.QuobyteDriver._ensure_shares_mounted" :: held 0.011s {{(pid=88380) inner /opt/stack/data/venv/lib/python3.12/site-packages/oslo_concurrency/lockutils.py:544}}
Jul 30 16:37:41 devstack cinder-volume[88380]: DEBUG oslo_concurrency.processutils [None req-932eed81-fdea-4d27-b1a9-98f96d45110c tempest-DeleteServersTestJSON-588963414 None] Running cmd (subprocess): sudo cinder-rootwrap /etc/cinder/rootwrap.conf df --portability --block-size 1 /opt/stack/data/cinder/mnt/dd65416cdaff55ad281e7d7cedf2be3b {{(pid=88380) execute /opt/stack/data/venv/lib/python3.12/site-packages/oslo_concurrency/processutils.py:440}}
Jul 30 16:37:41 devstack sudo[92125]: quobyte : PWD=/ ; USER=root ; COMMAND=/opt/stack/data/venv/bin/cinder-rootwrap /etc/cinder/rootwrap.conf df --portability --block-size 1 /opt/stack/data/cinder/mnt/dd65416cdaff55ad281e7d7cedf2be3b
Jul 30 16:37:41 devstack sudo[92125]: pam_unix(sudo:session): session opened for user root(uid=0) by (uid=1000)
Jul 30 16:37:41 devstack sudo[92125]: pam_unix(sudo:session): session closed for user root
Jul 30 16:37:41 devstack cinder-volume[88380]: DEBUG oslo_concurrency.processutils [None req-932eed81-fdea-4d27-b1a9-98f96d45110c tempest-DeleteServersTestJSON-588963414 None] CMD "sudo cinder-rootwrap /etc/cinder/rootwrap.conf df --portability --block-size 1 /opt/stack/data/cinder/mnt/dd65416cdaff55ad281e7d7cedf2be3b" returned: 0 in 0.318s {{(pid=88380) execute /opt/stack/data/venv/lib/python3.12/site-packages/oslo_concurrency/processutils.py:468}}
Jul 30 16:37:41 devstack cinder-volume[88380]: DEBUG cinder.manager [None req-932eed81-fdea-4d27-b1a9-98f96d45110c tempest-DeleteServersTestJSON-588963414 None] Notifying Schedulers of capabilities ... {{(pid=88380) _publish_service_capabilities /opt/stack/cinder/cinder/manager.py:219}}
Jul 30 16:37:41 devstack cinder-volume[88380]: INFO cinder.volume.manager [None req-932eed81-fdea-4d27-b1a9-98f96d45110c tempest-DeleteServersTestJSON-588963414 None] Deleted volume successfully.
Jul 30 16:37:42 devstack cinder-volume[88380]: DEBUG cinder.coordination [None req-932eed81-fdea-4d27-b1a9-98f96d45110c tempest-DeleteServersTestJSON-588963414 None] Lock "cinder-cc06bfb5-788e-400c-bc00-d8e1cc67b7e2-delete_volume" released by "delete_volume" :: held 1.995s {{(pid=88380) __release /opt/stack/cinder/cinder/coordination.py:152}}
Jul 30 16:37:42 devstack sudo[92123]: pam_unix(sudo:session): session closed for user root
Jul 30 16:37:42 devstack cinder-volume[88380]: DEBUG oslo_concurrency.processutils [None req-73520a8b-6401-4d1f-9775-6fe2e64718f8 tempest-VolumeSnapshotQuotasNegativeTestJSON-38892265 None] CMD "sudo cinder-rootwrap /etc/cinder/rootwrap.conf qemu-img create -f qcow2 -o backing_file=/opt/stack/data/cinder/mnt/dd65416cdaff55ad281e7d7cedf2be3b/volume-ff7a734a-b25e-47b4-b3ba-4865e80e2dbd,backing_fmt=qcow2 /opt/stack/data/cinder/mnt/dd65416cdaff55ad281e7d7cedf2be3b/volume-ff7a734a-b25e-47b4-b3ba-4865e80e2dbd.9e7b2a3e-23b5-4d27-9aa5-f22f9cdb7799 1G" returned: 0 in 0.626s {{(pid=88380) execute /opt/stack/data/venv/lib/python3.12/site-packages/oslo_concurrency/processutils.py:468}}
Jul 30 16:37:42 devstack cinder-volume[88380]: DEBUG oslo_concurrency.processutils [None req-73520a8b-6401-4d1f-9775-6fe2e64718f8 tempest-VolumeSnapshotQuotasNegativeTestJSON-38892265 None] Running cmd (subprocess): sudo cinder-rootwrap /etc/cinder/rootwrap.conf qemu-img rebase -u -b volume-ff7a734a-b25e-47b4-b3ba-4865e80e2dbd -F qcow2 /opt/stack/data/cinder/mnt/dd65416cdaff55ad281e7d7cedf2be3b/volume-ff7a734a-b25e-47b4-b3ba-4865e80e2dbd.9e7b2a3e-23b5-4d27-9aa5-f22f9cdb7799 {{(pid=88380) execute /opt/stack/data/venv/lib/python3.12/site-packages/oslo_concurrency/processutils.py:440}}
Jul 30 16:37:42 devstack sudo[92135]: quobyte : PWD=/ ; USER=root ; COMMAND=/opt/stack/data/venv/bin/cinder-rootwrap /etc/cinder/rootwrap.conf qemu-img rebase -u -b volume-ff7a734a-b25e-47b4-b3ba-4865e80e2dbd -F qcow2 /opt/stack/data/cinder/mnt/dd65416cdaff55ad281e7d7cedf2be3b/volume-ff7a734a-b25e-47b4-b3ba-4865e80e2dbd.9e7b2a3e-23b5-4d27-9aa5-f22f9cdb7799
Jul 30 16:37:42 devstack sudo[92135]: pam_unix(sudo:session): session opened for user root(uid=0) by (uid=1000)
Jul 30 16:37:42 devstack sudo[92135]: pam_unix(sudo:session): session closed for user root
Jul 30 16:37:42 devstack cinder-volume[88380]: DEBUG oslo_concurrency.processutils [None req-73520a8b-6401-4d1f-9775-6fe2e64718f8 tempest-VolumeSnapshotQuotasNegativeTestJSON-38892265 None] CMD "sudo cinder-rootwrap /etc/cinder/rootwrap.conf qemu-img rebase -u -b volume-ff7a734a-b25e-47b4-b3ba-4865e80e2dbd -F qcow2 /opt/stack/data/cinder/mnt/dd65416cdaff55ad281e7d7cedf2be3b/volume-ff7a734a-b25e-47b4-b3ba-4865e80e2dbd.9e7b2a3e-23b5-4d27-9aa5-f22f9cdb7799" returned: 0 in 0.339s {{(pid=88380) execute /opt/stack/data/venv/lib/python3.12/site-packages/oslo_concurrency/processutils.py:468}}
Jul 30 16:37:42 devstack cinder-volume[88380]: WARNING cinder.volume.drivers.remotefs [None req-73520a8b-6401-4d1f-9775-6fe2e64718f8 tempest-VolumeSnapshotQuotasNegativeTestJSON-38892265 None] /opt/stack/data/cinder/mnt/dd65416cdaff55ad281e7d7cedf2be3b/volume-ff7a734a-b25e-47b4-b3ba-4865e80e2dbd.9e7b2a3e-23b5-4d27-9aa5-f22f9cdb7799 is being set with open permissions: ugo+rw
Jul 30 16:37:42 devstack cinder-volume[88380]: DEBUG oslo_concurrency.processutils [None req-73520a8b-6401-4d1f-9775-6fe2e64718f8 tempest-VolumeSnapshotQuotasNegativeTestJSON-38892265 None] Running cmd (subprocess): sudo cinder-rootwrap /etc/cinder/rootwrap.conf chmod ugo+rw /opt/stack/data/cinder/mnt/dd65416cdaff55ad281e7d7cedf2be3b/volume-ff7a734a-b25e-47b4-b3ba-4865e80e2dbd.9e7b2a3e-23b5-4d27-9aa5-f22f9cdb7799 {{(pid=88380) execute /opt/stack/data/venv/lib/python3.12/site-packages/oslo_concurrency/processutils.py:440}}
Jul 30 16:37:42 devstack sudo[92140]: quobyte : PWD=/ ; USER=root ; COMMAND=/opt/stack/data/venv/bin/cinder-rootwrap /etc/cinder/rootwrap.conf chmod ugo+rw /opt/stack/data/cinder/mnt/dd65416cdaff55ad281e7d7cedf2be3b/volume-ff7a734a-b25e-47b4-b3ba-4865e80e2dbd.9e7b2a3e-23b5-4d27-9aa5-f22f9cdb7799
Jul 30 16:37:42 devstack sudo[92140]: pam_unix(sudo:session): session opened for user root(uid=0) by (uid=1000)
Jul 30 16:37:42 devstack sudo[92140]: pam_unix(sudo:session): session closed for user root
Jul 30 16:37:42 devstack cinder-volume[88380]: DEBUG oslo_concurrency.processutils [None req-73520a8b-6401-4d1f-9775-6fe2e64718f8 tempest-VolumeSnapshotQuotasNegativeTestJSON-38892265 None] CMD "sudo cinder-rootwrap /etc/cinder/rootwrap.conf chmod ugo+rw /opt/stack/data/cinder/mnt/dd65416cdaff55ad281e7d7cedf2be3b/volume-ff7a734a-b25e-47b4-b3ba-4865e80e2dbd.9e7b2a3e-23b5-4d27-9aa5-f22f9cdb7799" returned: 0 in 0.288s {{(pid=88380) execute /opt/stack/data/venv/lib/python3.12/site-packages/oslo_concurrency/processutils.py:468}}
Jul 30 16:37:42 devstack cinder-volume[88380]: DEBUG oslo_concurrency.processutils [None req-73520a8b-6401-4d1f-9775-6fe2e64718f8 tempest-VolumeSnapshotQuotasNegativeTestJSON-38892265 None] Running cmd (subprocess): sudo cinder-rootwrap /etc/cinder/rootwrap.conf truncate -s0 /opt/stack/data/cinder/mnt/dd65416cdaff55ad281e7d7cedf2be3b/volume-ff7a734a-b25e-47b4-b3ba-4865e80e2dbd.info {{(pid=88380) execute /opt/stack/data/venv/lib/python3.12/site-packages/oslo_concurrency/processutils.py:440}}
Jul 30 16:37:42 devstack sudo[92143]: quobyte : PWD=/ ; USER=root ; COMMAND=/opt/stack/data/venv/bin/cinder-rootwrap /etc/cinder/rootwrap.conf truncate -s0 /opt/stack/data/cinder/mnt/dd65416cdaff55ad281e7d7cedf2be3b/volume-ff7a734a-b25e-47b4-b3ba-4865e80e2dbd.info
Jul 30 16:37:42 devstack sudo[92143]: pam_unix(sudo:session): session opened for user root(uid=0) by (uid=1000)
Jul 30 16:37:43 devstack sudo[92143]: pam_unix(sudo:session): session closed for user root
Jul 30 16:37:43 devstack cinder-volume[88380]: DEBUG oslo_concurrency.processutils [None req-73520a8b-6401-4d1f-9775-6fe2e64718f8 tempest-VolumeSnapshotQuotasNegativeTestJSON-38892265 None] CMD "sudo cinder-rootwrap /etc/cinder/rootwrap.conf truncate -s0 /opt/stack/data/cinder/mnt/dd65416cdaff55ad281e7d7cedf2be3b/volume-ff7a734a-b25e-47b4-b3ba-4865e80e2dbd.info" returned: 0 in 0.365s {{(pid=88380) execute /opt/stack/data/venv/lib/python3.12/site-packages/oslo_concurrency/processutils.py:468}}
Jul 30 16:37:43 devstack cinder-volume[88380]: WARNING cinder.volume.drivers.remotefs [None req-73520a8b-6401-4d1f-9775-6fe2e64718f8 tempest-VolumeSnapshotQuotasNegativeTestJSON-38892265 None] /opt/stack/data/cinder/mnt/dd65416cdaff55ad281e7d7cedf2be3b/volume-ff7a734a-b25e-47b4-b3ba-4865e80e2dbd.info is being set with open permissions: ugo+rw
Jul 30 16:37:43 devstack cinder-volume[88380]: DEBUG oslo_concurrency.processutils [None req-73520a8b-6401-4d1f-9775-6fe2e64718f8 tempest-VolumeSnapshotQuotasNegativeTestJSON-38892265 None] Running cmd (subprocess): sudo cinder-rootwrap /etc/cinder/rootwrap.conf chmod ugo+rw /opt/stack/data/cinder/mnt/dd65416cdaff55ad281e7d7cedf2be3b/volume-ff7a734a-b25e-47b4-b3ba-4865e80e2dbd.info {{(pid=88380) execute /opt/stack/data/venv/lib/python3.12/site-packages/oslo_concurrency/processutils.py:440}}
Jul 30 16:37:43 devstack sudo[92147]: quobyte : PWD=/ ; USER=root ; COMMAND=/opt/stack/data/venv/bin/cinder-rootwrap /etc/cinder/rootwrap.conf chmod ugo+rw /opt/stack/data/cinder/mnt/dd65416cdaff55ad281e7d7cedf2be3b/volume-ff7a734a-b25e-47b4-b3ba-4865e80e2dbd.info
Jul 30 16:37:43 devstack sudo[92147]: pam_unix(sudo:session): session opened for user root(uid=0) by (uid=1000)
Jul 30 16:37:43 devstack sudo[92147]: pam_unix(sudo:session): session closed for user root
Jul 30 16:37:43 devstack cinder-volume[88380]: DEBUG oslo_concurrency.processutils [None req-73520a8b-6401-4d1f-9775-6fe2e64718f8 tempest-VolumeSnapshotQuotasNegativeTestJSON-38892265 None] CMD "sudo cinder-rootwrap /etc/cinder/rootwrap.conf chmod ugo+rw /opt/stack/data/cinder/mnt/dd65416cdaff55ad281e7d7cedf2be3b/volume-ff7a734a-b25e-47b4-b3ba-4865e80e2dbd.info" returned: 0 in 0.338s {{(pid=88380) execute /opt/stack/data/venv/lib/python3.12/site-packages/oslo_concurrency/processutils.py:468}}
Jul 30 16:37:43 devstack cinder-volume[88380]: DEBUG oslo_concurrency.lockutils [None req-73520a8b-6401-4d1f-9775-6fe2e64718f8 tempest-VolumeSnapshotQuotasNegativeTestJSON-38892265 None] Lock "quobyte" "released" by "cinder.volume.drivers.quobyte.QuobyteDriver.create_snapshot" :: held 2.763s {{(pid=88380) inner /opt/stack/data/venv/lib/python3.12/site-packages/oslo_concurrency/lockutils.py:544}}
Jul 30 16:37:43 devstack cinder-volume[88380]: DEBUG oslo_concurrency.lockutils [None req-7c95526c-0ef8-4790-8a25-6c30fb75e52b tempest-VolumesDeleteCascade-1968052983 None] Lock "quobyte" acquired by "cinder.volume.drivers.quobyte.QuobyteDriver.create_snapshot" :: waited 1.986s {{(pid=88380) inner /opt/stack/data/venv/lib/python3.12/site-packages/oslo_concurrency/lockutils.py:525}}
Jul 30 16:37:43 devstack cinder-volume[88380]: DEBUG cinder.volume.drivers.remotefs [None req-7c95526c-0ef8-4790-8a25-6c30fb75e52b tempest-VolumesDeleteCascade-1968052983 None] Creating offline snapshot b69ba54e-a4a1-4744-995d-d609c19b750a of volume eaaa720c-2dc8-4e0a-9e20-b67d3dce0af8 {{(pid=88380) _create_snapshot /opt/stack/cinder/cinder/volume/drivers/remotefs.py:1816}}
Jul 30 16:37:43 devstack cinder-volume[88380]: INFO cinder.volume.manager [None req-73520a8b-6401-4d1f-9775-6fe2e64718f8 tempest-VolumeSnapshotQuotasNegativeTestJSON-38892265 None] Create snapshot completed successfully
Jul 30 16:37:43 devstack cinder-volume[88380]: DEBUG oslo.privsep.daemon [-] privsep: reply[b068446e-7935-45a3-bc4e-d41566eb8dee]: (4, 'qcow2') {{(pid=89440) _call_back /opt/stack/data/venv/lib/python3.12/site-packages/oslo_privsep/daemon.py:580}}
Jul 30 16:37:43 devstack cinder-volume[88380]: DEBUG oslo_concurrency.processutils [None req-7c95526c-0ef8-4790-8a25-6c30fb75e52b tempest-VolumesDeleteCascade-1968052983 None] Running cmd (subprocess): /opt/stack/data/venv/bin/python3.12 -m oslo_concurrency.prlimit --as=1073741824 --cpu=60 -- sudo cinder-rootwrap /etc/cinder/rootwrap.conf env LC_ALL=C qemu-img info -f qcow2 --output=json --force-share /opt/stack/data/cinder/mnt/dd65416cdaff55ad281e7d7cedf2be3b/volume-eaaa720c-2dc8-4e0a-9e20-b67d3dce0af8 {{(pid=88380) execute /opt/stack/data/venv/lib/python3.12/site-packages/oslo_concurrency/processutils.py:440}}
Jul 30 16:37:43 devstack sudo[92150]: quobyte : PWD=/ ; USER=root ; COMMAND=/opt/stack/data/venv/bin/cinder-rootwrap /etc/cinder/rootwrap.conf env LC_ALL=C qemu-img info -f qcow2 --output=json --force-share /opt/stack/data/cinder/mnt/dd65416cdaff55ad281e7d7cedf2be3b/volume-eaaa720c-2dc8-4e0a-9e20-b67d3dce0af8
Jul 30 16:37:43 devstack sudo[92150]: pam_unix(sudo:session): session opened for user root(uid=0) by (uid=1000)
Jul 30 16:37:44 devstack sudo[92150]: pam_unix(sudo:session): session closed for user root
Jul 30 16:37:44 devstack cinder-volume[88380]: DEBUG oslo_concurrency.processutils [None req-7c95526c-0ef8-4790-8a25-6c30fb75e52b tempest-VolumesDeleteCascade-1968052983 None] CMD "/opt/stack/data/venv/bin/python3.12 -m oslo_concurrency.prlimit --as=1073741824 --cpu=60 -- sudo cinder-rootwrap /etc/cinder/rootwrap.conf env LC_ALL=C qemu-img info -f qcow2 --output=json --force-share /opt/stack/data/cinder/mnt/dd65416cdaff55ad281e7d7cedf2be3b/volume-eaaa720c-2dc8-4e0a-9e20-b67d3dce0af8" returned: 0 in 0.463s {{(pid=88380) execute /opt/stack/data/venv/lib/python3.12/site-packages/oslo_concurrency/processutils.py:468}}
Jul 30 16:37:44 devstack cinder-volume[88380]: DEBUG oslo_concurrency.processutils [None req-7c95526c-0ef8-4790-8a25-6c30fb75e52b tempest-VolumesDeleteCascade-1968052983 None] Running cmd (subprocess): sudo cinder-rootwrap /etc/cinder/rootwrap.conf qemu-img create -f qcow2 -o backing_file=/opt/stack/data/cinder/mnt/dd65416cdaff55ad281e7d7cedf2be3b/volume-eaaa720c-2dc8-4e0a-9e20-b67d3dce0af8,backing_fmt=qcow2 /opt/stack/data/cinder/mnt/dd65416cdaff55ad281e7d7cedf2be3b/volume-eaaa720c-2dc8-4e0a-9e20-b67d3dce0af8.b69ba54e-a4a1-4744-995d-d609c19b750a 1G {{(pid=88380) execute /opt/stack/data/venv/lib/python3.12/site-packages/oslo_concurrency/processutils.py:440}}
Jul 30 16:37:44 devstack sudo[92157]: quobyte : PWD=/ ; USER=root ; COMMAND=/opt/stack/data/venv/bin/cinder-rootwrap /etc/cinder/rootwrap.conf qemu-img create -f qcow2 -o backing_file=/opt/stack/data/cinder/mnt/dd65416cdaff55ad281e7d7cedf2be3b/volume-eaaa720c-2dc8-4e0a-9e20-b67d3dce0af8,backing_fmt=qcow2 /opt/stack/data/cinder/mnt/dd65416cdaff55ad281e7d7cedf2be3b/volume-eaaa720c-2dc8-4e0a-9e20-b67d3dce0af8.b69ba54e-a4a1-4744-995d-d609c19b750a 1G
Jul 30 16:37:44 devstack sudo[92157]: pam_unix(sudo:session): session opened for user root(uid=0) by (uid=1000)
Jul 30 16:37:44 devstack sudo[92157]: pam_unix(sudo:session): session closed for user root
Jul 30 16:37:44 devstack cinder-volume[88380]: DEBUG oslo_concurrency.processutils [None req-7c95526c-0ef8-4790-8a25-6c30fb75e52b tempest-VolumesDeleteCascade-1968052983 None] CMD "sudo cinder-rootwrap /etc/cinder/rootwrap.conf qemu-img create -f qcow2 -o backing_file=/opt/stack/data/cinder/mnt/dd65416cdaff55ad281e7d7cedf2be3b/volume-eaaa720c-2dc8-4e0a-9e20-b67d3dce0af8,backing_fmt=qcow2 /opt/stack/data/cinder/mnt/dd65416cdaff55ad281e7d7cedf2be3b/volume-eaaa720c-2dc8-4e0a-9e20-b67d3dce0af8.b69ba54e-a4a1-4744-995d-d609c19b750a 1G" returned: 0 in 0.578s {{(pid=88380) execute /opt/stack/data/venv/lib/python3.12/site-packages/oslo_concurrency/processutils.py:468}}
Jul 30 16:37:44 devstack cinder-volume[88380]: DEBUG oslo_concurrency.processutils [None req-7c95526c-0ef8-4790-8a25-6c30fb75e52b tempest-VolumesDeleteCascade-1968052983 None] Running cmd (subprocess): sudo cinder-rootwrap /etc/cinder/rootwrap.conf qemu-img rebase -u -b volume-eaaa720c-2dc8-4e0a-9e20-b67d3dce0af8 -F qcow2 /opt/stack/data/cinder/mnt/dd65416cdaff55ad281e7d7cedf2be3b/volume-eaaa720c-2dc8-4e0a-9e20-b67d3dce0af8.b69ba54e-a4a1-4744-995d-d609c19b750a {{(pid=88380) execute /opt/stack/data/venv/lib/python3.12/site-packages/oslo_concurrency/processutils.py:440}}
Jul 30 16:37:44 devstack sudo[92164]: quobyte : PWD=/ ; USER=root ; COMMAND=/opt/stack/data/venv/bin/cinder-rootwrap /etc/cinder/rootwrap.conf qemu-img rebase -u -b volume-eaaa720c-2dc8-4e0a-9e20-b67d3dce0af8 -F qcow2 /opt/stack/data/cinder/mnt/dd65416cdaff55ad281e7d7cedf2be3b/volume-eaaa720c-2dc8-4e0a-9e20-b67d3dce0af8.b69ba54e-a4a1-4744-995d-d609c19b750a
Jul 30 16:37:44 devstack sudo[92164]: pam_unix(sudo:session): session opened for user root(uid=0) by (uid=1000)
Jul 30 16:37:44 devstack sudo[92164]: pam_unix(sudo:session): session closed for user root
Jul 30 16:37:44 devstack cinder-volume[88380]: DEBUG oslo_concurrency.processutils [None req-7c95526c-0ef8-4790-8a25-6c30fb75e52b tempest-VolumesDeleteCascade-1968052983 None] CMD "sudo cinder-rootwrap /etc/cinder/rootwrap.conf qemu-img rebase -u -b volume-eaaa720c-2dc8-4e0a-9e20-b67d3dce0af8 -F qcow2 /opt/stack/data/cinder/mnt/dd65416cdaff55ad281e7d7cedf2be3b/volume-eaaa720c-2dc8-4e0a-9e20-b67d3dce0af8.b69ba54e-a4a1-4744-995d-d609c19b750a" returned: 0 in 0.386s {{(pid=88380) execute /opt/stack/data/venv/lib/python3.12/site-packages/oslo_concurrency/processutils.py:468}}
Jul 30 16:37:44 devstack cinder-volume[88380]: WARNING cinder.volume.drivers.remotefs [None req-7c95526c-0ef8-4790-8a25-6c30fb75e52b tempest-VolumesDeleteCascade-1968052983 None] /opt/stack/data/cinder/mnt/dd65416cdaff55ad281e7d7cedf2be3b/volume-eaaa720c-2dc8-4e0a-9e20-b67d3dce0af8.b69ba54e-a4a1-4744-995d-d609c19b750a is being set with open permissions: ugo+rw
Jul 30 16:37:44 devstack cinder-volume[88380]: DEBUG oslo_concurrency.processutils [None req-7c95526c-0ef8-4790-8a25-6c30fb75e52b tempest-VolumesDeleteCascade-1968052983 None] Running cmd (subprocess): sudo cinder-rootwrap /etc/cinder/rootwrap.conf chmod ugo+rw /opt/stack/data/cinder/mnt/dd65416cdaff55ad281e7d7cedf2be3b/volume-eaaa720c-2dc8-4e0a-9e20-b67d3dce0af8.b69ba54e-a4a1-4744-995d-d609c19b750a {{(pid=88380) execute /opt/stack/data/venv/lib/python3.12/site-packages/oslo_concurrency/processutils.py:440}}
Jul 30 16:37:45 devstack sudo[92169]: quobyte : PWD=/ ; USER=root ; COMMAND=/opt/stack/data/venv/bin/cinder-rootwrap /etc/cinder/rootwrap.conf chmod ugo+rw /opt/stack/data/cinder/mnt/dd65416cdaff55ad281e7d7cedf2be3b/volume-eaaa720c-2dc8-4e0a-9e20-b67d3dce0af8.b69ba54e-a4a1-4744-995d-d609c19b750a
Jul 30 16:37:45 devstack sudo[92169]: pam_unix(sudo:session): session opened for user root(uid=0) by (uid=1000)
Jul 30 16:37:45 devstack cinder-volume[88380]: DEBUG cinder.coordination [None req-5cb43c6b-9d91-4bea-9345-df790fc7deb9 tempest-VolumeSnapshotQuotasNegativeTestJSON-38892265 None] Acquiring lock "cinder-9e7b2a3e-23b5-4d27-9aa5-f22f9cdb7799-delete_snapshot" by "delete_snapshot" {{(pid=88380) __acquire /opt/stack/cinder/cinder/coordination.py:138}}
Jul 30 16:37:45 devstack cinder-volume[88380]: DEBUG cinder.coordination [None req-5cb43c6b-9d91-4bea-9345-df790fc7deb9 tempest-VolumeSnapshotQuotasNegativeTestJSON-38892265 None] Lock "cinder-9e7b2a3e-23b5-4d27-9aa5-f22f9cdb7799-delete_snapshot" acquired by "delete_snapshot" :: waited 0.023s {{(pid=88380) __acquire /opt/stack/cinder/cinder/coordination.py:141}}
Jul 30 16:37:45 devstack cinder-volume[88380]: DEBUG cinder.coordination [None req-5cb43c6b-9d91-4bea-9345-df790fc7deb9 tempest-VolumeSnapshotQuotasNegativeTestJSON-38892265 None] Acquiring lock "cinder-quobyte-ff7a734a-b25e-47b4-b3ba-4865e80e2dbd" by "delete_snapshot" {{(pid=88380) __acquire /opt/stack/cinder/cinder/coordination.py:138}}
Jul 30 16:37:45 devstack cinder-volume[88380]: DEBUG cinder.coordination [None req-5cb43c6b-9d91-4bea-9345-df790fc7deb9 tempest-VolumeSnapshotQuotasNegativeTestJSON-38892265 None] Lock "cinder-quobyte-ff7a734a-b25e-47b4-b3ba-4865e80e2dbd" acquired by "delete_snapshot" :: waited 0.031s {{(pid=88380) __acquire /opt/stack/cinder/cinder/coordination.py:141}}
Jul 30 16:37:45 devstack cinder-volume[88380]: DEBUG cinder.coordination [None req-5cb43c6b-9d91-4bea-9345-df790fc7deb9 tempest-VolumeSnapshotQuotasNegativeTestJSON-38892265 None] Acquiring lock "cinder-quobyte-9e7b2a3e-23b5-4d27-9aa5-f22f9cdb7799" by "_delete_snapshot" {{(pid=88380) __acquire /opt/stack/cinder/cinder/coordination.py:138}}
Jul 30 16:37:45 devstack sudo[92169]: pam_unix(sudo:session): session closed for user root
Jul 30 16:37:45 devstack cinder-volume[88380]: DEBUG oslo_concurrency.processutils [None req-7c95526c-0ef8-4790-8a25-6c30fb75e52b tempest-VolumesDeleteCascade-1968052983 None] CMD "sudo cinder-rootwrap /etc/cinder/rootwrap.conf chmod ugo+rw /opt/stack/data/cinder/mnt/dd65416cdaff55ad281e7d7cedf2be3b/volume-eaaa720c-2dc8-4e0a-9e20-b67d3dce0af8.b69ba54e-a4a1-4744-995d-d609c19b750a" returned: 0 in 0.339s {{(pid=88380) execute /opt/stack/data/venv/lib/python3.12/site-packages/oslo_concurrency/processutils.py:468}}
Jul 30 16:37:45 devstack cinder-volume[88380]: DEBUG cinder.coordination [None req-5cb43c6b-9d91-4bea-9345-df790fc7deb9 tempest-VolumeSnapshotQuotasNegativeTestJSON-38892265 None] Lock "cinder-quobyte-9e7b2a3e-23b5-4d27-9aa5-f22f9cdb7799" acquired by "_delete_snapshot" :: waited 0.026s {{(pid=88380) __acquire /opt/stack/cinder/cinder/coordination.py:141}}
Jul 30 16:37:45 devstack cinder-volume[88380]: DEBUG cinder.volume.drivers.remotefs [None req-5cb43c6b-9d91-4bea-9345-df790fc7deb9 tempest-VolumeSnapshotQuotasNegativeTestJSON-38892265 None] Deleting offline snapshot 9e7b2a3e-23b5-4d27-9aa5-f22f9cdb7799 of volume ff7a734a-b25e-47b4-b3ba-4865e80e2dbd {{(pid=88380) _delete_snapshot /opt/stack/cinder/cinder/volume/drivers/remotefs.py:1288}}
Jul 30 16:37:45 devstack cinder-volume[88380]: DEBUG cinder.volume.drivers.remotefs [None req-5cb43c6b-9d91-4bea-9345-df790fc7deb9 tempest-VolumeSnapshotQuotasNegativeTestJSON-38892265 None] snapshot_file for this snap is: volume-ff7a734a-b25e-47b4-b3ba-4865e80e2dbd.9e7b2a3e-23b5-4d27-9aa5-f22f9cdb7799 {{(pid=88380) _delete_snapshot /opt/stack/cinder/cinder/volume/drivers/remotefs.py:1317}}
Jul 30 16:37:45 devstack cinder-volume[88380]: DEBUG oslo.privsep.daemon [-] privsep: reply[2085319c-7a9c-40cc-9633-d0785097adcc]: (4, 'qcow2') {{(pid=89440) _call_back /opt/stack/data/venv/lib/python3.12/site-packages/oslo_privsep/daemon.py:580}}
Jul 30 16:37:45 devstack cinder-volume[88380]: DEBUG oslo_concurrency.processutils [None req-5cb43c6b-9d91-4bea-9345-df790fc7deb9 tempest-VolumeSnapshotQuotasNegativeTestJSON-38892265 None] Running cmd (subprocess): /opt/stack/data/venv/bin/python3.12 -m oslo_concurrency.prlimit --as=1073741824 --cpu=60 -- sudo cinder-rootwrap /etc/cinder/rootwrap.conf env LC_ALL=C qemu-img info -f qcow2 --output=json --force-share /opt/stack/data/cinder/mnt/dd65416cdaff55ad281e7d7cedf2be3b/volume-ff7a734a-b25e-47b4-b3ba-4865e80e2dbd.9e7b2a3e-23b5-4d27-9aa5-f22f9cdb7799 {{(pid=88380) execute /opt/stack/data/venv/lib/python3.12/site-packages/oslo_concurrency/processutils.py:440}}
Jul 30 16:37:45 devstack cinder-volume[88380]: DEBUG oslo_concurrency.processutils [None req-7c95526c-0ef8-4790-8a25-6c30fb75e52b tempest-VolumesDeleteCascade-1968052983 None] Running cmd (subprocess): sudo cinder-rootwrap /etc/cinder/rootwrap.conf truncate -s0 /opt/stack/data/cinder/mnt/dd65416cdaff55ad281e7d7cedf2be3b/volume-eaaa720c-2dc8-4e0a-9e20-b67d3dce0af8.info {{(pid=88380) execute /opt/stack/data/venv/lib/python3.12/site-packages/oslo_concurrency/processutils.py:440}}
Jul 30 16:37:45 devstack sudo[92173]: quobyte : PWD=/ ; USER=root ; COMMAND=/opt/stack/data/venv/bin/cinder-rootwrap /etc/cinder/rootwrap.conf truncate -s0 /opt/stack/data/cinder/mnt/dd65416cdaff55ad281e7d7cedf2be3b/volume-eaaa720c-2dc8-4e0a-9e20-b67d3dce0af8.info
Jul 30 16:37:45 devstack sudo[92173]: pam_unix(sudo:session): session opened for user root(uid=0) by (uid=1000)
Jul 30 16:37:45 devstack sudo[92172]: quobyte : PWD=/ ; USER=root ; COMMAND=/opt/stack/data/venv/bin/cinder-rootwrap /etc/cinder/rootwrap.conf env LC_ALL=C qemu-img info -f qcow2 --output=json --force-share /opt/stack/data/cinder/mnt/dd65416cdaff55ad281e7d7cedf2be3b/volume-ff7a734a-b25e-47b4-b3ba-4865e80e2dbd.9e7b2a3e-23b5-4d27-9aa5-f22f9cdb7799
Jul 30 16:37:45 devstack sudo[92172]: pam_unix(sudo:session): session opened for user root(uid=0) by (uid=1000)
Jul 30 16:37:45 devstack sudo[92173]: pam_unix(sudo:session): session closed for user root
Jul 30 16:37:45 devstack cinder-volume[88380]: DEBUG oslo_concurrency.processutils [None req-7c95526c-0ef8-4790-8a25-6c30fb75e52b tempest-VolumesDeleteCascade-1968052983 None] CMD "sudo cinder-rootwrap /etc/cinder/rootwrap.conf truncate -s0 /opt/stack/data/cinder/mnt/dd65416cdaff55ad281e7d7cedf2be3b/volume-eaaa720c-2dc8-4e0a-9e20-b67d3dce0af8.info" returned: 0 in 0.407s {{(pid=88380) execute /opt/stack/data/venv/lib/python3.12/site-packages/oslo_concurrency/processutils.py:468}}
