Aug 17 18:30:30 devstack devstack@c-api.service[94331]: DEBUG cinder.volume.api [None req-f58c01e3-903f-46c3-8a98-298d600fa9ba tempest-GroupSnapshotsV319Test-1785263680 tempest-GroupSnapshotsV319Test-1785263680-project-member] Task 'cinder.volume.flows.api.create_volume.EntryCreateTask;volume:create' (5d3c56b7-87ce-4087-8083-c30eb9b911d2) transitioned into state 'SUCCESS' from state 'RUNNING' with result '{'volume_id': '39621207-7533-4522-9a47-855f3b9c53c1', 'volume_properties': VolumeProperties(attach_status='detached',availability_zone='nova',cgsnapshot_id=None,consistencygroup_id=None,display_description=None,display_name='tempest-volume-2013051333',encryption_key_id=None,group_id=c60a5ccf-133b-4e3f-a665-7b9bdf5fcec0,group_type_id=,metadata={},multiattach=False,project_id='bbe6f69813b34440bd60f50103ba31d4',qos_specs=None,replication_status=,reservations=['9f8b9e95-4080-4460-959c-bd59cd818056','2f1a52bf-8f62-47d1-a95b-4e7ea89f197b','34771b92-bd40-474d-991a-0e21c71ffefe','518b3424-08cb-483b-b3d8-bce16599db26'],size=1,snapshot_id=None,source_replicaid=,source_volid=None,status='creating',user_id='2cd171314cd64935b1558d35239924a1',volume_type_id=4fc3490c-d04d-43d2-bd48-c3b7d38fcee7), 'volume': Volume(_name_id=None,admin_metadata=,attach_status='detached',availability_zone='nova',bootable=False,cluster=,cluster_name=None,consistencygroup=,consistencygroup_id=None,created_at=2026-08-17T16:30:30Z,deleted=False,deleted_at=None,display_description=None,display_name='tempest-volume-2013051333',ec2_id=None,encryption_key_id=None,glance_metadata=,group=,group_id=c60a5ccf-133b-4e3f-a665-7b9bdf5fcec0,host=None,id=39621207-7533-4522-9a47-855f3b9c53c1,launched_at=None,metadata={},migration_status=None,multiattach=False,previous_status=None,project_id='bbe6f69813b34440bd60f50103ba31d4',provider_auth=None,provider_geometry=None,provider_id=None,provider_location=None,replication_driver_data=None,replication_extended_status=None,replication_status=None,scheduled_at=None,service_uuid=None,shared_targets=True,size=1,snapshot_id=None,snapshots=,source_volid=None,status='creating',terminated_at=None,updated_at=None,use_quota=True,user_id='2cd171314cd64935b1558d35239924a1',volume_attachment=VolumeAttachmentList,volume_type=VolumeType(4fc3490c-d04d-43d2-bd48-c3b7d38fcee7),volume_type_id=4fc3490c-d04d-43d2-bd48-c3b7d38fcee7)}' {{(pid=94331) _task_receiver /opt/stack/data/venv/lib/python3.12/site-packages/taskflow/listeners/logging.py:218}}
Aug 17 18:30:30 devstack devstack@c-api.service[94332]: [pid: 94332|app: 0|req: 187/361] 192.168.122.6 () {58 vars in 1111 bytes} [Mon Aug 17 18:30:30 2026] GET /volume/v3/volumes => generated 986 bytes in 61 msecs (HTTP/1.1 200) 7 headers in 285 bytes (2 switches on core 0)
Aug 17 18:30:30 devstack devstack@c-api.service[94331]: DEBUG cinder.volume.api [None req-f58c01e3-903f-46c3-8a98-298d600fa9ba tempest-GroupSnapshotsV319Test-1785263680 tempest-GroupSnapshotsV319Test-1785263680-project-member] Task 'cinder.volume.flows.api.create_volume.QuotaCommitTask;volume:create' (c51f6281-ec4e-45b4-b0f6-7c87af7978cb) transitioned into state 'RUNNING' from state 'PENDING' {{(pid=94331) _task_receiver /opt/stack/data/venv/lib/python3.12/site-packages/taskflow/listeners/logging.py:242}}
Aug 17 18:30:30 devstack devstack@c-api.service[94332]: DEBUG cinder.api.middleware.request_id [None req-24692d11-fe04-4fa3-937e-00e784248b9f None None] RequestId filter calling following filter/app {{(pid=94332) _context_setter /opt/stack/cinder/cinder/api/middleware/request_id.py:62}}
Aug 17 18:30:30 devstack devstack@c-api.service[94332]: INFO cinder.api.openstack.wsgi [None req-24692d11-fe04-4fa3-937e-00e784248b9f tempest-VolumesListTestJSON-373284803 tempest-VolumesListTestJSON-373284803-project-member] GET http://192.168.122.6/volume/v3/volumes?name=tempest-VolumesListTestJSON-Volume-829987985
Aug 17 18:30:30 devstack devstack@c-api.service[94332]: DEBUG cinder.api.openstack.wsgi [None req-24692d11-fe04-4fa3-937e-00e784248b9f tempest-VolumesListTestJSON-373284803 tempest-VolumesListTestJSON-373284803-project-member] Empty body provided in request {{(pid=94332) get_body /opt/stack/cinder/cinder/api/openstack/wsgi.py:725}}
Aug 17 18:30:30 devstack devstack@c-api.service[94332]: DEBUG cinder.api.openstack.wsgi [None req-24692d11-fe04-4fa3-937e-00e784248b9f tempest-VolumesListTestJSON-373284803 tempest-VolumesListTestJSON-373284803-project-member] Calling method 'index' {{(pid=94332) _process_stack /opt/stack/cinder/cinder/api/openstack/wsgi.py:878}}
Aug 17 18:30:30 devstack devstack@c-api.service[94332]: DEBUG cinder.api.api_utils [None req-24692d11-fe04-4fa3-937e-00e784248b9f tempest-VolumesListTestJSON-373284803 tempest-VolumesListTestJSON-373284803-project-member] Removing options '' from query. {{(pid=94332) remove_invalid_filter_options /opt/stack/cinder/cinder/api/api_utils.py:82}}
Aug 17 18:30:30 devstack devstack@c-api.service[94332]: /opt/stack/data/venv/lib/python3.12/site-packages/oslo_context/context.py:102: DeprecationWarning: Policy enforcement is depending on the value of is_admin. This key is deprecated. Please update your policy file to use the standard policy values.
Aug 17 18:30:30 devstack devstack@c-api.service[94332]: warnings.warn(
Aug 17 18:30:30 devstack devstack@c-api.service[94332]: DEBUG cinder.volume.api [None req-24692d11-fe04-4fa3-937e-00e784248b9f tempest-VolumesListTestJSON-373284803 tempest-VolumesListTestJSON-373284803-project-member] Searching by: MultiDict([('display_name', 'tempest-VolumesListTestJSON-Volume-829987985'), ('no_migration_targets', True)]). {{(pid=94332) get_all /opt/stack/cinder/cinder/volume/api.py:664}}
Aug 17 18:30:30 devstack devstack@c-api.service[94331]: DEBUG cinder.volume.api [None req-f58c01e3-903f-46c3-8a98-298d600fa9ba tempest-GroupSnapshotsV319Test-1785263680 tempest-GroupSnapshotsV319Test-1785263680-project-member] Task 'cinder.volume.flows.api.create_volume.QuotaCommitTask;volume:create' (c51f6281-ec4e-45b4-b0f6-7c87af7978cb) transitioned into state 'SUCCESS' from state 'RUNNING' with result '{'volume_properties': VolumeProperties(attach_status='detached',availability_zone='nova',cgsnapshot_id=None,consistencygroup_id=None,display_description=None,display_name='tempest-volume-2013051333',encryption_key_id=None,group_id=c60a5ccf-133b-4e3f-a665-7b9bdf5fcec0,group_type_id=,metadata={},multiattach=False,project_id='bbe6f69813b34440bd60f50103ba31d4',qos_specs=None,replication_status=,reservations=['9f8b9e95-4080-4460-959c-bd59cd818056','2f1a52bf-8f62-47d1-a95b-4e7ea89f197b','34771b92-bd40-474d-991a-0e21c71ffefe','518b3424-08cb-483b-b3d8-bce16599db26'],size=1,snapshot_id=None,source_replicaid=,source_volid=None,status='creating',user_id='2cd171314cd64935b1558d35239924a1',volume_type_id=4fc3490c-d04d-43d2-bd48-c3b7d38fcee7)}' {{(pid=94331) _task_receiver /opt/stack/data/venv/lib/python3.12/site-packages/taskflow/listeners/logging.py:218}}
Aug 17 18:30:30 devstack devstack@c-api.service[94331]: DEBUG cinder.volume.api [None req-f58c01e3-903f-46c3-8a98-298d600fa9ba tempest-GroupSnapshotsV319Test-1785263680 tempest-GroupSnapshotsV319Test-1785263680-project-member] Task 'cinder.volume.flows.api.create_volume.VolumeCastTask;volume:create' (9ce085ac-1876-4574-9b8e-5525e3eaffc3) transitioned into state 'RUNNING' from state 'PENDING' {{(pid=94331) _task_receiver /opt/stack/data/venv/lib/python3.12/site-packages/taskflow/listeners/logging.py:242}}
Aug 17 18:30:30 devstack devstack@c-api.service[94331]: DEBUG cinder.volume.api [None req-f58c01e3-903f-46c3-8a98-298d600fa9ba tempest-GroupSnapshotsV319Test-1785263680 tempest-GroupSnapshotsV319Test-1785263680-project-member] Task 'cinder.volume.flows.api.create_volume.VolumeCastTask;volume:create' (9ce085ac-1876-4574-9b8e-5525e3eaffc3) transitioned into state 'SUCCESS' from state 'RUNNING' with result 'None' {{(pid=94331) _task_receiver /opt/stack/data/venv/lib/python3.12/site-packages/taskflow/listeners/logging.py:218}}
Aug 17 18:30:30 devstack devstack@c-api.service[94331]: DEBUG cinder.volume.api [None req-f58c01e3-903f-46c3-8a98-298d600fa9ba tempest-GroupSnapshotsV319Test-1785263680 tempest-GroupSnapshotsV319Test-1785263680-project-member] Flow 'volume_create_api' (b502cf59-c66b-4be1-9c2e-044db3b7af84) transitioned into state 'SUCCESS' from state 'RUNNING' {{(pid=94331) _flow_receiver /opt/stack/data/venv/lib/python3.12/site-packages/taskflow/listeners/logging.py:160}}
Aug 17 18:30:30 devstack devstack@c-api.service[94331]: INFO cinder.volume.api [None req-f58c01e3-903f-46c3-8a98-298d600fa9ba tempest-GroupSnapshotsV319Test-1785263680 tempest-GroupSnapshotsV319Test-1785263680-project-member] Create volume request issued successfully.
Aug 17 18:30:30 devstack devstack@c-api.service[94331]: WARNING stevedore.named [None req-f58c01e3-903f-46c3-8a98-298d600fa9ba tempest-GroupSnapshotsV319Test-1785263680 tempest-GroupSnapshotsV319Test-1785263680-project-member] Could not load cinder.keymgr.conf_key_mgr.ConfKeyManager
Aug 17 18:30:30 devstack devstack@c-api.service[94331]: WARNING castellan.key_manager [None req-f58c01e3-903f-46c3-8a98-298d600fa9ba tempest-GroupSnapshotsV319Test-1785263680 tempest-GroupSnapshotsV319Test-1785263680-project-member] Deprecation Warning : cinder.keymgr.conf_key_mgr.ConfKeyManager is not a stevedore based driver, trying to load it as a class: stevedore.exception.NoMatches: No 'castellan.drivers' driver found, looking for 'cinder.keymgr.conf_key_mgr.ConfKeyManager'
Aug 17 18:30:30 devstack devstack@c-api.service[94332]: INFO cinder.volume.api [None req-24692d11-fe04-4fa3-937e-00e784248b9f tempest-VolumesListTestJSON-373284803 tempest-VolumesListTestJSON-373284803-project-member] Get all volumes completed successfully.
Aug 17 18:30:30 devstack devstack@c-api.service[94332]: INFO cinder.api.openstack.wsgi [None req-24692d11-fe04-4fa3-937e-00e784248b9f tempest-VolumesListTestJSON-373284803 tempest-VolumesListTestJSON-373284803-project-member] http://192.168.122.6/volume/v3/volumes?name=tempest-VolumesListTestJSON-Volume-829987985 returned with HTTP 200
Aug 17 18:30:30 devstack devstack@c-api.service[94332]: [pid: 94332|app: 0|req: 188/362] 192.168.122.6 () {58 vars in 1210 bytes} [Mon Aug 17 18:30:30 2026] GET /volume/v3/volumes?name=tempest-VolumesListTestJSON-Volume-829987985 => generated 337 bytes in 162 msecs (HTTP/1.1 200) 7 headers in 285 bytes (1 switches on core 0)
Aug 17 18:30:30 devstack devstack@c-api.service[94332]: DEBUG cinder.api.middleware.request_id [None req-e66ef243-1b7c-44bb-b86a-110a7d875e26 None None] RequestId filter calling following filter/app {{(pid=94332) _context_setter /opt/stack/cinder/cinder/api/middleware/request_id.py:62}}
Aug 17 18:30:30 devstack devstack@c-api.service[94332]: INFO cinder.api.openstack.wsgi [None req-e66ef243-1b7c-44bb-b86a-110a7d875e26 tempest-VolumesListTestJSON-373284803 tempest-VolumesListTestJSON-373284803-project-member] GET http://192.168.122.6/volume/v3/volumes/detail?name=tempest-VolumesListTestJSON-Volume-134390937
Aug 17 18:30:30 devstack devstack@c-api.service[94332]: DEBUG cinder.api.openstack.wsgi [None req-e66ef243-1b7c-44bb-b86a-110a7d875e26 tempest-VolumesListTestJSON-373284803 tempest-VolumesListTestJSON-373284803-project-member] Empty body provided in request {{(pid=94332) get_body /opt/stack/cinder/cinder/api/openstack/wsgi.py:725}}
Aug 17 18:30:30 devstack devstack@c-api.service[94332]: DEBUG cinder.api.openstack.wsgi [None req-e66ef243-1b7c-44bb-b86a-110a7d875e26 tempest-VolumesListTestJSON-373284803 tempest-VolumesListTestJSON-373284803-project-member] Calling method 'detail' {{(pid=94332) _process_stack /opt/stack/cinder/cinder/api/openstack/wsgi.py:878}}
Aug 17 18:30:30 devstack devstack@c-api.service[94332]: DEBUG cinder.api.api_utils [None req-e66ef243-1b7c-44bb-b86a-110a7d875e26 tempest-VolumesListTestJSON-373284803 tempest-VolumesListTestJSON-373284803-project-member] Removing options '' from query. {{(pid=94332) remove_invalid_filter_options /opt/stack/cinder/cinder/api/api_utils.py:82}}
Aug 17 18:30:30 devstack devstack@c-api.service[94332]: /opt/stack/data/venv/lib/python3.12/site-packages/oslo_context/context.py:102: DeprecationWarning: Policy enforcement is depending on the value of is_admin. This key is deprecated. Please update your policy file to use the standard policy values.
Aug 17 18:30:30 devstack devstack@c-api.service[94332]: warnings.warn(
Aug 17 18:30:30 devstack devstack@c-api.service[94332]: DEBUG cinder.volume.api [None req-e66ef243-1b7c-44bb-b86a-110a7d875e26 tempest-VolumesListTestJSON-373284803 tempest-VolumesListTestJSON-373284803-project-member] Searching by: MultiDict([('display_name', 'tempest-VolumesListTestJSON-Volume-134390937'), ('no_migration_targets', True)]). {{(pid=94332) get_all /opt/stack/cinder/cinder/volume/api.py:664}}
Aug 17 18:30:30 devstack devstack@c-api.service[94332]: INFO cinder.volume.api [None req-e66ef243-1b7c-44bb-b86a-110a7d875e26 tempest-VolumesListTestJSON-373284803 tempest-VolumesListTestJSON-373284803-project-member] Get all volumes completed successfully.
Aug 17 18:30:30 devstack devstack@c-api.service[94332]: /opt/stack/data/venv/lib/python3.12/site-packages/oslo_context/context.py:102: DeprecationWarning: Policy enforcement is depending on the value of is_admin. This key is deprecated. Please update your policy file to use the standard policy values.
Aug 17 18:30:30 devstack devstack@c-api.service[94332]: warnings.warn(
Aug 17 18:30:30 devstack devstack@c-api.service[94332]: INFO cinder.api.openstack.wsgi [None req-e66ef243-1b7c-44bb-b86a-110a7d875e26 tempest-VolumesListTestJSON-373284803 tempest-VolumesListTestJSON-373284803-project-member] http://192.168.122.6/volume/v3/volumes/detail?name=tempest-VolumesListTestJSON-Volume-134390937 returned with HTTP 200
Aug 17 18:30:30 devstack devstack@c-api.service[94332]: [pid: 94332|app: 0|req: 189/363] 192.168.122.6 () {58 vars in 1231 bytes} [Mon Aug 17 18:30:30 2026] GET /volume/v3/volumes/detail?name=tempest-VolumesListTestJSON-Volume-134390937 => generated 864 bytes in 50 msecs (HTTP/1.1 200) 7 headers in 285 bytes (1 switches on core 0)
Aug 17 18:30:30 devstack devstack@c-api.service[94331]: DEBUG oslo_db.sqlalchemy.engines [None req-f58c01e3-903f-46c3-8a98-298d600fa9ba tempest-GroupSnapshotsV319Test-1785263680 tempest-GroupSnapshotsV319Test-1785263680-project-member] MySQL server mode set to STRICT_TRANS_TABLES,STRICT_ALL_TABLES,NO_ZERO_IN_DATE,NO_ZERO_DATE,ERROR_FOR_DIVISION_BY_ZERO,TRADITIONAL,NO_ENGINE_SUBSTITUTION {{(pid=94331) _check_effective_sql_mode /opt/stack/data/venv/lib/python3.12/site-packages/oslo_db/sqlalchemy/engines.py:325}}
Aug 17 18:30:30 devstack devstack@c-api.service[94331]: /opt/stack/data/venv/lib/python3.12/site-packages/oslo_context/context.py:102: DeprecationWarning: Policy enforcement is depending on the value of is_admin. This key is deprecated. Please update your policy file to use the standard policy values.
Aug 17 18:30:30 devstack devstack@c-api.service[94331]: warnings.warn(
Aug 17 18:30:30 devstack devstack@c-api.service[94332]: DEBUG cinder.api.middleware.request_id [None req-02325adb-f082-48df-8d02-a0248d954a98 None None] RequestId filter calling following filter/app {{(pid=94332) _context_setter /opt/stack/cinder/cinder/api/middleware/request_id.py:62}}
Aug 17 18:30:30 devstack devstack@c-api.service[94331]: INFO cinder.api.openstack.wsgi [None req-f58c01e3-903f-46c3-8a98-298d600fa9ba tempest-GroupSnapshotsV319Test-1785263680 tempest-GroupSnapshotsV319Test-1785263680-project-member] http://192.168.122.6/volume/v3/volumes returned with HTTP 202
Aug 17 18:30:30 devstack devstack@c-api.service[94331]: [pid: 94331|app: 0|req: 175/364] 192.168.122.6 () {62 vars in 1174 bytes} [Mon Aug 17 18:30:29 2026] POST /volume/v3/volumes => generated 830 bytes in 983 msecs (HTTP/1.1 202) 7 headers in 292 bytes (1 switches on core 0)
Aug 17 18:30:30 devstack devstack@c-api.service[94332]: INFO cinder.api.openstack.wsgi [None req-02325adb-f082-48df-8d02-a0248d954a98 tempest-VolumesListTestJSON-373284803 tempest-VolumesListTestJSON-373284803-project-member] GET http://192.168.122.6/volume/v3/volumes/detail?limit=1
Aug 17 18:30:30 devstack devstack@c-api.service[94332]: DEBUG cinder.api.openstack.wsgi [None req-02325adb-f082-48df-8d02-a0248d954a98 tempest-VolumesListTestJSON-373284803 tempest-VolumesListTestJSON-373284803-project-member] Empty body provided in request {{(pid=94332) get_body /opt/stack/cinder/cinder/api/openstack/wsgi.py:725}}
Aug 17 18:30:30 devstack devstack@c-api.service[94332]: DEBUG cinder.api.openstack.wsgi [None req-02325adb-f082-48df-8d02-a0248d954a98 tempest-VolumesListTestJSON-373284803 tempest-VolumesListTestJSON-373284803-project-member] Calling method 'detail' {{(pid=94332) _process_stack /opt/stack/cinder/cinder/api/openstack/wsgi.py:878}}
Aug 17 18:30:30 devstack devstack@c-api.service[94332]: DEBUG cinder.api.api_utils [None req-02325adb-f082-48df-8d02-a0248d954a98 tempest-VolumesListTestJSON-373284803 tempest-VolumesListTestJSON-373284803-project-member] Removing options '' from query. {{(pid=94332) remove_invalid_filter_options /opt/stack/cinder/cinder/api/api_utils.py:82}}
Aug 17 18:30:30 devstack devstack@c-api.service[94332]: DEBUG cinder.volume.api [None req-02325adb-f082-48df-8d02-a0248d954a98 tempest-VolumesListTestJSON-373284803 tempest-VolumesListTestJSON-373284803-project-member] Searching by: MultiDict([('no_migration_targets', True)]). {{(pid=94332) get_all /opt/stack/cinder/cinder/volume/api.py:664}}
Aug 17 18:30:30 devstack devstack@c-api.service[94331]: DEBUG cinder.api.middleware.request_id [None req-2d5bd2c8-bf43-4175-9b30-d543472b2cba None None] RequestId filter calling following filter/app {{(pid=94331) _context_setter /opt/stack/cinder/cinder/api/middleware/request_id.py:62}}
Aug 17 18:30:30 devstack devstack@c-api.service[94332]: INFO cinder.volume.api [None req-02325adb-f082-48df-8d02-a0248d954a98 tempest-VolumesListTestJSON-373284803 tempest-VolumesListTestJSON-373284803-project-member] Get all volumes completed successfully.
Aug 17 18:30:30 devstack devstack@c-api.service[94332]: /opt/stack/data/venv/lib/python3.12/site-packages/oslo_context/context.py:102: DeprecationWarning: Policy enforcement is depending on the value of is_admin. This key is deprecated. Please update your policy file to use the standard policy values.
Aug 17 18:30:30 devstack devstack@c-api.service[94332]: warnings.warn(
Aug 17 18:30:30 devstack devstack@c-api.service[94331]: INFO cinder.api.openstack.wsgi [None req-2d5bd2c8-bf43-4175-9b30-d543472b2cba tempest-GroupSnapshotsV319Test-1785263680 tempest-GroupSnapshotsV319Test-1785263680-project-member] GET http://192.168.122.6/volume/v3/volumes/39621207-7533-4522-9a47-855f3b9c53c1
Aug 17 18:30:30 devstack devstack@c-api.service[94332]: INFO cinder.api.openstack.wsgi [None req-02325adb-f082-48df-8d02-a0248d954a98 tempest-VolumesListTestJSON-373284803 tempest-VolumesListTestJSON-373284803-project-member] http://192.168.122.6/volume/v3/volumes/detail?limit=1 returned with HTTP 200
Aug 17 18:30:30 devstack devstack@c-api.service[94331]: DEBUG cinder.api.openstack.wsgi [None req-2d5bd2c8-bf43-4175-9b30-d543472b2cba tempest-GroupSnapshotsV319Test-1785263680 tempest-GroupSnapshotsV319Test-1785263680-project-member] Empty body provided in request {{(pid=94331) get_body /opt/stack/cinder/cinder/api/openstack/wsgi.py:725}}
Aug 17 18:30:30 devstack devstack@c-api.service[94332]: [pid: 94332|app: 0|req: 190/365] 192.168.122.6 () {58 vars in 1147 bytes} [Mon Aug 17 18:30:30 2026] GET /volume/v3/volumes/detail?limit=1 => generated 1010 bytes in 69 msecs (HTTP/1.1 200) 7 headers in 286 bytes (1 switches on core 0)
Aug 17 18:30:30 devstack devstack@c-api.service[94331]: DEBUG cinder.api.openstack.wsgi [None req-2d5bd2c8-bf43-4175-9b30-d543472b2cba tempest-GroupSnapshotsV319Test-1785263680 tempest-GroupSnapshotsV319Test-1785263680-project-member] Calling method 'show' {{(pid=94331) _process_stack /opt/stack/cinder/cinder/api/openstack/wsgi.py:878}}
Aug 17 18:30:30 devstack devstack@c-api.service[94332]: DEBUG cinder.api.middleware.request_id [None req-3d64375a-14ae-4e31-8482-b1223221cdf9 None None] RequestId filter calling following filter/app {{(pid=94332) _context_setter /opt/stack/cinder/cinder/api/middleware/request_id.py:62}}
Aug 17 18:30:30 devstack devstack@c-api.service[94332]: INFO cinder.api.openstack.wsgi [None req-3d64375a-14ae-4e31-8482-b1223221cdf9 tempest-VolumesListTestJSON-373284803 tempest-VolumesListTestJSON-373284803-project-member] GET http://192.168.122.6/volume/v3/volumes/detail?limit=1&marker=37261c20-bf79-4b1e-8df7-61f867d60c6c
Aug 17 18:30:30 devstack devstack@c-api.service[94332]: DEBUG cinder.api.openstack.wsgi [None req-3d64375a-14ae-4e31-8482-b1223221cdf9 tempest-VolumesListTestJSON-373284803 tempest-VolumesListTestJSON-373284803-project-member] Empty body provided in request {{(pid=94332) get_body /opt/stack/cinder/cinder/api/openstack/wsgi.py:725}}
Aug 17 18:30:30 devstack devstack@c-api.service[94332]: DEBUG cinder.api.openstack.wsgi [None req-3d64375a-14ae-4e31-8482-b1223221cdf9 tempest-VolumesListTestJSON-373284803 tempest-VolumesListTestJSON-373284803-project-member] Calling method 'detail' {{(pid=94332) _process_stack /opt/stack/cinder/cinder/api/openstack/wsgi.py:878}}
Aug 17 18:30:30 devstack devstack@c-api.service[94332]: DEBUG cinder.api.api_utils [None req-3d64375a-14ae-4e31-8482-b1223221cdf9 tempest-VolumesListTestJSON-373284803 tempest-VolumesListTestJSON-373284803-project-member] Removing options '' from query. {{(pid=94332) remove_invalid_filter_options /opt/stack/cinder/cinder/api/api_utils.py:82}}
Aug 17 18:30:30 devstack devstack@c-api.service[94331]: /opt/stack/data/venv/lib/python3.12/site-packages/oslo_context/context.py:102: DeprecationWarning: Policy enforcement is depending on the value of is_admin. This key is deprecated. Please update your policy file to use the standard policy values.
Aug 17 18:30:30 devstack devstack@c-api.service[94331]: warnings.warn(
Aug 17 18:30:30 devstack devstack@c-api.service[94332]: DEBUG cinder.volume.api [None req-3d64375a-14ae-4e31-8482-b1223221cdf9 tempest-VolumesListTestJSON-373284803 tempest-VolumesListTestJSON-373284803-project-member] Searching by: MultiDict([('no_migration_targets', True)]). {{(pid=94332) get_all /opt/stack/cinder/cinder/volume/api.py:664}}
Aug 17 18:30:30 devstack devstack@c-api.service[94331]: INFO cinder.volume.api [None req-2d5bd2c8-bf43-4175-9b30-d543472b2cba tempest-GroupSnapshotsV319Test-1785263680 tempest-GroupSnapshotsV319Test-1785263680-project-member] Volume info retrieved successfully.
Aug 17 18:30:30 devstack devstack@c-api.service[94331]: WARNING stevedore.named [None req-2d5bd2c8-bf43-4175-9b30-d543472b2cba tempest-GroupSnapshotsV319Test-1785263680 tempest-GroupSnapshotsV319Test-1785263680-project-member] Could not load cinder.keymgr.conf_key_mgr.ConfKeyManager
Aug 17 18:30:30 devstack devstack@c-api.service[94331]: WARNING castellan.key_manager [None req-2d5bd2c8-bf43-4175-9b30-d543472b2cba tempest-GroupSnapshotsV319Test-1785263680 tempest-GroupSnapshotsV319Test-1785263680-project-member] Deprecation Warning : cinder.keymgr.conf_key_mgr.ConfKeyManager is not a stevedore based driver, trying to load it as a class: stevedore.exception.NoMatches: No 'castellan.drivers' driver found, looking for 'cinder.keymgr.conf_key_mgr.ConfKeyManager'
Aug 17 18:30:30 devstack devstack@c-api.service[94331]: DEBUG oslo_db.sqlalchemy.engines [None req-2d5bd2c8-bf43-4175-9b30-d543472b2cba tempest-GroupSnapshotsV319Test-1785263680 tempest-GroupSnapshotsV319Test-1785263680-project-member] MySQL server mode set to STRICT_TRANS_TABLES,STRICT_ALL_TABLES,NO_ZERO_IN_DATE,NO_ZERO_DATE,ERROR_FOR_DIVISION_BY_ZERO,TRADITIONAL,NO_ENGINE_SUBSTITUTION {{(pid=94331) _check_effective_sql_mode /opt/stack/data/venv/lib/python3.12/site-packages/oslo_db/sqlalchemy/engines.py:325}}
Aug 17 18:30:30 devstack devstack@c-api.service[94331]: /opt/stack/data/venv/lib/python3.12/site-packages/oslo_context/context.py:102: DeprecationWarning: Policy enforcement is depending on the value of is_admin. This key is deprecated. Please update your policy file to use the standard policy values.
Aug 17 18:30:30 devstack devstack@c-api.service[94331]: warnings.warn(
Aug 17 18:30:30 devstack devstack@c-api.service[94331]: INFO cinder.api.openstack.wsgi [None req-2d5bd2c8-bf43-4175-9b30-d543472b2cba tempest-GroupSnapshotsV319Test-1785263680 tempest-GroupSnapshotsV319Test-1785263680-project-member] http://192.168.122.6/volume/v3/volumes/39621207-7533-4522-9a47-855f3b9c53c1 returned with HTTP 200
Aug 17 18:30:30 devstack devstack@c-api.service[94331]: [pid: 94331|app: 0|req: 176/366] 192.168.122.6 () {60 vars in 1263 bytes} [Mon Aug 17 18:30:30 2026] GET /volume/v3/volumes/39621207-7533-4522-9a47-855f3b9c53c1 => generated 898 bytes in 190 msecs (HTTP/1.1 200) 7 headers in 286 bytes (1 switches on core 0)
Aug 17 18:30:30 devstack devstack@c-api.service[94332]: INFO cinder.volume.api [None req-3d64375a-14ae-4e31-8482-b1223221cdf9 tempest-VolumesListTestJSON-373284803 tempest-VolumesListTestJSON-373284803-project-member] Get all volumes completed successfully.
Aug 17 18:30:30 devstack devstack@c-api.service[94332]: /opt/stack/data/venv/lib/python3.12/site-packages/oslo_context/context.py:102: DeprecationWarning: Policy enforcement is depending on the value of is_admin. This key is deprecated. Please update your policy file to use the standard policy values.
Aug 17 18:30:30 devstack devstack@c-api.service[94332]: warnings.warn(
Aug 17 18:30:31 devstack devstack@c-api.service[94332]: INFO cinder.api.openstack.wsgi [None req-3d64375a-14ae-4e31-8482-b1223221cdf9 tempest-VolumesListTestJSON-373284803 tempest-VolumesListTestJSON-373284803-project-member] http://192.168.122.6/volume/v3/volumes/detail?limit=1&marker=37261c20-bf79-4b1e-8df7-61f867d60c6c returned with HTTP 200
Aug 17 18:30:31 devstack devstack@c-api.service[94332]: [pid: 94332|app: 0|req: 191/367] 192.168.122.6 () {58 vars in 1235 bytes} [Mon Aug 17 18:30:30 2026] GET /volume/v3/volumes/detail?limit=1&marker=37261c20-bf79-4b1e-8df7-61f867d60c6c => generated 1009 bytes in 221 msecs (HTTP/1.1 200) 7 headers in 286 bytes (1 switches on core 0)
Aug 17 18:30:31 devstack devstack@c-api.service[94331]: DEBUG cinder.api.middleware.request_id [None req-808a8e65-f73c-422d-bf87-5ba01e653690 None None] RequestId filter calling following filter/app {{(pid=94331) _context_setter /opt/stack/cinder/cinder/api/middleware/request_id.py:62}}
Aug 17 18:30:31 devstack devstack@c-api.service[94331]: INFO cinder.api.openstack.wsgi [None req-808a8e65-f73c-422d-bf87-5ba01e653690 tempest-VolumesListTestJSON-373284803 tempest-VolumesListTestJSON-373284803-project-member] GET http://192.168.122.6/volume/v3/volumes/detail?limit=1&marker=54425abf-f6ef-4ddf-bb3d-20e337dba4e3
Aug 17 18:30:31 devstack devstack@c-api.service[94331]: DEBUG cinder.api.openstack.wsgi [None req-808a8e65-f73c-422d-bf87-5ba01e653690 tempest-VolumesListTestJSON-373284803 tempest-VolumesListTestJSON-373284803-project-member] Empty body provided in request {{(pid=94331) get_body /opt/stack/cinder/cinder/api/openstack/wsgi.py:725}}
Aug 17 18:30:31 devstack devstack@c-api.service[94331]: DEBUG cinder.api.openstack.wsgi [None req-808a8e65-f73c-422d-bf87-5ba01e653690 tempest-VolumesListTestJSON-373284803 tempest-VolumesListTestJSON-373284803-project-member] Calling method 'detail' {{(pid=94331) _process_stack /opt/stack/cinder/cinder/api/openstack/wsgi.py:878}}
Aug 17 18:30:31 devstack devstack@c-api.service[94331]: DEBUG cinder.api.api_utils [None req-808a8e65-f73c-422d-bf87-5ba01e653690 tempest-VolumesListTestJSON-373284803 tempest-VolumesListTestJSON-373284803-project-member] Removing options '' from query. {{(pid=94331) remove_invalid_filter_options /opt/stack/cinder/cinder/api/api_utils.py:82}}
Aug 17 18:30:31 devstack devstack@c-api.service[94331]: DEBUG cinder.volume.api [None req-808a8e65-f73c-422d-bf87-5ba01e653690 tempest-VolumesListTestJSON-373284803 tempest-VolumesListTestJSON-373284803-project-member] Searching by: MultiDict([('no_migration_targets', True)]). {{(pid=94331) get_all /opt/stack/cinder/cinder/volume/api.py:664}}
Aug 17 18:30:31 devstack devstack@c-api.service[94331]: INFO cinder.volume.api [None req-808a8e65-f73c-422d-bf87-5ba01e653690 tempest-VolumesListTestJSON-373284803 tempest-VolumesListTestJSON-373284803-project-member] Get all volumes completed successfully.
Aug 17 18:30:31 devstack devstack@c-api.service[94331]: /opt/stack/data/venv/lib/python3.12/site-packages/oslo_context/context.py:102: DeprecationWarning: Policy enforcement is depending on the value of is_admin. This key is deprecated. Please update your policy file to use the standard policy values.
Aug 17 18:30:31 devstack devstack@c-api.service[94331]: warnings.warn(
Aug 17 18:30:31 devstack devstack@c-api.service[94331]: INFO cinder.api.openstack.wsgi [None req-808a8e65-f73c-422d-bf87-5ba01e653690 tempest-VolumesListTestJSON-373284803 tempest-VolumesListTestJSON-373284803-project-member] http://192.168.122.6/volume/v3/volumes/detail?limit=1&marker=54425abf-f6ef-4ddf-bb3d-20e337dba4e3 returned with HTTP 200
Aug 17 18:30:31 devstack devstack@c-api.service[94331]: [pid: 94331|app: 0|req: 177/368] 192.168.122.6 () {58 vars in 1235 bytes} [Mon Aug 17 18:30:31 2026] GET /volume/v3/volumes/detail?limit=1&marker=54425abf-f6ef-4ddf-bb3d-20e337dba4e3 => generated 1009 bytes in 131 msecs (HTTP/1.1 200) 7 headers in 286 bytes (1 switches on core 0)
Aug 17 18:30:31 devstack devstack@c-api.service[94332]: DEBUG cinder.api.middleware.request_id [None req-585e2167-6f3a-4262-9e70-66f414e8fdb1 None None] RequestId filter calling following filter/app {{(pid=94332) _context_setter /opt/stack/cinder/cinder/api/middleware/request_id.py:62}}
Aug 17 18:30:31 devstack devstack@c-api.service[94332]: INFO cinder.api.openstack.wsgi [None req-585e2167-6f3a-4262-9e70-66f414e8fdb1 tempest-VolumesListTestJSON-373284803 tempest-VolumesListTestJSON-373284803-project-member] GET http://192.168.122.6/volume/v3/volumes/detail?limit=1&marker=09c8d995-b72f-4758-b50c-8f2234659162
Aug 17 18:30:31 devstack devstack@c-api.service[94332]: DEBUG cinder.api.openstack.wsgi [None req-585e2167-6f3a-4262-9e70-66f414e8fdb1 tempest-VolumesListTestJSON-373284803 tempest-VolumesListTestJSON-373284803-project-member] Empty body provided in request {{(pid=94332) get_body /opt/stack/cinder/cinder/api/openstack/wsgi.py:725}}
Aug 17 18:30:31 devstack devstack@c-api.service[94332]: DEBUG cinder.api.openstack.wsgi [None req-585e2167-6f3a-4262-9e70-66f414e8fdb1 tempest-VolumesListTestJSON-373284803 tempest-VolumesListTestJSON-373284803-project-member] Calling method 'detail' {{(pid=94332) _process_stack /opt/stack/cinder/cinder/api/openstack/wsgi.py:878}}
Aug 17 18:30:31 devstack devstack@c-api.service[94332]: DEBUG cinder.api.api_utils [None req-585e2167-6f3a-4262-9e70-66f414e8fdb1 tempest-VolumesListTestJSON-373284803 tempest-VolumesListTestJSON-373284803-project-member] Removing options '' from query. {{(pid=94332) remove_invalid_filter_options /opt/stack/cinder/cinder/api/api_utils.py:82}}
Aug 17 18:30:31 devstack devstack@c-api.service[94332]: DEBUG cinder.volume.api [None req-585e2167-6f3a-4262-9e70-66f414e8fdb1 tempest-VolumesListTestJSON-373284803 tempest-VolumesListTestJSON-373284803-project-member] Searching by: MultiDict([('no_migration_targets', True)]). {{(pid=94332) get_all /opt/stack/cinder/cinder/volume/api.py:664}}
Aug 17 18:30:31 devstack devstack@c-api.service[94332]: INFO cinder.volume.api [None req-585e2167-6f3a-4262-9e70-66f414e8fdb1 tempest-VolumesListTestJSON-373284803 tempest-VolumesListTestJSON-373284803-project-member] Get all volumes completed successfully.
Aug 17 18:30:31 devstack devstack@c-api.service[94332]: INFO cinder.api.openstack.wsgi [None req-585e2167-6f3a-4262-9e70-66f414e8fdb1 tempest-VolumesListTestJSON-373284803 tempest-VolumesListTestJSON-373284803-project-member] http://192.168.122.6/volume/v3/volumes/detail?limit=1&marker=09c8d995-b72f-4758-b50c-8f2234659162 returned with HTTP 200
Aug 17 18:30:31 devstack devstack@c-api.service[94332]: [pid: 94332|app: 0|req: 192/369] 192.168.122.6 () {58 vars in 1235 bytes} [Mon Aug 17 18:30:31 2026] GET /volume/v3/volumes/detail?limit=1&marker=09c8d995-b72f-4758-b50c-8f2234659162 => generated 15 bytes in 65 msecs (HTTP/1.1 200) 7 headers in 284 bytes (1 switches on core 0)
Aug 17 18:30:31 devstack devstack@c-api.service[94331]: DEBUG cinder.api.middleware.request_id [None req-4ec3e7b8-0cda-4e2c-acfe-d3664ef7d0d6 None None] RequestId filter calling following filter/app {{(pid=94331) _context_setter /opt/stack/cinder/cinder/api/middleware/request_id.py:62}}
Aug 17 18:30:31 devstack devstack@c-api.service[94331]: INFO cinder.api.openstack.wsgi [None req-4ec3e7b8-0cda-4e2c-acfe-d3664ef7d0d6 tempest-VolumesListTestJSON-373284803 tempest-VolumesListTestJSON-373284803-project-member] GET http://192.168.122.6/volume/v3/volumes/detail?limit=2&status=available&sort_dir=asc&sort_key=id
Aug 17 18:30:31 devstack devstack@c-api.service[94331]: DEBUG cinder.api.openstack.wsgi [None req-4ec3e7b8-0cda-4e2c-acfe-d3664ef7d0d6 tempest-VolumesListTestJSON-373284803 tempest-VolumesListTestJSON-373284803-project-member] Empty body provided in request {{(pid=94331) get_body /opt/stack/cinder/cinder/api/openstack/wsgi.py:725}}
Aug 17 18:30:31 devstack devstack@c-api.service[94331]: DEBUG cinder.api.openstack.wsgi [None req-4ec3e7b8-0cda-4e2c-acfe-d3664ef7d0d6 tempest-VolumesListTestJSON-373284803 tempest-VolumesListTestJSON-373284803-project-member] Calling method 'detail' {{(pid=94331) _process_stack /opt/stack/cinder/cinder/api/openstack/wsgi.py:878}}
Aug 17 18:30:31 devstack devstack@c-api.service[94331]: DEBUG cinder.api.api_utils [None req-4ec3e7b8-0cda-4e2c-acfe-d3664ef7d0d6 tempest-VolumesListTestJSON-373284803 tempest-VolumesListTestJSON-373284803-project-member] Removing options '' from query. {{(pid=94331) remove_invalid_filter_options /opt/stack/cinder/cinder/api/api_utils.py:82}}
Aug 17 18:30:31 devstack devstack@c-api.service[94331]: DEBUG cinder.volume.api [None req-4ec3e7b8-0cda-4e2c-acfe-d3664ef7d0d6 tempest-VolumesListTestJSON-373284803 tempest-VolumesListTestJSON-373284803-project-member] Could not evaluate value available, assuming string {{(pid=94331) check_volume_filters /opt/stack/cinder/cinder/volume/api.py:2371}}
Aug 17 18:30:31 devstack devstack@c-api.service[94331]: DEBUG cinder.volume.api [None req-4ec3e7b8-0cda-4e2c-acfe-d3664ef7d0d6 tempest-VolumesListTestJSON-373284803 tempest-VolumesListTestJSON-373284803-project-member] Searching by: MultiDict([('status', 'available'), ('no_migration_targets', True)]). {{(pid=94331) get_all /opt/stack/cinder/cinder/volume/api.py:664}}
Aug 17 18:30:31 devstack devstack@c-api.service[94331]: INFO cinder.volume.api [None req-4ec3e7b8-0cda-4e2c-acfe-d3664ef7d0d6 tempest-VolumesListTestJSON-373284803 tempest-VolumesListTestJSON-373284803-project-member] Get all volumes completed successfully.
Aug 17 18:30:31 devstack devstack@c-api.service[94331]: /opt/stack/data/venv/lib/python3.12/site-packages/oslo_context/context.py:102: DeprecationWarning: Policy enforcement is depending on the value of is_admin. This key is deprecated. Please update your policy file to use the standard policy values.
Aug 17 18:30:31 devstack devstack@c-api.service[94331]: warnings.warn(
Aug 17 18:30:31 devstack devstack@c-api.service[94331]: INFO cinder.api.openstack.wsgi [None req-4ec3e7b8-0cda-4e2c-acfe-d3664ef7d0d6 tempest-VolumesListTestJSON-373284803 tempest-VolumesListTestJSON-373284803-project-member] http://192.168.122.6/volume/v3/volumes/detail?limit=2&status=available&sort_dir=asc&sort_key=id returned with HTTP 200
Aug 17 18:30:31 devstack devstack@c-api.service[94331]: [pid: 94331|app: 0|req: 178/370] 192.168.122.6 () {58 vars in 1231 bytes} [Mon Aug 17 18:30:31 2026] GET /volume/v3/volumes/detail?limit=2&status=available&sort_dir=asc&sort_key=id => generated 1903 bytes in 152 msecs (HTTP/1.1 200) 7 headers in 286 bytes (1 switches on core 0)
Aug 17 18:30:31 devstack devstack@c-api.service[94332]: DEBUG cinder.api.middleware.request_id [None req-a26ba1bc-6e84-4935-aace-212228f1cd4d None None] RequestId filter calling following filter/app {{(pid=94332) _context_setter /opt/stack/cinder/cinder/api/middleware/request_id.py:62}}
Aug 17 18:30:31 devstack devstack@c-api.service[94332]: INFO cinder.api.openstack.wsgi [None req-a26ba1bc-6e84-4935-aace-212228f1cd4d tempest-VolumesListTestJSON-373284803 tempest-VolumesListTestJSON-373284803-project-member] GET http://192.168.122.6/volume/v3/volumes/detail?limit=2&status=available&sort_dir=desc&sort_key=id
Aug 17 18:30:31 devstack devstack@c-api.service[94332]: DEBUG cinder.api.openstack.wsgi [None req-a26ba1bc-6e84-4935-aace-212228f1cd4d tempest-VolumesListTestJSON-373284803 tempest-VolumesListTestJSON-373284803-project-member] Empty body provided in request {{(pid=94332) get_body /opt/stack/cinder/cinder/api/openstack/wsgi.py:725}}
Aug 17 18:30:31 devstack devstack@c-api.service[94332]: DEBUG cinder.api.openstack.wsgi [None req-a26ba1bc-6e84-4935-aace-212228f1cd4d tempest-VolumesListTestJSON-373284803 tempest-VolumesListTestJSON-373284803-project-member] Calling method 'detail' {{(pid=94332) _process_stack /opt/stack/cinder/cinder/api/openstack/wsgi.py:878}}
Aug 17 18:30:31 devstack devstack@c-api.service[94332]: DEBUG cinder.api.api_utils [None req-a26ba1bc-6e84-4935-aace-212228f1cd4d tempest-VolumesListTestJSON-373284803 tempest-VolumesListTestJSON-373284803-project-member] Removing options '' from query. {{(pid=94332) remove_invalid_filter_options /opt/stack/cinder/cinder/api/api_utils.py:82}}
Aug 17 18:30:31 devstack devstack@c-api.service[94332]: DEBUG cinder.volume.api [None req-a26ba1bc-6e84-4935-aace-212228f1cd4d tempest-VolumesListTestJSON-373284803 tempest-VolumesListTestJSON-373284803-project-member] Could not evaluate value available, assuming string {{(pid=94332) check_volume_filters /opt/stack/cinder/cinder/volume/api.py:2371}}
Aug 17 18:30:31 devstack devstack@c-api.service[94332]: DEBUG cinder.volume.api [None req-a26ba1bc-6e84-4935-aace-212228f1cd4d tempest-VolumesListTestJSON-373284803 tempest-VolumesListTestJSON-373284803-project-member] Searching by: MultiDict([('status', 'available'), ('no_migration_targets', True)]). {{(pid=94332) get_all /opt/stack/cinder/cinder/volume/api.py:664}}
Aug 17 18:30:31 devstack devstack@c-api.service[94332]: INFO cinder.volume.api [None req-a26ba1bc-6e84-4935-aace-212228f1cd4d tempest-VolumesListTestJSON-373284803 tempest-VolumesListTestJSON-373284803-project-member] Get all volumes completed successfully.
Aug 17 18:30:31 devstack devstack@c-api.service[94332]: /opt/stack/data/venv/lib/python3.12/site-packages/oslo_context/context.py:102: DeprecationWarning: Policy enforcement is depending on the value of is_admin. This key is deprecated. Please update your policy file to use the standard policy values.
Aug 17 18:30:31 devstack devstack@c-api.service[94332]: warnings.warn(
Aug 17 18:30:31 devstack devstack@c-api.service[94332]: INFO cinder.api.openstack.wsgi [None req-a26ba1bc-6e84-4935-aace-212228f1cd4d tempest-VolumesListTestJSON-373284803 tempest-VolumesListTestJSON-373284803-project-member] http://192.168.122.6/volume/v3/volumes/detail?limit=2&status=available&sort_dir=desc&sort_key=id returned with HTTP 200
Aug 17 18:30:31 devstack devstack@c-api.service[94332]: [pid: 94332|app: 0|req: 193/371] 192.168.122.6 () {58 vars in 1233 bytes} [Mon Aug 17 18:30:31 2026] GET /volume/v3/volumes/detail?limit=2&status=available&sort_dir=desc&sort_key=id => generated 1904 bytes in 208 msecs (HTTP/1.1 200) 7 headers in 286 bytes (1 switches on core 0)
Aug 17 18:30:31 devstack devstack@c-api.service[94331]: DEBUG cinder.api.middleware.request_id [None req-7ef31d81-ea2d-49d2-ae8a-5176d2c23d6e None None] RequestId filter calling following filter/app {{(pid=94331) _context_setter /opt/stack/cinder/cinder/api/middleware/request_id.py:62}}
Aug 17 18:30:31 devstack devstack@c-api.service[94331]: INFO cinder.api.openstack.wsgi [None req-7ef31d81-ea2d-49d2-ae8a-5176d2c23d6e tempest-VolumesListTestJSON-373284803 tempest-VolumesListTestJSON-373284803-project-member] GET http://192.168.122.6/volume/v3/volumes?limit=1
Aug 17 18:30:31 devstack devstack@c-api.service[94331]: DEBUG cinder.api.openstack.wsgi [None req-7ef31d81-ea2d-49d2-ae8a-5176d2c23d6e tempest-VolumesListTestJSON-373284803 tempest-VolumesListTestJSON-373284803-project-member] Empty body provided in request {{(pid=94331) get_body /opt/stack/cinder/cinder/api/openstack/wsgi.py:725}}
Aug 17 18:30:31 devstack devstack@c-api.service[94331]: DEBUG cinder.api.openstack.wsgi [None req-7ef31d81-ea2d-49d2-ae8a-5176d2c23d6e tempest-VolumesListTestJSON-373284803 tempest-VolumesListTestJSON-373284803-project-member] Calling method 'index' {{(pid=94331) _process_stack /opt/stack/cinder/cinder/api/openstack/wsgi.py:878}}
Aug 17 18:30:31 devstack devstack@c-api.service[94331]: DEBUG cinder.api.api_utils [None req-7ef31d81-ea2d-49d2-ae8a-5176d2c23d6e tempest-VolumesListTestJSON-373284803 tempest-VolumesListTestJSON-373284803-project-member] Removing options '' from query. {{(pid=94331) remove_invalid_filter_options /opt/stack/cinder/cinder/api/api_utils.py:82}}
Aug 17 18:30:31 devstack devstack@c-api.service[94331]: DEBUG cinder.volume.api [None req-7ef31d81-ea2d-49d2-ae8a-5176d2c23d6e tempest-VolumesListTestJSON-373284803 tempest-VolumesListTestJSON-373284803-project-member] Searching by: MultiDict([('no_migration_targets', True)]). {{(pid=94331) get_all /opt/stack/cinder/cinder/volume/api.py:664}}
Aug 17 18:30:31 devstack devstack@c-api.service[94331]: INFO cinder.volume.api [None req-7ef31d81-ea2d-49d2-ae8a-5176d2c23d6e tempest-VolumesListTestJSON-373284803 tempest-VolumesListTestJSON-373284803-project-member] Get all volumes completed successfully.
Aug 17 18:30:31 devstack devstack@c-api.service[94331]: INFO cinder.api.openstack.wsgi [None req-7ef31d81-ea2d-49d2-ae8a-5176d2c23d6e tempest-VolumesListTestJSON-373284803 tempest-VolumesListTestJSON-373284803-project-member] http://192.168.122.6/volume/v3/volumes?limit=1 returned with HTTP 200
Aug 17 18:30:31 devstack devstack@c-api.service[94331]: [pid: 94331|app: 0|req: 179/372] 192.168.122.6 () {58 vars in 1126 bytes} [Mon Aug 17 18:30:31 2026] GET /volume/v3/volumes?limit=1 => generated 476 bytes in 50 msecs (HTTP/1.1 200) 7 headers in 285 bytes (1 switches on core 0)
Aug 17 18:30:31 devstack devstack@c-api.service[94332]: DEBUG cinder.api.middleware.request_id [None req-782c7ad4-70b9-4f37-8427-cfc267e0c0e0 None None] RequestId filter calling following filter/app {{(pid=94332) _context_setter /opt/stack/cinder/cinder/api/middleware/request_id.py:62}}
Aug 17 18:30:31 devstack devstack@c-api.service[94332]: INFO cinder.api.openstack.wsgi [None req-782c7ad4-70b9-4f37-8427-cfc267e0c0e0 tempest-VolumesListTestJSON-373284803 tempest-VolumesListTestJSON-373284803-project-member] GET http://192.168.122.6/volume/v3/volumes?limit=1&marker=37261c20-bf79-4b1e-8df7-61f867d60c6c
Aug 17 18:30:31 devstack devstack@c-api.service[94332]: DEBUG cinder.api.openstack.wsgi [None req-782c7ad4-70b9-4f37-8427-cfc267e0c0e0 tempest-VolumesListTestJSON-373284803 tempest-VolumesListTestJSON-373284803-project-member] Empty body provided in request {{(pid=94332) get_body /opt/stack/cinder/cinder/api/openstack/wsgi.py:725}}
Aug 17 18:30:31 devstack devstack@c-api.service[94332]: DEBUG cinder.api.openstack.wsgi [None req-782c7ad4-70b9-4f37-8427-cfc267e0c0e0 tempest-VolumesListTestJSON-373284803 tempest-VolumesListTestJSON-373284803-project-member] Calling method 'index' {{(pid=94332) _process_stack /opt/stack/cinder/cinder/api/openstack/wsgi.py:878}}
Aug 17 18:30:31 devstack devstack@c-api.service[94332]: DEBUG cinder.api.api_utils [None req-782c7ad4-70b9-4f37-8427-cfc267e0c0e0 tempest-VolumesListTestJSON-373284803 tempest-VolumesListTestJSON-373284803-project-member] Removing options '' from query. {{(pid=94332) remove_invalid_filter_options /opt/stack/cinder/cinder/api/api_utils.py:82}}
Aug 17 18:30:31 devstack devstack@c-api.service[94332]: DEBUG cinder.volume.api [None req-782c7ad4-70b9-4f37-8427-cfc267e0c0e0 tempest-VolumesListTestJSON-373284803 tempest-VolumesListTestJSON-373284803-project-member] Searching by: MultiDict([('no_migration_targets', True)]). {{(pid=94332) get_all /opt/stack/cinder/cinder/volume/api.py:664}}
Aug 17 18:30:31 devstack devstack@c-api.service[94332]: INFO cinder.volume.api [None req-782c7ad4-70b9-4f37-8427-cfc267e0c0e0 tempest-VolumesListTestJSON-373284803 tempest-VolumesListTestJSON-373284803-project-member] Get all volumes completed successfully.
Aug 17 18:30:31 devstack devstack@c-api.service[94332]: INFO cinder.api.openstack.wsgi [None req-782c7ad4-70b9-4f37-8427-cfc267e0c0e0 tempest-VolumesListTestJSON-373284803 tempest-VolumesListTestJSON-373284803-project-member] http://192.168.122.6/volume/v3/volumes?limit=1&marker=37261c20-bf79-4b1e-8df7-61f867d60c6c returned with HTTP 200
Aug 17 18:30:31 devstack devstack@c-api.service[94332]: [pid: 94332|app: 0|req: 194/373] 192.168.122.6 () {58 vars in 1214 bytes} [Mon Aug 17 18:30:31 2026] GET /volume/v3/volumes?limit=1&marker=37261c20-bf79-4b1e-8df7-61f867d60c6c => generated 475 bytes in 43 msecs (HTTP/1.1 200) 7 headers in 285 bytes (1 switches on core 0)
Aug 17 18:30:31 devstack devstack@c-api.service[94331]: DEBUG cinder.api.middleware.request_id [None req-b88f9969-5ebd-4bcf-840e-3c628d56d98a None None] RequestId filter calling following filter/app {{(pid=94331) _context_setter /opt/stack/cinder/cinder/api/middleware/request_id.py:62}}
Aug 17 18:30:31 devstack devstack@c-api.service[94331]: INFO cinder.api.openstack.wsgi [None req-b88f9969-5ebd-4bcf-840e-3c628d56d98a tempest-VolumesListTestJSON-373284803 tempest-VolumesListTestJSON-373284803-project-member] GET http://192.168.122.6/volume/v3/volumes?limit=1&marker=54425abf-f6ef-4ddf-bb3d-20e337dba4e3
Aug 17 18:30:31 devstack devstack@c-api.service[94331]: DEBUG cinder.api.openstack.wsgi [None req-b88f9969-5ebd-4bcf-840e-3c628d56d98a tempest-VolumesListTestJSON-373284803 tempest-VolumesListTestJSON-373284803-project-member] Empty body provided in request {{(pid=94331) get_body /opt/stack/cinder/cinder/api/openstack/wsgi.py:725}}
Aug 17 18:30:31 devstack devstack@c-api.service[94331]: DEBUG cinder.api.openstack.wsgi [None req-b88f9969-5ebd-4bcf-840e-3c628d56d98a tempest-VolumesListTestJSON-373284803 tempest-VolumesListTestJSON-373284803-project-member] Calling method 'index' {{(pid=94331) _process_stack /opt/stack/cinder/cinder/api/openstack/wsgi.py:878}}
Aug 17 18:30:31 devstack devstack@c-api.service[94331]: DEBUG cinder.api.api_utils [None req-b88f9969-5ebd-4bcf-840e-3c628d56d98a tempest-VolumesListTestJSON-373284803 tempest-VolumesListTestJSON-373284803-project-member] Removing options '' from query. {{(pid=94331) remove_invalid_filter_options /opt/stack/cinder/cinder/api/api_utils.py:82}}
Aug 17 18:30:31 devstack devstack@c-api.service[94331]: /opt/stack/data/venv/lib/python3.12/site-packages/oslo_context/context.py:102: DeprecationWarning: Policy enforcement is depending on the value of is_admin. This key is deprecated. Please update your policy file to use the standard policy values.
Aug 17 18:30:31 devstack devstack@c-api.service[94331]: warnings.warn(
Aug 17 18:30:31 devstack devstack@c-api.service[94331]: DEBUG cinder.volume.api [None req-b88f9969-5ebd-4bcf-840e-3c628d56d98a tempest-VolumesListTestJSON-373284803 tempest-VolumesListTestJSON-373284803-project-member] Searching by: MultiDict([('no_migration_targets', True)]). {{(pid=94331) get_all /opt/stack/cinder/cinder/volume/api.py:664}}
Aug 17 18:30:31 devstack devstack@c-api.service[94331]: INFO cinder.volume.api [None req-b88f9969-5ebd-4bcf-840e-3c628d56d98a tempest-VolumesListTestJSON-373284803 tempest-VolumesListTestJSON-373284803-project-member] Get all volumes completed successfully.
Aug 17 18:30:31 devstack devstack@c-api.service[94331]: INFO cinder.api.openstack.wsgi [None req-b88f9969-5ebd-4bcf-840e-3c628d56d98a tempest-VolumesListTestJSON-373284803 tempest-VolumesListTestJSON-373284803-project-member] http://192.168.122.6/volume/v3/volumes?limit=1&marker=54425abf-f6ef-4ddf-bb3d-20e337dba4e3 returned with HTTP 200
Aug 17 18:30:31 devstack devstack@c-api.service[94331]: [pid: 94331|app: 0|req: 180/374] 192.168.122.6 () {58 vars in 1214 bytes} [Mon Aug 17 18:30:31 2026] GET /volume/v3/volumes?limit=1&marker=54425abf-f6ef-4ddf-bb3d-20e337dba4e3 => generated 475 bytes in 51 msecs (HTTP/1.1 200) 7 headers in 285 bytes (2 switches on core 0)
Aug 17 18:30:31 devstack devstack@c-api.service[94332]: DEBUG cinder.api.middleware.request_id [None req-6094f3c5-3c94-425f-8917-d948247dce3b None None] RequestId filter calling following filter/app {{(pid=94332) _context_setter /opt/stack/cinder/cinder/api/middleware/request_id.py:62}}
Aug 17 18:30:31 devstack devstack@c-api.service[94332]: INFO cinder.api.openstack.wsgi [None req-6094f3c5-3c94-425f-8917-d948247dce3b tempest-VolumesListTestJSON-373284803 tempest-VolumesListTestJSON-373284803-project-member] GET http://192.168.122.6/volume/v3/volumes?limit=1&marker=09c8d995-b72f-4758-b50c-8f2234659162
Aug 17 18:30:31 devstack devstack@c-api.service[94332]: DEBUG cinder.api.openstack.wsgi [None req-6094f3c5-3c94-425f-8917-d948247dce3b tempest-VolumesListTestJSON-373284803 tempest-VolumesListTestJSON-373284803-project-member] Empty body provided in request {{(pid=94332) get_body /opt/stack/cinder/cinder/api/openstack/wsgi.py:725}}
Aug 17 18:30:31 devstack devstack@c-api.service[94332]: DEBUG cinder.api.openstack.wsgi [None req-6094f3c5-3c94-425f-8917-d948247dce3b tempest-VolumesListTestJSON-373284803 tempest-VolumesListTestJSON-373284803-project-member] Calling method 'index' {{(pid=94332) _process_stack /opt/stack/cinder/cinder/api/openstack/wsgi.py:878}}
