Sep 01 08:15:51 devstack cinder-volume[86893]: DEBUG cinder.coordination [None req-7459458c-a476-4f03-9597-4af4bd1501a5 tempest-ServersNegativeTestJSON-990635982 None] Lock "cinder-quobyte-bc66fd2e-948c-4148-853f-8f3e7fed7e4e" acquired by "delete_volume" :: waited 0.027s {{(pid=86893) __acquire /opt/stack/cinder/cinder/coordination.py:141}}
Sep 01 08:15:51 devstack cinder-volume[86893]: DEBUG oslo.privsep.daemon [-] privsep: reply[949fecbd-84a9-4d53-b200-f1143def9239]: (4, 'qcow2') {{(pid=88145) _call_back /opt/stack/data/venv/lib/python3.12/site-packages/oslo_privsep/daemon.py:580}}
Sep 01 08:15:51 devstack cinder-volume[86893]: DEBUG oslo_concurrency.processutils [None req-7459458c-a476-4f03-9597-4af4bd1501a5 tempest-ServersNegativeTestJSON-990635982 None] Running cmd (subprocess): /opt/stack/data/venv/bin/python3.12 -m oslo_concurrency.prlimit --as=1073741824 --cpu=60 -- sudo cinder-rootwrap /etc/cinder/rootwrap.conf env LC_ALL=C qemu-img info -f qcow2 --output=json --force-share /opt/stack/data/cinder/mnt/2167e92d7f4711974f7eb614fbaf4f10/volume-bc66fd2e-948c-4148-853f-8f3e7fed7e4e {{(pid=86893) execute /opt/stack/data/venv/lib/python3.12/site-packages/oslo_concurrency/processutils.py:440}}
Sep 01 08:15:51 devstack cinder-volume[86893]: DEBUG cinder.coordination [None req-7490d9a0-3104-45ad-860d-526657ac8acb tempest-ServersNegativeTestJSON-990635982 None] Lock "cinder-fbc6bef3-51b9-4daf-803a-2d939d3d89f1-delete_volume" released by "delete_volume" :: held 2.028s {{(pid=86893) __release /opt/stack/cinder/cinder/coordination.py:152}}
Sep 01 08:15:51 devstack sudo[90183]: quobyte : PWD=/ ; USER=root ; COMMAND=/opt/stack/data/venv/bin/cinder-rootwrap /etc/cinder/rootwrap.conf env LC_ALL=C qemu-img info -f qcow2 --output=json --force-share /opt/stack/data/cinder/mnt/2167e92d7f4711974f7eb614fbaf4f10/volume-bc66fd2e-948c-4148-853f-8f3e7fed7e4e
Sep 01 08:15:51 devstack sudo[90183]: pam_unix(sudo:session): session opened for user root(uid=0) by (uid=1000)
Sep 01 08:15:51 devstack sudo[90181]: pam_unix(sudo:session): session closed for user root
Sep 01 08:15:51 devstack cinder-volume[86893]: DEBUG oslo_concurrency.processutils [None req-dbed7c62-3e35-46d5-9ae3-549ebc7dc024 tempest-VolumeQuotasNegativeTestJSON-1346403232 None] CMD "sudo cinder-rootwrap /etc/cinder/rootwrap.conf qemu-img create -f qcow2 -o preallocation=metadata /opt/stack/data/cinder/mnt/2167e92d7f4711974f7eb614fbaf4f10/volume-5f7fec58-8ccf-4703-9ff1-54f4341a03f3 1073741824" returned: 0 in 0.521s {{(pid=86893) execute /opt/stack/data/venv/lib/python3.12/site-packages/oslo_concurrency/processutils.py:468}}
Sep 01 08:15:51 devstack cinder-volume[86893]: DEBUG oslo_concurrency.processutils [None req-dbed7c62-3e35-46d5-9ae3-549ebc7dc024 tempest-VolumeQuotasNegativeTestJSON-1346403232 None] Running cmd (subprocess): sudo cinder-rootwrap /etc/cinder/rootwrap.conf chmod ugo+rw /opt/stack/data/cinder/mnt/2167e92d7f4711974f7eb614fbaf4f10/volume-5f7fec58-8ccf-4703-9ff1-54f4341a03f3 {{(pid=86893) execute /opt/stack/data/venv/lib/python3.12/site-packages/oslo_concurrency/processutils.py:440}}
Sep 01 08:15:51 devstack sudo[90190]: quobyte : PWD=/ ; USER=root ; COMMAND=/opt/stack/data/venv/bin/cinder-rootwrap /etc/cinder/rootwrap.conf chmod ugo+rw /opt/stack/data/cinder/mnt/2167e92d7f4711974f7eb614fbaf4f10/volume-5f7fec58-8ccf-4703-9ff1-54f4341a03f3
Sep 01 08:15:51 devstack sudo[90190]: pam_unix(sudo:session): session opened for user root(uid=0) by (uid=1000)
Sep 01 08:15:51 devstack sudo[90183]: pam_unix(sudo:session): session closed for user root
Sep 01 08:15:51 devstack cinder-volume[86893]: DEBUG oslo_concurrency.processutils [None req-7459458c-a476-4f03-9597-4af4bd1501a5 tempest-ServersNegativeTestJSON-990635982 None] CMD "/opt/stack/data/venv/bin/python3.12 -m oslo_concurrency.prlimit --as=1073741824 --cpu=60 -- sudo cinder-rootwrap /etc/cinder/rootwrap.conf env LC_ALL=C qemu-img info -f qcow2 --output=json --force-share /opt/stack/data/cinder/mnt/2167e92d7f4711974f7eb614fbaf4f10/volume-bc66fd2e-948c-4148-853f-8f3e7fed7e4e" returned: 0 in 0.468s {{(pid=86893) execute /opt/stack/data/venv/lib/python3.12/site-packages/oslo_concurrency/processutils.py:468}}
Sep 01 08:15:51 devstack cinder-volume[86893]: DEBUG oslo_concurrency.processutils [None req-7459458c-a476-4f03-9597-4af4bd1501a5 tempest-ServersNegativeTestJSON-990635982 None] Running cmd (subprocess): sudo cinder-rootwrap /etc/cinder/rootwrap.conf rm -f /opt/stack/data/cinder/mnt/2167e92d7f4711974f7eb614fbaf4f10/volume-bc66fd2e-948c-4148-853f-8f3e7fed7e4e {{(pid=86893) execute /opt/stack/data/venv/lib/python3.12/site-packages/oslo_concurrency/processutils.py:440}}
Sep 01 08:15:51 devstack sudo[90194]: quobyte : PWD=/ ; USER=root ; COMMAND=/opt/stack/data/venv/bin/cinder-rootwrap /etc/cinder/rootwrap.conf rm -f /opt/stack/data/cinder/mnt/2167e92d7f4711974f7eb614fbaf4f10/volume-bc66fd2e-948c-4148-853f-8f3e7fed7e4e
Sep 01 08:15:51 devstack sudo[90194]: pam_unix(sudo:session): session opened for user root(uid=0) by (uid=1000)
Sep 01 08:15:52 devstack sudo[90190]: pam_unix(sudo:session): session closed for user root
Sep 01 08:15:52 devstack cinder-volume[86893]: DEBUG oslo_concurrency.processutils [None req-dbed7c62-3e35-46d5-9ae3-549ebc7dc024 tempest-VolumeQuotasNegativeTestJSON-1346403232 None] CMD "sudo cinder-rootwrap /etc/cinder/rootwrap.conf chmod ugo+rw /opt/stack/data/cinder/mnt/2167e92d7f4711974f7eb614fbaf4f10/volume-5f7fec58-8ccf-4703-9ff1-54f4341a03f3" returned: 0 in 0.276s {{(pid=86893) execute /opt/stack/data/venv/lib/python3.12/site-packages/oslo_concurrency/processutils.py:468}}
Sep 01 08:15:52 devstack cinder-volume[86893]: DEBUG cinder.volume.drivers.quobyte [None req-dbed7c62-3e35-46d5-9ae3-549ebc7dc024 tempest-VolumeQuotasNegativeTestJSON-1346403232 None] <== create_volume: return (855ms) {'provider_location': 'osci02.corp.quobyte.com/cinder-vol-147bbe67-9a6f-493e-b3c9-8bd6d6b7d049'} {{(pid=86893) trace_logging_wrapper /opt/stack/cinder/cinder/volume/volume_utils.py:1522}}
Sep 01 08:15:52 devstack cinder-volume[86893]: DEBUG oslo_concurrency.lockutils [None req-dbed7c62-3e35-46d5-9ae3-549ebc7dc024 tempest-VolumeQuotasNegativeTestJSON-1346403232 None] Lock "quobyte" "released" by "cinder.volume.drivers.quobyte.QuobyteDriver.create_volume" :: held 0.859s {{(pid=86893) inner /opt/stack/data/venv/lib/python3.12/site-packages/oslo_concurrency/lockutils.py:544}}
Sep 01 08:15:52 devstack cinder-volume[86893]: DEBUG oslo_concurrency.lockutils [None req-8256c7d3-b1e9-4d94-a606-b4d47032f4eb tempest-GroupSnapshotsV319Test-1291919367 None] Lock "quobyte" acquired by "cinder.volume.drivers.quobyte.QuobyteDriver.create_snapshot" :: waited 0.686s {{(pid=86893) inner /opt/stack/data/venv/lib/python3.12/site-packages/oslo_concurrency/lockutils.py:525}}
Sep 01 08:15:52 devstack cinder-volume[86893]: DEBUG cinder.volume.manager [None req-dbed7c62-3e35-46d5-9ae3-549ebc7dc024 tempest-VolumeQuotasNegativeTestJSON-1346403232 None] Task 'cinder.volume.flows.manager.create_volume.CreateVolumeFromSpecTask;volume:create' (97e6125d-570b-4645-893e-f88379853960) transitioned into state 'SUCCESS' from state 'RUNNING' with result '{'status': 'creating', 'volume_name': 'volume-5f7fec58-8ccf-4703-9ff1-54f4341a03f3', 'volume_size': 1}' {{(pid=86893) _task_receiver /opt/stack/data/venv/lib/python3.12/site-packages/taskflow/listeners/logging.py:218}}
Sep 01 08:15:52 devstack cinder-volume[86893]: DEBUG cinder.volume.manager [None req-dbed7c62-3e35-46d5-9ae3-549ebc7dc024 tempest-VolumeQuotasNegativeTestJSON-1346403232 None] Task 'cinder.volume.flows.manager.create_volume.CreateVolumeOnFinishTask;volume:create, create.end' (edb14fed-daef-4cf0-9de9-d36d217b6ef2) transitioned into state 'RUNNING' from state 'PENDING' {{(pid=86893) _task_receiver /opt/stack/data/venv/lib/python3.12/site-packages/taskflow/listeners/logging.py:242}}
Sep 01 08:15:52 devstack cinder-volume[86893]: DEBUG cinder.volume.drivers.remotefs [None req-8256c7d3-b1e9-4d94-a606-b4d47032f4eb tempest-GroupSnapshotsV319Test-1291919367 None] Creating offline snapshot 9bbc45f5-09ea-4b26-9f52-8b1eaf4306eb of volume 2c4037ca-ef95-4819-b6ef-f9cf5a3a9057 {{(pid=86893) _create_snapshot /opt/stack/cinder/cinder/volume/drivers/remotefs.py:1816}}
Sep 01 08:15:52 devstack cinder-volume[86893]: INFO cinder.volume.flows.manager.create_volume [None req-dbed7c62-3e35-46d5-9ae3-549ebc7dc024 tempest-VolumeQuotasNegativeTestJSON-1346403232 None] Volume volume-5f7fec58-8ccf-4703-9ff1-54f4341a03f3 (5f7fec58-8ccf-4703-9ff1-54f4341a03f3): created successfully
Sep 01 08:15:52 devstack cinder-volume[86893]: DEBUG cinder.volume.manager [None req-dbed7c62-3e35-46d5-9ae3-549ebc7dc024 tempest-VolumeQuotasNegativeTestJSON-1346403232 None] Task 'cinder.volume.flows.manager.create_volume.CreateVolumeOnFinishTask;volume:create, create.end' (edb14fed-daef-4cf0-9de9-d36d217b6ef2) transitioned into state 'SUCCESS' from state 'RUNNING' with result 'None' {{(pid=86893) _task_receiver /opt/stack/data/venv/lib/python3.12/site-packages/taskflow/listeners/logging.py:218}}
Sep 01 08:15:52 devstack cinder-volume[86893]: DEBUG cinder.volume.manager [None req-dbed7c62-3e35-46d5-9ae3-549ebc7dc024 tempest-VolumeQuotasNegativeTestJSON-1346403232 None] Flow 'volume_create_manager' (7bcf2c6b-8133-4d11-b5ee-9ad902df32cc) transitioned into state 'SUCCESS' from state 'RUNNING' {{(pid=86893) _flow_receiver /opt/stack/data/venv/lib/python3.12/site-packages/taskflow/listeners/logging.py:160}}
Sep 01 08:15:52 devstack cinder-volume[86893]: DEBUG oslo.privsep.daemon [-] privsep: reply[fa9274a7-3652-49e7-aaf1-9c8aa0197863]: (4, 'qcow2') {{(pid=88145) _call_back /opt/stack/data/venv/lib/python3.12/site-packages/oslo_privsep/daemon.py:580}}
Sep 01 08:15:52 devstack cinder-volume[86893]: DEBUG oslo_concurrency.processutils [None req-8256c7d3-b1e9-4d94-a606-b4d47032f4eb tempest-GroupSnapshotsV319Test-1291919367 None] Running cmd (subprocess): /opt/stack/data/venv/bin/python3.12 -m oslo_concurrency.prlimit --as=1073741824 --cpu=60 -- sudo cinder-rootwrap /etc/cinder/rootwrap.conf env LC_ALL=C qemu-img info -f qcow2 --output=json --force-share /opt/stack/data/cinder/mnt/2167e92d7f4711974f7eb614fbaf4f10/volume-2c4037ca-ef95-4819-b6ef-f9cf5a3a9057 {{(pid=86893) execute /opt/stack/data/venv/lib/python3.12/site-packages/oslo_concurrency/processutils.py:440}}
Sep 01 08:15:52 devstack sudo[90194]: pam_unix(sudo:session): session closed for user root
Sep 01 08:15:52 devstack cinder-volume[86893]: DEBUG oslo_concurrency.processutils [None req-7459458c-a476-4f03-9597-4af4bd1501a5 tempest-ServersNegativeTestJSON-990635982 None] CMD "sudo cinder-rootwrap /etc/cinder/rootwrap.conf rm -f /opt/stack/data/cinder/mnt/2167e92d7f4711974f7eb614fbaf4f10/volume-bc66fd2e-948c-4148-853f-8f3e7fed7e4e" returned: 0 in 0.297s {{(pid=86893) execute /opt/stack/data/venv/lib/python3.12/site-packages/oslo_concurrency/processutils.py:468}}
Sep 01 08:15:52 devstack cinder-volume[86893]: INFO cinder.volume.manager [None req-dbed7c62-3e35-46d5-9ae3-549ebc7dc024 tempest-VolumeQuotasNegativeTestJSON-1346403232 None] Created volume successfully.
Sep 01 08:15:52 devstack cinder-volume[86893]: DEBUG cinder.coordination [None req-7459458c-a476-4f03-9597-4af4bd1501a5 tempest-ServersNegativeTestJSON-990635982 None] Lock "cinder-quobyte-bc66fd2e-948c-4148-853f-8f3e7fed7e4e" released by "delete_volume" :: held 0.817s {{(pid=86893) __release /opt/stack/cinder/cinder/coordination.py:152}}
Sep 01 08:15:52 devstack cinder-volume[86893]: DEBUG cinder.quota [None req-7459458c-a476-4f03-9597-4af4bd1501a5 tempest-ServersNegativeTestJSON-990635982 None] Created reservations ['b3c28d1f-8e14-4239-93d4-7949dec0c906', 'ec7eb26d-0269-4d24-9b1b-5316b4bac579', '3e455d46-3bef-4344-94d6-70dc5a28d55c', 'b22e3485-89c1-45d7-9025-abe05530b92c'] {{(pid=86893) reserve /opt/stack/cinder/cinder/quota.py:752}}
Sep 01 08:15:52 devstack sudo[90198]: quobyte : PWD=/ ; USER=root ; COMMAND=/opt/stack/data/venv/bin/cinder-rootwrap /etc/cinder/rootwrap.conf env LC_ALL=C qemu-img info -f qcow2 --output=json --force-share /opt/stack/data/cinder/mnt/2167e92d7f4711974f7eb614fbaf4f10/volume-2c4037ca-ef95-4819-b6ef-f9cf5a3a9057
Sep 01 08:15:52 devstack sudo[90198]: pam_unix(sudo:session): session opened for user root(uid=0) by (uid=1000)
Sep 01 08:15:52 devstack cinder-volume[86893]: DEBUG oslo_concurrency.lockutils [None req-7459458c-a476-4f03-9597-4af4bd1501a5 tempest-ServersNegativeTestJSON-990635982 None] Acquiring lock "quobyte_ensure" by "cinder.volume.drivers.quobyte.QuobyteDriver._ensure_shares_mounted" {{(pid=86893) inner /opt/stack/data/venv/lib/python3.12/site-packages/oslo_concurrency/lockutils.py:512}}
Sep 01 08:15:52 devstack cinder-volume[86893]: DEBUG oslo_concurrency.lockutils [None req-7459458c-a476-4f03-9597-4af4bd1501a5 tempest-ServersNegativeTestJSON-990635982 None] Lock "quobyte_ensure" acquired by "cinder.volume.drivers.quobyte.QuobyteDriver._ensure_shares_mounted" :: waited 0.001s {{(pid=86893) inner /opt/stack/data/venv/lib/python3.12/site-packages/oslo_concurrency/lockutils.py:525}}
Sep 01 08:15:52 devstack cinder-volume[86893]: DEBUG cinder.volume.drivers.quobyte [None req-7459458c-a476-4f03-9597-4af4bd1501a5 tempest-ServersNegativeTestJSON-990635982 None] Quobyte Volume URL set to: {'osci02.corp.quobyte.com/cinder-vol-147bbe67-9a6f-493e-b3c9-8bd6d6b7d049': None} {{(pid=86893) _load_shares_config /opt/stack/cinder/cinder/volume/drivers/quobyte.py:662}}
Sep 01 08:15:52 devstack cinder-volume[86893]: DEBUG cinder.volume.drivers.quobyte [None req-7459458c-a476-4f03-9597-4af4bd1501a5 tempest-ServersNegativeTestJSON-990635982 None] Available shares ['osci02.corp.quobyte.com/cinder-vol-147bbe67-9a6f-493e-b3c9-8bd6d6b7d049'] {{(pid=86893) _ensure_shares_mounted /opt/stack/cinder/cinder/volume/drivers/quobyte.py:692}}
Sep 01 08:15:52 devstack cinder-volume[86893]: DEBUG oslo_concurrency.lockutils [None req-7459458c-a476-4f03-9597-4af4bd1501a5 tempest-ServersNegativeTestJSON-990635982 None] Lock "quobyte_ensure" "released" by "cinder.volume.drivers.quobyte.QuobyteDriver._ensure_shares_mounted" :: held 0.017s {{(pid=86893) inner /opt/stack/data/venv/lib/python3.12/site-packages/oslo_concurrency/lockutils.py:544}}
Sep 01 08:15:52 devstack cinder-volume[86893]: DEBUG oslo_concurrency.processutils [None req-7459458c-a476-4f03-9597-4af4bd1501a5 tempest-ServersNegativeTestJSON-990635982 None] Running cmd (subprocess): sudo cinder-rootwrap /etc/cinder/rootwrap.conf df --portability --block-size 1 /opt/stack/data/cinder/mnt/2167e92d7f4711974f7eb614fbaf4f10 {{(pid=86893) execute /opt/stack/data/venv/lib/python3.12/site-packages/oslo_concurrency/processutils.py:440}}
Sep 01 08:15:52 devstack sudo[90202]: quobyte : PWD=/ ; USER=root ; COMMAND=/opt/stack/data/venv/bin/cinder-rootwrap /etc/cinder/rootwrap.conf df --portability --block-size 1 /opt/stack/data/cinder/mnt/2167e92d7f4711974f7eb614fbaf4f10
Sep 01 08:15:52 devstack sudo[90202]: pam_unix(sudo:session): session opened for user root(uid=0) by (uid=1000)
Sep 01 08:15:52 devstack sudo[90202]: pam_unix(sudo:session): session closed for user root
Sep 01 08:15:52 devstack cinder-volume[86893]: DEBUG oslo_concurrency.processutils [None req-7459458c-a476-4f03-9597-4af4bd1501a5 tempest-ServersNegativeTestJSON-990635982 None] CMD "sudo cinder-rootwrap /etc/cinder/rootwrap.conf df --portability --block-size 1 /opt/stack/data/cinder/mnt/2167e92d7f4711974f7eb614fbaf4f10" returned: 0 in 0.279s {{(pid=86893) execute /opt/stack/data/venv/lib/python3.12/site-packages/oslo_concurrency/processutils.py:468}}
Sep 01 08:15:52 devstack cinder-volume[86893]: DEBUG cinder.manager [None req-7459458c-a476-4f03-9597-4af4bd1501a5 tempest-ServersNegativeTestJSON-990635982 None] Notifying Schedulers of capabilities ... {{(pid=86893) _publish_service_capabilities /opt/stack/cinder/cinder/manager.py:219}}
Sep 01 08:15:52 devstack sudo[90198]: pam_unix(sudo:session): session closed for user root
Sep 01 08:15:52 devstack cinder-volume[86893]: INFO cinder.volume.manager [None req-7459458c-a476-4f03-9597-4af4bd1501a5 tempest-ServersNegativeTestJSON-990635982 None] Deleted volume successfully.
Sep 01 08:15:52 devstack cinder-volume[86893]: DEBUG oslo_concurrency.processutils [None req-8256c7d3-b1e9-4d94-a606-b4d47032f4eb tempest-GroupSnapshotsV319Test-1291919367 None] CMD "/opt/stack/data/venv/bin/python3.12 -m oslo_concurrency.prlimit --as=1073741824 --cpu=60 -- sudo cinder-rootwrap /etc/cinder/rootwrap.conf env LC_ALL=C qemu-img info -f qcow2 --output=json --force-share /opt/stack/data/cinder/mnt/2167e92d7f4711974f7eb614fbaf4f10/volume-2c4037ca-ef95-4819-b6ef-f9cf5a3a9057" returned: 0 in 0.485s {{(pid=86893) execute /opt/stack/data/venv/lib/python3.12/site-packages/oslo_concurrency/processutils.py:468}}
Sep 01 08:15:52 devstack cinder-volume[86893]: DEBUG oslo_concurrency.processutils [None req-8256c7d3-b1e9-4d94-a606-b4d47032f4eb tempest-GroupSnapshotsV319Test-1291919367 None] Running cmd (subprocess): sudo cinder-rootwrap /etc/cinder/rootwrap.conf qemu-img create -f qcow2 -o backing_file=/opt/stack/data/cinder/mnt/2167e92d7f4711974f7eb614fbaf4f10/volume-2c4037ca-ef95-4819-b6ef-f9cf5a3a9057,backing_fmt=qcow2 /opt/stack/data/cinder/mnt/2167e92d7f4711974f7eb614fbaf4f10/volume-2c4037ca-ef95-4819-b6ef-f9cf5a3a9057.9bbc45f5-09ea-4b26-9f52-8b1eaf4306eb 1G {{(pid=86893) execute /opt/stack/data/venv/lib/python3.12/site-packages/oslo_concurrency/processutils.py:440}}
Sep 01 08:15:52 devstack sudo[90208]: quobyte : PWD=/ ; USER=root ; COMMAND=/opt/stack/data/venv/bin/cinder-rootwrap /etc/cinder/rootwrap.conf qemu-img create -f qcow2 -o backing_file=/opt/stack/data/cinder/mnt/2167e92d7f4711974f7eb614fbaf4f10/volume-2c4037ca-ef95-4819-b6ef-f9cf5a3a9057,backing_fmt=qcow2 /opt/stack/data/cinder/mnt/2167e92d7f4711974f7eb614fbaf4f10/volume-2c4037ca-ef95-4819-b6ef-f9cf5a3a9057.9bbc45f5-09ea-4b26-9f52-8b1eaf4306eb 1G
Sep 01 08:15:52 devstack sudo[90208]: pam_unix(sudo:session): session opened for user root(uid=0) by (uid=1000)
Sep 01 08:15:52 devstack cinder-volume[86893]: DEBUG cinder.coordination [None req-7459458c-a476-4f03-9597-4af4bd1501a5 tempest-ServersNegativeTestJSON-990635982 None] Lock "cinder-bc66fd2e-948c-4148-853f-8f3e7fed7e4e-delete_volume" released by "delete_volume" :: held 1.718s {{(pid=86893) __release /opt/stack/cinder/cinder/coordination.py:152}}
Sep 01 08:15:53 devstack sudo[90208]: pam_unix(sudo:session): session closed for user root
Sep 01 08:15:53 devstack cinder-volume[86893]: DEBUG oslo_concurrency.processutils [None req-8256c7d3-b1e9-4d94-a606-b4d47032f4eb tempest-GroupSnapshotsV319Test-1291919367 None] CMD "sudo cinder-rootwrap /etc/cinder/rootwrap.conf qemu-img create -f qcow2 -o backing_file=/opt/stack/data/cinder/mnt/2167e92d7f4711974f7eb614fbaf4f10/volume-2c4037ca-ef95-4819-b6ef-f9cf5a3a9057,backing_fmt=qcow2 /opt/stack/data/cinder/mnt/2167e92d7f4711974f7eb614fbaf4f10/volume-2c4037ca-ef95-4819-b6ef-f9cf5a3a9057.9bbc45f5-09ea-4b26-9f52-8b1eaf4306eb 1G" returned: 0 in 0.628s {{(pid=86893) execute /opt/stack/data/venv/lib/python3.12/site-packages/oslo_concurrency/processutils.py:468}}
Sep 01 08:15:53 devstack cinder-volume[86893]: DEBUG oslo_concurrency.processutils [None req-8256c7d3-b1e9-4d94-a606-b4d47032f4eb tempest-GroupSnapshotsV319Test-1291919367 None] Running cmd (subprocess): sudo cinder-rootwrap /etc/cinder/rootwrap.conf qemu-img rebase -u -b volume-2c4037ca-ef95-4819-b6ef-f9cf5a3a9057 -F qcow2 /opt/stack/data/cinder/mnt/2167e92d7f4711974f7eb614fbaf4f10/volume-2c4037ca-ef95-4819-b6ef-f9cf5a3a9057.9bbc45f5-09ea-4b26-9f52-8b1eaf4306eb {{(pid=86893) execute /opt/stack/data/venv/lib/python3.12/site-packages/oslo_concurrency/processutils.py:440}}
Sep 01 08:15:53 devstack sudo[90238]: quobyte : PWD=/ ; USER=root ; COMMAND=/opt/stack/data/venv/bin/cinder-rootwrap /etc/cinder/rootwrap.conf qemu-img rebase -u -b volume-2c4037ca-ef95-4819-b6ef-f9cf5a3a9057 -F qcow2 /opt/stack/data/cinder/mnt/2167e92d7f4711974f7eb614fbaf4f10/volume-2c4037ca-ef95-4819-b6ef-f9cf5a3a9057.9bbc45f5-09ea-4b26-9f52-8b1eaf4306eb
Sep 01 08:15:53 devstack sudo[90238]: pam_unix(sudo:session): session opened for user root(uid=0) by (uid=1000)
Sep 01 08:15:53 devstack sudo[90238]: pam_unix(sudo:session): session closed for user root
Sep 01 08:15:53 devstack cinder-volume[86893]: DEBUG oslo_concurrency.processutils [None req-8256c7d3-b1e9-4d94-a606-b4d47032f4eb tempest-GroupSnapshotsV319Test-1291919367 None] CMD "sudo cinder-rootwrap /etc/cinder/rootwrap.conf qemu-img rebase -u -b volume-2c4037ca-ef95-4819-b6ef-f9cf5a3a9057 -F qcow2 /opt/stack/data/cinder/mnt/2167e92d7f4711974f7eb614fbaf4f10/volume-2c4037ca-ef95-4819-b6ef-f9cf5a3a9057.9bbc45f5-09ea-4b26-9f52-8b1eaf4306eb" returned: 0 in 0.558s {{(pid=86893) execute /opt/stack/data/venv/lib/python3.12/site-packages/oslo_concurrency/processutils.py:468}}
Sep 01 08:15:53 devstack cinder-volume[86893]: WARNING cinder.volume.drivers.remotefs [None req-8256c7d3-b1e9-4d94-a606-b4d47032f4eb tempest-GroupSnapshotsV319Test-1291919367 None] /opt/stack/data/cinder/mnt/2167e92d7f4711974f7eb614fbaf4f10/volume-2c4037ca-ef95-4819-b6ef-f9cf5a3a9057.9bbc45f5-09ea-4b26-9f52-8b1eaf4306eb is being set with open permissions: ugo+rw: NotImplementedError
Sep 01 08:15:53 devstack cinder-volume[86893]: DEBUG oslo_concurrency.processutils [None req-8256c7d3-b1e9-4d94-a606-b4d47032f4eb tempest-GroupSnapshotsV319Test-1291919367 None] Running cmd (subprocess): sudo cinder-rootwrap /etc/cinder/rootwrap.conf chmod ugo+rw /opt/stack/data/cinder/mnt/2167e92d7f4711974f7eb614fbaf4f10/volume-2c4037ca-ef95-4819-b6ef-f9cf5a3a9057.9bbc45f5-09ea-4b26-9f52-8b1eaf4306eb {{(pid=86893) execute /opt/stack/data/venv/lib/python3.12/site-packages/oslo_concurrency/processutils.py:440}}
Sep 01 08:15:53 devstack sudo[90262]: quobyte : PWD=/ ; USER=root ; COMMAND=/opt/stack/data/venv/bin/cinder-rootwrap /etc/cinder/rootwrap.conf chmod ugo+rw /opt/stack/data/cinder/mnt/2167e92d7f4711974f7eb614fbaf4f10/volume-2c4037ca-ef95-4819-b6ef-f9cf5a3a9057.9bbc45f5-09ea-4b26-9f52-8b1eaf4306eb
Sep 01 08:15:53 devstack sudo[90262]: pam_unix(sudo:session): session opened for user root(uid=0) by (uid=1000)
Sep 01 08:15:54 devstack sudo[90262]: pam_unix(sudo:session): session closed for user root
Sep 01 08:15:54 devstack cinder-volume[86893]: DEBUG oslo_concurrency.processutils [None req-8256c7d3-b1e9-4d94-a606-b4d47032f4eb tempest-GroupSnapshotsV319Test-1291919367 None] CMD "sudo cinder-rootwrap /etc/cinder/rootwrap.conf chmod ugo+rw /opt/stack/data/cinder/mnt/2167e92d7f4711974f7eb614fbaf4f10/volume-2c4037ca-ef95-4819-b6ef-f9cf5a3a9057.9bbc45f5-09ea-4b26-9f52-8b1eaf4306eb" returned: 0 in 0.644s {{(pid=86893) execute /opt/stack/data/venv/lib/python3.12/site-packages/oslo_concurrency/processutils.py:468}}
Sep 01 08:15:54 devstack cinder-volume[86893]: DEBUG oslo_concurrency.processutils [None req-8256c7d3-b1e9-4d94-a606-b4d47032f4eb tempest-GroupSnapshotsV319Test-1291919367 None] Running cmd (subprocess): sudo cinder-rootwrap /etc/cinder/rootwrap.conf truncate -s0 /opt/stack/data/cinder/mnt/2167e92d7f4711974f7eb614fbaf4f10/volume-2c4037ca-ef95-4819-b6ef-f9cf5a3a9057.info {{(pid=86893) execute /opt/stack/data/venv/lib/python3.12/site-packages/oslo_concurrency/processutils.py:440}}
Sep 01 08:15:54 devstack sudo[90284]: quobyte : PWD=/ ; USER=root ; COMMAND=/opt/stack/data/venv/bin/cinder-rootwrap /etc/cinder/rootwrap.conf truncate -s0 /opt/stack/data/cinder/mnt/2167e92d7f4711974f7eb614fbaf4f10/volume-2c4037ca-ef95-4819-b6ef-f9cf5a3a9057.info
Sep 01 08:15:54 devstack sudo[90284]: pam_unix(sudo:session): session opened for user root(uid=0) by (uid=1000)
Sep 01 08:15:54 devstack sudo[90284]: pam_unix(sudo:session): session closed for user root
Sep 01 08:15:54 devstack cinder-volume[86893]: DEBUG oslo_concurrency.processutils [None req-8256c7d3-b1e9-4d94-a606-b4d47032f4eb tempest-GroupSnapshotsV319Test-1291919367 None] CMD "sudo cinder-rootwrap /etc/cinder/rootwrap.conf truncate -s0 /opt/stack/data/cinder/mnt/2167e92d7f4711974f7eb614fbaf4f10/volume-2c4037ca-ef95-4819-b6ef-f9cf5a3a9057.info" returned: 0 in 0.362s {{(pid=86893) execute /opt/stack/data/venv/lib/python3.12/site-packages/oslo_concurrency/processutils.py:468}}
Sep 01 08:15:54 devstack cinder-volume[86893]: WARNING cinder.volume.drivers.remotefs [None req-8256c7d3-b1e9-4d94-a606-b4d47032f4eb tempest-GroupSnapshotsV319Test-1291919367 None] /opt/stack/data/cinder/mnt/2167e92d7f4711974f7eb614fbaf4f10/volume-2c4037ca-ef95-4819-b6ef-f9cf5a3a9057.info is being set with open permissions: ugo+rw: NotImplementedError
Sep 01 08:15:54 devstack cinder-volume[86893]: DEBUG oslo_concurrency.processutils [None req-8256c7d3-b1e9-4d94-a606-b4d47032f4eb tempest-GroupSnapshotsV319Test-1291919367 None] Running cmd (subprocess): sudo cinder-rootwrap /etc/cinder/rootwrap.conf chmod ugo+rw /opt/stack/data/cinder/mnt/2167e92d7f4711974f7eb614fbaf4f10/volume-2c4037ca-ef95-4819-b6ef-f9cf5a3a9057.info {{(pid=86893) execute /opt/stack/data/venv/lib/python3.12/site-packages/oslo_concurrency/processutils.py:440}}
Sep 01 08:15:55 devstack sudo[90291]: quobyte : PWD=/ ; USER=root ; COMMAND=/opt/stack/data/venv/bin/cinder-rootwrap /etc/cinder/rootwrap.conf chmod ugo+rw /opt/stack/data/cinder/mnt/2167e92d7f4711974f7eb614fbaf4f10/volume-2c4037ca-ef95-4819-b6ef-f9cf5a3a9057.info
Sep 01 08:15:55 devstack sudo[90291]: pam_unix(sudo:session): session opened for user root(uid=0) by (uid=1000)
Sep 01 08:15:55 devstack sudo[90291]: pam_unix(sudo:session): session closed for user root
Sep 01 08:15:55 devstack cinder-volume[86893]: DEBUG oslo_concurrency.processutils [None req-8256c7d3-b1e9-4d94-a606-b4d47032f4eb tempest-GroupSnapshotsV319Test-1291919367 None] CMD "sudo cinder-rootwrap /etc/cinder/rootwrap.conf chmod ugo+rw /opt/stack/data/cinder/mnt/2167e92d7f4711974f7eb614fbaf4f10/volume-2c4037ca-ef95-4819-b6ef-f9cf5a3a9057.info" returned: 0 in 0.670s {{(pid=86893) execute /opt/stack/data/venv/lib/python3.12/site-packages/oslo_concurrency/processutils.py:468}}
Sep 01 08:15:55 devstack cinder-volume[86893]: DEBUG oslo_concurrency.lockutils [None req-8256c7d3-b1e9-4d94-a606-b4d47032f4eb tempest-GroupSnapshotsV319Test-1291919367 None] Lock "quobyte" "released" by "cinder.volume.drivers.quobyte.QuobyteDriver.create_snapshot" :: held 3.600s {{(pid=86893) inner /opt/stack/data/venv/lib/python3.12/site-packages/oslo_concurrency/lockutils.py:544}}
Sep 01 08:15:55 devstack cinder-volume[86893]: DEBUG cinder.coordination [None req-de173092-4b75-428c-963d-1ee605aa95be tempest-VolumeQuotasNegativeTestJSON-1346403232 None] Acquiring lock "cinder-5f7fec58-8ccf-4703-9ff1-54f4341a03f3-delete_volume" by "delete_volume" {{(pid=86893) __acquire /opt/stack/cinder/cinder/coordination.py:138}}
Sep 01 08:15:55 devstack cinder-volume[86893]: DEBUG cinder.coordination [None req-de173092-4b75-428c-963d-1ee605aa95be tempest-VolumeQuotasNegativeTestJSON-1346403232 None] Lock "cinder-5f7fec58-8ccf-4703-9ff1-54f4341a03f3-delete_volume" acquired by "delete_volume" :: waited 0.093s {{(pid=86893) __acquire /opt/stack/cinder/cinder/coordination.py:141}}
Sep 01 08:15:55 devstack cinder-volume[86893]: DEBUG cinder.coordination [None req-de173092-4b75-428c-963d-1ee605aa95be tempest-VolumeQuotasNegativeTestJSON-1346403232 None] Acquiring lock "cinder-quobyte-5f7fec58-8ccf-4703-9ff1-54f4341a03f3" by "delete_volume" {{(pid=86893) __acquire /opt/stack/cinder/cinder/coordination.py:138}}
Sep 01 08:15:55 devstack cinder-volume[86893]: DEBUG cinder.coordination [None req-de173092-4b75-428c-963d-1ee605aa95be tempest-VolumeQuotasNegativeTestJSON-1346403232 None] Lock "cinder-quobyte-5f7fec58-8ccf-4703-9ff1-54f4341a03f3" acquired by "delete_volume" :: waited 0.030s {{(pid=86893) __acquire /opt/stack/cinder/cinder/coordination.py:141}}
Sep 01 08:15:55 devstack cinder-volume[86893]: INFO cinder.volume.manager [None req-8256c7d3-b1e9-4d94-a606-b4d47032f4eb tempest-GroupSnapshotsV319Test-1291919367 None] group_snapshot 51fe37a5-71da-4f1c-a056-4fd89adff42c: created successfully
Sep 01 08:15:55 devstack cinder-volume[86893]: DEBUG oslo.privsep.daemon [-] privsep: reply[54f9fccc-eeaf-4075-a8ed-fc528df0d189]: (4, 'qcow2') {{(pid=88145) _call_back /opt/stack/data/venv/lib/python3.12/site-packages/oslo_privsep/daemon.py:580}}
Sep 01 08:15:55 devstack cinder-volume[86893]: DEBUG oslo_concurrency.processutils [None req-de173092-4b75-428c-963d-1ee605aa95be tempest-VolumeQuotasNegativeTestJSON-1346403232 None] Running cmd (subprocess): /opt/stack/data/venv/bin/python3.12 -m oslo_concurrency.prlimit --as=1073741824 --cpu=60 -- sudo cinder-rootwrap /etc/cinder/rootwrap.conf env LC_ALL=C qemu-img info -f qcow2 --output=json --force-share /opt/stack/data/cinder/mnt/2167e92d7f4711974f7eb614fbaf4f10/volume-5f7fec58-8ccf-4703-9ff1-54f4341a03f3 {{(pid=86893) execute /opt/stack/data/venv/lib/python3.12/site-packages/oslo_concurrency/processutils.py:440}}
Sep 01 08:15:56 devstack sudo[90297]: quobyte : PWD=/ ; USER=root ; COMMAND=/opt/stack/data/venv/bin/cinder-rootwrap /etc/cinder/rootwrap.conf env LC_ALL=C qemu-img info -f qcow2 --output=json --force-share /opt/stack/data/cinder/mnt/2167e92d7f4711974f7eb614fbaf4f10/volume-5f7fec58-8ccf-4703-9ff1-54f4341a03f3
Sep 01 08:15:56 devstack sudo[90297]: pam_unix(sudo:session): session opened for user root(uid=0) by (uid=1000)
Sep 01 08:15:56 devstack sudo[90297]: pam_unix(sudo:session): session closed for user root
Sep 01 08:15:56 devstack cinder-volume[86893]: DEBUG oslo_concurrency.processutils [None req-de173092-4b75-428c-963d-1ee605aa95be tempest-VolumeQuotasNegativeTestJSON-1346403232 None] CMD "/opt/stack/data/venv/bin/python3.12 -m oslo_concurrency.prlimit --as=1073741824 --cpu=60 -- sudo cinder-rootwrap /etc/cinder/rootwrap.conf env LC_ALL=C qemu-img info -f qcow2 --output=json --force-share /opt/stack/data/cinder/mnt/2167e92d7f4711974f7eb614fbaf4f10/volume-5f7fec58-8ccf-4703-9ff1-54f4341a03f3" returned: 0 in 0.490s {{(pid=86893) execute /opt/stack/data/venv/lib/python3.12/site-packages/oslo_concurrency/processutils.py:468}}
Sep 01 08:15:56 devstack cinder-volume[86893]: DEBUG oslo_concurrency.processutils [None req-de173092-4b75-428c-963d-1ee605aa95be tempest-VolumeQuotasNegativeTestJSON-1346403232 None] Running cmd (subprocess): sudo cinder-rootwrap /etc/cinder/rootwrap.conf rm -f /opt/stack/data/cinder/mnt/2167e92d7f4711974f7eb614fbaf4f10/volume-5f7fec58-8ccf-4703-9ff1-54f4341a03f3 {{(pid=86893) execute /opt/stack/data/venv/lib/python3.12/site-packages/oslo_concurrency/processutils.py:440}}
Sep 01 08:15:56 devstack sudo[90302]: quobyte : PWD=/ ; USER=root ; COMMAND=/opt/stack/data/venv/bin/cinder-rootwrap /etc/cinder/rootwrap.conf rm -f /opt/stack/data/cinder/mnt/2167e92d7f4711974f7eb614fbaf4f10/volume-5f7fec58-8ccf-4703-9ff1-54f4341a03f3
Sep 01 08:15:56 devstack sudo[90302]: pam_unix(sudo:session): session opened for user root(uid=0) by (uid=1000)
Sep 01 08:15:56 devstack sudo[90302]: pam_unix(sudo:session): session closed for user root
Sep 01 08:15:56 devstack cinder-volume[86893]: DEBUG oslo_concurrency.processutils [None req-de173092-4b75-428c-963d-1ee605aa95be tempest-VolumeQuotasNegativeTestJSON-1346403232 None] CMD "sudo cinder-rootwrap /etc/cinder/rootwrap.conf rm -f /opt/stack/data/cinder/mnt/2167e92d7f4711974f7eb614fbaf4f10/volume-5f7fec58-8ccf-4703-9ff1-54f4341a03f3" returned: 0 in 0.524s {{(pid=86893) execute /opt/stack/data/venv/lib/python3.12/site-packages/oslo_concurrency/processutils.py:468}}
Sep 01 08:15:57 devstack cinder-volume[86893]: DEBUG cinder.coordination [None req-de173092-4b75-428c-963d-1ee605aa95be tempest-VolumeQuotasNegativeTestJSON-1346403232 None] Lock "cinder-quobyte-5f7fec58-8ccf-4703-9ff1-54f4341a03f3" released by "delete_volume" :: held 1.121s {{(pid=86893) __release /opt/stack/cinder/cinder/coordination.py:152}}
Sep 01 08:15:57 devstack cinder-volume[86893]: DEBUG cinder.quota [None req-de173092-4b75-428c-963d-1ee605aa95be tempest-VolumeQuotasNegativeTestJSON-1346403232 None] Created reservations ['6e752239-42b8-4e44-b299-211c884a74e0', '1c4892fe-77d0-4df0-ae0f-811c28b64927', '5f4c593c-f267-4410-99d1-50a4e43874d6', '2cb7ca7b-0d2c-4928-ab8b-fdf67bcd1596'] {{(pid=86893) reserve /opt/stack/cinder/cinder/quota.py:752}}
Sep 01 08:15:57 devstack cinder-volume[86893]: DEBUG oslo_concurrency.lockutils [None req-de173092-4b75-428c-963d-1ee605aa95be tempest-VolumeQuotasNegativeTestJSON-1346403232 None] Acquiring lock "quobyte_ensure" by "cinder.volume.drivers.quobyte.QuobyteDriver._ensure_shares_mounted" {{(pid=86893) inner /opt/stack/data/venv/lib/python3.12/site-packages/oslo_concurrency/lockutils.py:512}}
Sep 01 08:15:57 devstack cinder-volume[86893]: DEBUG oslo_concurrency.lockutils [None req-de173092-4b75-428c-963d-1ee605aa95be tempest-VolumeQuotasNegativeTestJSON-1346403232 None] Lock "quobyte_ensure" acquired by "cinder.volume.drivers.quobyte.QuobyteDriver._ensure_shares_mounted" :: waited 0.003s {{(pid=86893) inner /opt/stack/data/venv/lib/python3.12/site-packages/oslo_concurrency/lockutils.py:525}}
Sep 01 08:15:57 devstack cinder-volume[86893]: DEBUG cinder.volume.drivers.quobyte [None req-de173092-4b75-428c-963d-1ee605aa95be tempest-VolumeQuotasNegativeTestJSON-1346403232 None] Quobyte Volume URL set to: {'osci02.corp.quobyte.com/cinder-vol-147bbe67-9a6f-493e-b3c9-8bd6d6b7d049': None} {{(pid=86893) _load_shares_config /opt/stack/cinder/cinder/volume/drivers/quobyte.py:662}}
Sep 01 08:15:57 devstack cinder-volume[86893]: DEBUG cinder.volume.drivers.quobyte [None req-de173092-4b75-428c-963d-1ee605aa95be tempest-VolumeQuotasNegativeTestJSON-1346403232 None] Available shares ['osci02.corp.quobyte.com/cinder-vol-147bbe67-9a6f-493e-b3c9-8bd6d6b7d049'] {{(pid=86893) _ensure_shares_mounted /opt/stack/cinder/cinder/volume/drivers/quobyte.py:692}}
Sep 01 08:15:57 devstack cinder-volume[86893]: DEBUG oslo_concurrency.lockutils [None req-de173092-4b75-428c-963d-1ee605aa95be tempest-VolumeQuotasNegativeTestJSON-1346403232 None] Lock "quobyte_ensure" "released" by "cinder.volume.drivers.quobyte.QuobyteDriver._ensure_shares_mounted" :: held 0.017s {{(pid=86893) inner /opt/stack/data/venv/lib/python3.12/site-packages/oslo_concurrency/lockutils.py:544}}
Sep 01 08:15:57 devstack cinder-volume[86893]: DEBUG oslo_concurrency.processutils [None req-de173092-4b75-428c-963d-1ee605aa95be tempest-VolumeQuotasNegativeTestJSON-1346403232 None] Running cmd (subprocess): sudo cinder-rootwrap /etc/cinder/rootwrap.conf df --portability --block-size 1 /opt/stack/data/cinder/mnt/2167e92d7f4711974f7eb614fbaf4f10 {{(pid=86893) execute /opt/stack/data/venv/lib/python3.12/site-packages/oslo_concurrency/processutils.py:440}}
Sep 01 08:15:57 devstack sudo[90307]: quobyte : PWD=/ ; USER=root ; COMMAND=/opt/stack/data/venv/bin/cinder-rootwrap /etc/cinder/rootwrap.conf df --portability --block-size 1 /opt/stack/data/cinder/mnt/2167e92d7f4711974f7eb614fbaf4f10
Sep 01 08:15:57 devstack sudo[90307]: pam_unix(sudo:session): session opened for user root(uid=0) by (uid=1000)
Sep 01 08:15:57 devstack cinder-volume[86893]: INFO cinder.volume.manager [None req-d028ad62-6db4-4bf2-a0d3-338b8ae268b4 tempest-GroupSnapshotsV319Test-1291919367 None] group_snapshot 51fe37a5-71da-4f1c-a056-4fd89adff42c: deleting
Sep 01 08:15:57 devstack cinder-volume[86893]: DEBUG cinder.volume.manager [None req-d028ad62-6db4-4bf2-a0d3-338b8ae268b4 tempest-GroupSnapshotsV319Test-1291919367 None] group_snapshot 51fe37a5-71da-4f1c-a056-4fd89adff42c: deleting {{(pid=86893) delete_group_snapshot /opt/stack/cinder/cinder/volume/manager.py:4350}}
Sep 01 08:15:57 devstack cinder-volume[86893]: DEBUG cinder.coordination [None req-d028ad62-6db4-4bf2-a0d3-338b8ae268b4 tempest-GroupSnapshotsV319Test-1291919367 None] Acquiring lock "cinder-quobyte-2c4037ca-ef95-4819-b6ef-f9cf5a3a9057" by "delete_snapshot" {{(pid=86893) __acquire /opt/stack/cinder/cinder/coordination.py:138}}
Sep 01 08:15:58 devstack cinder-volume[86893]: DEBUG cinder.coordination [None req-d028ad62-6db4-4bf2-a0d3-338b8ae268b4 tempest-GroupSnapshotsV319Test-1291919367 None] Lock "cinder-quobyte-2c4037ca-ef95-4819-b6ef-f9cf5a3a9057" acquired by "delete_snapshot" :: waited 0.058s {{(pid=86893) __acquire /opt/stack/cinder/cinder/coordination.py:141}}
Sep 01 08:15:58 devstack cinder-volume[86893]: DEBUG cinder.coordination [None req-d028ad62-6db4-4bf2-a0d3-338b8ae268b4 tempest-GroupSnapshotsV319Test-1291919367 None] Acquiring lock "cinder-quobyte-9bbc45f5-09ea-4b26-9f52-8b1eaf4306eb" by "_delete_snapshot" {{(pid=86893) __acquire /opt/stack/cinder/cinder/coordination.py:138}}
Sep 01 08:15:58 devstack cinder-volume[86893]: DEBUG cinder.coordination [None req-d028ad62-6db4-4bf2-a0d3-338b8ae268b4 tempest-GroupSnapshotsV319Test-1291919367 None] Lock "cinder-quobyte-9bbc45f5-09ea-4b26-9f52-8b1eaf4306eb" acquired by "_delete_snapshot" :: waited 0.072s {{(pid=86893) __acquire /opt/stack/cinder/cinder/coordination.py:141}}
Sep 01 08:15:58 devstack cinder-volume[86893]: DEBUG cinder.volume.drivers.remotefs [None req-d028ad62-6db4-4bf2-a0d3-338b8ae268b4 tempest-GroupSnapshotsV319Test-1291919367 None] Deleting offline snapshot 9bbc45f5-09ea-4b26-9f52-8b1eaf4306eb of volume 2c4037ca-ef95-4819-b6ef-f9cf5a3a9057 {{(pid=86893) _delete_snapshot /opt/stack/cinder/cinder/volume/drivers/remotefs.py:1288}}
Sep 01 08:15:58 devstack sudo[90307]: pam_unix(sudo:session): session closed for user root
Sep 01 08:15:58 devstack cinder-volume[86893]: DEBUG cinder.volume.drivers.remotefs [None req-d028ad62-6db4-4bf2-a0d3-338b8ae268b4 tempest-GroupSnapshotsV319Test-1291919367 None] snapshot_file for this snap is: volume-2c4037ca-ef95-4819-b6ef-f9cf5a3a9057.9bbc45f5-09ea-4b26-9f52-8b1eaf4306eb {{(pid=86893) _delete_snapshot /opt/stack/cinder/cinder/volume/drivers/remotefs.py:1317}}
Sep 01 08:15:58 devstack cinder-volume[86893]: DEBUG oslo_concurrency.processutils [None req-de173092-4b75-428c-963d-1ee605aa95be tempest-VolumeQuotasNegativeTestJSON-1346403232 None] CMD "sudo cinder-rootwrap /etc/cinder/rootwrap.conf df --portability --block-size 1 /opt/stack/data/cinder/mnt/2167e92d7f4711974f7eb614fbaf4f10" returned: 0 in 0.824s {{(pid=86893) execute /opt/stack/data/venv/lib/python3.12/site-packages/oslo_concurrency/processutils.py:468}}
Sep 01 08:15:58 devstack cinder-volume[86893]: DEBUG cinder.manager [None req-de173092-4b75-428c-963d-1ee605aa95be tempest-VolumeQuotasNegativeTestJSON-1346403232 None] Notifying Schedulers of capabilities ... {{(pid=86893) _publish_service_capabilities /opt/stack/cinder/cinder/manager.py:219}}
Sep 01 08:15:58 devstack cinder-volume[86893]: INFO cinder.volume.manager [None req-de173092-4b75-428c-963d-1ee605aa95be tempest-VolumeQuotasNegativeTestJSON-1346403232 None] Deleted volume successfully.
Sep 01 08:15:58 devstack cinder-volume[86893]: DEBUG oslo.privsep.daemon [-] privsep: reply[c0edcaf2-ba84-46ed-b041-41766f49dec7]: (4, 'qcow2') {{(pid=88145) _call_back /opt/stack/data/venv/lib/python3.12/site-packages/oslo_privsep/daemon.py:580}}
Sep 01 08:15:58 devstack cinder-volume[86893]: DEBUG oslo_concurrency.processutils [None req-d028ad62-6db4-4bf2-a0d3-338b8ae268b4 tempest-GroupSnapshotsV319Test-1291919367 None] Running cmd (subprocess): /opt/stack/data/venv/bin/python3.12 -m oslo_concurrency.prlimit --as=1073741824 --cpu=60 -- sudo cinder-rootwrap /etc/cinder/rootwrap.conf env LC_ALL=C qemu-img info -f qcow2 --output=json --force-share /opt/stack/data/cinder/mnt/2167e92d7f4711974f7eb614fbaf4f10/volume-2c4037ca-ef95-4819-b6ef-f9cf5a3a9057.9bbc45f5-09ea-4b26-9f52-8b1eaf4306eb {{(pid=86893) execute /opt/stack/data/venv/lib/python3.12/site-packages/oslo_concurrency/processutils.py:440}}
Sep 01 08:15:58 devstack cinder-volume[86893]: DEBUG cinder.coordination [None req-de173092-4b75-428c-963d-1ee605aa95be tempest-VolumeQuotasNegativeTestJSON-1346403232 None] Lock "cinder-5f7fec58-8ccf-4703-9ff1-54f4341a03f3-delete_volume" released by "delete_volume" :: held 2.601s {{(pid=86893) __release /opt/stack/cinder/cinder/coordination.py:152}}
Sep 01 08:15:58 devstack sudo[90342]: quobyte : PWD=/ ; USER=root ; COMMAND=/opt/stack/data/venv/bin/cinder-rootwrap /etc/cinder/rootwrap.conf env LC_ALL=C qemu-img info -f qcow2 --output=json --force-share /opt/stack/data/cinder/mnt/2167e92d7f4711974f7eb614fbaf4f10/volume-2c4037ca-ef95-4819-b6ef-f9cf5a3a9057.9bbc45f5-09ea-4b26-9f52-8b1eaf4306eb
Sep 01 08:15:58 devstack sudo[90342]: pam_unix(sudo:session): session opened for user root(uid=0) by (uid=1000)
Sep 01 08:15:59 devstack sudo[90342]: pam_unix(sudo:session): session closed for user root
Sep 01 08:15:59 devstack cinder-volume[86893]: DEBUG oslo_concurrency.processutils [None req-d028ad62-6db4-4bf2-a0d3-338b8ae268b4 tempest-GroupSnapshotsV319Test-1291919367 None] CMD "/opt/stack/data/venv/bin/python3.12 -m oslo_concurrency.prlimit --as=1073741824 --cpu=60 -- sudo cinder-rootwrap /etc/cinder/rootwrap.conf env LC_ALL=C qemu-img info -f qcow2 --output=json --force-share /opt/stack/data/cinder/mnt/2167e92d7f4711974f7eb614fbaf4f10/volume-2c4037ca-ef95-4819-b6ef-f9cf5a3a9057.9bbc45f5-09ea-4b26-9f52-8b1eaf4306eb" returned: 0 in 1.003s {{(pid=86893) execute /opt/stack/data/venv/lib/python3.12/site-packages/oslo_concurrency/processutils.py:468}}
Sep 01 08:15:59 devstack cinder-volume[86893]: DEBUG cinder.volume.drivers.remotefs [None req-d028ad62-6db4-4bf2-a0d3-338b8ae268b4 tempest-GroupSnapshotsV319Test-1291919367 None] Fetching qemu-img info with special backing_file_template: (/opt/stack/data/cinder/mnt/[0-9a-f]+/)?(volume-2c4037ca-ef95-4819-b6ef-f9cf5a3a9057(.(tmp-snap-)?[0-9a-f-]+)?|volume_from_snapshot_cache/(tmp-snap-)?[0-9a-f-]+(.(child-|parent-)[0-9a-f-]+)?)$ {{(pid=86893) _qemu_img_info_base /opt/stack/cinder/cinder/volume/drivers/remotefs.py:896}}
Sep 01 08:15:59 devstack cinder-volume[86893]: DEBUG oslo.privsep.daemon [-] privsep: reply[70dac2a9-140a-405e-8289-287eae3fb1d1]: (4, 'qcow2') {{(pid=88145) _call_back /opt/stack/data/venv/lib/python3.12/site-packages/oslo_privsep/daemon.py:580}}
Sep 01 08:15:59 devstack cinder-volume[86893]: DEBUG oslo_concurrency.processutils [None req-d028ad62-6db4-4bf2-a0d3-338b8ae268b4 tempest-GroupSnapshotsV319Test-1291919367 None] Running cmd (subprocess): /opt/stack/data/venv/bin/python3.12 -m oslo_concurrency.prlimit --as=1073741824 --cpu=60 -- sudo cinder-rootwrap /etc/cinder/rootwrap.conf env LC_ALL=C qemu-img info -f qcow2 --output=json --force-share /opt/stack/data/cinder/mnt/2167e92d7f4711974f7eb614fbaf4f10/volume-2c4037ca-ef95-4819-b6ef-f9cf5a3a9057 {{(pid=86893) execute /opt/stack/data/venv/lib/python3.12/site-packages/oslo_concurrency/processutils.py:440}}
Sep 01 08:15:59 devstack sudo[90352]: quobyte : PWD=/ ; USER=root ; COMMAND=/opt/stack/data/venv/bin/cinder-rootwrap /etc/cinder/rootwrap.conf env LC_ALL=C qemu-img info -f qcow2 --output=json --force-share /opt/stack/data/cinder/mnt/2167e92d7f4711974f7eb614fbaf4f10/volume-2c4037ca-ef95-4819-b6ef-f9cf5a3a9057
Sep 01 08:15:59 devstack sudo[90352]: pam_unix(sudo:session): session opened for user root(uid=0) by (uid=1000)
Sep 01 08:16:00 devstack sudo[90352]: pam_unix(sudo:session): session closed for user root
Sep 01 08:16:00 devstack cinder-volume[86893]: DEBUG oslo_concurrency.processutils [None req-d028ad62-6db4-4bf2-a0d3-338b8ae268b4 tempest-GroupSnapshotsV319Test-1291919367 None] CMD "/opt/stack/data/venv/bin/python3.12 -m oslo_concurrency.prlimit --as=1073741824 --cpu=60 -- sudo cinder-rootwrap /etc/cinder/rootwrap.conf env LC_ALL=C qemu-img info -f qcow2 --output=json --force-share /opt/stack/data/cinder/mnt/2167e92d7f4711974f7eb614fbaf4f10/volume-2c4037ca-ef95-4819-b6ef-f9cf5a3a9057" returned: 0 in 0.809s {{(pid=86893) execute /opt/stack/data/venv/lib/python3.12/site-packages/oslo_concurrency/processutils.py:468}}
Sep 01 08:16:00 devstack cinder-volume[86893]: DEBUG oslo_concurrency.processutils [None req-d028ad62-6db4-4bf2-a0d3-338b8ae268b4 tempest-GroupSnapshotsV319Test-1291919367 None] Running cmd (subprocess): sudo cinder-rootwrap /etc/cinder/rootwrap.conf qemu-img commit -d /opt/stack/data/cinder/mnt/2167e92d7f4711974f7eb614fbaf4f10/volume-2c4037ca-ef95-4819-b6ef-f9cf5a3a9057.9bbc45f5-09ea-4b26-9f52-8b1eaf4306eb {{(pid=86893) execute /opt/stack/data/venv/lib/python3.12/site-packages/oslo_concurrency/processutils.py:440}}
Sep 01 08:16:00 devstack sudo[90360]: quobyte : PWD=/ ; USER=root ; COMMAND=/opt/stack/data/venv/bin/cinder-rootwrap /etc/cinder/rootwrap.conf qemu-img commit -d /opt/stack/data/cinder/mnt/2167e92d7f4711974f7eb614fbaf4f10/volume-2c4037ca-ef95-4819-b6ef-f9cf5a3a9057.9bbc45f5-09ea-4b26-9f52-8b1eaf4306eb
Sep 01 08:16:00 devstack sudo[90360]: pam_unix(sudo:session): session opened for user root(uid=0) by (uid=1000)
Sep 01 08:16:00 devstack cinder-volume[86893]: DEBUG oslo_concurrency.processutils [None req-d028ad62-6db4-4bf2-a0d3-338b8ae268b4 tempest-GroupSnapshotsV319Test-1291919367 None] CMD "sudo cinder-rootwrap /etc/cinder/rootwrap.conf qemu-img commit -d /opt/stack/data/cinder/mnt/2167e92d7f4711974f7eb614fbaf4f10/volume-2c4037ca-ef95-4819-b6ef-f9cf5a3a9057.9bbc45f5-09ea-4b26-9f52-8b1eaf4306eb" returned: 0 in 0.568s {{(pid=86893) execute /opt/stack/data/venv/lib/python3.12/site-packages/oslo_concurrency/processutils.py:468}}
Sep 01 08:16:00 devstack cinder-volume[86893]: DEBUG oslo_concurrency.processutils [None req-d028ad62-6db4-4bf2-a0d3-338b8ae268b4 tempest-GroupSnapshotsV319Test-1291919367 None] Running cmd (subprocess): sudo cinder-rootwrap /etc/cinder/rootwrap.conf rm -f /opt/stack/data/cinder/mnt/2167e92d7f4711974f7eb614fbaf4f10/volume-2c4037ca-ef95-4819-b6ef-f9cf5a3a9057.9bbc45f5-09ea-4b26-9f52-8b1eaf4306eb {{(pid=86893) execute /opt/stack/data/venv/lib/python3.12/site-packages/oslo_concurrency/processutils.py:440}}
Sep 01 08:16:00 devstack sudo[90360]: pam_unix(sudo:session): session closed for user root
Sep 01 08:16:00 devstack sudo[90367]: quobyte : PWD=/ ; USER=root ; COMMAND=/opt/stack/data/venv/bin/cinder-rootwrap /etc/cinder/rootwrap.conf rm -f /opt/stack/data/cinder/mnt/2167e92d7f4711974f7eb614fbaf4f10/volume-2c4037ca-ef95-4819-b6ef-f9cf5a3a9057.9bbc45f5-09ea-4b26-9f52-8b1eaf4306eb
Sep 01 08:16:00 devstack sudo[90367]: pam_unix(sudo:session): session opened for user root(uid=0) by (uid=1000)
Sep 01 08:16:00 devstack sudo[90367]: pam_unix(sudo:session): session closed for user root
Sep 01 08:16:00 devstack cinder-volume[86893]: DEBUG oslo_concurrency.processutils [None req-d028ad62-6db4-4bf2-a0d3-338b8ae268b4 tempest-GroupSnapshotsV319Test-1291919367 None] CMD "sudo cinder-rootwrap /etc/cinder/rootwrap.conf rm -f /opt/stack/data/cinder/mnt/2167e92d7f4711974f7eb614fbaf4f10/volume-2c4037ca-ef95-4819-b6ef-f9cf5a3a9057.9bbc45f5-09ea-4b26-9f52-8b1eaf4306eb" returned: 0 in 0.352s {{(pid=86893) execute /opt/stack/data/venv/lib/python3.12/site-packages/oslo_concurrency/processutils.py:468}}
Sep 01 08:16:01 devstack cinder-volume[86893]: DEBUG cinder.coordination [None req-d028ad62-6db4-4bf2-a0d3-338b8ae268b4 tempest-GroupSnapshotsV319Test-1291919367 None] Lock "cinder-quobyte-9bbc45f5-09ea-4b26-9f52-8b1eaf4306eb" released by "_delete_snapshot" :: held 2.941s {{(pid=86893) __release /opt/stack/cinder/cinder/coordination.py:152}}
Sep 01 08:16:01 devstack cinder-volume[86893]: DEBUG cinder.coordination [None req-d028ad62-6db4-4bf2-a0d3-338b8ae268b4 tempest-GroupSnapshotsV319Test-1291919367 None] Lock "cinder-quobyte-2c4037ca-ef95-4819-b6ef-f9cf5a3a9057" released by "delete_snapshot" :: held 3.026s {{(pid=86893) __release /opt/stack/cinder/cinder/coordination.py:152}}
Sep 01 08:16:01 devstack cinder-volume[86893]: WARNING cinder.quota [None req-d028ad62-6db4-4bf2-a0d3-338b8ae268b4 tempest-GroupSnapshotsV319Test-1291919367 None] Deprecated: Default quota for resource: gigabytes_tempest-GroupSnapshotsV319Test-volume-type-230417486 is set by the default quota flag: quota_gigabytes_tempest-GroupSnapshotsV319Test-volume-type-230417486, it is now deprecated. Please use the default quota class for default quota.
Sep 01 08:16:01 devstack cinder-volume[86893]: WARNING cinder.quota [None req-d028ad62-6db4-4bf2-a0d3-338b8ae268b4 tempest-GroupSnapshotsV319Test-1291919367 None] Deprecated: Default quota for resource: snapshots_tempest-GroupSnapshotsV319Test-volume-type-230417486 is set by the default quota flag: quota_snapshots_tempest-GroupSnapshotsV319Test-volume-type-230417486, it is now deprecated. Please use the default quota class for default quota.
Sep 01 08:16:01 devstack cinder-volume[86893]: DEBUG cinder.quota [None req-d028ad62-6db4-4bf2-a0d3-338b8ae268b4 tempest-GroupSnapshotsV319Test-1291919367 None] Created reservations ['585ee47d-1e8b-4e44-81d7-dc17aa7a931d', '67c391de-6641-4fdb-bf54-cf79fa263e1a', '07b7e97f-facb-4113-b0f0-c2345d1bf3d0', 'ee60f1df-2680-4662-90dc-9d7a69729507'] {{(pid=86893) reserve /opt/stack/cinder/cinder/quota.py:752}}
Sep 01 08:16:01 devstack cinder-volume[86893]: INFO cinder.volume.manager [None req-d028ad62-6db4-4bf2-a0d3-338b8ae268b4 tempest-GroupSnapshotsV319Test-1291919367 None] group_snapshot 51fe37a5-71da-4f1c-a056-4fd89adff42c: deleted successfully
Sep 01 08:16:02 devstack cinder-volume[86893]: DEBUG cinder.coordination [None req-74db45a1-49bc-4ab4-8614-c835e7ad61f3 tempest-GroupSnapshotsV319Test-1291919367 None] Acquiring lock "cinder-quobyte-2c4037ca-ef95-4819-b6ef-f9cf5a3a9057" by "delete_volume" {{(pid=86893) __acquire /opt/stack/cinder/cinder/coordination.py:138}}
Sep 01 08:16:02 devstack cinder-volume[86893]: DEBUG cinder.coordination [None req-74db45a1-49bc-4ab4-8614-c835e7ad61f3 tempest-GroupSnapshotsV319Test-1291919367 None] Lock "cinder-quobyte-2c4037ca-ef95-4819-b6ef-f9cf5a3a9057" acquired by "delete_volume" :: waited 0.020s {{(pid=86893) __acquire /opt/stack/cinder/cinder/coordination.py:141}}
Sep 01 08:16:02 devstack cinder-volume[86893]: DEBUG oslo.privsep.daemon [-] privsep: reply[1c0f976e-e7dd-45ea-b861-590492275ce6]: (4, 'qcow2') {{(pid=88145) _call_back /opt/stack/data/venv/lib/python3.12/site-packages/oslo_privsep/daemon.py:580}}
