Jun 26 23:14:17 devstack cinder-volume[93515]: DEBUG cinder.volume.manager [None req-ce7eb612-7e7b-4c6c-b238-9b8d6ff5096c tempest-DeleteServersTestJSON-1389963055 None] Task 'cinder.volume.flows.manager.create_volume.OnFailureRescheduleTask;volume:create' (dbd7c629-9b28-422a-b834-f11953b9028f) transitioned into state 'RUNNING' from state 'PENDING' {{(pid=93515) _task_receiver /opt/stack/data/venv/lib/python3.12/site-packages/taskflow/listeners/logging.py:242}}
Jun 26 23:14:17 devstack cinder-volume[93515]: DEBUG cinder.volume.manager [None req-ce7eb612-7e7b-4c6c-b238-9b8d6ff5096c tempest-DeleteServersTestJSON-1389963055 None] Task 'cinder.volume.flows.manager.create_volume.OnFailureRescheduleTask;volume:create' (dbd7c629-9b28-422a-b834-f11953b9028f) transitioned into state 'SUCCESS' from state 'RUNNING' with result 'None' {{(pid=93515) _task_receiver /opt/stack/data/venv/lib/python3.12/site-packages/taskflow/listeners/logging.py:218}}
Jun 26 23:14:17 devstack cinder-volume[93515]: DEBUG cinder.volume.manager [None req-ce7eb612-7e7b-4c6c-b238-9b8d6ff5096c tempest-DeleteServersTestJSON-1389963055 None] Task 'cinder.volume.flows.manager.create_volume.ExtractVolumeSpecTask;volume:create' (88817585-befc-4a00-bb63-356c39430538) transitioned into state 'RUNNING' from state 'PENDING' {{(pid=93515) _task_receiver /opt/stack/data/venv/lib/python3.12/site-packages/taskflow/listeners/logging.py:242}}
Jun 26 23:14:17 devstack cinder-volume[93515]: DEBUG cinder.volume.manager [None req-ce7eb612-7e7b-4c6c-b238-9b8d6ff5096c tempest-DeleteServersTestJSON-1389963055 None] Task 'cinder.volume.flows.manager.create_volume.ExtractVolumeSpecTask;volume:create' (88817585-befc-4a00-bb63-356c39430538) transitioned into state 'SUCCESS' from state 'RUNNING' with result '{'status': 'creating', 'type': 'raw', 'volume_id': '6053a015-d055-43e9-a449-004c9676dbdf', 'volume_name': 'volume-6053a015-d055-43e9-a449-004c9676dbdf', 'volume_size': 1}' {{(pid=93515) _task_receiver /opt/stack/data/venv/lib/python3.12/site-packages/taskflow/listeners/logging.py:218}}
Jun 26 23:14:17 devstack cinder-volume[93515]: DEBUG cinder.volume.manager [None req-ce7eb612-7e7b-4c6c-b238-9b8d6ff5096c tempest-DeleteServersTestJSON-1389963055 None] Task 'cinder.volume.flows.manager.create_volume.NotifyVolumeActionTask;volume:create, create.start' (5275a4c6-1bb5-4791-9a84-00975e97e8e0) transitioned into state 'RUNNING' from state 'PENDING' {{(pid=93515) _task_receiver /opt/stack/data/venv/lib/python3.12/site-packages/taskflow/listeners/logging.py:242}}
Jun 26 23:14:17 devstack cinder-volume[93515]: DEBUG cinder.volume.manager [None req-ce7eb612-7e7b-4c6c-b238-9b8d6ff5096c tempest-DeleteServersTestJSON-1389963055 None] Task 'cinder.volume.flows.manager.create_volume.NotifyVolumeActionTask;volume:create, create.start' (5275a4c6-1bb5-4791-9a84-00975e97e8e0) transitioned into state 'SUCCESS' from state 'RUNNING' with result 'None' {{(pid=93515) _task_receiver /opt/stack/data/venv/lib/python3.12/site-packages/taskflow/listeners/logging.py:218}}
Jun 26 23:14:17 devstack cinder-volume[93515]: DEBUG cinder.volume.manager [None req-ce7eb612-7e7b-4c6c-b238-9b8d6ff5096c tempest-DeleteServersTestJSON-1389963055 None] Task 'cinder.volume.flows.manager.create_volume.CreateVolumeFromSpecTask;volume:create' (0ba06fbf-0c2e-474b-b999-a9e3aa90e368) transitioned into state 'RUNNING' from state 'PENDING' {{(pid=93515) _task_receiver /opt/stack/data/venv/lib/python3.12/site-packages/taskflow/listeners/logging.py:242}}
Jun 26 23:14:17 devstack cinder-volume[93515]: INFO cinder.volume.flows.manager.create_volume [None req-ce7eb612-7e7b-4c6c-b238-9b8d6ff5096c tempest-DeleteServersTestJSON-1389963055 None] Volume 6053a015-d055-43e9-a449-004c9676dbdf: being created as raw with specification: {'status': 'creating', 'volume_name': 'volume-6053a015-d055-43e9-a449-004c9676dbdf', 'volume_size': 1}
Jun 26 23:14:17 devstack cinder-volume[93515]: DEBUG oslo_concurrency.lockutils [None req-ce7eb612-7e7b-4c6c-b238-9b8d6ff5096c tempest-DeleteServersTestJSON-1389963055 None] Acquiring lock "quobyte" by "cinder.volume.drivers.quobyte.QuobyteDriver.create_volume" {{(pid=93515) inner /opt/stack/data/venv/lib/python3.12/site-packages/oslo_concurrency/lockutils.py:511}}
Jun 26 23:14:17 devstack cinder-volume[93515]: DEBUG oslo_concurrency.lockutils [None req-ce7eb612-7e7b-4c6c-b238-9b8d6ff5096c tempest-DeleteServersTestJSON-1389963055 None] Lock "quobyte" acquired by "cinder.volume.drivers.quobyte.QuobyteDriver.create_volume" :: waited 0.002s {{(pid=93515) inner /opt/stack/data/venv/lib/python3.12/site-packages/oslo_concurrency/lockutils.py:524}}
Jun 26 23:14:17 devstack cinder-volume[93515]: DEBUG cinder.volume.drivers.quobyte [None req-ce7eb612-7e7b-4c6c-b238-9b8d6ff5096c tempest-DeleteServersTestJSON-1389963055 None] ==> create_volume: call "{'self': , 'volume': Volume(_name_id=None,admin_metadata=,attach_status='detached',availability_zone='nova',bootable=False,cluster=,cluster_name=None,consistencygroup=,consistencygroup_id=None,created_at=2026-06-26T21:14:17Z,deleted=False,deleted_at=None,display_description=None,display_name='tempest-DeleteServersTestJSON-volume-29801715',ec2_id=None,encryption_key_id=None,glance_metadata=,group=,group_id=None,host='devstack@QuobyteHD#QuobyteHD',id=6053a015-d055-43e9-a449-004c9676dbdf,launched_at=None,metadata={},migration_status=None,multiattach=False,previous_status=None,project_id='d15ea210e1bd4c4fa2be52687d17d025',provider_auth=None,provider_geometry=None,provider_id=None,provider_location=None,replication_driver_data=None,replication_extended_status=None,replication_status=None,scheduled_at=2026-06-26T21:14:17Z,service_uuid=None,shared_targets=True,size=1,snapshot_id=None,snapshots=,source_volid=None,status='creating',terminated_at=None,updated_at=2026-06-26T21:14:17Z,use_quota=True,user_id='6f5141f6d341458bacd1e693ae74b5be',volume_attachment=VolumeAttachmentList,volume_type=VolumeType(15dc7b97-ed29-47e7-bc93-f0b21d448111),volume_type_id=15dc7b97-ed29-47e7-bc93-f0b21d448111)}" {{(pid=93515) trace_logging_wrapper /opt/stack/cinder/cinder/volume/volume_utils.py:1497}}
Jun 26 23:14:17 devstack cinder-volume[93515]: DEBUG cinder.volume.drivers.remotefs [None req-ce7eb612-7e7b-4c6c-b238-9b8d6ff5096c tempest-DeleteServersTestJSON-1389963055 None] Creating volume 6053a015-d055-43e9-a449-004c9676dbdf {{(pid=93515) create_volume /opt/stack/cinder/cinder/volume/drivers/remotefs.py:292}}
Jun 26 23:14:17 devstack cinder-volume[93515]: DEBUG oslo_concurrency.lockutils [None req-ce7eb612-7e7b-4c6c-b238-9b8d6ff5096c tempest-DeleteServersTestJSON-1389963055 None] Acquiring lock "quobyte_ensure" by "cinder.volume.drivers.quobyte.QuobyteDriver._ensure_shares_mounted" {{(pid=93515) inner /opt/stack/data/venv/lib/python3.12/site-packages/oslo_concurrency/lockutils.py:511}}
Jun 26 23:14:17 devstack cinder-volume[93515]: DEBUG oslo_concurrency.lockutils [None req-ce7eb612-7e7b-4c6c-b238-9b8d6ff5096c tempest-DeleteServersTestJSON-1389963055 None] Lock "quobyte_ensure" acquired by "cinder.volume.drivers.quobyte.QuobyteDriver._ensure_shares_mounted" :: waited 0.001s {{(pid=93515) inner /opt/stack/data/venv/lib/python3.12/site-packages/oslo_concurrency/lockutils.py:524}}
Jun 26 23:14:17 devstack cinder-volume[93515]: DEBUG cinder.volume.drivers.quobyte [None req-ce7eb612-7e7b-4c6c-b238-9b8d6ff5096c tempest-DeleteServersTestJSON-1389963055 None] Quobyte Volume URL set to: {'osci02.corp.quobyte.com/cinder-vol-6e64a5e9-10c0-42e7-a4d0-5d061a9fbbc0': None} {{(pid=93515) _load_shares_config /opt/stack/cinder/cinder/volume/drivers/quobyte.py:617}}
Jun 26 23:14:17 devstack cinder-volume[93515]: DEBUG cinder.volume.drivers.quobyte [None req-ce7eb612-7e7b-4c6c-b238-9b8d6ff5096c tempest-DeleteServersTestJSON-1389963055 None] Available shares ['osci02.corp.quobyte.com/cinder-vol-6e64a5e9-10c0-42e7-a4d0-5d061a9fbbc0'] {{(pid=93515) _ensure_shares_mounted /opt/stack/cinder/cinder/volume/drivers/quobyte.py:647}}
Jun 26 23:14:17 devstack cinder-volume[93515]: DEBUG oslo_concurrency.lockutils [None req-ce7eb612-7e7b-4c6c-b238-9b8d6ff5096c tempest-DeleteServersTestJSON-1389963055 None] Lock "quobyte_ensure" "released" by "cinder.volume.drivers.quobyte.QuobyteDriver._ensure_shares_mounted" :: held 0.009s {{(pid=93515) inner /opt/stack/data/venv/lib/python3.12/site-packages/oslo_concurrency/lockutils.py:543}}
Jun 26 23:14:17 devstack cinder-volume[93515]: DEBUG cinder.volume.drivers.quobyte [None req-ce7eb612-7e7b-4c6c-b238-9b8d6ff5096c tempest-DeleteServersTestJSON-1389963055 None] Selected osci02.corp.quobyte.com/cinder-vol-6e64a5e9-10c0-42e7-a4d0-5d061a9fbbc0 as target Quobyte volume. {{(pid=93515) _find_share /opt/stack/cinder/cinder/volume/drivers/quobyte.py:668}}
Jun 26 23:14:17 devstack cinder-volume[93515]: INFO cinder.volume.drivers.remotefs [None req-ce7eb612-7e7b-4c6c-b238-9b8d6ff5096c tempest-DeleteServersTestJSON-1389963055 None] casted to osci02.corp.quobyte.com/cinder-vol-6e64a5e9-10c0-42e7-a4d0-5d061a9fbbc0
Jun 26 23:14:17 devstack cinder-volume[93515]: DEBUG oslo_concurrency.processutils [None req-ce7eb612-7e7b-4c6c-b238-9b8d6ff5096c tempest-DeleteServersTestJSON-1389963055 None] Running cmd (subprocess): sudo cinder-rootwrap /etc/cinder/rootwrap.conf qemu-img create -f qcow2 -o preallocation=metadata /opt/stack/data/cinder/mnt/784fa81ed6780ba2457c5e794923e800/volume-6053a015-d055-43e9-a449-004c9676dbdf 1073741824 {{(pid=93515) execute /opt/stack/data/venv/lib/python3.12/site-packages/oslo_concurrency/processutils.py:440}}
Jun 26 23:14:17 devstack sudo[95968]: quobyte : PWD=/ ; USER=root ; COMMAND=/opt/stack/data/venv/bin/cinder-rootwrap /etc/cinder/rootwrap.conf qemu-img create -f qcow2 -o preallocation=metadata /opt/stack/data/cinder/mnt/784fa81ed6780ba2457c5e794923e800/volume-6053a015-d055-43e9-a449-004c9676dbdf 1073741824
Jun 26 23:14:17 devstack sudo[95968]: pam_unix(sudo:session): session opened for user root(uid=0) by (uid=1000)
Jun 26 23:14:17 devstack cinder-volume[93515]: INFO cinder.volume.manager [None req-c766f0a0-37a1-4d9d-a6e1-1073fa0e0aa2 tempest-GroupSnapshotsTest-1591451450 None] Update group completed successfully.
Jun 26 23:14:18 devstack cinder-volume[93515]: INFO cinder.volume.manager [None req-4b7e8a06-bf4a-4444-9701-2b6b6b13bf97 tempest-GroupSnapshotsTest-1591451450 None] Update group completed successfully.
Jun 26 23:14:19 devstack sudo[95968]: pam_unix(sudo:session): session closed for user root
Jun 26 23:14:19 devstack cinder-volume[93515]: DEBUG oslo_concurrency.processutils [None req-ce7eb612-7e7b-4c6c-b238-9b8d6ff5096c tempest-DeleteServersTestJSON-1389963055 None] CMD "sudo cinder-rootwrap /etc/cinder/rootwrap.conf qemu-img create -f qcow2 -o preallocation=metadata /opt/stack/data/cinder/mnt/784fa81ed6780ba2457c5e794923e800/volume-6053a015-d055-43e9-a449-004c9676dbdf 1073741824" returned: 0 in 1.743s {{(pid=93515) execute /opt/stack/data/venv/lib/python3.12/site-packages/oslo_concurrency/processutils.py:468}}
Jun 26 23:14:19 devstack cinder-volume[93515]: DEBUG oslo_concurrency.processutils [None req-ce7eb612-7e7b-4c6c-b238-9b8d6ff5096c tempest-DeleteServersTestJSON-1389963055 None] Running cmd (subprocess): sudo cinder-rootwrap /etc/cinder/rootwrap.conf chmod ugo+rw /opt/stack/data/cinder/mnt/784fa81ed6780ba2457c5e794923e800/volume-6053a015-d055-43e9-a449-004c9676dbdf {{(pid=93515) execute /opt/stack/data/venv/lib/python3.12/site-packages/oslo_concurrency/processutils.py:440}}
Jun 26 23:14:19 devstack sudo[96026]: quobyte : PWD=/ ; USER=root ; COMMAND=/opt/stack/data/venv/bin/cinder-rootwrap /etc/cinder/rootwrap.conf chmod ugo+rw /opt/stack/data/cinder/mnt/784fa81ed6780ba2457c5e794923e800/volume-6053a015-d055-43e9-a449-004c9676dbdf
Jun 26 23:14:19 devstack sudo[96026]: pam_unix(sudo:session): session opened for user root(uid=0) by (uid=1000)
Jun 26 23:14:20 devstack cinder-volume[93515]: INFO cinder.volume.manager [None req-9c8ddd34-5fc9-4039-8892-fbe31d34326a tempest-GroupSnapshotsTest-1591451450 None] Update group completed successfully.
Jun 26 23:14:20 devstack sudo[96026]: pam_unix(sudo:session): session closed for user root
Jun 26 23:14:20 devstack cinder-volume[93515]: DEBUG oslo_concurrency.processutils [None req-ce7eb612-7e7b-4c6c-b238-9b8d6ff5096c tempest-DeleteServersTestJSON-1389963055 None] CMD "sudo cinder-rootwrap /etc/cinder/rootwrap.conf chmod ugo+rw /opt/stack/data/cinder/mnt/784fa81ed6780ba2457c5e794923e800/volume-6053a015-d055-43e9-a449-004c9676dbdf" returned: 0 in 1.097s {{(pid=93515) execute /opt/stack/data/venv/lib/python3.12/site-packages/oslo_concurrency/processutils.py:468}}
Jun 26 23:14:20 devstack cinder-volume[93515]: DEBUG cinder.volume.drivers.quobyte [None req-ce7eb612-7e7b-4c6c-b238-9b8d6ff5096c tempest-DeleteServersTestJSON-1389963055 None] <== create_volume: return (2911ms) {'provider_location': 'osci02.corp.quobyte.com/cinder-vol-6e64a5e9-10c0-42e7-a4d0-5d061a9fbbc0'} {{(pid=93515) trace_logging_wrapper /opt/stack/cinder/cinder/volume/volume_utils.py:1522}}
Jun 26 23:14:20 devstack cinder-volume[93515]: DEBUG oslo_concurrency.lockutils [None req-ce7eb612-7e7b-4c6c-b238-9b8d6ff5096c tempest-DeleteServersTestJSON-1389963055 None] Lock "quobyte" "released" by "cinder.volume.drivers.quobyte.QuobyteDriver.create_volume" :: held 2.914s {{(pid=93515) inner /opt/stack/data/venv/lib/python3.12/site-packages/oslo_concurrency/lockutils.py:543}}
Jun 26 23:14:20 devstack cinder-volume[93515]: DEBUG cinder.volume.manager [None req-ce7eb612-7e7b-4c6c-b238-9b8d6ff5096c tempest-DeleteServersTestJSON-1389963055 None] Task 'cinder.volume.flows.manager.create_volume.CreateVolumeFromSpecTask;volume:create' (0ba06fbf-0c2e-474b-b999-a9e3aa90e368) transitioned into state 'SUCCESS' from state 'RUNNING' with result '{'status': 'creating', 'volume_name': 'volume-6053a015-d055-43e9-a449-004c9676dbdf', 'volume_size': 1}' {{(pid=93515) _task_receiver /opt/stack/data/venv/lib/python3.12/site-packages/taskflow/listeners/logging.py:218}}
Jun 26 23:14:20 devstack cinder-volume[93515]: DEBUG cinder.volume.manager [None req-ce7eb612-7e7b-4c6c-b238-9b8d6ff5096c tempest-DeleteServersTestJSON-1389963055 None] Task 'cinder.volume.flows.manager.create_volume.CreateVolumeOnFinishTask;volume:create, create.end' (05b963c6-1979-4f30-8cef-37d89543edb1) transitioned into state 'RUNNING' from state 'PENDING' {{(pid=93515) _task_receiver /opt/stack/data/venv/lib/python3.12/site-packages/taskflow/listeners/logging.py:242}}
Jun 26 23:14:20 devstack cinder-volume[93515]: INFO cinder.volume.manager [req-aa15d8cf-211e-48b6-91c7-641084467fc7 req-2cd1e783-04ae-4412-a5ce-e3d27c646ea1 tempest-ServerActionsTestOtherA-1376589269 None] Terminate volume connection completed successfully.
Jun 26 23:14:20 devstack cinder-volume[93515]: DEBUG cinder.volume.manager [req-aa15d8cf-211e-48b6-91c7-641084467fc7 req-2cd1e783-04ae-4412-a5ce-e3d27c646ea1 tempest-ServerActionsTestOtherA-1376589269 None] Deleting attachment cd61a431-013d-4376-8d24-14da7e5c5f7f. {{(pid=93515) attachment_delete /opt/stack/cinder/cinder/volume/manager.py:5055}}
Jun 26 23:14:20 devstack cinder-volume[93515]: INFO cinder.volume.flows.manager.create_volume [None req-ce7eb612-7e7b-4c6c-b238-9b8d6ff5096c tempest-DeleteServersTestJSON-1389963055 None] Volume volume-6053a015-d055-43e9-a449-004c9676dbdf (6053a015-d055-43e9-a449-004c9676dbdf): created successfully
Jun 26 23:14:20 devstack cinder-volume[93515]: DEBUG cinder.volume.manager [None req-ce7eb612-7e7b-4c6c-b238-9b8d6ff5096c tempest-DeleteServersTestJSON-1389963055 None] Task 'cinder.volume.flows.manager.create_volume.CreateVolumeOnFinishTask;volume:create, create.end' (05b963c6-1979-4f30-8cef-37d89543edb1) transitioned into state 'SUCCESS' from state 'RUNNING' with result 'None' {{(pid=93515) _task_receiver /opt/stack/data/venv/lib/python3.12/site-packages/taskflow/listeners/logging.py:218}}
Jun 26 23:14:20 devstack cinder-volume[93515]: DEBUG cinder.volume.manager [None req-ce7eb612-7e7b-4c6c-b238-9b8d6ff5096c tempest-DeleteServersTestJSON-1389963055 None] Flow 'volume_create_manager' (8ca03cbc-3357-48de-a685-1fe9ef036ef8) transitioned into state 'SUCCESS' from state 'RUNNING' {{(pid=93515) _flow_receiver /opt/stack/data/venv/lib/python3.12/site-packages/taskflow/listeners/logging.py:160}}
Jun 26 23:14:20 devstack cinder-volume[93515]: INFO cinder.volume.manager [None req-ce7eb612-7e7b-4c6c-b238-9b8d6ff5096c tempest-DeleteServersTestJSON-1389963055 None] Created volume successfully.
Jun 26 23:14:21 devstack cinder-volume[93515]: INFO cinder.volume.manager [None req-b76cf947-f8c6-42c1-92a9-6b9ed088ddb3 tempest-GroupSnapshotsTest-1591451450 None] Update group completed successfully.
Jun 26 23:14:21 devstack cinder-volume[93515]: DEBUG oslo_service.periodic_task [None req-b91e4413-43bd-4792-8cd3-6d71de244abf None None] Running periodic task VolumeManager.publish_service_capabilities {{(pid=93515) run_periodic_tasks /opt/stack/data/venv/lib/python3.12/site-packages/oslo_service/periodic_task.py:225}}
Jun 26 23:14:21 devstack cinder-volume[93515]: DEBUG oslo_concurrency.lockutils [None req-b91e4413-43bd-4792-8cd3-6d71de244abf None None] Acquiring lock "quobyte_ensure" by "cinder.volume.drivers.quobyte.QuobyteDriver._ensure_shares_mounted" {{(pid=93515) inner /opt/stack/data/venv/lib/python3.12/site-packages/oslo_concurrency/lockutils.py:511}}
Jun 26 23:14:21 devstack cinder-volume[93515]: DEBUG oslo_concurrency.lockutils [None req-b91e4413-43bd-4792-8cd3-6d71de244abf None None] Lock "quobyte_ensure" acquired by "cinder.volume.drivers.quobyte.QuobyteDriver._ensure_shares_mounted" :: waited 0.000s {{(pid=93515) inner /opt/stack/data/venv/lib/python3.12/site-packages/oslo_concurrency/lockutils.py:524}}
Jun 26 23:14:21 devstack cinder-volume[93515]: DEBUG cinder.volume.drivers.quobyte [None req-b91e4413-43bd-4792-8cd3-6d71de244abf None None] Quobyte Volume URL set to: {'osci02.corp.quobyte.com/cinder-vol-6e64a5e9-10c0-42e7-a4d0-5d061a9fbbc0': None} {{(pid=93515) _load_shares_config /opt/stack/cinder/cinder/volume/drivers/quobyte.py:617}}
Jun 26 23:14:21 devstack cinder-volume[93515]: DEBUG cinder.volume.drivers.quobyte [None req-b91e4413-43bd-4792-8cd3-6d71de244abf None None] Available shares ['osci02.corp.quobyte.com/cinder-vol-6e64a5e9-10c0-42e7-a4d0-5d061a9fbbc0'] {{(pid=93515) _ensure_shares_mounted /opt/stack/cinder/cinder/volume/drivers/quobyte.py:647}}
Jun 26 23:14:21 devstack cinder-volume[93515]: DEBUG oslo_concurrency.lockutils [None req-b91e4413-43bd-4792-8cd3-6d71de244abf None None] Lock "quobyte_ensure" "released" by "cinder.volume.drivers.quobyte.QuobyteDriver._ensure_shares_mounted" :: held 0.007s {{(pid=93515) inner /opt/stack/data/venv/lib/python3.12/site-packages/oslo_concurrency/lockutils.py:543}}
Jun 26 23:14:21 devstack cinder-volume[93515]: DEBUG oslo_concurrency.processutils [None req-b91e4413-43bd-4792-8cd3-6d71de244abf None None] Running cmd (subprocess): sudo cinder-rootwrap /etc/cinder/rootwrap.conf df --portability --block-size 1 /opt/stack/data/cinder/mnt/784fa81ed6780ba2457c5e794923e800 {{(pid=93515) execute /opt/stack/data/venv/lib/python3.12/site-packages/oslo_concurrency/processutils.py:440}}
Jun 26 23:14:21 devstack sudo[96084]: quobyte : PWD=/ ; USER=root ; COMMAND=/opt/stack/data/venv/bin/cinder-rootwrap /etc/cinder/rootwrap.conf df --portability --block-size 1 /opt/stack/data/cinder/mnt/784fa81ed6780ba2457c5e794923e800
Jun 26 23:14:21 devstack sudo[96084]: pam_unix(sudo:session): session opened for user root(uid=0) by (uid=1000)
Jun 26 23:14:22 devstack sudo[96084]: pam_unix(sudo:session): session closed for user root
Jun 26 23:14:22 devstack cinder-volume[93515]: DEBUG oslo_concurrency.processutils [None req-b91e4413-43bd-4792-8cd3-6d71de244abf None None] CMD "sudo cinder-rootwrap /etc/cinder/rootwrap.conf df --portability --block-size 1 /opt/stack/data/cinder/mnt/784fa81ed6780ba2457c5e794923e800" returned: 0 in 1.015s {{(pid=93515) execute /opt/stack/data/venv/lib/python3.12/site-packages/oslo_concurrency/processutils.py:468}}
Jun 26 23:14:22 devstack cinder-volume[93515]: DEBUG cinder.manager [None req-b91e4413-43bd-4792-8cd3-6d71de244abf None None] Notifying Schedulers of capabilities ... {{(pid=93515) _publish_service_capabilities /opt/stack/cinder/cinder/manager.py:219}}
Jun 26 23:14:23 devstack cinder-volume[93515]: DEBUG oslo_concurrency.lockutils [req-aa15d8cf-211e-48b6-91c7-641084467fc7 req-b4e86187-7a66-4b8d-8be4-c09168b79fc4 tempest-ServerActionsTestOtherA-1376589269 None] Acquiring lock "quobyte" by "cinder.volume.drivers.quobyte.QuobyteDriver.initialize_connection" {{(pid=93515) inner /opt/stack/data/venv/lib/python3.12/site-packages/oslo_concurrency/lockutils.py:511}}
Jun 26 23:14:23 devstack cinder-volume[93515]: DEBUG oslo_concurrency.lockutils [req-aa15d8cf-211e-48b6-91c7-641084467fc7 req-b4e86187-7a66-4b8d-8be4-c09168b79fc4 tempest-ServerActionsTestOtherA-1376589269 None] Lock "quobyte" acquired by "cinder.volume.drivers.quobyte.QuobyteDriver.initialize_connection" :: waited 0.001s {{(pid=93515) inner /opt/stack/data/venv/lib/python3.12/site-packages/oslo_concurrency/lockutils.py:524}}
Jun 26 23:14:23 devstack cinder-volume[93515]: DEBUG oslo.privsep.daemon [-] privsep: reply[0d548487-b525-4d89-9fe7-ea38ce9d1920]: (4, 'qcow2') {{(pid=94702) _call_back /opt/stack/data/venv/lib/python3.12/site-packages/oslo_privsep/daemon.py:580}}
Jun 26 23:14:23 devstack cinder-volume[93515]: DEBUG oslo_concurrency.processutils [req-aa15d8cf-211e-48b6-91c7-641084467fc7 req-b4e86187-7a66-4b8d-8be4-c09168b79fc4 tempest-ServerActionsTestOtherA-1376589269 None] Running cmd (subprocess): /opt/stack/data/venv/bin/python3.12 -m oslo_concurrency.prlimit --as=1073741824 --cpu=60 -- sudo cinder-rootwrap /etc/cinder/rootwrap.conf env LC_ALL=C qemu-img info -f qcow2 --output=json --force-share /opt/stack/data/cinder/mnt/784fa81ed6780ba2457c5e794923e800/volume-b56de4be-c718-4b00-b49a-f746a70c1f1d {{(pid=93515) execute /opt/stack/data/venv/lib/python3.12/site-packages/oslo_concurrency/processutils.py:440}}
Jun 26 23:14:23 devstack sudo[96097]: quobyte : PWD=/ ; USER=root ; COMMAND=/opt/stack/data/venv/bin/cinder-rootwrap /etc/cinder/rootwrap.conf env LC_ALL=C qemu-img info -f qcow2 --output=json --force-share /opt/stack/data/cinder/mnt/784fa81ed6780ba2457c5e794923e800/volume-b56de4be-c718-4b00-b49a-f746a70c1f1d
Jun 26 23:14:23 devstack sudo[96097]: pam_unix(sudo:session): session opened for user root(uid=0) by (uid=1000)
Jun 26 23:14:23 devstack cinder-volume[93515]: INFO cinder.volume.manager [None req-811240ae-c297-45f2-b529-9440b718212a tempest-GroupSnapshotsTest-1591451450 None] GroupSnapshot 588c6ad4-b158-4e27-8179-ed037481f226: creating.
Jun 26 23:14:23 devstack cinder-volume[93515]: DEBUG cinder.volume.manager [None req-811240ae-c297-45f2-b529-9440b718212a tempest-GroupSnapshotsTest-1591451450 None] Group snapshot 588c6ad4-b158-4e27-8179-ed037481f226: creating. {{(pid=93515) create_group_snapshot /opt/stack/cinder/cinder/volume/manager.py:4175}}
Jun 26 23:14:23 devstack cinder-volume[93515]: DEBUG oslo_concurrency.lockutils [None req-811240ae-c297-45f2-b529-9440b718212a tempest-GroupSnapshotsTest-1591451450 None] Acquiring lock "quobyte" by "cinder.volume.drivers.quobyte.QuobyteDriver.create_snapshot" {{(pid=93515) inner /opt/stack/data/venv/lib/python3.12/site-packages/oslo_concurrency/lockutils.py:511}}
Jun 26 23:14:24 devstack cinder-volume[93515]: DEBUG oslo_concurrency.lockutils [req-0c441d46-5f87-4944-a9da-1a5cc13c35b6 req-c9940766-ace4-494a-95cd-d78c83ca7caa tempest-DeleteServersTestJSON-1389963055 None] Acquiring lock "quobyte" by "cinder.volume.drivers.quobyte.QuobyteDriver.initialize_connection" {{(pid=93515) inner /opt/stack/data/venv/lib/python3.12/site-packages/oslo_concurrency/lockutils.py:511}}
Jun 26 23:14:24 devstack sudo[96097]: pam_unix(sudo:session): session closed for user root
Jun 26 23:14:24 devstack cinder-volume[93515]: DEBUG oslo_concurrency.processutils [req-aa15d8cf-211e-48b6-91c7-641084467fc7 req-b4e86187-7a66-4b8d-8be4-c09168b79fc4 tempest-ServerActionsTestOtherA-1376589269 None] CMD "/opt/stack/data/venv/bin/python3.12 -m oslo_concurrency.prlimit --as=1073741824 --cpu=60 -- sudo cinder-rootwrap /etc/cinder/rootwrap.conf env LC_ALL=C qemu-img info -f qcow2 --output=json --force-share /opt/stack/data/cinder/mnt/784fa81ed6780ba2457c5e794923e800/volume-b56de4be-c718-4b00-b49a-f746a70c1f1d" returned: 0 in 1.379s {{(pid=93515) execute /opt/stack/data/venv/lib/python3.12/site-packages/oslo_concurrency/processutils.py:468}}
Jun 26 23:14:24 devstack cinder-volume[93515]: DEBUG oslo_concurrency.lockutils [req-aa15d8cf-211e-48b6-91c7-641084467fc7 req-b4e86187-7a66-4b8d-8be4-c09168b79fc4 tempest-ServerActionsTestOtherA-1376589269 None] Lock "quobyte" "released" by "cinder.volume.drivers.quobyte.QuobyteDriver.initialize_connection" :: held 1.423s {{(pid=93515) inner /opt/stack/data/venv/lib/python3.12/site-packages/oslo_concurrency/lockutils.py:543}}
Jun 26 23:14:24 devstack cinder-volume[93515]: DEBUG oslo_concurrency.lockutils [None req-811240ae-c297-45f2-b529-9440b718212a tempest-GroupSnapshotsTest-1591451450 None] Lock "quobyte" acquired by "cinder.volume.drivers.quobyte.QuobyteDriver.create_snapshot" :: waited 0.669s {{(pid=93515) inner /opt/stack/data/venv/lib/python3.12/site-packages/oslo_concurrency/lockutils.py:524}}
Jun 26 23:14:24 devstack cinder-volume[93515]: DEBUG cinder.volume.drivers.remotefs [None req-811240ae-c297-45f2-b529-9440b718212a tempest-GroupSnapshotsTest-1591451450 None] Creating offline snapshot 301e0bc8-7474-4d40-b452-58a07f001452 of volume 1bad6c9e-db41-4a1f-b661-d225016042f0 {{(pid=93515) _create_snapshot /opt/stack/cinder/cinder/volume/drivers/remotefs.py:1816}}
Jun 26 23:14:24 devstack cinder-volume[93515]: DEBUG oslo.privsep.daemon [-] privsep: reply[02e5f4db-9043-42a4-956f-d8a83b849ef5]: (4, 'qcow2') {{(pid=94702) _call_back /opt/stack/data/venv/lib/python3.12/site-packages/oslo_privsep/daemon.py:580}}
Jun 26 23:14:24 devstack cinder-volume[93515]: DEBUG oslo_concurrency.processutils [None req-811240ae-c297-45f2-b529-9440b718212a tempest-GroupSnapshotsTest-1591451450 None] Running cmd (subprocess): /opt/stack/data/venv/bin/python3.12 -m oslo_concurrency.prlimit --as=1073741824 --cpu=60 -- sudo cinder-rootwrap /etc/cinder/rootwrap.conf env LC_ALL=C qemu-img info -f qcow2 --output=json --force-share /opt/stack/data/cinder/mnt/784fa81ed6780ba2457c5e794923e800/volume-1bad6c9e-db41-4a1f-b661-d225016042f0 {{(pid=93515) execute /opt/stack/data/venv/lib/python3.12/site-packages/oslo_concurrency/processutils.py:440}}
Jun 26 23:14:24 devstack cinder-volume[93515]: DEBUG cinder.volume.manager [req-aa15d8cf-211e-48b6-91c7-641084467fc7 req-b4e86187-7a66-4b8d-8be4-c09168b79fc4 tempest-ServerActionsTestOtherA-1376589269 None] Connection info returned from driver {'export': 'osci02.corp.quobyte.com/cinder-vol-6e64a5e9-10c0-42e7-a4d0-5d061a9fbbc0', 'name': 'volume-b56de4be-c718-4b00-b49a-f746a70c1f1d', 'options': None, 'format': 'qcow2', 'qos_specs': None, 'access_mode': 'rw', 'encrypted': False, 'cacheable': False, 'driver_volume_type': 'quobyte', 'mount_point_base': '/opt/stack/data/cinder/mnt', 'attachment_id': '97c13fb5-1cba-4087-a42e-cc224357f58d', 'enforce_multipath': True} {{(pid=93515) _connection_create /opt/stack/cinder/cinder/volume/manager.py:4924}}
Jun 26 23:14:24 devstack cinder-volume[93515]: INFO cinder.volume.manager [req-aa15d8cf-211e-48b6-91c7-641084467fc7 req-b4e86187-7a66-4b8d-8be4-c09168b79fc4 tempest-ServerActionsTestOtherA-1376589269 None] attachment_update completed successfully.
Jun 26 23:14:24 devstack sudo[96127]: quobyte : PWD=/ ; USER=root ; COMMAND=/opt/stack/data/venv/bin/cinder-rootwrap /etc/cinder/rootwrap.conf env LC_ALL=C qemu-img info -f qcow2 --output=json --force-share /opt/stack/data/cinder/mnt/784fa81ed6780ba2457c5e794923e800/volume-1bad6c9e-db41-4a1f-b661-d225016042f0
Jun 26 23:14:24 devstack sudo[96127]: pam_unix(sudo:session): session opened for user root(uid=0) by (uid=1000)
Jun 26 23:14:25 devstack sudo[96127]: pam_unix(sudo:session): session closed for user root
Jun 26 23:14:25 devstack cinder-volume[93515]: DEBUG oslo_concurrency.processutils [None req-811240ae-c297-45f2-b529-9440b718212a tempest-GroupSnapshotsTest-1591451450 None] CMD "/opt/stack/data/venv/bin/python3.12 -m oslo_concurrency.prlimit --as=1073741824 --cpu=60 -- sudo cinder-rootwrap /etc/cinder/rootwrap.conf env LC_ALL=C qemu-img info -f qcow2 --output=json --force-share /opt/stack/data/cinder/mnt/784fa81ed6780ba2457c5e794923e800/volume-1bad6c9e-db41-4a1f-b661-d225016042f0" returned: 0 in 1.026s {{(pid=93515) execute /opt/stack/data/venv/lib/python3.12/site-packages/oslo_concurrency/processutils.py:468}}
Jun 26 23:14:25 devstack cinder-volume[93515]: DEBUG oslo_concurrency.processutils [None req-811240ae-c297-45f2-b529-9440b718212a tempest-GroupSnapshotsTest-1591451450 None] Running cmd (subprocess): sudo cinder-rootwrap /etc/cinder/rootwrap.conf qemu-img create -f qcow2 -o backing_file=/opt/stack/data/cinder/mnt/784fa81ed6780ba2457c5e794923e800/volume-1bad6c9e-db41-4a1f-b661-d225016042f0,backing_fmt=qcow2 /opt/stack/data/cinder/mnt/784fa81ed6780ba2457c5e794923e800/volume-1bad6c9e-db41-4a1f-b661-d225016042f0.301e0bc8-7474-4d40-b452-58a07f001452 1G {{(pid=93515) execute /opt/stack/data/venv/lib/python3.12/site-packages/oslo_concurrency/processutils.py:440}}
Jun 26 23:14:25 devstack sudo[96134]: quobyte : PWD=/ ; USER=root ; COMMAND=/opt/stack/data/venv/bin/cinder-rootwrap /etc/cinder/rootwrap.conf qemu-img create -f qcow2 -o backing_file=/opt/stack/data/cinder/mnt/784fa81ed6780ba2457c5e794923e800/volume-1bad6c9e-db41-4a1f-b661-d225016042f0,backing_fmt=qcow2 /opt/stack/data/cinder/mnt/784fa81ed6780ba2457c5e794923e800/volume-1bad6c9e-db41-4a1f-b661-d225016042f0.301e0bc8-7474-4d40-b452-58a07f001452 1G
Jun 26 23:14:25 devstack sudo[96134]: pam_unix(sudo:session): session opened for user root(uid=0) by (uid=1000)
Jun 26 23:14:26 devstack sudo[96134]: pam_unix(sudo:session): session closed for user root
Jun 26 23:14:26 devstack cinder-volume[93515]: DEBUG oslo_concurrency.processutils [None req-811240ae-c297-45f2-b529-9440b718212a tempest-GroupSnapshotsTest-1591451450 None] CMD "sudo cinder-rootwrap /etc/cinder/rootwrap.conf qemu-img create -f qcow2 -o backing_file=/opt/stack/data/cinder/mnt/784fa81ed6780ba2457c5e794923e800/volume-1bad6c9e-db41-4a1f-b661-d225016042f0,backing_fmt=qcow2 /opt/stack/data/cinder/mnt/784fa81ed6780ba2457c5e794923e800/volume-1bad6c9e-db41-4a1f-b661-d225016042f0.301e0bc8-7474-4d40-b452-58a07f001452 1G" returned: 0 in 1.090s {{(pid=93515) execute /opt/stack/data/venv/lib/python3.12/site-packages/oslo_concurrency/processutils.py:468}}
Jun 26 23:14:26 devstack cinder-volume[93515]: DEBUG oslo_concurrency.processutils [None req-811240ae-c297-45f2-b529-9440b718212a tempest-GroupSnapshotsTest-1591451450 None] Running cmd (subprocess): sudo cinder-rootwrap /etc/cinder/rootwrap.conf qemu-img rebase -u -b volume-1bad6c9e-db41-4a1f-b661-d225016042f0 -F qcow2 /opt/stack/data/cinder/mnt/784fa81ed6780ba2457c5e794923e800/volume-1bad6c9e-db41-4a1f-b661-d225016042f0.301e0bc8-7474-4d40-b452-58a07f001452 {{(pid=93515) execute /opt/stack/data/venv/lib/python3.12/site-packages/oslo_concurrency/processutils.py:440}}
Jun 26 23:14:26 devstack sudo[96161]: quobyte : PWD=/ ; USER=root ; COMMAND=/opt/stack/data/venv/bin/cinder-rootwrap /etc/cinder/rootwrap.conf qemu-img rebase -u -b volume-1bad6c9e-db41-4a1f-b661-d225016042f0 -F qcow2 /opt/stack/data/cinder/mnt/784fa81ed6780ba2457c5e794923e800/volume-1bad6c9e-db41-4a1f-b661-d225016042f0.301e0bc8-7474-4d40-b452-58a07f001452
Jun 26 23:14:26 devstack sudo[96161]: pam_unix(sudo:session): session opened for user root(uid=0) by (uid=1000)
Jun 26 23:14:27 devstack sudo[96161]: pam_unix(sudo:session): session closed for user root
Jun 26 23:14:27 devstack cinder-volume[93515]: DEBUG oslo_concurrency.processutils [None req-811240ae-c297-45f2-b529-9440b718212a tempest-GroupSnapshotsTest-1591451450 None] CMD "sudo cinder-rootwrap /etc/cinder/rootwrap.conf qemu-img rebase -u -b volume-1bad6c9e-db41-4a1f-b661-d225016042f0 -F qcow2 /opt/stack/data/cinder/mnt/784fa81ed6780ba2457c5e794923e800/volume-1bad6c9e-db41-4a1f-b661-d225016042f0.301e0bc8-7474-4d40-b452-58a07f001452" returned: 0 in 0.961s {{(pid=93515) execute /opt/stack/data/venv/lib/python3.12/site-packages/oslo_concurrency/processutils.py:468}}
Jun 26 23:14:27 devstack cinder-volume[93515]: WARNING cinder.volume.drivers.remotefs [None req-811240ae-c297-45f2-b529-9440b718212a tempest-GroupSnapshotsTest-1591451450 None] /opt/stack/data/cinder/mnt/784fa81ed6780ba2457c5e794923e800/volume-1bad6c9e-db41-4a1f-b661-d225016042f0.301e0bc8-7474-4d40-b452-58a07f001452 is being set with open permissions: ugo+rw: NotImplementedError
Jun 26 23:14:27 devstack cinder-volume[93515]: DEBUG oslo_concurrency.processutils [None req-811240ae-c297-45f2-b529-9440b718212a tempest-GroupSnapshotsTest-1591451450 None] Running cmd (subprocess): sudo cinder-rootwrap /etc/cinder/rootwrap.conf chmod ugo+rw /opt/stack/data/cinder/mnt/784fa81ed6780ba2457c5e794923e800/volume-1bad6c9e-db41-4a1f-b661-d225016042f0.301e0bc8-7474-4d40-b452-58a07f001452 {{(pid=93515) execute /opt/stack/data/venv/lib/python3.12/site-packages/oslo_concurrency/processutils.py:440}}
Jun 26 23:14:27 devstack sudo[96183]: quobyte : PWD=/ ; USER=root ; COMMAND=/opt/stack/data/venv/bin/cinder-rootwrap /etc/cinder/rootwrap.conf chmod ugo+rw /opt/stack/data/cinder/mnt/784fa81ed6780ba2457c5e794923e800/volume-1bad6c9e-db41-4a1f-b661-d225016042f0.301e0bc8-7474-4d40-b452-58a07f001452
Jun 26 23:14:27 devstack sudo[96183]: pam_unix(sudo:session): session opened for user root(uid=0) by (uid=1000)
Jun 26 23:14:28 devstack sudo[96183]: pam_unix(sudo:session): session closed for user root
Jun 26 23:14:28 devstack cinder-volume[93515]: DEBUG oslo_concurrency.processutils [None req-811240ae-c297-45f2-b529-9440b718212a tempest-GroupSnapshotsTest-1591451450 None] CMD "sudo cinder-rootwrap /etc/cinder/rootwrap.conf chmod ugo+rw /opt/stack/data/cinder/mnt/784fa81ed6780ba2457c5e794923e800/volume-1bad6c9e-db41-4a1f-b661-d225016042f0.301e0bc8-7474-4d40-b452-58a07f001452" returned: 0 in 0.707s {{(pid=93515) execute /opt/stack/data/venv/lib/python3.12/site-packages/oslo_concurrency/processutils.py:468}}
Jun 26 23:14:28 devstack cinder-volume[93515]: DEBUG oslo_concurrency.processutils [None req-811240ae-c297-45f2-b529-9440b718212a tempest-GroupSnapshotsTest-1591451450 None] Running cmd (subprocess): sudo cinder-rootwrap /etc/cinder/rootwrap.conf truncate -s0 /opt/stack/data/cinder/mnt/784fa81ed6780ba2457c5e794923e800/volume-1bad6c9e-db41-4a1f-b661-d225016042f0.info {{(pid=93515) execute /opt/stack/data/venv/lib/python3.12/site-packages/oslo_concurrency/processutils.py:440}}
Jun 26 23:14:28 devstack sudo[96253]: quobyte : PWD=/ ; USER=root ; COMMAND=/opt/stack/data/venv/bin/cinder-rootwrap /etc/cinder/rootwrap.conf truncate -s0 /opt/stack/data/cinder/mnt/784fa81ed6780ba2457c5e794923e800/volume-1bad6c9e-db41-4a1f-b661-d225016042f0.info
Jun 26 23:14:28 devstack sudo[96253]: pam_unix(sudo:session): session opened for user root(uid=0) by (uid=1000)
Jun 26 23:14:29 devstack sudo[96253]: pam_unix(sudo:session): session closed for user root
Jun 26 23:14:29 devstack cinder-volume[93515]: DEBUG oslo_concurrency.processutils [None req-811240ae-c297-45f2-b529-9440b718212a tempest-GroupSnapshotsTest-1591451450 None] CMD "sudo cinder-rootwrap /etc/cinder/rootwrap.conf truncate -s0 /opt/stack/data/cinder/mnt/784fa81ed6780ba2457c5e794923e800/volume-1bad6c9e-db41-4a1f-b661-d225016042f0.info" returned: 0 in 0.732s {{(pid=93515) execute /opt/stack/data/venv/lib/python3.12/site-packages/oslo_concurrency/processutils.py:468}}
Jun 26 23:14:29 devstack cinder-volume[93515]: WARNING cinder.volume.drivers.remotefs [None req-811240ae-c297-45f2-b529-9440b718212a tempest-GroupSnapshotsTest-1591451450 None] /opt/stack/data/cinder/mnt/784fa81ed6780ba2457c5e794923e800/volume-1bad6c9e-db41-4a1f-b661-d225016042f0.info is being set with open permissions: ugo+rw: NotImplementedError
Jun 26 23:14:29 devstack cinder-volume[93515]: DEBUG oslo_concurrency.processutils [None req-811240ae-c297-45f2-b529-9440b718212a tempest-GroupSnapshotsTest-1591451450 None] Running cmd (subprocess): sudo cinder-rootwrap /etc/cinder/rootwrap.conf chmod ugo+rw /opt/stack/data/cinder/mnt/784fa81ed6780ba2457c5e794923e800/volume-1bad6c9e-db41-4a1f-b661-d225016042f0.info {{(pid=93515) execute /opt/stack/data/venv/lib/python3.12/site-packages/oslo_concurrency/processutils.py:440}}
Jun 26 23:14:29 devstack sudo[96259]: quobyte : PWD=/ ; USER=root ; COMMAND=/opt/stack/data/venv/bin/cinder-rootwrap /etc/cinder/rootwrap.conf chmod ugo+rw /opt/stack/data/cinder/mnt/784fa81ed6780ba2457c5e794923e800/volume-1bad6c9e-db41-4a1f-b661-d225016042f0.info
Jun 26 23:14:29 devstack sudo[96259]: pam_unix(sudo:session): session opened for user root(uid=0) by (uid=1000)
Jun 26 23:14:29 devstack sudo[96259]: pam_unix(sudo:session): session closed for user root
Jun 26 23:14:29 devstack cinder-volume[93515]: DEBUG oslo_concurrency.processutils [None req-811240ae-c297-45f2-b529-9440b718212a tempest-GroupSnapshotsTest-1591451450 None] CMD "sudo cinder-rootwrap /etc/cinder/rootwrap.conf chmod ugo+rw /opt/stack/data/cinder/mnt/784fa81ed6780ba2457c5e794923e800/volume-1bad6c9e-db41-4a1f-b661-d225016042f0.info" returned: 0 in 0.684s {{(pid=93515) execute /opt/stack/data/venv/lib/python3.12/site-packages/oslo_concurrency/processutils.py:468}}
Jun 26 23:14:29 devstack cinder-volume[93515]: DEBUG oslo_concurrency.lockutils [None req-811240ae-c297-45f2-b529-9440b718212a tempest-GroupSnapshotsTest-1591451450 None] Lock "quobyte" "released" by "cinder.volume.drivers.quobyte.QuobyteDriver.create_snapshot" :: held 5.331s {{(pid=93515) inner /opt/stack/data/venv/lib/python3.12/site-packages/oslo_concurrency/lockutils.py:543}}
Jun 26 23:14:29 devstack cinder-volume[93515]: DEBUG oslo_concurrency.lockutils [None req-811240ae-c297-45f2-b529-9440b718212a tempest-GroupSnapshotsTest-1591451450 None] Acquiring lock "quobyte" by "cinder.volume.drivers.quobyte.QuobyteDriver.create_snapshot" {{(pid=93515) inner /opt/stack/data/venv/lib/python3.12/site-packages/oslo_concurrency/lockutils.py:511}}
Jun 26 23:14:29 devstack cinder-volume[93515]: DEBUG oslo_concurrency.lockutils [None req-811240ae-c297-45f2-b529-9440b718212a tempest-GroupSnapshotsTest-1591451450 None] Lock "quobyte" acquired by "cinder.volume.drivers.quobyte.QuobyteDriver.create_snapshot" :: waited 0.001s {{(pid=93515) inner /opt/stack/data/venv/lib/python3.12/site-packages/oslo_concurrency/lockutils.py:524}}
Jun 26 23:14:30 devstack cinder-volume[93515]: DEBUG cinder.volume.drivers.remotefs [None req-811240ae-c297-45f2-b529-9440b718212a tempest-GroupSnapshotsTest-1591451450 None] Creating offline snapshot db2272dd-4e22-4964-b5f7-e6469cf431aa of volume 0c2a72e0-ed4f-4602-a807-94cc23f0e38f {{(pid=93515) _create_snapshot /opt/stack/cinder/cinder/volume/drivers/remotefs.py:1816}}
Jun 26 23:14:30 devstack cinder-volume[93515]: DEBUG oslo.privsep.daemon [-] privsep: reply[adb53bff-02c2-46bb-9284-2d8068e96363]: (4, 'qcow2') {{(pid=94702) _call_back /opt/stack/data/venv/lib/python3.12/site-packages/oslo_privsep/daemon.py:580}}
Jun 26 23:14:30 devstack cinder-volume[93515]: DEBUG oslo_concurrency.processutils [None req-811240ae-c297-45f2-b529-9440b718212a tempest-GroupSnapshotsTest-1591451450 None] Running cmd (subprocess): /opt/stack/data/venv/bin/python3.12 -m oslo_concurrency.prlimit --as=1073741824 --cpu=60 -- sudo cinder-rootwrap /etc/cinder/rootwrap.conf env LC_ALL=C qemu-img info -f qcow2 --output=json --force-share /opt/stack/data/cinder/mnt/784fa81ed6780ba2457c5e794923e800/volume-0c2a72e0-ed4f-4602-a807-94cc23f0e38f {{(pid=93515) execute /opt/stack/data/venv/lib/python3.12/site-packages/oslo_concurrency/processutils.py:440}}
Jun 26 23:14:30 devstack sudo[96262]: quobyte : PWD=/ ; USER=root ; COMMAND=/opt/stack/data/venv/bin/cinder-rootwrap /etc/cinder/rootwrap.conf env LC_ALL=C qemu-img info -f qcow2 --output=json --force-share /opt/stack/data/cinder/mnt/784fa81ed6780ba2457c5e794923e800/volume-0c2a72e0-ed4f-4602-a807-94cc23f0e38f
Jun 26 23:14:30 devstack sudo[96262]: pam_unix(sudo:session): session opened for user root(uid=0) by (uid=1000)
Jun 26 23:14:30 devstack sudo[96262]: pam_unix(sudo:session): session closed for user root
Jun 26 23:14:30 devstack cinder-volume[93515]: DEBUG oslo_concurrency.processutils [None req-811240ae-c297-45f2-b529-9440b718212a tempest-GroupSnapshotsTest-1591451450 None] CMD "/opt/stack/data/venv/bin/python3.12 -m oslo_concurrency.prlimit --as=1073741824 --cpu=60 -- sudo cinder-rootwrap /etc/cinder/rootwrap.conf env LC_ALL=C qemu-img info -f qcow2 --output=json --force-share /opt/stack/data/cinder/mnt/784fa81ed6780ba2457c5e794923e800/volume-0c2a72e0-ed4f-4602-a807-94cc23f0e38f" returned: 0 in 0.864s {{(pid=93515) execute /opt/stack/data/venv/lib/python3.12/site-packages/oslo_concurrency/processutils.py:468}}
Jun 26 23:14:30 devstack cinder-volume[93515]: DEBUG oslo_concurrency.processutils [None req-811240ae-c297-45f2-b529-9440b718212a tempest-GroupSnapshotsTest-1591451450 None] Running cmd (subprocess): sudo cinder-rootwrap /etc/cinder/rootwrap.conf qemu-img create -f qcow2 -o backing_file=/opt/stack/data/cinder/mnt/784fa81ed6780ba2457c5e794923e800/volume-0c2a72e0-ed4f-4602-a807-94cc23f0e38f,backing_fmt=qcow2 /opt/stack/data/cinder/mnt/784fa81ed6780ba2457c5e794923e800/volume-0c2a72e0-ed4f-4602-a807-94cc23f0e38f.db2272dd-4e22-4964-b5f7-e6469cf431aa 1G {{(pid=93515) execute /opt/stack/data/venv/lib/python3.12/site-packages/oslo_concurrency/processutils.py:440}}
Jun 26 23:14:30 devstack sudo[96584]: quobyte : PWD=/ ; USER=root ; COMMAND=/opt/stack/data/venv/bin/cinder-rootwrap /etc/cinder/rootwrap.conf qemu-img create -f qcow2 -o backing_file=/opt/stack/data/cinder/mnt/784fa81ed6780ba2457c5e794923e800/volume-0c2a72e0-ed4f-4602-a807-94cc23f0e38f,backing_fmt=qcow2 /opt/stack/data/cinder/mnt/784fa81ed6780ba2457c5e794923e800/volume-0c2a72e0-ed4f-4602-a807-94cc23f0e38f.db2272dd-4e22-4964-b5f7-e6469cf431aa 1G
Jun 26 23:14:30 devstack sudo[96584]: pam_unix(sudo:session): session opened for user root(uid=0) by (uid=1000)
Jun 26 23:14:32 devstack sudo[96584]: pam_unix(sudo:session): session closed for user root
Jun 26 23:14:32 devstack cinder-volume[93515]: DEBUG oslo_concurrency.processutils [None req-811240ae-c297-45f2-b529-9440b718212a tempest-GroupSnapshotsTest-1591451450 None] CMD "sudo cinder-rootwrap /etc/cinder/rootwrap.conf qemu-img create -f qcow2 -o backing_file=/opt/stack/data/cinder/mnt/784fa81ed6780ba2457c5e794923e800/volume-0c2a72e0-ed4f-4602-a807-94cc23f0e38f,backing_fmt=qcow2 /opt/stack/data/cinder/mnt/784fa81ed6780ba2457c5e794923e800/volume-0c2a72e0-ed4f-4602-a807-94cc23f0e38f.db2272dd-4e22-4964-b5f7-e6469cf431aa 1G" returned: 0 in 1.132s {{(pid=93515) execute /opt/stack/data/venv/lib/python3.12/site-packages/oslo_concurrency/processutils.py:468}}
Jun 26 23:14:32 devstack cinder-volume[93515]: DEBUG oslo_concurrency.processutils [None req-811240ae-c297-45f2-b529-9440b718212a tempest-GroupSnapshotsTest-1591451450 None] Running cmd (subprocess): sudo cinder-rootwrap /etc/cinder/rootwrap.conf qemu-img rebase -u -b volume-0c2a72e0-ed4f-4602-a807-94cc23f0e38f -F qcow2 /opt/stack/data/cinder/mnt/784fa81ed6780ba2457c5e794923e800/volume-0c2a72e0-ed4f-4602-a807-94cc23f0e38f.db2272dd-4e22-4964-b5f7-e6469cf431aa {{(pid=93515) execute /opt/stack/data/venv/lib/python3.12/site-packages/oslo_concurrency/processutils.py:440}}
Jun 26 23:14:32 devstack sudo[96640]: quobyte : PWD=/ ; USER=root ; COMMAND=/opt/stack/data/venv/bin/cinder-rootwrap /etc/cinder/rootwrap.conf qemu-img rebase -u -b volume-0c2a72e0-ed4f-4602-a807-94cc23f0e38f -F qcow2 /opt/stack/data/cinder/mnt/784fa81ed6780ba2457c5e794923e800/volume-0c2a72e0-ed4f-4602-a807-94cc23f0e38f.db2272dd-4e22-4964-b5f7-e6469cf431aa
Jun 26 23:14:32 devstack sudo[96640]: pam_unix(sudo:session): session opened for user root(uid=0) by (uid=1000)
Jun 26 23:14:32 devstack sudo[96640]: pam_unix(sudo:session): session closed for user root
Jun 26 23:14:32 devstack cinder-volume[93515]: DEBUG oslo_concurrency.processutils [None req-811240ae-c297-45f2-b529-9440b718212a tempest-GroupSnapshotsTest-1591451450 None] CMD "sudo cinder-rootwrap /etc/cinder/rootwrap.conf qemu-img rebase -u -b volume-0c2a72e0-ed4f-4602-a807-94cc23f0e38f -F qcow2 /opt/stack/data/cinder/mnt/784fa81ed6780ba2457c5e794923e800/volume-0c2a72e0-ed4f-4602-a807-94cc23f0e38f.db2272dd-4e22-4964-b5f7-e6469cf431aa" returned: 0 in 0.832s {{(pid=93515) execute /opt/stack/data/venv/lib/python3.12/site-packages/oslo_concurrency/processutils.py:468}}
Jun 26 23:14:32 devstack cinder-volume[93515]: WARNING cinder.volume.drivers.remotefs [None req-811240ae-c297-45f2-b529-9440b718212a tempest-GroupSnapshotsTest-1591451450 None] /opt/stack/data/cinder/mnt/784fa81ed6780ba2457c5e794923e800/volume-0c2a72e0-ed4f-4602-a807-94cc23f0e38f.db2272dd-4e22-4964-b5f7-e6469cf431aa is being set with open permissions: ugo+rw: NotImplementedError
Jun 26 23:14:32 devstack cinder-volume[93515]: DEBUG oslo_concurrency.processutils [None req-811240ae-c297-45f2-b529-9440b718212a tempest-GroupSnapshotsTest-1591451450 None] Running cmd (subprocess): sudo cinder-rootwrap /etc/cinder/rootwrap.conf chmod ugo+rw /opt/stack/data/cinder/mnt/784fa81ed6780ba2457c5e794923e800/volume-0c2a72e0-ed4f-4602-a807-94cc23f0e38f.db2272dd-4e22-4964-b5f7-e6469cf431aa {{(pid=93515) execute /opt/stack/data/venv/lib/python3.12/site-packages/oslo_concurrency/processutils.py:440}}
Jun 26 23:14:32 devstack sudo[96654]: quobyte : PWD=/ ; USER=root ; COMMAND=/opt/stack/data/venv/bin/cinder-rootwrap /etc/cinder/rootwrap.conf chmod ugo+rw /opt/stack/data/cinder/mnt/784fa81ed6780ba2457c5e794923e800/volume-0c2a72e0-ed4f-4602-a807-94cc23f0e38f.db2272dd-4e22-4964-b5f7-e6469cf431aa
Jun 26 23:14:32 devstack sudo[96654]: pam_unix(sudo:session): session opened for user root(uid=0) by (uid=1000)
Jun 26 23:14:34 devstack sudo[96654]: pam_unix(sudo:session): session closed for user root
Jun 26 23:14:34 devstack cinder-volume[93515]: DEBUG oslo_concurrency.processutils [None req-811240ae-c297-45f2-b529-9440b718212a tempest-GroupSnapshotsTest-1591451450 None] CMD "sudo cinder-rootwrap /etc/cinder/rootwrap.conf chmod ugo+rw /opt/stack/data/cinder/mnt/784fa81ed6780ba2457c5e794923e800/volume-0c2a72e0-ed4f-4602-a807-94cc23f0e38f.db2272dd-4e22-4964-b5f7-e6469cf431aa" returned: 0 in 1.322s {{(pid=93515) execute /opt/stack/data/venv/lib/python3.12/site-packages/oslo_concurrency/processutils.py:468}}
Jun 26 23:14:34 devstack cinder-volume[93515]: DEBUG oslo_concurrency.processutils [None req-811240ae-c297-45f2-b529-9440b718212a tempest-GroupSnapshotsTest-1591451450 None] Running cmd (subprocess): sudo cinder-rootwrap /etc/cinder/rootwrap.conf truncate -s0 /opt/stack/data/cinder/mnt/784fa81ed6780ba2457c5e794923e800/volume-0c2a72e0-ed4f-4602-a807-94cc23f0e38f.info {{(pid=93515) execute /opt/stack/data/venv/lib/python3.12/site-packages/oslo_concurrency/processutils.py:440}}
Jun 26 23:14:34 devstack sudo[96661]: quobyte : PWD=/ ; USER=root ; COMMAND=/opt/stack/data/venv/bin/cinder-rootwrap /etc/cinder/rootwrap.conf truncate -s0 /opt/stack/data/cinder/mnt/784fa81ed6780ba2457c5e794923e800/volume-0c2a72e0-ed4f-4602-a807-94cc23f0e38f.info
Jun 26 23:14:34 devstack sudo[96661]: pam_unix(sudo:session): session opened for user root(uid=0) by (uid=1000)
Jun 26 23:14:35 devstack sudo[96661]: pam_unix(sudo:session): session closed for user root
Jun 26 23:14:35 devstack cinder-volume[93515]: DEBUG oslo_concurrency.processutils [None req-811240ae-c297-45f2-b529-9440b718212a tempest-GroupSnapshotsTest-1591451450 None] CMD "sudo cinder-rootwrap /etc/cinder/rootwrap.conf truncate -s0 /opt/stack/data/cinder/mnt/784fa81ed6780ba2457c5e794923e800/volume-0c2a72e0-ed4f-4602-a807-94cc23f0e38f.info" returned: 0 in 1.029s {{(pid=93515) execute /opt/stack/data/venv/lib/python3.12/site-packages/oslo_concurrency/processutils.py:468}}
Jun 26 23:14:35 devstack cinder-volume[93515]: WARNING cinder.volume.drivers.remotefs [None req-811240ae-c297-45f2-b529-9440b718212a tempest-GroupSnapshotsTest-1591451450 None] /opt/stack/data/cinder/mnt/784fa81ed6780ba2457c5e794923e800/volume-0c2a72e0-ed4f-4602-a807-94cc23f0e38f.info is being set with open permissions: ugo+rw: NotImplementedError
Jun 26 23:14:35 devstack cinder-volume[93515]: DEBUG oslo_concurrency.processutils [None req-811240ae-c297-45f2-b529-9440b718212a tempest-GroupSnapshotsTest-1591451450 None] Running cmd (subprocess): sudo cinder-rootwrap /etc/cinder/rootwrap.conf chmod ugo+rw /opt/stack/data/cinder/mnt/784fa81ed6780ba2457c5e794923e800/volume-0c2a72e0-ed4f-4602-a807-94cc23f0e38f.info {{(pid=93515) execute /opt/stack/data/venv/lib/python3.12/site-packages/oslo_concurrency/processutils.py:440}}
Jun 26 23:14:35 devstack sudo[96668]: quobyte : PWD=/ ; USER=root ; COMMAND=/opt/stack/data/venv/bin/cinder-rootwrap /etc/cinder/rootwrap.conf chmod ugo+rw /opt/stack/data/cinder/mnt/784fa81ed6780ba2457c5e794923e800/volume-0c2a72e0-ed4f-4602-a807-94cc23f0e38f.info
Jun 26 23:14:35 devstack sudo[96668]: pam_unix(sudo:session): session opened for user root(uid=0) by (uid=1000)
Jun 26 23:14:36 devstack sudo[96668]: pam_unix(sudo:session): session closed for user root
Jun 26 23:14:36 devstack cinder-volume[93515]: DEBUG oslo_concurrency.processutils [None req-811240ae-c297-45f2-b529-9440b718212a tempest-GroupSnapshotsTest-1591451450 None] CMD "sudo cinder-rootwrap /etc/cinder/rootwrap.conf chmod ugo+rw /opt/stack/data/cinder/mnt/784fa81ed6780ba2457c5e794923e800/volume-0c2a72e0-ed4f-4602-a807-94cc23f0e38f.info" returned: 0 in 0.770s {{(pid=93515) execute /opt/stack/data/venv/lib/python3.12/site-packages/oslo_concurrency/processutils.py:468}}
