Jun 26 23:14:36 devstack cinder-volume[93515]: DEBUG oslo_concurrency.lockutils [None req-811240ae-c297-45f2-b529-9440b718212a tempest-GroupSnapshotsTest-1591451450 None] Lock "quobyte" "released" by "cinder.volume.drivers.quobyte.QuobyteDriver.create_snapshot" :: held 6.100s {{(pid=93515) inner /opt/stack/data/venv/lib/python3.12/site-packages/oslo_concurrency/lockutils.py:543}}
Jun 26 23:14:36 devstack cinder-volume[93515]: DEBUG oslo_concurrency.lockutils [req-0c441d46-5f87-4944-a9da-1a5cc13c35b6 req-c9940766-ace4-494a-95cd-d78c83ca7caa tempest-DeleteServersTestJSON-1389963055 None] Lock "quobyte" acquired by "cinder.volume.drivers.quobyte.QuobyteDriver.initialize_connection" :: waited 11.516s {{(pid=93515) inner /opt/stack/data/venv/lib/python3.12/site-packages/oslo_concurrency/lockutils.py:524}}
Jun 26 23:14:36 devstack cinder-volume[93515]: DEBUG oslo.privsep.daemon [-] privsep: reply[31e2ed8e-c9b5-44c3-8552-4412b29c9083]: (4, 'qcow2') {{(pid=94702) _call_back /opt/stack/data/venv/lib/python3.12/site-packages/oslo_privsep/daemon.py:580}}
Jun 26 23:14:36 devstack cinder-volume[93515]: DEBUG oslo_concurrency.processutils [req-0c441d46-5f87-4944-a9da-1a5cc13c35b6 req-c9940766-ace4-494a-95cd-d78c83ca7caa tempest-DeleteServersTestJSON-1389963055 None] Running cmd (subprocess): /opt/stack/data/venv/bin/python3.12 -m oslo_concurrency.prlimit --as=1073741824 --cpu=60 -- sudo cinder-rootwrap /etc/cinder/rootwrap.conf env LC_ALL=C qemu-img info -f qcow2 --output=json --force-share /opt/stack/data/cinder/mnt/784fa81ed6780ba2457c5e794923e800/volume-6053a015-d055-43e9-a449-004c9676dbdf {{(pid=93515) execute /opt/stack/data/venv/lib/python3.12/site-packages/oslo_concurrency/processutils.py:440}}
Jun 26 23:14:36 devstack cinder-volume[93515]: INFO cinder.volume.manager [None req-811240ae-c297-45f2-b529-9440b718212a tempest-GroupSnapshotsTest-1591451450 None] group_snapshot 588c6ad4-b158-4e27-8179-ed037481f226: created successfully
Jun 26 23:14:36 devstack sudo[96673]: quobyte : PWD=/ ; USER=root ; COMMAND=/opt/stack/data/venv/bin/cinder-rootwrap /etc/cinder/rootwrap.conf env LC_ALL=C qemu-img info -f qcow2 --output=json --force-share /opt/stack/data/cinder/mnt/784fa81ed6780ba2457c5e794923e800/volume-6053a015-d055-43e9-a449-004c9676dbdf
Jun 26 23:14:36 devstack sudo[96673]: pam_unix(sudo:session): session opened for user root(uid=0) by (uid=1000)
Jun 26 23:14:36 devstack cinder-volume[93515]: INFO cinder.volume.manager [None req-9f1b0895-9da5-47a2-a486-104123ea26b3 tempest-GroupSnapshotsTest-1591451450 None] group_snapshot 588c6ad4-b158-4e27-8179-ed037481f226: deleting
Jun 26 23:14:36 devstack cinder-volume[93515]: DEBUG cinder.volume.manager [None req-9f1b0895-9da5-47a2-a486-104123ea26b3 tempest-GroupSnapshotsTest-1591451450 None] group_snapshot 588c6ad4-b158-4e27-8179-ed037481f226: deleting {{(pid=93515) delete_group_snapshot /opt/stack/cinder/cinder/volume/manager.py:4350}}
Jun 26 23:14:36 devstack cinder-volume[93515]: DEBUG cinder.coordination [None req-9f1b0895-9da5-47a2-a486-104123ea26b3 tempest-GroupSnapshotsTest-1591451450 None] Acquiring lock "cinder-quobyte-1bad6c9e-db41-4a1f-b661-d225016042f0" by "delete_snapshot" {{(pid=93515) __acquire /opt/stack/cinder/cinder/coordination.py:138}}
Jun 26 23:14:36 devstack cinder-volume[93515]: DEBUG cinder.coordination [None req-9f1b0895-9da5-47a2-a486-104123ea26b3 tempest-GroupSnapshotsTest-1591451450 None] Lock "cinder-quobyte-1bad6c9e-db41-4a1f-b661-d225016042f0" acquired by "delete_snapshot" :: waited 0.026s {{(pid=93515) __acquire /opt/stack/cinder/cinder/coordination.py:141}}
Jun 26 23:14:36 devstack cinder-volume[93515]: DEBUG cinder.coordination [None req-9f1b0895-9da5-47a2-a486-104123ea26b3 tempest-GroupSnapshotsTest-1591451450 None] Acquiring lock "cinder-quobyte-301e0bc8-7474-4d40-b452-58a07f001452" by "_delete_snapshot" {{(pid=93515) __acquire /opt/stack/cinder/cinder/coordination.py:138}}
Jun 26 23:14:36 devstack cinder-volume[93515]: DEBUG cinder.coordination [None req-9f1b0895-9da5-47a2-a486-104123ea26b3 tempest-GroupSnapshotsTest-1591451450 None] Lock "cinder-quobyte-301e0bc8-7474-4d40-b452-58a07f001452" acquired by "_delete_snapshot" :: waited 0.023s {{(pid=93515) __acquire /opt/stack/cinder/cinder/coordination.py:141}}
Jun 26 23:14:36 devstack cinder-volume[93515]: DEBUG cinder.volume.drivers.remotefs [None req-9f1b0895-9da5-47a2-a486-104123ea26b3 tempest-GroupSnapshotsTest-1591451450 None] Deleting offline snapshot 301e0bc8-7474-4d40-b452-58a07f001452 of volume 1bad6c9e-db41-4a1f-b661-d225016042f0 {{(pid=93515) _delete_snapshot /opt/stack/cinder/cinder/volume/drivers/remotefs.py:1288}}
Jun 26 23:14:36 devstack cinder-volume[93515]: DEBUG cinder.volume.drivers.remotefs [None req-9f1b0895-9da5-47a2-a486-104123ea26b3 tempest-GroupSnapshotsTest-1591451450 None] snapshot_file for this snap is: volume-1bad6c9e-db41-4a1f-b661-d225016042f0.301e0bc8-7474-4d40-b452-58a07f001452 {{(pid=93515) _delete_snapshot /opt/stack/cinder/cinder/volume/drivers/remotefs.py:1317}}
Jun 26 23:14:36 devstack cinder-volume[93515]: DEBUG oslo.privsep.daemon [-] privsep: reply[edc89f3a-45db-4b40-ba3a-a483d0e66b2e]: (4, 'qcow2') {{(pid=94702) _call_back /opt/stack/data/venv/lib/python3.12/site-packages/oslo_privsep/daemon.py:580}}
Jun 26 23:14:36 devstack cinder-volume[93515]: DEBUG oslo_concurrency.processutils [None req-9f1b0895-9da5-47a2-a486-104123ea26b3 tempest-GroupSnapshotsTest-1591451450 None] Running cmd (subprocess): /opt/stack/data/venv/bin/python3.12 -m oslo_concurrency.prlimit --as=1073741824 --cpu=60 -- sudo cinder-rootwrap /etc/cinder/rootwrap.conf env LC_ALL=C qemu-img info -f qcow2 --output=json --force-share /opt/stack/data/cinder/mnt/784fa81ed6780ba2457c5e794923e800/volume-1bad6c9e-db41-4a1f-b661-d225016042f0.301e0bc8-7474-4d40-b452-58a07f001452 {{(pid=93515) execute /opt/stack/data/venv/lib/python3.12/site-packages/oslo_concurrency/processutils.py:440}}
Jun 26 23:14:37 devstack sudo[96675]: quobyte : PWD=/ ; USER=root ; COMMAND=/opt/stack/data/venv/bin/cinder-rootwrap /etc/cinder/rootwrap.conf env LC_ALL=C qemu-img info -f qcow2 --output=json --force-share /opt/stack/data/cinder/mnt/784fa81ed6780ba2457c5e794923e800/volume-1bad6c9e-db41-4a1f-b661-d225016042f0.301e0bc8-7474-4d40-b452-58a07f001452
Jun 26 23:14:37 devstack sudo[96675]: pam_unix(sudo:session): session opened for user root(uid=0) by (uid=1000)
Jun 26 23:14:37 devstack sudo[96673]: pam_unix(sudo:session): session closed for user root
Jun 26 23:14:37 devstack cinder-volume[93515]: DEBUG oslo_concurrency.processutils [req-0c441d46-5f87-4944-a9da-1a5cc13c35b6 req-c9940766-ace4-494a-95cd-d78c83ca7caa tempest-DeleteServersTestJSON-1389963055 None] CMD "/opt/stack/data/venv/bin/python3.12 -m oslo_concurrency.prlimit --as=1073741824 --cpu=60 -- sudo cinder-rootwrap /etc/cinder/rootwrap.conf env LC_ALL=C qemu-img info -f qcow2 --output=json --force-share /opt/stack/data/cinder/mnt/784fa81ed6780ba2457c5e794923e800/volume-6053a015-d055-43e9-a449-004c9676dbdf" returned: 0 in 1.159s {{(pid=93515) execute /opt/stack/data/venv/lib/python3.12/site-packages/oslo_concurrency/processutils.py:468}}
Jun 26 23:14:37 devstack cinder-volume[93515]: DEBUG oslo_concurrency.lockutils [req-0c441d46-5f87-4944-a9da-1a5cc13c35b6 req-c9940766-ace4-494a-95cd-d78c83ca7caa tempest-DeleteServersTestJSON-1389963055 None] Lock "quobyte" "released" by "cinder.volume.drivers.quobyte.QuobyteDriver.initialize_connection" :: held 1.189s {{(pid=93515) inner /opt/stack/data/venv/lib/python3.12/site-packages/oslo_concurrency/lockutils.py:543}}
Jun 26 23:14:37 devstack cinder-volume[93515]: DEBUG cinder.volume.manager [req-0c441d46-5f87-4944-a9da-1a5cc13c35b6 req-c9940766-ace4-494a-95cd-d78c83ca7caa tempest-DeleteServersTestJSON-1389963055 None] Connection info returned from driver {'export': 'osci02.corp.quobyte.com/cinder-vol-6e64a5e9-10c0-42e7-a4d0-5d061a9fbbc0', 'name': 'volume-6053a015-d055-43e9-a449-004c9676dbdf', 'options': None, 'format': 'qcow2', 'qos_specs': None, 'access_mode': 'rw', 'encrypted': False, 'cacheable': False, 'driver_volume_type': 'quobyte', 'mount_point_base': '/opt/stack/data/cinder/mnt', 'attachment_id': 'e7e4ee0f-7958-4e3d-9fd1-e00253c4e6a7', 'enforce_multipath': True} {{(pid=93515) _connection_create /opt/stack/cinder/cinder/volume/manager.py:4924}}
Jun 26 23:14:37 devstack cinder-volume[93515]: INFO cinder.volume.manager [req-0c441d46-5f87-4944-a9da-1a5cc13c35b6 req-c9940766-ace4-494a-95cd-d78c83ca7caa tempest-DeleteServersTestJSON-1389963055 None] attachment_update completed successfully.
Jun 26 23:14:38 devstack sudo[96675]: pam_unix(sudo:session): session closed for user root
Jun 26 23:14:38 devstack cinder-volume[93515]: DEBUG oslo_concurrency.processutils [None req-9f1b0895-9da5-47a2-a486-104123ea26b3 tempest-GroupSnapshotsTest-1591451450 None] CMD "/opt/stack/data/venv/bin/python3.12 -m oslo_concurrency.prlimit --as=1073741824 --cpu=60 -- sudo cinder-rootwrap /etc/cinder/rootwrap.conf env LC_ALL=C qemu-img info -f qcow2 --output=json --force-share /opt/stack/data/cinder/mnt/784fa81ed6780ba2457c5e794923e800/volume-1bad6c9e-db41-4a1f-b661-d225016042f0.301e0bc8-7474-4d40-b452-58a07f001452" returned: 0 in 1.146s {{(pid=93515) execute /opt/stack/data/venv/lib/python3.12/site-packages/oslo_concurrency/processutils.py:468}}
Jun 26 23:14:38 devstack cinder-volume[93515]: DEBUG cinder.volume.drivers.remotefs [None req-9f1b0895-9da5-47a2-a486-104123ea26b3 tempest-GroupSnapshotsTest-1591451450 None] Fetching qemu-img info with special backing_file_template: (/opt/stack/data/cinder/mnt/[0-9a-f]+/)?(volume-1bad6c9e-db41-4a1f-b661-d225016042f0(.(tmp-snap-)?[0-9a-f-]+)?|volume_from_snapshot_cache/(tmp-snap-)?[0-9a-f-]+(.(child-|parent-)[0-9a-f-]+)?)$ {{(pid=93515) _qemu_img_info_base /opt/stack/cinder/cinder/volume/drivers/remotefs.py:896}}
Jun 26 23:14:38 devstack cinder-volume[93515]: DEBUG oslo.privsep.daemon [-] privsep: reply[05be0c6a-b201-474d-b8fb-12c05be852c5]: (4, 'qcow2') {{(pid=94702) _call_back /opt/stack/data/venv/lib/python3.12/site-packages/oslo_privsep/daemon.py:580}}
Jun 26 23:14:38 devstack cinder-volume[93515]: DEBUG oslo_concurrency.processutils [None req-9f1b0895-9da5-47a2-a486-104123ea26b3 tempest-GroupSnapshotsTest-1591451450 None] Running cmd (subprocess): /opt/stack/data/venv/bin/python3.12 -m oslo_concurrency.prlimit --as=1073741824 --cpu=60 -- sudo cinder-rootwrap /etc/cinder/rootwrap.conf env LC_ALL=C qemu-img info -f qcow2 --output=json --force-share /opt/stack/data/cinder/mnt/784fa81ed6780ba2457c5e794923e800/volume-1bad6c9e-db41-4a1f-b661-d225016042f0 {{(pid=93515) execute /opt/stack/data/venv/lib/python3.12/site-packages/oslo_concurrency/processutils.py:440}}
Jun 26 23:14:38 devstack sudo[96683]: quobyte : PWD=/ ; USER=root ; COMMAND=/opt/stack/data/venv/bin/cinder-rootwrap /etc/cinder/rootwrap.conf env LC_ALL=C qemu-img info -f qcow2 --output=json --force-share /opt/stack/data/cinder/mnt/784fa81ed6780ba2457c5e794923e800/volume-1bad6c9e-db41-4a1f-b661-d225016042f0
Jun 26 23:14:38 devstack sudo[96683]: pam_unix(sudo:session): session opened for user root(uid=0) by (uid=1000)
Jun 26 23:14:39 devstack sudo[96683]: pam_unix(sudo:session): session closed for user root
Jun 26 23:14:39 devstack cinder-volume[93515]: DEBUG oslo_concurrency.processutils [None req-9f1b0895-9da5-47a2-a486-104123ea26b3 tempest-GroupSnapshotsTest-1591451450 None] CMD "/opt/stack/data/venv/bin/python3.12 -m oslo_concurrency.prlimit --as=1073741824 --cpu=60 -- sudo cinder-rootwrap /etc/cinder/rootwrap.conf env LC_ALL=C qemu-img info -f qcow2 --output=json --force-share /opt/stack/data/cinder/mnt/784fa81ed6780ba2457c5e794923e800/volume-1bad6c9e-db41-4a1f-b661-d225016042f0" returned: 0 in 1.319s {{(pid=93515) execute /opt/stack/data/venv/lib/python3.12/site-packages/oslo_concurrency/processutils.py:468}}
Jun 26 23:14:39 devstack cinder-volume[93515]: DEBUG oslo_concurrency.processutils [None req-9f1b0895-9da5-47a2-a486-104123ea26b3 tempest-GroupSnapshotsTest-1591451450 None] Running cmd (subprocess): sudo cinder-rootwrap /etc/cinder/rootwrap.conf qemu-img commit -d /opt/stack/data/cinder/mnt/784fa81ed6780ba2457c5e794923e800/volume-1bad6c9e-db41-4a1f-b661-d225016042f0.301e0bc8-7474-4d40-b452-58a07f001452 {{(pid=93515) execute /opt/stack/data/venv/lib/python3.12/site-packages/oslo_concurrency/processutils.py:440}}
Jun 26 23:14:39 devstack sudo[96704]: quobyte : PWD=/ ; USER=root ; COMMAND=/opt/stack/data/venv/bin/cinder-rootwrap /etc/cinder/rootwrap.conf qemu-img commit -d /opt/stack/data/cinder/mnt/784fa81ed6780ba2457c5e794923e800/volume-1bad6c9e-db41-4a1f-b661-d225016042f0.301e0bc8-7474-4d40-b452-58a07f001452
Jun 26 23:14:39 devstack sudo[96704]: pam_unix(sudo:session): session opened for user root(uid=0) by (uid=1000)
Jun 26 23:14:40 devstack sudo[96704]: pam_unix(sudo:session): session closed for user root
Jun 26 23:14:40 devstack cinder-volume[93515]: DEBUG oslo_concurrency.processutils [None req-9f1b0895-9da5-47a2-a486-104123ea26b3 tempest-GroupSnapshotsTest-1591451450 None] CMD "sudo cinder-rootwrap /etc/cinder/rootwrap.conf qemu-img commit -d /opt/stack/data/cinder/mnt/784fa81ed6780ba2457c5e794923e800/volume-1bad6c9e-db41-4a1f-b661-d225016042f0.301e0bc8-7474-4d40-b452-58a07f001452" returned: 0 in 0.829s {{(pid=93515) execute /opt/stack/data/venv/lib/python3.12/site-packages/oslo_concurrency/processutils.py:468}}
Jun 26 23:14:40 devstack cinder-volume[93515]: DEBUG oslo_concurrency.processutils [None req-9f1b0895-9da5-47a2-a486-104123ea26b3 tempest-GroupSnapshotsTest-1591451450 None] Running cmd (subprocess): sudo cinder-rootwrap /etc/cinder/rootwrap.conf rm -f /opt/stack/data/cinder/mnt/784fa81ed6780ba2457c5e794923e800/volume-1bad6c9e-db41-4a1f-b661-d225016042f0.301e0bc8-7474-4d40-b452-58a07f001452 {{(pid=93515) execute /opt/stack/data/venv/lib/python3.12/site-packages/oslo_concurrency/processutils.py:440}}
Jun 26 23:14:40 devstack sudo[96716]: quobyte : PWD=/ ; USER=root ; COMMAND=/opt/stack/data/venv/bin/cinder-rootwrap /etc/cinder/rootwrap.conf rm -f /opt/stack/data/cinder/mnt/784fa81ed6780ba2457c5e794923e800/volume-1bad6c9e-db41-4a1f-b661-d225016042f0.301e0bc8-7474-4d40-b452-58a07f001452
Jun 26 23:14:40 devstack sudo[96716]: pam_unix(sudo:session): session opened for user root(uid=0) by (uid=1000)
Jun 26 23:14:40 devstack sudo[96716]: pam_unix(sudo:session): session closed for user root
Jun 26 23:14:40 devstack cinder-volume[93515]: DEBUG oslo_concurrency.processutils [None req-9f1b0895-9da5-47a2-a486-104123ea26b3 tempest-GroupSnapshotsTest-1591451450 None] CMD "sudo cinder-rootwrap /etc/cinder/rootwrap.conf rm -f /opt/stack/data/cinder/mnt/784fa81ed6780ba2457c5e794923e800/volume-1bad6c9e-db41-4a1f-b661-d225016042f0.301e0bc8-7474-4d40-b452-58a07f001452" returned: 0 in 0.711s {{(pid=93515) execute /opt/stack/data/venv/lib/python3.12/site-packages/oslo_concurrency/processutils.py:468}}
Jun 26 23:14:41 devstack cinder-volume[93515]: DEBUG cinder.coordination [None req-9f1b0895-9da5-47a2-a486-104123ea26b3 tempest-GroupSnapshotsTest-1591451450 None] Lock "cinder-quobyte-301e0bc8-7474-4d40-b452-58a07f001452" released by "_delete_snapshot" :: held 4.159s {{(pid=93515) __release /opt/stack/cinder/cinder/coordination.py:152}}
Jun 26 23:14:41 devstack cinder-volume[93515]: DEBUG cinder.coordination [None req-9f1b0895-9da5-47a2-a486-104123ea26b3 tempest-GroupSnapshotsTest-1591451450 None] Lock "cinder-quobyte-1bad6c9e-db41-4a1f-b661-d225016042f0" released by "delete_snapshot" :: held 4.190s {{(pid=93515) __release /opt/stack/cinder/cinder/coordination.py:152}}
Jun 26 23:14:41 devstack cinder-volume[93515]: DEBUG cinder.coordination [None req-9f1b0895-9da5-47a2-a486-104123ea26b3 tempest-GroupSnapshotsTest-1591451450 None] Acquiring lock "cinder-quobyte-0c2a72e0-ed4f-4602-a807-94cc23f0e38f" by "delete_snapshot" {{(pid=93515) __acquire /opt/stack/cinder/cinder/coordination.py:138}}
Jun 26 23:14:41 devstack cinder-volume[93515]: DEBUG cinder.coordination [None req-9f1b0895-9da5-47a2-a486-104123ea26b3 tempest-GroupSnapshotsTest-1591451450 None] Lock "cinder-quobyte-0c2a72e0-ed4f-4602-a807-94cc23f0e38f" acquired by "delete_snapshot" :: waited 0.015s {{(pid=93515) __acquire /opt/stack/cinder/cinder/coordination.py:141}}
Jun 26 23:14:41 devstack cinder-volume[93515]: DEBUG cinder.coordination [None req-9f1b0895-9da5-47a2-a486-104123ea26b3 tempest-GroupSnapshotsTest-1591451450 None] Acquiring lock "cinder-quobyte-db2272dd-4e22-4964-b5f7-e6469cf431aa" by "_delete_snapshot" {{(pid=93515) __acquire /opt/stack/cinder/cinder/coordination.py:138}}
Jun 26 23:14:41 devstack cinder-volume[93515]: DEBUG cinder.coordination [None req-9f1b0895-9da5-47a2-a486-104123ea26b3 tempest-GroupSnapshotsTest-1591451450 None] Lock "cinder-quobyte-db2272dd-4e22-4964-b5f7-e6469cf431aa" acquired by "_delete_snapshot" :: waited 0.012s {{(pid=93515) __acquire /opt/stack/cinder/cinder/coordination.py:141}}
Jun 26 23:14:41 devstack cinder-volume[93515]: DEBUG cinder.volume.drivers.remotefs [None req-9f1b0895-9da5-47a2-a486-104123ea26b3 tempest-GroupSnapshotsTest-1591451450 None] Deleting offline snapshot db2272dd-4e22-4964-b5f7-e6469cf431aa of volume 0c2a72e0-ed4f-4602-a807-94cc23f0e38f {{(pid=93515) _delete_snapshot /opt/stack/cinder/cinder/volume/drivers/remotefs.py:1288}}
Jun 26 23:14:41 devstack cinder-volume[93515]: DEBUG cinder.volume.drivers.remotefs [None req-9f1b0895-9da5-47a2-a486-104123ea26b3 tempest-GroupSnapshotsTest-1591451450 None] snapshot_file for this snap is: volume-0c2a72e0-ed4f-4602-a807-94cc23f0e38f.db2272dd-4e22-4964-b5f7-e6469cf431aa {{(pid=93515) _delete_snapshot /opt/stack/cinder/cinder/volume/drivers/remotefs.py:1317}}
Jun 26 23:14:41 devstack cinder-volume[93515]: DEBUG oslo.privsep.daemon [-] privsep: reply[709092d9-aa90-4290-89bf-b5e628b7b621]: (4, 'qcow2') {{(pid=94702) _call_back /opt/stack/data/venv/lib/python3.12/site-packages/oslo_privsep/daemon.py:580}}
Jun 26 23:14:41 devstack cinder-volume[93515]: DEBUG oslo_concurrency.processutils [None req-9f1b0895-9da5-47a2-a486-104123ea26b3 tempest-GroupSnapshotsTest-1591451450 None] Running cmd (subprocess): /opt/stack/data/venv/bin/python3.12 -m oslo_concurrency.prlimit --as=1073741824 --cpu=60 -- sudo cinder-rootwrap /etc/cinder/rootwrap.conf env LC_ALL=C qemu-img info -f qcow2 --output=json --force-share /opt/stack/data/cinder/mnt/784fa81ed6780ba2457c5e794923e800/volume-0c2a72e0-ed4f-4602-a807-94cc23f0e38f.db2272dd-4e22-4964-b5f7-e6469cf431aa {{(pid=93515) execute /opt/stack/data/venv/lib/python3.12/site-packages/oslo_concurrency/processutils.py:440}}
Jun 26 23:14:41 devstack sudo[96719]: quobyte : PWD=/ ; USER=root ; COMMAND=/opt/stack/data/venv/bin/cinder-rootwrap /etc/cinder/rootwrap.conf env LC_ALL=C qemu-img info -f qcow2 --output=json --force-share /opt/stack/data/cinder/mnt/784fa81ed6780ba2457c5e794923e800/volume-0c2a72e0-ed4f-4602-a807-94cc23f0e38f.db2272dd-4e22-4964-b5f7-e6469cf431aa
Jun 26 23:14:41 devstack sudo[96719]: pam_unix(sudo:session): session opened for user root(uid=0) by (uid=1000)
Jun 26 23:14:41 devstack sudo[96719]: pam_unix(sudo:session): session closed for user root
Jun 26 23:14:41 devstack cinder-volume[93515]: DEBUG oslo_concurrency.processutils [None req-9f1b0895-9da5-47a2-a486-104123ea26b3 tempest-GroupSnapshotsTest-1591451450 None] CMD "/opt/stack/data/venv/bin/python3.12 -m oslo_concurrency.prlimit --as=1073741824 --cpu=60 -- sudo cinder-rootwrap /etc/cinder/rootwrap.conf env LC_ALL=C qemu-img info -f qcow2 --output=json --force-share /opt/stack/data/cinder/mnt/784fa81ed6780ba2457c5e794923e800/volume-0c2a72e0-ed4f-4602-a807-94cc23f0e38f.db2272dd-4e22-4964-b5f7-e6469cf431aa" returned: 0 in 0.837s {{(pid=93515) execute /opt/stack/data/venv/lib/python3.12/site-packages/oslo_concurrency/processutils.py:468}}
Jun 26 23:14:41 devstack cinder-volume[93515]: DEBUG cinder.volume.drivers.remotefs [None req-9f1b0895-9da5-47a2-a486-104123ea26b3 tempest-GroupSnapshotsTest-1591451450 None] Fetching qemu-img info with special backing_file_template: (/opt/stack/data/cinder/mnt/[0-9a-f]+/)?(volume-0c2a72e0-ed4f-4602-a807-94cc23f0e38f(.(tmp-snap-)?[0-9a-f-]+)?|volume_from_snapshot_cache/(tmp-snap-)?[0-9a-f-]+(.(child-|parent-)[0-9a-f-]+)?)$ {{(pid=93515) _qemu_img_info_base /opt/stack/cinder/cinder/volume/drivers/remotefs.py:896}}
Jun 26 23:14:41 devstack cinder-volume[93515]: DEBUG oslo.privsep.daemon [-] privsep: reply[f7c1d125-5687-4544-a99c-8663c1896500]: (4, 'qcow2') {{(pid=94702) _call_back /opt/stack/data/venv/lib/python3.12/site-packages/oslo_privsep/daemon.py:580}}
Jun 26 23:14:41 devstack cinder-volume[93515]: DEBUG oslo_concurrency.processutils [None req-9f1b0895-9da5-47a2-a486-104123ea26b3 tempest-GroupSnapshotsTest-1591451450 None] Running cmd (subprocess): /opt/stack/data/venv/bin/python3.12 -m oslo_concurrency.prlimit --as=1073741824 --cpu=60 -- sudo cinder-rootwrap /etc/cinder/rootwrap.conf env LC_ALL=C qemu-img info -f qcow2 --output=json --force-share /opt/stack/data/cinder/mnt/784fa81ed6780ba2457c5e794923e800/volume-0c2a72e0-ed4f-4602-a807-94cc23f0e38f {{(pid=93515) execute /opt/stack/data/venv/lib/python3.12/site-packages/oslo_concurrency/processutils.py:440}}
Jun 26 23:14:42 devstack sudo[96725]: quobyte : PWD=/ ; USER=root ; COMMAND=/opt/stack/data/venv/bin/cinder-rootwrap /etc/cinder/rootwrap.conf env LC_ALL=C qemu-img info -f qcow2 --output=json --force-share /opt/stack/data/cinder/mnt/784fa81ed6780ba2457c5e794923e800/volume-0c2a72e0-ed4f-4602-a807-94cc23f0e38f
Jun 26 23:14:42 devstack sudo[96725]: pam_unix(sudo:session): session opened for user root(uid=0) by (uid=1000)
Jun 26 23:14:42 devstack sudo[96725]: pam_unix(sudo:session): session closed for user root
Jun 26 23:14:42 devstack cinder-volume[93515]: DEBUG oslo_concurrency.processutils [None req-9f1b0895-9da5-47a2-a486-104123ea26b3 tempest-GroupSnapshotsTest-1591451450 None] CMD "/opt/stack/data/venv/bin/python3.12 -m oslo_concurrency.prlimit --as=1073741824 --cpu=60 -- sudo cinder-rootwrap /etc/cinder/rootwrap.conf env LC_ALL=C qemu-img info -f qcow2 --output=json --force-share /opt/stack/data/cinder/mnt/784fa81ed6780ba2457c5e794923e800/volume-0c2a72e0-ed4f-4602-a807-94cc23f0e38f" returned: 0 in 0.848s {{(pid=93515) execute /opt/stack/data/venv/lib/python3.12/site-packages/oslo_concurrency/processutils.py:468}}
Jun 26 23:14:42 devstack cinder-volume[93515]: DEBUG oslo_concurrency.processutils [None req-9f1b0895-9da5-47a2-a486-104123ea26b3 tempest-GroupSnapshotsTest-1591451450 None] Running cmd (subprocess): sudo cinder-rootwrap /etc/cinder/rootwrap.conf qemu-img commit -d /opt/stack/data/cinder/mnt/784fa81ed6780ba2457c5e794923e800/volume-0c2a72e0-ed4f-4602-a807-94cc23f0e38f.db2272dd-4e22-4964-b5f7-e6469cf431aa {{(pid=93515) execute /opt/stack/data/venv/lib/python3.12/site-packages/oslo_concurrency/processutils.py:440}}
Jun 26 23:14:42 devstack sudo[96731]: quobyte : PWD=/ ; USER=root ; COMMAND=/opt/stack/data/venv/bin/cinder-rootwrap /etc/cinder/rootwrap.conf qemu-img commit -d /opt/stack/data/cinder/mnt/784fa81ed6780ba2457c5e794923e800/volume-0c2a72e0-ed4f-4602-a807-94cc23f0e38f.db2272dd-4e22-4964-b5f7-e6469cf431aa
Jun 26 23:14:42 devstack sudo[96731]: pam_unix(sudo:session): session opened for user root(uid=0) by (uid=1000)
Jun 26 23:14:43 devstack sudo[96731]: pam_unix(sudo:session): session closed for user root
Jun 26 23:14:43 devstack cinder-volume[93515]: DEBUG oslo_concurrency.processutils [None req-9f1b0895-9da5-47a2-a486-104123ea26b3 tempest-GroupSnapshotsTest-1591451450 None] CMD "sudo cinder-rootwrap /etc/cinder/rootwrap.conf qemu-img commit -d /opt/stack/data/cinder/mnt/784fa81ed6780ba2457c5e794923e800/volume-0c2a72e0-ed4f-4602-a807-94cc23f0e38f.db2272dd-4e22-4964-b5f7-e6469cf431aa" returned: 0 in 1.095s {{(pid=93515) execute /opt/stack/data/venv/lib/python3.12/site-packages/oslo_concurrency/processutils.py:468}}
Jun 26 23:14:43 devstack cinder-volume[93515]: DEBUG oslo_concurrency.processutils [None req-9f1b0895-9da5-47a2-a486-104123ea26b3 tempest-GroupSnapshotsTest-1591451450 None] Running cmd (subprocess): sudo cinder-rootwrap /etc/cinder/rootwrap.conf rm -f /opt/stack/data/cinder/mnt/784fa81ed6780ba2457c5e794923e800/volume-0c2a72e0-ed4f-4602-a807-94cc23f0e38f.db2272dd-4e22-4964-b5f7-e6469cf431aa {{(pid=93515) execute /opt/stack/data/venv/lib/python3.12/site-packages/oslo_concurrency/processutils.py:440}}
Jun 26 23:14:43 devstack sudo[96797]: quobyte : PWD=/ ; USER=root ; COMMAND=/opt/stack/data/venv/bin/cinder-rootwrap /etc/cinder/rootwrap.conf rm -f /opt/stack/data/cinder/mnt/784fa81ed6780ba2457c5e794923e800/volume-0c2a72e0-ed4f-4602-a807-94cc23f0e38f.db2272dd-4e22-4964-b5f7-e6469cf431aa
Jun 26 23:14:43 devstack sudo[96797]: pam_unix(sudo:session): session opened for user root(uid=0) by (uid=1000)
Jun 26 23:14:44 devstack sudo[96797]: pam_unix(sudo:session): session closed for user root
Jun 26 23:14:44 devstack cinder-volume[93515]: DEBUG oslo_concurrency.processutils [None req-9f1b0895-9da5-47a2-a486-104123ea26b3 tempest-GroupSnapshotsTest-1591451450 None] CMD "sudo cinder-rootwrap /etc/cinder/rootwrap.conf rm -f /opt/stack/data/cinder/mnt/784fa81ed6780ba2457c5e794923e800/volume-0c2a72e0-ed4f-4602-a807-94cc23f0e38f.db2272dd-4e22-4964-b5f7-e6469cf431aa" returned: 0 in 0.833s {{(pid=93515) execute /opt/stack/data/venv/lib/python3.12/site-packages/oslo_concurrency/processutils.py:468}}
Jun 26 23:14:44 devstack cinder-volume[93515]: DEBUG cinder.coordination [None req-9f1b0895-9da5-47a2-a486-104123ea26b3 tempest-GroupSnapshotsTest-1591451450 None] Lock "cinder-quobyte-db2272dd-4e22-4964-b5f7-e6469cf431aa" released by "_delete_snapshot" :: held 3.724s {{(pid=93515) __release /opt/stack/cinder/cinder/coordination.py:152}}
Jun 26 23:14:44 devstack cinder-volume[93515]: DEBUG cinder.coordination [None req-9f1b0895-9da5-47a2-a486-104123ea26b3 tempest-GroupSnapshotsTest-1591451450 None] Lock "cinder-quobyte-0c2a72e0-ed4f-4602-a807-94cc23f0e38f" released by "delete_snapshot" :: held 3.745s {{(pid=93515) __release /opt/stack/cinder/cinder/coordination.py:152}}
Jun 26 23:14:44 devstack cinder-volume[93515]: WARNING cinder.quota [None req-9f1b0895-9da5-47a2-a486-104123ea26b3 tempest-GroupSnapshotsTest-1591451450 None] Deprecated: Default quota for resource: gigabytes_tempest-GroupSnapshotsTest-volume-type-293783145 is set by the default quota flag: quota_gigabytes_tempest-GroupSnapshotsTest-volume-type-293783145, it is now deprecated. Please use the default quota class for default quota.
Jun 26 23:14:44 devstack cinder-volume[93515]: WARNING cinder.quota [None req-9f1b0895-9da5-47a2-a486-104123ea26b3 tempest-GroupSnapshotsTest-1591451450 None] Deprecated: Default quota for resource: snapshots_tempest-GroupSnapshotsTest-volume-type-293783145 is set by the default quota flag: quota_snapshots_tempest-GroupSnapshotsTest-volume-type-293783145, it is now deprecated. Please use the default quota class for default quota.
Jun 26 23:14:44 devstack cinder-volume[93515]: DEBUG cinder.quota [None req-9f1b0895-9da5-47a2-a486-104123ea26b3 tempest-GroupSnapshotsTest-1591451450 None] Created reservations ['bfd3ead8-33fa-41cd-8630-236f4c68fc74', 'c03cef42-a817-4e91-9749-b668eb692dcc', '2c5ad001-b651-4870-be79-d0bfb3f60a45', 'b39ec927-4f01-4c7e-b016-a6523f819ea9'] {{(pid=93515) reserve /opt/stack/cinder/cinder/quota.py:752}}
Jun 26 23:14:45 devstack cinder-volume[93515]: DEBUG cinder.quota [None req-9f1b0895-9da5-47a2-a486-104123ea26b3 tempest-GroupSnapshotsTest-1591451450 None] Created reservations ['18216608-5908-44e3-80bb-30dfb4a527ba', '162413b4-c34d-416c-bb50-928c41fefd51', 'f4ec38c5-49ba-4f54-b7b2-6f299e01d924', '4ec2fc4a-7c88-473a-aad7-0eb8df3afa28'] {{(pid=93515) reserve /opt/stack/cinder/cinder/quota.py:752}}
Jun 26 23:14:45 devstack cinder-volume[93515]: DEBUG dbcounter [-] [93515] Writing DB stats cinder:SELECT=87,cinder:INSERT=20,cinder:UPDATE=71,cinder:DELETE=4 {{(pid=93515) stat_writer /opt/stack/data/venv/lib/python3.12/site-packages/dbcounter.py:115}}
Jun 26 23:14:45 devstack cinder-volume[93515]: INFO cinder.volume.manager [None req-9f1b0895-9da5-47a2-a486-104123ea26b3 tempest-GroupSnapshotsTest-1591451450 None] group_snapshot 588c6ad4-b158-4e27-8179-ed037481f226: deleted successfully
Jun 26 23:14:46 devstack cinder-volume[93515]: DEBUG dbcounter [-] [93515] Writing DB stats cinder:UPDATE=86,cinder:SELECT=87,cinder:INSERT=15,cinder:DELETE=1 {{(pid=93515) stat_writer /opt/stack/data/venv/lib/python3.12/site-packages/dbcounter.py:115}}
Jun 26 23:14:46 devstack cinder-volume[93515]: DEBUG cinder.coordination [None req-f016332a-e3fb-4da2-8079-89c1af587bdc tempest-GroupSnapshotsTest-1591451450 None] Acquiring lock "cinder-quobyte-0c2a72e0-ed4f-4602-a807-94cc23f0e38f" by "delete_volume" {{(pid=93515) __acquire /opt/stack/cinder/cinder/coordination.py:138}}
Jun 26 23:14:46 devstack cinder-volume[93515]: DEBUG cinder.coordination [None req-f016332a-e3fb-4da2-8079-89c1af587bdc tempest-GroupSnapshotsTest-1591451450 None] Lock "cinder-quobyte-0c2a72e0-ed4f-4602-a807-94cc23f0e38f" acquired by "delete_volume" :: waited 0.038s {{(pid=93515) __acquire /opt/stack/cinder/cinder/coordination.py:141}}
Jun 26 23:14:47 devstack cinder-volume[93515]: DEBUG oslo.privsep.daemon [-] privsep: reply[5e303f35-58a2-4d9b-856d-0e330fd34aca]: (4, 'qcow2') {{(pid=94702) _call_back /opt/stack/data/venv/lib/python3.12/site-packages/oslo_privsep/daemon.py:580}}
Jun 26 23:14:47 devstack cinder-volume[93515]: DEBUG oslo_concurrency.processutils [None req-f016332a-e3fb-4da2-8079-89c1af587bdc tempest-GroupSnapshotsTest-1591451450 None] Running cmd (subprocess): /opt/stack/data/venv/bin/python3.12 -m oslo_concurrency.prlimit --as=1073741824 --cpu=60 -- sudo cinder-rootwrap /etc/cinder/rootwrap.conf env LC_ALL=C qemu-img info -f qcow2 --output=json --force-share /opt/stack/data/cinder/mnt/784fa81ed6780ba2457c5e794923e800/volume-0c2a72e0-ed4f-4602-a807-94cc23f0e38f {{(pid=93515) execute /opt/stack/data/venv/lib/python3.12/site-packages/oslo_concurrency/processutils.py:440}}
Jun 26 23:14:47 devstack cinder-volume[93515]: INFO cinder.volume.manager [req-cb0d882e-f40a-403a-af37-5f7e51d4c274 req-fbb328db-bc47-4efb-b8c5-c87b346e5dd6 tempest-DeleteServersTestJSON-1389963055 None] Terminate volume connection completed successfully.
Jun 26 23:14:47 devstack cinder-volume[93515]: DEBUG cinder.volume.manager [req-cb0d882e-f40a-403a-af37-5f7e51d4c274 req-fbb328db-bc47-4efb-b8c5-c87b346e5dd6 tempest-DeleteServersTestJSON-1389963055 None] Deleting attachment e7e4ee0f-7958-4e3d-9fd1-e00253c4e6a7. {{(pid=93515) attachment_delete /opt/stack/cinder/cinder/volume/manager.py:5055}}
Jun 26 23:14:47 devstack sudo[96913]: quobyte : PWD=/ ; USER=root ; COMMAND=/opt/stack/data/venv/bin/cinder-rootwrap /etc/cinder/rootwrap.conf env LC_ALL=C qemu-img info -f qcow2 --output=json --force-share /opt/stack/data/cinder/mnt/784fa81ed6780ba2457c5e794923e800/volume-0c2a72e0-ed4f-4602-a807-94cc23f0e38f
Jun 26 23:14:47 devstack sudo[96913]: pam_unix(sudo:session): session opened for user root(uid=0) by (uid=1000)
Jun 26 23:14:48 devstack sudo[96913]: pam_unix(sudo:session): session closed for user root
Jun 26 23:14:48 devstack cinder-volume[93515]: DEBUG oslo_concurrency.processutils [None req-f016332a-e3fb-4da2-8079-89c1af587bdc tempest-GroupSnapshotsTest-1591451450 None] CMD "/opt/stack/data/venv/bin/python3.12 -m oslo_concurrency.prlimit --as=1073741824 --cpu=60 -- sudo cinder-rootwrap /etc/cinder/rootwrap.conf env LC_ALL=C qemu-img info -f qcow2 --output=json --force-share /opt/stack/data/cinder/mnt/784fa81ed6780ba2457c5e794923e800/volume-0c2a72e0-ed4f-4602-a807-94cc23f0e38f" returned: 0 in 1.130s {{(pid=93515) execute /opt/stack/data/venv/lib/python3.12/site-packages/oslo_concurrency/processutils.py:468}}
Jun 26 23:14:48 devstack cinder-volume[93515]: DEBUG oslo_concurrency.processutils [None req-f016332a-e3fb-4da2-8079-89c1af587bdc tempest-GroupSnapshotsTest-1591451450 None] Running cmd (subprocess): sudo cinder-rootwrap /etc/cinder/rootwrap.conf rm -f /opt/stack/data/cinder/mnt/784fa81ed6780ba2457c5e794923e800/volume-0c2a72e0-ed4f-4602-a807-94cc23f0e38f {{(pid=93515) execute /opt/stack/data/venv/lib/python3.12/site-packages/oslo_concurrency/processutils.py:440}}
Jun 26 23:14:48 devstack sudo[96925]: quobyte : PWD=/ ; USER=root ; COMMAND=/opt/stack/data/venv/bin/cinder-rootwrap /etc/cinder/rootwrap.conf rm -f /opt/stack/data/cinder/mnt/784fa81ed6780ba2457c5e794923e800/volume-0c2a72e0-ed4f-4602-a807-94cc23f0e38f
Jun 26 23:14:48 devstack sudo[96925]: pam_unix(sudo:session): session opened for user root(uid=0) by (uid=1000)
Jun 26 23:14:49 devstack sudo[96925]: pam_unix(sudo:session): session closed for user root
Jun 26 23:14:49 devstack cinder-volume[93515]: DEBUG oslo_concurrency.processutils [None req-f016332a-e3fb-4da2-8079-89c1af587bdc tempest-GroupSnapshotsTest-1591451450 None] CMD "sudo cinder-rootwrap /etc/cinder/rootwrap.conf rm -f /opt/stack/data/cinder/mnt/784fa81ed6780ba2457c5e794923e800/volume-0c2a72e0-ed4f-4602-a807-94cc23f0e38f" returned: 0 in 0.821s {{(pid=93515) execute /opt/stack/data/venv/lib/python3.12/site-packages/oslo_concurrency/processutils.py:468}}
Jun 26 23:14:49 devstack cinder-volume[93515]: DEBUG cinder.coordination [None req-f016332a-e3fb-4da2-8079-89c1af587bdc tempest-GroupSnapshotsTest-1591451450 None] Lock "cinder-quobyte-0c2a72e0-ed4f-4602-a807-94cc23f0e38f" released by "delete_volume" :: held 2.069s {{(pid=93515) __release /opt/stack/cinder/cinder/coordination.py:152}}
Jun 26 23:14:49 devstack cinder-volume[93515]: DEBUG cinder.coordination [None req-f016332a-e3fb-4da2-8079-89c1af587bdc tempest-GroupSnapshotsTest-1591451450 None] Acquiring lock "cinder-quobyte-1bad6c9e-db41-4a1f-b661-d225016042f0" by "delete_volume" {{(pid=93515) __acquire /opt/stack/cinder/cinder/coordination.py:138}}
Jun 26 23:14:49 devstack cinder-volume[93515]: DEBUG cinder.coordination [None req-f016332a-e3fb-4da2-8079-89c1af587bdc tempest-GroupSnapshotsTest-1591451450 None] Lock "cinder-quobyte-1bad6c9e-db41-4a1f-b661-d225016042f0" acquired by "delete_volume" :: waited 0.022s {{(pid=93515) __acquire /opt/stack/cinder/cinder/coordination.py:141}}
Jun 26 23:14:49 devstack cinder-volume[93515]: DEBUG oslo.privsep.daemon [-] privsep: reply[1216ae44-d773-43dd-b43b-f8d5b14215bc]: (4, 'qcow2') {{(pid=94702) _call_back /opt/stack/data/venv/lib/python3.12/site-packages/oslo_privsep/daemon.py:580}}
Jun 26 23:14:49 devstack cinder-volume[93515]: DEBUG oslo_concurrency.processutils [None req-f016332a-e3fb-4da2-8079-89c1af587bdc tempest-GroupSnapshotsTest-1591451450 None] Running cmd (subprocess): /opt/stack/data/venv/bin/python3.12 -m oslo_concurrency.prlimit --as=1073741824 --cpu=60 -- sudo cinder-rootwrap /etc/cinder/rootwrap.conf env LC_ALL=C qemu-img info -f qcow2 --output=json --force-share /opt/stack/data/cinder/mnt/784fa81ed6780ba2457c5e794923e800/volume-1bad6c9e-db41-4a1f-b661-d225016042f0 {{(pid=93515) execute /opt/stack/data/venv/lib/python3.12/site-packages/oslo_concurrency/processutils.py:440}}
Jun 26 23:14:49 devstack sudo[96952]: quobyte : PWD=/ ; USER=root ; COMMAND=/opt/stack/data/venv/bin/cinder-rootwrap /etc/cinder/rootwrap.conf env LC_ALL=C qemu-img info -f qcow2 --output=json --force-share /opt/stack/data/cinder/mnt/784fa81ed6780ba2457c5e794923e800/volume-1bad6c9e-db41-4a1f-b661-d225016042f0
Jun 26 23:14:49 devstack sudo[96952]: pam_unix(sudo:session): session opened for user root(uid=0) by (uid=1000)
Jun 26 23:14:50 devstack sudo[96952]: pam_unix(sudo:session): session closed for user root
Jun 26 23:14:50 devstack cinder-volume[93515]: DEBUG oslo_concurrency.processutils [None req-f016332a-e3fb-4da2-8079-89c1af587bdc tempest-GroupSnapshotsTest-1591451450 None] CMD "/opt/stack/data/venv/bin/python3.12 -m oslo_concurrency.prlimit --as=1073741824 --cpu=60 -- sudo cinder-rootwrap /etc/cinder/rootwrap.conf env LC_ALL=C qemu-img info -f qcow2 --output=json --force-share /opt/stack/data/cinder/mnt/784fa81ed6780ba2457c5e794923e800/volume-1bad6c9e-db41-4a1f-b661-d225016042f0" returned: 0 in 0.936s {{(pid=93515) execute /opt/stack/data/venv/lib/python3.12/site-packages/oslo_concurrency/processutils.py:468}}
Jun 26 23:14:50 devstack cinder-volume[93515]: DEBUG oslo_concurrency.processutils [None req-f016332a-e3fb-4da2-8079-89c1af587bdc tempest-GroupSnapshotsTest-1591451450 None] Running cmd (subprocess): sudo cinder-rootwrap /etc/cinder/rootwrap.conf rm -f /opt/stack/data/cinder/mnt/784fa81ed6780ba2457c5e794923e800/volume-1bad6c9e-db41-4a1f-b661-d225016042f0 {{(pid=93515) execute /opt/stack/data/venv/lib/python3.12/site-packages/oslo_concurrency/processutils.py:440}}
Jun 26 23:14:50 devstack sudo[96957]: quobyte : PWD=/ ; USER=root ; COMMAND=/opt/stack/data/venv/bin/cinder-rootwrap /etc/cinder/rootwrap.conf rm -f /opt/stack/data/cinder/mnt/784fa81ed6780ba2457c5e794923e800/volume-1bad6c9e-db41-4a1f-b661-d225016042f0
Jun 26 23:14:50 devstack sudo[96957]: pam_unix(sudo:session): session opened for user root(uid=0) by (uid=1000)
Jun 26 23:14:50 devstack sudo[96957]: pam_unix(sudo:session): session closed for user root
Jun 26 23:14:50 devstack cinder-volume[93515]: DEBUG oslo_concurrency.processutils [None req-f016332a-e3fb-4da2-8079-89c1af587bdc tempest-GroupSnapshotsTest-1591451450 None] CMD "sudo cinder-rootwrap /etc/cinder/rootwrap.conf rm -f /opt/stack/data/cinder/mnt/784fa81ed6780ba2457c5e794923e800/volume-1bad6c9e-db41-4a1f-b661-d225016042f0" returned: 0 in 0.831s {{(pid=93515) execute /opt/stack/data/venv/lib/python3.12/site-packages/oslo_concurrency/processutils.py:468}}
Jun 26 23:14:50 devstack cinder-volume[93515]: DEBUG cinder.coordination [None req-f016332a-e3fb-4da2-8079-89c1af587bdc tempest-GroupSnapshotsTest-1591451450 None] Lock "cinder-quobyte-1bad6c9e-db41-4a1f-b661-d225016042f0" released by "delete_volume" :: held 1.858s {{(pid=93515) __release /opt/stack/cinder/cinder/coordination.py:152}}
Jun 26 23:14:51 devstack cinder-volume[93515]: DEBUG cinder.quota [None req-f016332a-e3fb-4da2-8079-89c1af587bdc tempest-GroupSnapshotsTest-1591451450 None] Created reservations ['f481d03a-b2e5-4cca-9a4d-855d0e23cac5'] {{(pid=93515) reserve /opt/stack/cinder/cinder/quota.py:752}}
Jun 26 23:14:51 devstack cinder-volume[93515]: WARNING cinder.quota [None req-f016332a-e3fb-4da2-8079-89c1af587bdc tempest-GroupSnapshotsTest-1591451450 None] Deprecated: Default quota for resource: volumes_tempest-GroupSnapshotsTest-volume-type-293783145 is set by the default quota flag: quota_volumes_tempest-GroupSnapshotsTest-volume-type-293783145, it is now deprecated. Please use the default quota class for default quota.
Jun 26 23:14:51 devstack cinder-volume[93515]: DEBUG cinder.quota [None req-f016332a-e3fb-4da2-8079-89c1af587bdc tempest-GroupSnapshotsTest-1591451450 None] Created reservations ['586fe26c-7210-44cf-861b-cab1aad08986', '7e0857a4-ce86-42cf-9223-7245503208d8', 'add9c7d0-6eb6-4a44-a271-8bd29d7c1444', 'd2fa9b3e-ecaf-4805-9e13-3cf1b6c08600'] {{(pid=93515) reserve /opt/stack/cinder/cinder/quota.py:752}}
Jun 26 23:14:51 devstack cinder-volume[93515]: DEBUG cinder.quota [None req-f016332a-e3fb-4da2-8079-89c1af587bdc tempest-GroupSnapshotsTest-1591451450 None] Created reservations ['d34fbc90-29d8-4617-9f75-e36a0c7a01ee', '69e81a59-c894-4228-8ad6-7559a8e33a18', '203ca807-3c03-4bfe-9d1c-176bdada6579', '0217f1a4-bc50-49ff-91a0-3835b8784ae2'] {{(pid=93515) reserve /opt/stack/cinder/cinder/quota.py:752}}
Jun 26 23:14:51 devstack cinder-volume[93515]: DEBUG oslo_concurrency.lockutils [None req-f016332a-e3fb-4da2-8079-89c1af587bdc tempest-GroupSnapshotsTest-1591451450 None] Acquiring lock "quobyte_ensure" by "cinder.volume.drivers.quobyte.QuobyteDriver._ensure_shares_mounted" {{(pid=93515) inner /opt/stack/data/venv/lib/python3.12/site-packages/oslo_concurrency/lockutils.py:511}}
Jun 26 23:14:51 devstack cinder-volume[93515]: DEBUG oslo_concurrency.lockutils [None req-f016332a-e3fb-4da2-8079-89c1af587bdc tempest-GroupSnapshotsTest-1591451450 None] Lock "quobyte_ensure" acquired by "cinder.volume.drivers.quobyte.QuobyteDriver._ensure_shares_mounted" :: waited 0.001s {{(pid=93515) inner /opt/stack/data/venv/lib/python3.12/site-packages/oslo_concurrency/lockutils.py:524}}
Jun 26 23:14:51 devstack cinder-volume[93515]: DEBUG cinder.volume.drivers.quobyte [None req-f016332a-e3fb-4da2-8079-89c1af587bdc tempest-GroupSnapshotsTest-1591451450 None] Quobyte Volume URL set to: {'osci02.corp.quobyte.com/cinder-vol-6e64a5e9-10c0-42e7-a4d0-5d061a9fbbc0': None} {{(pid=93515) _load_shares_config /opt/stack/cinder/cinder/volume/drivers/quobyte.py:617}}
Jun 26 23:14:51 devstack cinder-volume[93515]: DEBUG cinder.volume.drivers.quobyte [None req-f016332a-e3fb-4da2-8079-89c1af587bdc tempest-GroupSnapshotsTest-1591451450 None] Available shares ['osci02.corp.quobyte.com/cinder-vol-6e64a5e9-10c0-42e7-a4d0-5d061a9fbbc0'] {{(pid=93515) _ensure_shares_mounted /opt/stack/cinder/cinder/volume/drivers/quobyte.py:647}}
Jun 26 23:14:51 devstack cinder-volume[93515]: DEBUG oslo_concurrency.lockutils [None req-f016332a-e3fb-4da2-8079-89c1af587bdc tempest-GroupSnapshotsTest-1591451450 None] Lock "quobyte_ensure" "released" by "cinder.volume.drivers.quobyte.QuobyteDriver._ensure_shares_mounted" :: held 0.007s {{(pid=93515) inner /opt/stack/data/venv/lib/python3.12/site-packages/oslo_concurrency/lockutils.py:543}}
Jun 26 23:14:51 devstack cinder-volume[93515]: DEBUG oslo_concurrency.processutils [None req-f016332a-e3fb-4da2-8079-89c1af587bdc tempest-GroupSnapshotsTest-1591451450 None] Running cmd (subprocess): sudo cinder-rootwrap /etc/cinder/rootwrap.conf df --portability --block-size 1 /opt/stack/data/cinder/mnt/784fa81ed6780ba2457c5e794923e800 {{(pid=93515) execute /opt/stack/data/venv/lib/python3.12/site-packages/oslo_concurrency/processutils.py:440}}
Jun 26 23:14:51 devstack sudo[96960]: quobyte : PWD=/ ; USER=root ; COMMAND=/opt/stack/data/venv/bin/cinder-rootwrap /etc/cinder/rootwrap.conf df --portability --block-size 1 /opt/stack/data/cinder/mnt/784fa81ed6780ba2457c5e794923e800
Jun 26 23:14:51 devstack sudo[96960]: pam_unix(sudo:session): session opened for user root(uid=0) by (uid=1000)
Jun 26 23:14:51 devstack cinder-volume[93515]: DEBUG cinder.coordination [None req-a60b9e1e-731c-4b6d-99ad-64e58120a638 tempest-DeleteServersTestJSON-1389963055 None] Acquiring lock "cinder-6053a015-d055-43e9-a449-004c9676dbdf-delete_volume" by "delete_volume" {{(pid=93515) __acquire /opt/stack/cinder/cinder/coordination.py:138}}
Jun 26 23:14:52 devstack cinder-volume[93515]: DEBUG cinder.coordination [None req-a60b9e1e-731c-4b6d-99ad-64e58120a638 tempest-DeleteServersTestJSON-1389963055 None] Lock "cinder-6053a015-d055-43e9-a449-004c9676dbdf-delete_volume" acquired by "delete_volume" :: waited 0.040s {{(pid=93515) __acquire /opt/stack/cinder/cinder/coordination.py:141}}
Jun 26 23:14:52 devstack cinder-volume[93515]: DEBUG cinder.coordination [None req-a60b9e1e-731c-4b6d-99ad-64e58120a638 tempest-DeleteServersTestJSON-1389963055 None] Acquiring lock "cinder-quobyte-6053a015-d055-43e9-a449-004c9676dbdf" by "delete_volume" {{(pid=93515) __acquire /opt/stack/cinder/cinder/coordination.py:138}}
Jun 26 23:14:52 devstack cinder-volume[93515]: DEBUG cinder.coordination [None req-a60b9e1e-731c-4b6d-99ad-64e58120a638 tempest-DeleteServersTestJSON-1389963055 None] Lock "cinder-quobyte-6053a015-d055-43e9-a449-004c9676dbdf" acquired by "delete_volume" :: waited 0.025s {{(pid=93515) __acquire /opt/stack/cinder/cinder/coordination.py:141}}
Jun 26 23:14:52 devstack cinder-volume[93515]: DEBUG oslo.privsep.daemon [-] privsep: reply[742b06e1-a289-45c1-9930-38c9d575ca47]: (4, 'qcow2') {{(pid=94702) _call_back /opt/stack/data/venv/lib/python3.12/site-packages/oslo_privsep/daemon.py:580}}
Jun 26 23:14:52 devstack cinder-volume[93515]: DEBUG oslo_concurrency.processutils [None req-a60b9e1e-731c-4b6d-99ad-64e58120a638 tempest-DeleteServersTestJSON-1389963055 None] Running cmd (subprocess): /opt/stack/data/venv/bin/python3.12 -m oslo_concurrency.prlimit --as=1073741824 --cpu=60 -- sudo cinder-rootwrap /etc/cinder/rootwrap.conf env LC_ALL=C qemu-img info -f qcow2 --output=json --force-share /opt/stack/data/cinder/mnt/784fa81ed6780ba2457c5e794923e800/volume-6053a015-d055-43e9-a449-004c9676dbdf {{(pid=93515) execute /opt/stack/data/venv/lib/python3.12/site-packages/oslo_concurrency/processutils.py:440}}
Jun 26 23:14:52 devstack sudo[96960]: pam_unix(sudo:session): session closed for user root
Jun 26 23:14:52 devstack cinder-volume[93515]: DEBUG oslo_concurrency.processutils [None req-f016332a-e3fb-4da2-8079-89c1af587bdc tempest-GroupSnapshotsTest-1591451450 None] CMD "sudo cinder-rootwrap /etc/cinder/rootwrap.conf df --portability --block-size 1 /opt/stack/data/cinder/mnt/784fa81ed6780ba2457c5e794923e800" returned: 0 in 0.927s {{(pid=93515) execute /opt/stack/data/venv/lib/python3.12/site-packages/oslo_concurrency/processutils.py:468}}
Jun 26 23:14:52 devstack cinder-volume[93515]: DEBUG cinder.manager [None req-f016332a-e3fb-4da2-8079-89c1af587bdc tempest-GroupSnapshotsTest-1591451450 None] Notifying Schedulers of capabilities ... {{(pid=93515) _publish_service_capabilities /opt/stack/cinder/cinder/manager.py:219}}
Jun 26 23:14:52 devstack cinder-volume[93515]: INFO cinder.volume.manager [None req-f016332a-e3fb-4da2-8079-89c1af587bdc tempest-GroupSnapshotsTest-1591451450 None] Delete group completed successfully.
Jun 26 23:14:52 devstack sudo[96964]: quobyte : PWD=/ ; USER=root ; COMMAND=/opt/stack/data/venv/bin/cinder-rootwrap /etc/cinder/rootwrap.conf env LC_ALL=C qemu-img info -f qcow2 --output=json --force-share /opt/stack/data/cinder/mnt/784fa81ed6780ba2457c5e794923e800/volume-6053a015-d055-43e9-a449-004c9676dbdf
Jun 26 23:14:52 devstack sudo[96964]: pam_unix(sudo:session): session opened for user root(uid=0) by (uid=1000)
Jun 26 23:14:52 devstack cinder-volume[93515]: INFO cinder.volume.manager [None req-7594ab54-e757-41a6-856d-5032ba8ddbed tempest-GroupSnapshotsTest-1591451450 None] Group tempest-GroupSnapshotsTest-Group-597371399: creating
Jun 26 23:14:52 devstack cinder-volume[93515]: INFO cinder.volume.manager [None req-7594ab54-e757-41a6-856d-5032ba8ddbed tempest-GroupSnapshotsTest-1591451450 None] Group tempest-GroupSnapshotsTest-Group-597371399: created successfully
Jun 26 23:14:52 devstack cinder-volume[93515]: INFO cinder.volume.manager [None req-7594ab54-e757-41a6-856d-5032ba8ddbed tempest-GroupSnapshotsTest-1591451450 None] Create group completed successfully.
Jun 26 23:14:53 devstack sudo[96964]: pam_unix(sudo:session): session closed for user root
Jun 26 23:14:53 devstack cinder-volume[93515]: DEBUG oslo_concurrency.processutils [None req-a60b9e1e-731c-4b6d-99ad-64e58120a638 tempest-DeleteServersTestJSON-1389963055 None] CMD "/opt/stack/data/venv/bin/python3.12 -m oslo_concurrency.prlimit --as=1073741824 --cpu=60 -- sudo cinder-rootwrap /etc/cinder/rootwrap.conf env LC_ALL=C qemu-img info -f qcow2 --output=json --force-share /opt/stack/data/cinder/mnt/784fa81ed6780ba2457c5e794923e800/volume-6053a015-d055-43e9-a449-004c9676dbdf" returned: 0 in 0.970s {{(pid=93515) execute /opt/stack/data/venv/lib/python3.12/site-packages/oslo_concurrency/processutils.py:468}}
Jun 26 23:14:53 devstack cinder-volume[93515]: DEBUG oslo_concurrency.processutils [None req-a60b9e1e-731c-4b6d-99ad-64e58120a638 tempest-DeleteServersTestJSON-1389963055 None] Running cmd (subprocess): sudo cinder-rootwrap /etc/cinder/rootwrap.conf rm -f /opt/stack/data/cinder/mnt/784fa81ed6780ba2457c5e794923e800/volume-6053a015-d055-43e9-a449-004c9676dbdf {{(pid=93515) execute /opt/stack/data/venv/lib/python3.12/site-packages/oslo_concurrency/processutils.py:440}}
Jun 26 23:14:53 devstack sudo[96971]: quobyte : PWD=/ ; USER=root ; COMMAND=/opt/stack/data/venv/bin/cinder-rootwrap /etc/cinder/rootwrap.conf rm -f /opt/stack/data/cinder/mnt/784fa81ed6780ba2457c5e794923e800/volume-6053a015-d055-43e9-a449-004c9676dbdf
Jun 26 23:14:53 devstack sudo[96971]: pam_unix(sudo:session): session opened for user root(uid=0) by (uid=1000)
Jun 26 23:14:53 devstack sudo[96971]: pam_unix(sudo:session): session closed for user root
Jun 26 23:14:53 devstack cinder-volume[93515]: DEBUG oslo_concurrency.processutils [None req-a60b9e1e-731c-4b6d-99ad-64e58120a638 tempest-DeleteServersTestJSON-1389963055 None] CMD "sudo cinder-rootwrap /etc/cinder/rootwrap.conf rm -f /opt/stack/data/cinder/mnt/784fa81ed6780ba2457c5e794923e800/volume-6053a015-d055-43e9-a449-004c9676dbdf" returned: 0 in 0.663s {{(pid=93515) execute /opt/stack/data/venv/lib/python3.12/site-packages/oslo_concurrency/processutils.py:468}}
Jun 26 23:14:53 devstack cinder-volume[93515]: DEBUG cinder.coordination [None req-a60b9e1e-731c-4b6d-99ad-64e58120a638 tempest-DeleteServersTestJSON-1389963055 None] Lock "cinder-quobyte-6053a015-d055-43e9-a449-004c9676dbdf" released by "delete_volume" :: held 1.700s {{(pid=93515) __release /opt/stack/cinder/cinder/coordination.py:152}}
Jun 26 23:14:53 devstack cinder-volume[93515]: DEBUG cinder.quota [None req-a60b9e1e-731c-4b6d-99ad-64e58120a638 tempest-DeleteServersTestJSON-1389963055 None] Created reservations ['335e52d0-9414-4cea-bc47-51e052f5f7c5', 'f85b0e7f-caa6-4c07-b1e8-c60f3d4cb53b', '6b1a0866-4c39-42b4-85cc-462044a9176c', '57548038-7156-4f79-b044-e960a32674e9'] {{(pid=93515) reserve /opt/stack/cinder/cinder/quota.py:752}}
Jun 26 23:14:54 devstack cinder-volume[93515]: DEBUG oslo_concurrency.lockutils [None req-a60b9e1e-731c-4b6d-99ad-64e58120a638 tempest-DeleteServersTestJSON-1389963055 None] Acquiring lock "quobyte_ensure" by "cinder.volume.drivers.quobyte.QuobyteDriver._ensure_shares_mounted" {{(pid=93515) inner /opt/stack/data/venv/lib/python3.12/site-packages/oslo_concurrency/lockutils.py:511}}
Jun 26 23:14:54 devstack cinder-volume[93515]: DEBUG oslo_concurrency.lockutils [None req-a60b9e1e-731c-4b6d-99ad-64e58120a638 tempest-DeleteServersTestJSON-1389963055 None] Lock "quobyte_ensure" acquired by "cinder.volume.drivers.quobyte.QuobyteDriver._ensure_shares_mounted" :: waited 0.001s {{(pid=93515) inner /opt/stack/data/venv/lib/python3.12/site-packages/oslo_concurrency/lockutils.py:524}}
