Jun 25 16:50:45 devstack cinder-volume[93726]: DEBUG oslo_concurrency.processutils [None req-6c271075-be54-4a0e-97e5-3e76a5e803f9 tempest-SnapshotsActionsTest-2084938551 None] CMD "sudo cinder-rootwrap /etc/cinder/rootwrap.conf qemu-img create -f qcow2 -o backing_file=/opt/stack/data/cinder/mnt/1347b37486ec184e983fdb4cf947c68d/volume-b75da44d-f82f-48ea-bce1-f3fe466df0c9,backing_fmt=qcow2 /opt/stack/data/cinder/mnt/1347b37486ec184e983fdb4cf947c68d/volume-b75da44d-f82f-48ea-bce1-f3fe466df0c9.75598362-4b6e-4fc3-b109-1a0de07a880c 1G" returned: 0 in 1.044s {{(pid=93726) execute /opt/stack/data/venv/lib/python3.12/site-packages/oslo_concurrency/processutils.py:468}}
Jun 25 16:50:45 devstack cinder-volume[93726]: DEBUG oslo_concurrency.processutils [None req-6c271075-be54-4a0e-97e5-3e76a5e803f9 tempest-SnapshotsActionsTest-2084938551 None] Running cmd (subprocess): sudo cinder-rootwrap /etc/cinder/rootwrap.conf qemu-img rebase -u -b volume-b75da44d-f82f-48ea-bce1-f3fe466df0c9 -F qcow2 /opt/stack/data/cinder/mnt/1347b37486ec184e983fdb4cf947c68d/volume-b75da44d-f82f-48ea-bce1-f3fe466df0c9.75598362-4b6e-4fc3-b109-1a0de07a880c {{(pid=93726) execute /opt/stack/data/venv/lib/python3.12/site-packages/oslo_concurrency/processutils.py:440}}
Jun 25 16:50:45 devstack sudo[98042]: quobyte : PWD=/ ; USER=root ; COMMAND=/opt/stack/data/venv/bin/cinder-rootwrap /etc/cinder/rootwrap.conf qemu-img rebase -u -b volume-b75da44d-f82f-48ea-bce1-f3fe466df0c9 -F qcow2 /opt/stack/data/cinder/mnt/1347b37486ec184e983fdb4cf947c68d/volume-b75da44d-f82f-48ea-bce1-f3fe466df0c9.75598362-4b6e-4fc3-b109-1a0de07a880c
Jun 25 16:50:45 devstack sudo[98042]: pam_unix(sudo:session): session opened for user root(uid=0) by (uid=1000)
Jun 25 16:50:46 devstack sudo[98042]: pam_unix(sudo:session): session closed for user root
Jun 25 16:50:46 devstack cinder-volume[93726]: DEBUG oslo_concurrency.processutils [None req-6c271075-be54-4a0e-97e5-3e76a5e803f9 tempest-SnapshotsActionsTest-2084938551 None] CMD "sudo cinder-rootwrap /etc/cinder/rootwrap.conf qemu-img rebase -u -b volume-b75da44d-f82f-48ea-bce1-f3fe466df0c9 -F qcow2 /opt/stack/data/cinder/mnt/1347b37486ec184e983fdb4cf947c68d/volume-b75da44d-f82f-48ea-bce1-f3fe466df0c9.75598362-4b6e-4fc3-b109-1a0de07a880c" returned: 0 in 0.896s {{(pid=93726) execute /opt/stack/data/venv/lib/python3.12/site-packages/oslo_concurrency/processutils.py:468}}
Jun 25 16:50:46 devstack cinder-volume[93726]: WARNING cinder.volume.drivers.remotefs [None req-6c271075-be54-4a0e-97e5-3e76a5e803f9 tempest-SnapshotsActionsTest-2084938551 None] /opt/stack/data/cinder/mnt/1347b37486ec184e983fdb4cf947c68d/volume-b75da44d-f82f-48ea-bce1-f3fe466df0c9.75598362-4b6e-4fc3-b109-1a0de07a880c is being set with open permissions: ugo+rw
Jun 25 16:50:46 devstack cinder-volume[93726]: DEBUG oslo_concurrency.processutils [None req-6c271075-be54-4a0e-97e5-3e76a5e803f9 tempest-SnapshotsActionsTest-2084938551 None] Running cmd (subprocess): sudo cinder-rootwrap /etc/cinder/rootwrap.conf chmod ugo+rw /opt/stack/data/cinder/mnt/1347b37486ec184e983fdb4cf947c68d/volume-b75da44d-f82f-48ea-bce1-f3fe466df0c9.75598362-4b6e-4fc3-b109-1a0de07a880c {{(pid=93726) execute /opt/stack/data/venv/lib/python3.12/site-packages/oslo_concurrency/processutils.py:440}}
Jun 25 16:50:46 devstack sudo[98098]: quobyte : PWD=/ ; USER=root ; COMMAND=/opt/stack/data/venv/bin/cinder-rootwrap /etc/cinder/rootwrap.conf chmod ugo+rw /opt/stack/data/cinder/mnt/1347b37486ec184e983fdb4cf947c68d/volume-b75da44d-f82f-48ea-bce1-f3fe466df0c9.75598362-4b6e-4fc3-b109-1a0de07a880c
Jun 25 16:50:46 devstack sudo[98098]: pam_unix(sudo:session): session opened for user root(uid=0) by (uid=1000)
Jun 25 16:50:47 devstack cinder-volume[93726]: INFO cinder.volume.manager [req-9215571c-f5cd-407d-9694-e8ba56105dad req-4c4864d6-fef8-46f3-938c-8c2858765dac tempest-TaggedAttachmentsTest-1949774998 None] Terminate volume connection completed successfully.
Jun 25 16:50:47 devstack cinder-volume[93726]: DEBUG cinder.volume.manager [req-9215571c-f5cd-407d-9694-e8ba56105dad req-4c4864d6-fef8-46f3-938c-8c2858765dac tempest-TaggedAttachmentsTest-1949774998 None] Deleting attachment 7538bcd5-a363-4322-a525-ec96990b1f3d. {{(pid=93726) attachment_delete /opt/stack/cinder/cinder/volume/manager.py:5055}}
Jun 25 16:50:47 devstack sudo[98098]: pam_unix(sudo:session): session closed for user root
Jun 25 16:50:47 devstack cinder-volume[93726]: DEBUG oslo_concurrency.processutils [None req-6c271075-be54-4a0e-97e5-3e76a5e803f9 tempest-SnapshotsActionsTest-2084938551 None] CMD "sudo cinder-rootwrap /etc/cinder/rootwrap.conf chmod ugo+rw /opt/stack/data/cinder/mnt/1347b37486ec184e983fdb4cf947c68d/volume-b75da44d-f82f-48ea-bce1-f3fe466df0c9.75598362-4b6e-4fc3-b109-1a0de07a880c" returned: 0 in 1.004s {{(pid=93726) execute /opt/stack/data/venv/lib/python3.12/site-packages/oslo_concurrency/processutils.py:468}}
Jun 25 16:50:47 devstack cinder-volume[93726]: DEBUG oslo_concurrency.processutils [None req-6c271075-be54-4a0e-97e5-3e76a5e803f9 tempest-SnapshotsActionsTest-2084938551 None] Running cmd (subprocess): sudo cinder-rootwrap /etc/cinder/rootwrap.conf truncate -s0 /opt/stack/data/cinder/mnt/1347b37486ec184e983fdb4cf947c68d/volume-b75da44d-f82f-48ea-bce1-f3fe466df0c9.info {{(pid=93726) execute /opt/stack/data/venv/lib/python3.12/site-packages/oslo_concurrency/processutils.py:440}}
Jun 25 16:50:47 devstack sudo[98134]: quobyte : PWD=/ ; USER=root ; COMMAND=/opt/stack/data/venv/bin/cinder-rootwrap /etc/cinder/rootwrap.conf truncate -s0 /opt/stack/data/cinder/mnt/1347b37486ec184e983fdb4cf947c68d/volume-b75da44d-f82f-48ea-bce1-f3fe466df0c9.info
Jun 25 16:50:47 devstack sudo[98134]: pam_unix(sudo:session): session opened for user root(uid=0) by (uid=1000)
Jun 25 16:50:48 devstack sudo[98134]: pam_unix(sudo:session): session closed for user root
Jun 25 16:50:48 devstack cinder-volume[93726]: DEBUG oslo_concurrency.processutils [None req-6c271075-be54-4a0e-97e5-3e76a5e803f9 tempest-SnapshotsActionsTest-2084938551 None] CMD "sudo cinder-rootwrap /etc/cinder/rootwrap.conf truncate -s0 /opt/stack/data/cinder/mnt/1347b37486ec184e983fdb4cf947c68d/volume-b75da44d-f82f-48ea-bce1-f3fe466df0c9.info" returned: 0 in 0.724s {{(pid=93726) execute /opt/stack/data/venv/lib/python3.12/site-packages/oslo_concurrency/processutils.py:468}}
Jun 25 16:50:48 devstack cinder-volume[93726]: WARNING cinder.volume.drivers.remotefs [None req-6c271075-be54-4a0e-97e5-3e76a5e803f9 tempest-SnapshotsActionsTest-2084938551 None] /opt/stack/data/cinder/mnt/1347b37486ec184e983fdb4cf947c68d/volume-b75da44d-f82f-48ea-bce1-f3fe466df0c9.info is being set with open permissions: ugo+rw
Jun 25 16:50:48 devstack cinder-volume[93726]: DEBUG oslo_concurrency.processutils [None req-6c271075-be54-4a0e-97e5-3e76a5e803f9 tempest-SnapshotsActionsTest-2084938551 None] Running cmd (subprocess): sudo cinder-rootwrap /etc/cinder/rootwrap.conf chmod ugo+rw /opt/stack/data/cinder/mnt/1347b37486ec184e983fdb4cf947c68d/volume-b75da44d-f82f-48ea-bce1-f3fe466df0c9.info {{(pid=93726) execute /opt/stack/data/venv/lib/python3.12/site-packages/oslo_concurrency/processutils.py:440}}
Jun 25 16:50:48 devstack sudo[98139]: quobyte : PWD=/ ; USER=root ; COMMAND=/opt/stack/data/venv/bin/cinder-rootwrap /etc/cinder/rootwrap.conf chmod ugo+rw /opt/stack/data/cinder/mnt/1347b37486ec184e983fdb4cf947c68d/volume-b75da44d-f82f-48ea-bce1-f3fe466df0c9.info
Jun 25 16:50:48 devstack sudo[98139]: pam_unix(sudo:session): session opened for user root(uid=0) by (uid=1000)
Jun 25 16:50:49 devstack sudo[98139]: pam_unix(sudo:session): session closed for user root
Jun 25 16:50:49 devstack cinder-volume[93726]: DEBUG oslo_concurrency.processutils [None req-6c271075-be54-4a0e-97e5-3e76a5e803f9 tempest-SnapshotsActionsTest-2084938551 None] CMD "sudo cinder-rootwrap /etc/cinder/rootwrap.conf chmod ugo+rw /opt/stack/data/cinder/mnt/1347b37486ec184e983fdb4cf947c68d/volume-b75da44d-f82f-48ea-bce1-f3fe466df0c9.info" returned: 0 in 0.906s {{(pid=93726) execute /opt/stack/data/venv/lib/python3.12/site-packages/oslo_concurrency/processutils.py:468}}
Jun 25 16:50:49 devstack cinder-volume[93726]: DEBUG oslo_concurrency.lockutils [None req-6c271075-be54-4a0e-97e5-3e76a5e803f9 tempest-SnapshotsActionsTest-2084938551 None] Lock "quobyte" "released" by "cinder.volume.drivers.quobyte.QuobyteDriver.create_snapshot" :: held 5.744s {{(pid=93726) inner /opt/stack/data/venv/lib/python3.12/site-packages/oslo_concurrency/lockutils.py:543}}
Jun 25 16:50:49 devstack cinder-volume[93726]: INFO cinder.volume.manager [None req-6c271075-be54-4a0e-97e5-3e76a5e803f9 tempest-SnapshotsActionsTest-2084938551 None] Create snapshot completed successfully
Jun 25 16:50:51 devstack cinder-volume[93726]: DEBUG oslo_concurrency.lockutils [None req-57155948-278d-4c0d-953f-1a3f5f608c2b tempest-SnapshotsActionsTest-2084938551 None] Acquiring lock "quobyte" by "cinder.volume.drivers.quobyte.QuobyteDriver.create_snapshot" {{(pid=93726) inner /opt/stack/data/venv/lib/python3.12/site-packages/oslo_concurrency/lockutils.py:511}}
Jun 25 16:50:51 devstack cinder-volume[93726]: DEBUG oslo_concurrency.lockutils [None req-57155948-278d-4c0d-953f-1a3f5f608c2b tempest-SnapshotsActionsTest-2084938551 None] Lock "quobyte" acquired by "cinder.volume.drivers.quobyte.QuobyteDriver.create_snapshot" :: waited 0.001s {{(pid=93726) inner /opt/stack/data/venv/lib/python3.12/site-packages/oslo_concurrency/lockutils.py:524}}
Jun 25 16:50:51 devstack cinder-volume[93726]: DEBUG cinder.volume.drivers.remotefs [None req-57155948-278d-4c0d-953f-1a3f5f608c2b tempest-SnapshotsActionsTest-2084938551 None] Creating offline snapshot 45bbafc6-a642-4743-aeb2-3f00f7d5eb61 of volume b75da44d-f82f-48ea-bce1-f3fe466df0c9 {{(pid=93726) _create_snapshot /opt/stack/cinder/cinder/volume/drivers/remotefs.py:1816}}
Jun 25 16:50:51 devstack cinder-volume[93726]: DEBUG oslo.privsep.daemon [-] privsep: reply[44951469-c72f-4767-a66e-75d1cba05ca4]: (4, 'qcow2') {{(pid=95079) _call_back /opt/stack/data/venv/lib/python3.12/site-packages/oslo_privsep/daemon.py:580}}
Jun 25 16:50:51 devstack cinder-volume[93726]: DEBUG oslo_concurrency.processutils [None req-57155948-278d-4c0d-953f-1a3f5f608c2b tempest-SnapshotsActionsTest-2084938551 None] Running cmd (subprocess): /opt/stack/data/venv/bin/python3.12 -m oslo_concurrency.prlimit --as=1073741824 --cpu=60 -- sudo cinder-rootwrap /etc/cinder/rootwrap.conf env LC_ALL=C qemu-img info -f qcow2 --output=json --force-share /opt/stack/data/cinder/mnt/1347b37486ec184e983fdb4cf947c68d/volume-b75da44d-f82f-48ea-bce1-f3fe466df0c9.75598362-4b6e-4fc3-b109-1a0de07a880c {{(pid=93726) execute /opt/stack/data/venv/lib/python3.12/site-packages/oslo_concurrency/processutils.py:440}}
Jun 25 16:50:51 devstack sudo[98169]: quobyte : PWD=/ ; USER=root ; COMMAND=/opt/stack/data/venv/bin/cinder-rootwrap /etc/cinder/rootwrap.conf env LC_ALL=C qemu-img info -f qcow2 --output=json --force-share /opt/stack/data/cinder/mnt/1347b37486ec184e983fdb4cf947c68d/volume-b75da44d-f82f-48ea-bce1-f3fe466df0c9.75598362-4b6e-4fc3-b109-1a0de07a880c
Jun 25 16:50:51 devstack sudo[98169]: pam_unix(sudo:session): session opened for user root(uid=0) by (uid=1000)
Jun 25 16:50:52 devstack sudo[98169]: pam_unix(sudo:session): session closed for user root
Jun 25 16:50:52 devstack cinder-volume[93726]: DEBUG oslo_concurrency.processutils [None req-57155948-278d-4c0d-953f-1a3f5f608c2b tempest-SnapshotsActionsTest-2084938551 None] CMD "/opt/stack/data/venv/bin/python3.12 -m oslo_concurrency.prlimit --as=1073741824 --cpu=60 -- sudo cinder-rootwrap /etc/cinder/rootwrap.conf env LC_ALL=C qemu-img info -f qcow2 --output=json --force-share /opt/stack/data/cinder/mnt/1347b37486ec184e983fdb4cf947c68d/volume-b75da44d-f82f-48ea-bce1-f3fe466df0c9.75598362-4b6e-4fc3-b109-1a0de07a880c" returned: 0 in 1.348s {{(pid=93726) execute /opt/stack/data/venv/lib/python3.12/site-packages/oslo_concurrency/processutils.py:468}}
Jun 25 16:50:52 devstack cinder-volume[93726]: DEBUG cinder.volume.drivers.remotefs [None req-57155948-278d-4c0d-953f-1a3f5f608c2b tempest-SnapshotsActionsTest-2084938551 None] Fetching qemu-img info with special backing_file_template: (/opt/stack/data/cinder/mnt/[0-9a-f]+/)?(volume-b75da44d-f82f-48ea-bce1-f3fe466df0c9(.(tmp-snap-)?[0-9a-f-]+)?|volume_from_snapshot_cache/(tmp-snap-)?[0-9a-f-]+(.(child-|parent-)[0-9a-f-]+)?)$ {{(pid=93726) _qemu_img_info_base /opt/stack/cinder/cinder/volume/drivers/remotefs.py:896}}
Jun 25 16:50:52 devstack cinder-volume[93726]: DEBUG oslo_concurrency.processutils [None req-57155948-278d-4c0d-953f-1a3f5f608c2b tempest-SnapshotsActionsTest-2084938551 None] Running cmd (subprocess): sudo cinder-rootwrap /etc/cinder/rootwrap.conf qemu-img create -f qcow2 -o backing_file=/opt/stack/data/cinder/mnt/1347b37486ec184e983fdb4cf947c68d/volume-b75da44d-f82f-48ea-bce1-f3fe466df0c9.75598362-4b6e-4fc3-b109-1a0de07a880c,backing_fmt=qcow2 /opt/stack/data/cinder/mnt/1347b37486ec184e983fdb4cf947c68d/volume-b75da44d-f82f-48ea-bce1-f3fe466df0c9.45bbafc6-a642-4743-aeb2-3f00f7d5eb61 1G {{(pid=93726) execute /opt/stack/data/venv/lib/python3.12/site-packages/oslo_concurrency/processutils.py:440}}
Jun 25 16:50:52 devstack sudo[98178]: quobyte : PWD=/ ; USER=root ; COMMAND=/opt/stack/data/venv/bin/cinder-rootwrap /etc/cinder/rootwrap.conf qemu-img create -f qcow2 -o backing_file=/opt/stack/data/cinder/mnt/1347b37486ec184e983fdb4cf947c68d/volume-b75da44d-f82f-48ea-bce1-f3fe466df0c9.75598362-4b6e-4fc3-b109-1a0de07a880c,backing_fmt=qcow2 /opt/stack/data/cinder/mnt/1347b37486ec184e983fdb4cf947c68d/volume-b75da44d-f82f-48ea-bce1-f3fe466df0c9.45bbafc6-a642-4743-aeb2-3f00f7d5eb61 1G
Jun 25 16:50:52 devstack sudo[98178]: pam_unix(sudo:session): session opened for user root(uid=0) by (uid=1000)
Jun 25 16:50:53 devstack sudo[98178]: pam_unix(sudo:session): session closed for user root
Jun 25 16:50:53 devstack cinder-volume[93726]: DEBUG oslo_concurrency.processutils [None req-57155948-278d-4c0d-953f-1a3f5f608c2b tempest-SnapshotsActionsTest-2084938551 None] CMD "sudo cinder-rootwrap /etc/cinder/rootwrap.conf qemu-img create -f qcow2 -o backing_file=/opt/stack/data/cinder/mnt/1347b37486ec184e983fdb4cf947c68d/volume-b75da44d-f82f-48ea-bce1-f3fe466df0c9.75598362-4b6e-4fc3-b109-1a0de07a880c,backing_fmt=qcow2 /opt/stack/data/cinder/mnt/1347b37486ec184e983fdb4cf947c68d/volume-b75da44d-f82f-48ea-bce1-f3fe466df0c9.45bbafc6-a642-4743-aeb2-3f00f7d5eb61 1G" returned: 0 in 1.057s {{(pid=93726) execute /opt/stack/data/venv/lib/python3.12/site-packages/oslo_concurrency/processutils.py:468}}
Jun 25 16:50:53 devstack cinder-volume[93726]: DEBUG oslo_concurrency.processutils [None req-57155948-278d-4c0d-953f-1a3f5f608c2b tempest-SnapshotsActionsTest-2084938551 None] Running cmd (subprocess): sudo cinder-rootwrap /etc/cinder/rootwrap.conf qemu-img rebase -u -b volume-b75da44d-f82f-48ea-bce1-f3fe466df0c9.75598362-4b6e-4fc3-b109-1a0de07a880c -F qcow2 /opt/stack/data/cinder/mnt/1347b37486ec184e983fdb4cf947c68d/volume-b75da44d-f82f-48ea-bce1-f3fe466df0c9.45bbafc6-a642-4743-aeb2-3f00f7d5eb61 {{(pid=93726) execute /opt/stack/data/venv/lib/python3.12/site-packages/oslo_concurrency/processutils.py:440}}
Jun 25 16:50:53 devstack sudo[98185]: quobyte : PWD=/ ; USER=root ; COMMAND=/opt/stack/data/venv/bin/cinder-rootwrap /etc/cinder/rootwrap.conf qemu-img rebase -u -b volume-b75da44d-f82f-48ea-bce1-f3fe466df0c9.75598362-4b6e-4fc3-b109-1a0de07a880c -F qcow2 /opt/stack/data/cinder/mnt/1347b37486ec184e983fdb4cf947c68d/volume-b75da44d-f82f-48ea-bce1-f3fe466df0c9.45bbafc6-a642-4743-aeb2-3f00f7d5eb61
Jun 25 16:50:53 devstack sudo[98185]: pam_unix(sudo:session): session opened for user root(uid=0) by (uid=1000)
Jun 25 16:50:54 devstack sudo[98185]: pam_unix(sudo:session): session closed for user root
Jun 25 16:50:54 devstack cinder-volume[93726]: DEBUG oslo_concurrency.processutils [None req-57155948-278d-4c0d-953f-1a3f5f608c2b tempest-SnapshotsActionsTest-2084938551 None] CMD "sudo cinder-rootwrap /etc/cinder/rootwrap.conf qemu-img rebase -u -b volume-b75da44d-f82f-48ea-bce1-f3fe466df0c9.75598362-4b6e-4fc3-b109-1a0de07a880c -F qcow2 /opt/stack/data/cinder/mnt/1347b37486ec184e983fdb4cf947c68d/volume-b75da44d-f82f-48ea-bce1-f3fe466df0c9.45bbafc6-a642-4743-aeb2-3f00f7d5eb61" returned: 0 in 0.808s {{(pid=93726) execute /opt/stack/data/venv/lib/python3.12/site-packages/oslo_concurrency/processutils.py:468}}
Jun 25 16:50:54 devstack cinder-volume[93726]: WARNING cinder.volume.drivers.remotefs [None req-57155948-278d-4c0d-953f-1a3f5f608c2b tempest-SnapshotsActionsTest-2084938551 None] /opt/stack/data/cinder/mnt/1347b37486ec184e983fdb4cf947c68d/volume-b75da44d-f82f-48ea-bce1-f3fe466df0c9.45bbafc6-a642-4743-aeb2-3f00f7d5eb61 is being set with open permissions: ugo+rw
Jun 25 16:50:54 devstack cinder-volume[93726]: DEBUG oslo_concurrency.processutils [None req-57155948-278d-4c0d-953f-1a3f5f608c2b tempest-SnapshotsActionsTest-2084938551 None] Running cmd (subprocess): sudo cinder-rootwrap /etc/cinder/rootwrap.conf chmod ugo+rw /opt/stack/data/cinder/mnt/1347b37486ec184e983fdb4cf947c68d/volume-b75da44d-f82f-48ea-bce1-f3fe466df0c9.45bbafc6-a642-4743-aeb2-3f00f7d5eb61 {{(pid=93726) execute /opt/stack/data/venv/lib/python3.12/site-packages/oslo_concurrency/processutils.py:440}}
Jun 25 16:50:54 devstack sudo[98191]: quobyte : PWD=/ ; USER=root ; COMMAND=/opt/stack/data/venv/bin/cinder-rootwrap /etc/cinder/rootwrap.conf chmod ugo+rw /opt/stack/data/cinder/mnt/1347b37486ec184e983fdb4cf947c68d/volume-b75da44d-f82f-48ea-bce1-f3fe466df0c9.45bbafc6-a642-4743-aeb2-3f00f7d5eb61
Jun 25 16:50:54 devstack sudo[98191]: pam_unix(sudo:session): session opened for user root(uid=0) by (uid=1000)
Jun 25 16:50:55 devstack sudo[98191]: pam_unix(sudo:session): session closed for user root
Jun 25 16:50:55 devstack cinder-volume[93726]: DEBUG oslo_concurrency.processutils [None req-57155948-278d-4c0d-953f-1a3f5f608c2b tempest-SnapshotsActionsTest-2084938551 None] CMD "sudo cinder-rootwrap /etc/cinder/rootwrap.conf chmod ugo+rw /opt/stack/data/cinder/mnt/1347b37486ec184e983fdb4cf947c68d/volume-b75da44d-f82f-48ea-bce1-f3fe466df0c9.45bbafc6-a642-4743-aeb2-3f00f7d5eb61" returned: 0 in 0.812s {{(pid=93726) execute /opt/stack/data/venv/lib/python3.12/site-packages/oslo_concurrency/processutils.py:468}}
Jun 25 16:50:55 devstack cinder-volume[93726]: DEBUG oslo_concurrency.lockutils [None req-57155948-278d-4c0d-953f-1a3f5f608c2b tempest-SnapshotsActionsTest-2084938551 None] Lock "quobyte" "released" by "cinder.volume.drivers.quobyte.QuobyteDriver.create_snapshot" :: held 4.214s {{(pid=93726) inner /opt/stack/data/venv/lib/python3.12/site-packages/oslo_concurrency/lockutils.py:543}}
Jun 25 16:50:55 devstack cinder-volume[93726]: INFO cinder.volume.manager [None req-57155948-278d-4c0d-953f-1a3f5f608c2b tempest-SnapshotsActionsTest-2084938551 None] Create snapshot completed successfully
Jun 25 16:50:55 devstack cinder-volume[93726]: DEBUG oslo_service.periodic_task [None req-4064390c-f6b6-4f81-9302-78139ebc5985 None None] Running periodic task VolumeManager.publish_service_capabilities {{(pid=93726) run_periodic_tasks /opt/stack/data/venv/lib/python3.12/site-packages/oslo_service/periodic_task.py:225}}
Jun 25 16:50:55 devstack cinder-volume[93726]: DEBUG oslo_concurrency.lockutils [None req-4064390c-f6b6-4f81-9302-78139ebc5985 None None] Acquiring lock "quobyte_ensure" by "cinder.volume.drivers.quobyte.QuobyteDriver._ensure_shares_mounted" {{(pid=93726) inner /opt/stack/data/venv/lib/python3.12/site-packages/oslo_concurrency/lockutils.py:511}}
Jun 25 16:50:55 devstack cinder-volume[93726]: DEBUG oslo_concurrency.lockutils [None req-4064390c-f6b6-4f81-9302-78139ebc5985 None None] Lock "quobyte_ensure" acquired by "cinder.volume.drivers.quobyte.QuobyteDriver._ensure_shares_mounted" :: waited 0.000s {{(pid=93726) inner /opt/stack/data/venv/lib/python3.12/site-packages/oslo_concurrency/lockutils.py:524}}
Jun 25 16:50:55 devstack cinder-volume[93726]: DEBUG cinder.volume.drivers.quobyte [None req-4064390c-f6b6-4f81-9302-78139ebc5985 None None] Quobyte Volume URL set to: {'osci02.corp.quobyte.com/cinder-vol-bd16777e-fd0a-437f-a380-3d9d67c7ed56': None} {{(pid=93726) _load_shares_config /opt/stack/cinder/cinder/volume/drivers/quobyte.py:617}}
Jun 25 16:50:55 devstack cinder-volume[93726]: DEBUG cinder.volume.drivers.quobyte [None req-4064390c-f6b6-4f81-9302-78139ebc5985 None None] Available shares ['osci02.corp.quobyte.com/cinder-vol-bd16777e-fd0a-437f-a380-3d9d67c7ed56'] {{(pid=93726) _ensure_shares_mounted /opt/stack/cinder/cinder/volume/drivers/quobyte.py:647}}
Jun 25 16:50:55 devstack cinder-volume[93726]: DEBUG oslo_concurrency.lockutils [None req-4064390c-f6b6-4f81-9302-78139ebc5985 None None] Lock "quobyte_ensure" "released" by "cinder.volume.drivers.quobyte.QuobyteDriver._ensure_shares_mounted" :: held 0.009s {{(pid=93726) inner /opt/stack/data/venv/lib/python3.12/site-packages/oslo_concurrency/lockutils.py:543}}
Jun 25 16:50:55 devstack cinder-volume[93726]: DEBUG oslo_concurrency.processutils [None req-4064390c-f6b6-4f81-9302-78139ebc5985 None None] Running cmd (subprocess): sudo cinder-rootwrap /etc/cinder/rootwrap.conf df --portability --block-size 1 /opt/stack/data/cinder/mnt/1347b37486ec184e983fdb4cf947c68d {{(pid=93726) execute /opt/stack/data/venv/lib/python3.12/site-packages/oslo_concurrency/processutils.py:440}}
Jun 25 16:50:55 devstack sudo[98198]: quobyte : PWD=/ ; USER=root ; COMMAND=/opt/stack/data/venv/bin/cinder-rootwrap /etc/cinder/rootwrap.conf df --portability --block-size 1 /opt/stack/data/cinder/mnt/1347b37486ec184e983fdb4cf947c68d
Jun 25 16:50:55 devstack sudo[98198]: pam_unix(sudo:session): session opened for user root(uid=0) by (uid=1000)
Jun 25 16:50:56 devstack cinder-volume[93726]: DEBUG cinder.coordination [None req-bcaefa72-7e70-47f4-8bfa-eee423a2ad56 tempest-SnapshotsActionsTest-1300492433 None] Acquiring lock "cinder-45bbafc6-a642-4743-aeb2-3f00f7d5eb61-delete_snapshot" by "delete_snapshot" {{(pid=93726) __acquire /opt/stack/cinder/cinder/coordination.py:138}}
Jun 25 16:50:56 devstack cinder-volume[93726]: DEBUG cinder.coordination [None req-bcaefa72-7e70-47f4-8bfa-eee423a2ad56 tempest-SnapshotsActionsTest-1300492433 None] Lock "cinder-45bbafc6-a642-4743-aeb2-3f00f7d5eb61-delete_snapshot" acquired by "delete_snapshot" :: waited 0.053s {{(pid=93726) __acquire /opt/stack/cinder/cinder/coordination.py:141}}
Jun 25 16:50:56 devstack cinder-volume[93726]: DEBUG cinder.coordination [None req-bcaefa72-7e70-47f4-8bfa-eee423a2ad56 tempest-SnapshotsActionsTest-1300492433 None] Acquiring lock "cinder-quobyte-b75da44d-f82f-48ea-bce1-f3fe466df0c9" by "delete_snapshot" {{(pid=93726) __acquire /opt/stack/cinder/cinder/coordination.py:138}}
Jun 25 16:50:56 devstack sudo[98198]: pam_unix(sudo:session): session closed for user root
Jun 25 16:50:56 devstack cinder-volume[93726]: DEBUG oslo_concurrency.processutils [None req-4064390c-f6b6-4f81-9302-78139ebc5985 None None] CMD "sudo cinder-rootwrap /etc/cinder/rootwrap.conf df --portability --block-size 1 /opt/stack/data/cinder/mnt/1347b37486ec184e983fdb4cf947c68d" returned: 0 in 0.763s {{(pid=93726) execute /opt/stack/data/venv/lib/python3.12/site-packages/oslo_concurrency/processutils.py:468}}
Jun 25 16:50:56 devstack cinder-volume[93726]: DEBUG cinder.manager [None req-4064390c-f6b6-4f81-9302-78139ebc5985 None None] Notifying Schedulers of capabilities ... {{(pid=93726) _publish_service_capabilities /opt/stack/cinder/cinder/manager.py:219}}
Jun 25 16:50:56 devstack cinder-volume[93726]: DEBUG oslo_service.periodic_task [None req-4064390c-f6b6-4f81-9302-78139ebc5985 None None] Running periodic task VolumeManager._thread_info {{(pid=93726) run_periodic_tasks /opt/stack/data/venv/lib/python3.12/site-packages/oslo_service/periodic_task.py:225}}
Jun 25 16:50:56 devstack cinder-volume[93726]: DEBUG cinder.volume.manager [None req-4064390c-f6b6-4f81-9302-78139ebc5985 None None] thread count: 8 {{(pid=93726) _thread_info /opt/stack/cinder/cinder/volume/manager.py:5472}}
Jun 25 16:50:56 devstack cinder-volume[93726]: DEBUG cinder.volume.manager [None req-4064390c-f6b6-4f81-9302-78139ebc5985 None None] thread info: [<_MainThread(MainThread, started 137885416935552)>, , , , , , , ] {{(pid=93726) _thread_info /opt/stack/cinder/cinder/volume/manager.py:5473}}
Jun 25 16:50:56 devstack cinder-volume[93726]: DEBUG cinder.coordination [None req-bcaefa72-7e70-47f4-8bfa-eee423a2ad56 tempest-SnapshotsActionsTest-1300492433 None] Lock "cinder-quobyte-b75da44d-f82f-48ea-bce1-f3fe466df0c9" acquired by "delete_snapshot" :: waited 0.040s {{(pid=93726) __acquire /opt/stack/cinder/cinder/coordination.py:141}}
Jun 25 16:50:56 devstack cinder-volume[93726]: DEBUG cinder.coordination [None req-bcaefa72-7e70-47f4-8bfa-eee423a2ad56 tempest-SnapshotsActionsTest-1300492433 None] Acquiring lock "cinder-quobyte-45bbafc6-a642-4743-aeb2-3f00f7d5eb61" by "_delete_snapshot" {{(pid=93726) __acquire /opt/stack/cinder/cinder/coordination.py:138}}
Jun 25 16:50:56 devstack cinder-volume[93726]: DEBUG cinder.coordination [None req-bcaefa72-7e70-47f4-8bfa-eee423a2ad56 tempest-SnapshotsActionsTest-1300492433 None] Lock "cinder-quobyte-45bbafc6-a642-4743-aeb2-3f00f7d5eb61" acquired by "_delete_snapshot" :: waited 0.031s {{(pid=93726) __acquire /opt/stack/cinder/cinder/coordination.py:141}}
Jun 25 16:50:56 devstack cinder-volume[93726]: DEBUG cinder.volume.drivers.remotefs [None req-bcaefa72-7e70-47f4-8bfa-eee423a2ad56 tempest-SnapshotsActionsTest-1300492433 None] Deleting offline snapshot 45bbafc6-a642-4743-aeb2-3f00f7d5eb61 of volume b75da44d-f82f-48ea-bce1-f3fe466df0c9 {{(pid=93726) _delete_snapshot /opt/stack/cinder/cinder/volume/drivers/remotefs.py:1288}}
Jun 25 16:50:56 devstack cinder-volume[93726]: DEBUG cinder.volume.drivers.remotefs [None req-bcaefa72-7e70-47f4-8bfa-eee423a2ad56 tempest-SnapshotsActionsTest-1300492433 None] snapshot_file for this snap is: volume-b75da44d-f82f-48ea-bce1-f3fe466df0c9.45bbafc6-a642-4743-aeb2-3f00f7d5eb61 {{(pid=93726) _delete_snapshot /opt/stack/cinder/cinder/volume/drivers/remotefs.py:1317}}
Jun 25 16:50:56 devstack cinder-volume[93726]: DEBUG oslo.privsep.daemon [-] privsep: reply[3c791899-8673-4349-a959-1fc76cc41e08]: (4, 'qcow2') {{(pid=95079) _call_back /opt/stack/data/venv/lib/python3.12/site-packages/oslo_privsep/daemon.py:580}}
Jun 25 16:50:56 devstack cinder-volume[93726]: DEBUG oslo_concurrency.processutils [None req-bcaefa72-7e70-47f4-8bfa-eee423a2ad56 tempest-SnapshotsActionsTest-1300492433 None] Running cmd (subprocess): /opt/stack/data/venv/bin/python3.12 -m oslo_concurrency.prlimit --as=1073741824 --cpu=60 -- sudo cinder-rootwrap /etc/cinder/rootwrap.conf env LC_ALL=C qemu-img info -f qcow2 --output=json --force-share /opt/stack/data/cinder/mnt/1347b37486ec184e983fdb4cf947c68d/volume-b75da44d-f82f-48ea-bce1-f3fe466df0c9.45bbafc6-a642-4743-aeb2-3f00f7d5eb61 {{(pid=93726) execute /opt/stack/data/venv/lib/python3.12/site-packages/oslo_concurrency/processutils.py:440}}
Jun 25 16:50:56 devstack sudo[98201]: quobyte : PWD=/ ; USER=root ; COMMAND=/opt/stack/data/venv/bin/cinder-rootwrap /etc/cinder/rootwrap.conf env LC_ALL=C qemu-img info -f qcow2 --output=json --force-share /opt/stack/data/cinder/mnt/1347b37486ec184e983fdb4cf947c68d/volume-b75da44d-f82f-48ea-bce1-f3fe466df0c9.45bbafc6-a642-4743-aeb2-3f00f7d5eb61
Jun 25 16:50:56 devstack sudo[98201]: pam_unix(sudo:session): session opened for user root(uid=0) by (uid=1000)
Jun 25 16:50:57 devstack cinder-volume[93726]: INFO cinder.volume.manager [req-96a8adf9-3eab-492d-91a7-cd0af2dcf935 req-9b00a585-640b-4c64-a58f-877d9a6729e4 tempest-ServerActionsTestOtherA-2144052607 None] Terminate volume connection completed successfully.
Jun 25 16:50:57 devstack cinder-volume[93726]: DEBUG cinder.volume.manager [req-96a8adf9-3eab-492d-91a7-cd0af2dcf935 req-9b00a585-640b-4c64-a58f-877d9a6729e4 tempest-ServerActionsTestOtherA-2144052607 None] Deleting attachment 4737de0d-3952-4d8d-9a06-89859e6994a6. {{(pid=93726) attachment_delete /opt/stack/cinder/cinder/volume/manager.py:5055}}
Jun 25 16:50:57 devstack sudo[98201]: pam_unix(sudo:session): session closed for user root
Jun 25 16:50:57 devstack cinder-volume[93726]: DEBUG oslo_concurrency.processutils [None req-bcaefa72-7e70-47f4-8bfa-eee423a2ad56 tempest-SnapshotsActionsTest-1300492433 None] CMD "/opt/stack/data/venv/bin/python3.12 -m oslo_concurrency.prlimit --as=1073741824 --cpu=60 -- sudo cinder-rootwrap /etc/cinder/rootwrap.conf env LC_ALL=C qemu-img info -f qcow2 --output=json --force-share /opt/stack/data/cinder/mnt/1347b37486ec184e983fdb4cf947c68d/volume-b75da44d-f82f-48ea-bce1-f3fe466df0c9.45bbafc6-a642-4743-aeb2-3f00f7d5eb61" returned: 0 in 1.162s {{(pid=93726) execute /opt/stack/data/venv/lib/python3.12/site-packages/oslo_concurrency/processutils.py:468}}
Jun 25 16:50:57 devstack cinder-volume[93726]: DEBUG cinder.volume.drivers.remotefs [None req-bcaefa72-7e70-47f4-8bfa-eee423a2ad56 tempest-SnapshotsActionsTest-1300492433 None] Fetching qemu-img info with special backing_file_template: (/opt/stack/data/cinder/mnt/[0-9a-f]+/)?(volume-b75da44d-f82f-48ea-bce1-f3fe466df0c9(.(tmp-snap-)?[0-9a-f-]+)?|volume_from_snapshot_cache/(tmp-snap-)?[0-9a-f-]+(.(child-|parent-)[0-9a-f-]+)?)$ {{(pid=93726) _qemu_img_info_base /opt/stack/cinder/cinder/volume/drivers/remotefs.py:896}}
Jun 25 16:50:57 devstack cinder-volume[93726]: DEBUG oslo.privsep.daemon [-] privsep: reply[d8cdbe3e-3f92-4b1a-be59-62a6f73679d9]: (4, 'qcow2') {{(pid=95079) _call_back /opt/stack/data/venv/lib/python3.12/site-packages/oslo_privsep/daemon.py:580}}
Jun 25 16:50:57 devstack cinder-volume[93726]: DEBUG oslo_concurrency.processutils [None req-bcaefa72-7e70-47f4-8bfa-eee423a2ad56 tempest-SnapshotsActionsTest-1300492433 None] Running cmd (subprocess): /opt/stack/data/venv/bin/python3.12 -m oslo_concurrency.prlimit --as=1073741824 --cpu=60 -- sudo cinder-rootwrap /etc/cinder/rootwrap.conf env LC_ALL=C qemu-img info -f qcow2 --output=json --force-share /opt/stack/data/cinder/mnt/1347b37486ec184e983fdb4cf947c68d/volume-b75da44d-f82f-48ea-bce1-f3fe466df0c9.75598362-4b6e-4fc3-b109-1a0de07a880c {{(pid=93726) execute /opt/stack/data/venv/lib/python3.12/site-packages/oslo_concurrency/processutils.py:440}}
Jun 25 16:50:58 devstack sudo[98214]: quobyte : PWD=/ ; USER=root ; COMMAND=/opt/stack/data/venv/bin/cinder-rootwrap /etc/cinder/rootwrap.conf env LC_ALL=C qemu-img info -f qcow2 --output=json --force-share /opt/stack/data/cinder/mnt/1347b37486ec184e983fdb4cf947c68d/volume-b75da44d-f82f-48ea-bce1-f3fe466df0c9.75598362-4b6e-4fc3-b109-1a0de07a880c
Jun 25 16:50:58 devstack sudo[98214]: pam_unix(sudo:session): session opened for user root(uid=0) by (uid=1000)
Jun 25 16:50:59 devstack sudo[98214]: pam_unix(sudo:session): session closed for user root
Jun 25 16:50:59 devstack cinder-volume[93726]: DEBUG oslo_concurrency.processutils [None req-bcaefa72-7e70-47f4-8bfa-eee423a2ad56 tempest-SnapshotsActionsTest-1300492433 None] CMD "/opt/stack/data/venv/bin/python3.12 -m oslo_concurrency.prlimit --as=1073741824 --cpu=60 -- sudo cinder-rootwrap /etc/cinder/rootwrap.conf env LC_ALL=C qemu-img info -f qcow2 --output=json --force-share /opt/stack/data/cinder/mnt/1347b37486ec184e983fdb4cf947c68d/volume-b75da44d-f82f-48ea-bce1-f3fe466df0c9.75598362-4b6e-4fc3-b109-1a0de07a880c" returned: 0 in 1.305s {{(pid=93726) execute /opt/stack/data/venv/lib/python3.12/site-packages/oslo_concurrency/processutils.py:468}}
Jun 25 16:50:59 devstack cinder-volume[93726]: DEBUG cinder.volume.drivers.remotefs [None req-bcaefa72-7e70-47f4-8bfa-eee423a2ad56 tempest-SnapshotsActionsTest-1300492433 None] Fetching qemu-img info with special backing_file_template: (/opt/stack/data/cinder/mnt/[0-9a-f]+/)?(volume-b75da44d-f82f-48ea-bce1-f3fe466df0c9(.(tmp-snap-)?[0-9a-f-]+)?|volume_from_snapshot_cache/(tmp-snap-)?[0-9a-f-]+(.(child-|parent-)[0-9a-f-]+)?)$ {{(pid=93726) _qemu_img_info_base /opt/stack/cinder/cinder/volume/drivers/remotefs.py:896}}
Jun 25 16:50:59 devstack cinder-volume[93726]: DEBUG oslo_concurrency.processutils [None req-bcaefa72-7e70-47f4-8bfa-eee423a2ad56 tempest-SnapshotsActionsTest-1300492433 None] Running cmd (subprocess): sudo cinder-rootwrap /etc/cinder/rootwrap.conf qemu-img commit -d /opt/stack/data/cinder/mnt/1347b37486ec184e983fdb4cf947c68d/volume-b75da44d-f82f-48ea-bce1-f3fe466df0c9.45bbafc6-a642-4743-aeb2-3f00f7d5eb61 {{(pid=93726) execute /opt/stack/data/venv/lib/python3.12/site-packages/oslo_concurrency/processutils.py:440}}
Jun 25 16:50:59 devstack sudo[98262]: quobyte : PWD=/ ; USER=root ; COMMAND=/opt/stack/data/venv/bin/cinder-rootwrap /etc/cinder/rootwrap.conf qemu-img commit -d /opt/stack/data/cinder/mnt/1347b37486ec184e983fdb4cf947c68d/volume-b75da44d-f82f-48ea-bce1-f3fe466df0c9.45bbafc6-a642-4743-aeb2-3f00f7d5eb61
Jun 25 16:50:59 devstack sudo[98262]: pam_unix(sudo:session): session opened for user root(uid=0) by (uid=1000)
Jun 25 16:51:00 devstack sudo[98262]: pam_unix(sudo:session): session closed for user root
Jun 25 16:51:00 devstack cinder-volume[93726]: DEBUG oslo_concurrency.processutils [None req-bcaefa72-7e70-47f4-8bfa-eee423a2ad56 tempest-SnapshotsActionsTest-1300492433 None] CMD "sudo cinder-rootwrap /etc/cinder/rootwrap.conf qemu-img commit -d /opt/stack/data/cinder/mnt/1347b37486ec184e983fdb4cf947c68d/volume-b75da44d-f82f-48ea-bce1-f3fe466df0c9.45bbafc6-a642-4743-aeb2-3f00f7d5eb61" returned: 0 in 1.104s {{(pid=93726) execute /opt/stack/data/venv/lib/python3.12/site-packages/oslo_concurrency/processutils.py:468}}
Jun 25 16:51:00 devstack cinder-volume[93726]: DEBUG oslo_concurrency.processutils [None req-bcaefa72-7e70-47f4-8bfa-eee423a2ad56 tempest-SnapshotsActionsTest-1300492433 None] Running cmd (subprocess): sudo cinder-rootwrap /etc/cinder/rootwrap.conf rm -f /opt/stack/data/cinder/mnt/1347b37486ec184e983fdb4cf947c68d/volume-b75da44d-f82f-48ea-bce1-f3fe466df0c9.45bbafc6-a642-4743-aeb2-3f00f7d5eb61 {{(pid=93726) execute /opt/stack/data/venv/lib/python3.12/site-packages/oslo_concurrency/processutils.py:440}}
Jun 25 16:51:00 devstack sudo[98271]: quobyte : PWD=/ ; USER=root ; COMMAND=/opt/stack/data/venv/bin/cinder-rootwrap /etc/cinder/rootwrap.conf rm -f /opt/stack/data/cinder/mnt/1347b37486ec184e983fdb4cf947c68d/volume-b75da44d-f82f-48ea-bce1-f3fe466df0c9.45bbafc6-a642-4743-aeb2-3f00f7d5eb61
Jun 25 16:51:00 devstack sudo[98271]: pam_unix(sudo:session): session opened for user root(uid=0) by (uid=1000)
Jun 25 16:51:01 devstack sudo[98271]: pam_unix(sudo:session): session closed for user root
Jun 25 16:51:01 devstack cinder-volume[93726]: DEBUG oslo_concurrency.processutils [None req-bcaefa72-7e70-47f4-8bfa-eee423a2ad56 tempest-SnapshotsActionsTest-1300492433 None] CMD "sudo cinder-rootwrap /etc/cinder/rootwrap.conf rm -f /opt/stack/data/cinder/mnt/1347b37486ec184e983fdb4cf947c68d/volume-b75da44d-f82f-48ea-bce1-f3fe466df0c9.45bbafc6-a642-4743-aeb2-3f00f7d5eb61" returned: 0 in 1.266s {{(pid=93726) execute /opt/stack/data/venv/lib/python3.12/site-packages/oslo_concurrency/processutils.py:468}}
Jun 25 16:51:01 devstack cinder-volume[93726]: DEBUG cinder.coordination [None req-bcaefa72-7e70-47f4-8bfa-eee423a2ad56 tempest-SnapshotsActionsTest-1300492433 None] Lock "cinder-quobyte-45bbafc6-a642-4743-aeb2-3f00f7d5eb61" released by "_delete_snapshot" :: held 5.017s {{(pid=93726) __release /opt/stack/cinder/cinder/coordination.py:152}}
Jun 25 16:51:01 devstack cinder-volume[93726]: DEBUG cinder.coordination [None req-bcaefa72-7e70-47f4-8bfa-eee423a2ad56 tempest-SnapshotsActionsTest-1300492433 None] Lock "cinder-quobyte-b75da44d-f82f-48ea-bce1-f3fe466df0c9" released by "delete_snapshot" :: held 5.078s {{(pid=93726) __release /opt/stack/cinder/cinder/coordination.py:152}}
Jun 25 16:51:01 devstack cinder-volume[93726]: DEBUG cinder.quota [None req-bcaefa72-7e70-47f4-8bfa-eee423a2ad56 tempest-SnapshotsActionsTest-1300492433 None] Created reservations ['77e5d09c-6a00-4439-9486-89572e5c3efa', '89468de7-c5e5-47a3-8254-7b3c5b4191cf', '874b58a6-1a89-4311-9115-6b025ffa0776', 'c35de4cf-3819-4fb6-a39b-019110267b14'] {{(pid=93726) reserve /opt/stack/cinder/cinder/quota.py:752}}
Jun 25 16:51:02 devstack cinder-volume[93726]: INFO cinder.volume.manager [None req-bcaefa72-7e70-47f4-8bfa-eee423a2ad56 tempest-SnapshotsActionsTest-1300492433 None] Delete snapshot completed successfully.
Jun 25 16:51:02 devstack cinder-volume[93726]: DEBUG cinder.coordination [None req-bcaefa72-7e70-47f4-8bfa-eee423a2ad56 tempest-SnapshotsActionsTest-1300492433 None] Lock "cinder-45bbafc6-a642-4743-aeb2-3f00f7d5eb61-delete_snapshot" released by "delete_snapshot" :: held 5.490s {{(pid=93726) __release /opt/stack/cinder/cinder/coordination.py:152}}
Jun 25 16:51:02 devstack cinder-volume[93726]: DEBUG oslo_concurrency.lockutils [None req-1b3ad295-d7df-4155-8531-aaae6feacb7b tempest-SnapshotsActionsTest-2084938551 None] Acquiring lock "quobyte" by "cinder.volume.drivers.quobyte.QuobyteDriver.create_snapshot" {{(pid=93726) inner /opt/stack/data/venv/lib/python3.12/site-packages/oslo_concurrency/lockutils.py:511}}
Jun 25 16:51:02 devstack cinder-volume[93726]: DEBUG oslo_concurrency.lockutils [None req-1b3ad295-d7df-4155-8531-aaae6feacb7b tempest-SnapshotsActionsTest-2084938551 None] Lock "quobyte" acquired by "cinder.volume.drivers.quobyte.QuobyteDriver.create_snapshot" :: waited 0.001s {{(pid=93726) inner /opt/stack/data/venv/lib/python3.12/site-packages/oslo_concurrency/lockutils.py:524}}
Jun 25 16:51:02 devstack cinder-volume[93726]: DEBUG cinder.volume.drivers.remotefs [None req-1b3ad295-d7df-4155-8531-aaae6feacb7b tempest-SnapshotsActionsTest-2084938551 None] Creating offline snapshot 283654b5-9d8f-491a-8035-cf3ff00c2df4 of volume b75da44d-f82f-48ea-bce1-f3fe466df0c9 {{(pid=93726) _create_snapshot /opt/stack/cinder/cinder/volume/drivers/remotefs.py:1816}}
Jun 25 16:51:02 devstack cinder-volume[93726]: DEBUG oslo.privsep.daemon [-] privsep: reply[fcea2b5e-6f69-40b1-9c2a-ab9d2f09e3bb]: (4, 'qcow2') {{(pid=95079) _call_back /opt/stack/data/venv/lib/python3.12/site-packages/oslo_privsep/daemon.py:580}}
Jun 25 16:51:02 devstack cinder-volume[93726]: DEBUG oslo_concurrency.processutils [None req-1b3ad295-d7df-4155-8531-aaae6feacb7b tempest-SnapshotsActionsTest-2084938551 None] Running cmd (subprocess): /opt/stack/data/venv/bin/python3.12 -m oslo_concurrency.prlimit --as=1073741824 --cpu=60 -- sudo cinder-rootwrap /etc/cinder/rootwrap.conf env LC_ALL=C qemu-img info -f qcow2 --output=json --force-share /opt/stack/data/cinder/mnt/1347b37486ec184e983fdb4cf947c68d/volume-b75da44d-f82f-48ea-bce1-f3fe466df0c9.75598362-4b6e-4fc3-b109-1a0de07a880c {{(pid=93726) execute /opt/stack/data/venv/lib/python3.12/site-packages/oslo_concurrency/processutils.py:440}}
Jun 25 16:51:02 devstack sudo[98330]: quobyte : PWD=/ ; USER=root ; COMMAND=/opt/stack/data/venv/bin/cinder-rootwrap /etc/cinder/rootwrap.conf env LC_ALL=C qemu-img info -f qcow2 --output=json --force-share /opt/stack/data/cinder/mnt/1347b37486ec184e983fdb4cf947c68d/volume-b75da44d-f82f-48ea-bce1-f3fe466df0c9.75598362-4b6e-4fc3-b109-1a0de07a880c
Jun 25 16:51:02 devstack sudo[98330]: pam_unix(sudo:session): session opened for user root(uid=0) by (uid=1000)
Jun 25 16:51:03 devstack sudo[98330]: pam_unix(sudo:session): session closed for user root
Jun 25 16:51:03 devstack cinder-volume[93726]: DEBUG oslo_concurrency.processutils [None req-1b3ad295-d7df-4155-8531-aaae6feacb7b tempest-SnapshotsActionsTest-2084938551 None] CMD "/opt/stack/data/venv/bin/python3.12 -m oslo_concurrency.prlimit --as=1073741824 --cpu=60 -- sudo cinder-rootwrap /etc/cinder/rootwrap.conf env LC_ALL=C qemu-img info -f qcow2 --output=json --force-share /opt/stack/data/cinder/mnt/1347b37486ec184e983fdb4cf947c68d/volume-b75da44d-f82f-48ea-bce1-f3fe466df0c9.75598362-4b6e-4fc3-b109-1a0de07a880c" returned: 0 in 0.941s {{(pid=93726) execute /opt/stack/data/venv/lib/python3.12/site-packages/oslo_concurrency/processutils.py:468}}
Jun 25 16:51:03 devstack cinder-volume[93726]: DEBUG cinder.volume.drivers.remotefs [None req-1b3ad295-d7df-4155-8531-aaae6feacb7b tempest-SnapshotsActionsTest-2084938551 None] Fetching qemu-img info with special backing_file_template: (/opt/stack/data/cinder/mnt/[0-9a-f]+/)?(volume-b75da44d-f82f-48ea-bce1-f3fe466df0c9(.(tmp-snap-)?[0-9a-f-]+)?|volume_from_snapshot_cache/(tmp-snap-)?[0-9a-f-]+(.(child-|parent-)[0-9a-f-]+)?)$ {{(pid=93726) _qemu_img_info_base /opt/stack/cinder/cinder/volume/drivers/remotefs.py:896}}
Jun 25 16:51:03 devstack cinder-volume[93726]: DEBUG oslo_concurrency.processutils [None req-1b3ad295-d7df-4155-8531-aaae6feacb7b tempest-SnapshotsActionsTest-2084938551 None] Running cmd (subprocess): sudo cinder-rootwrap /etc/cinder/rootwrap.conf qemu-img create -f qcow2 -o backing_file=/opt/stack/data/cinder/mnt/1347b37486ec184e983fdb4cf947c68d/volume-b75da44d-f82f-48ea-bce1-f3fe466df0c9.75598362-4b6e-4fc3-b109-1a0de07a880c,backing_fmt=qcow2 /opt/stack/data/cinder/mnt/1347b37486ec184e983fdb4cf947c68d/volume-b75da44d-f82f-48ea-bce1-f3fe466df0c9.283654b5-9d8f-491a-8035-cf3ff00c2df4 1G {{(pid=93726) execute /opt/stack/data/venv/lib/python3.12/site-packages/oslo_concurrency/processutils.py:440}}
Jun 25 16:51:03 devstack sudo[98338]: quobyte : PWD=/ ; USER=root ; COMMAND=/opt/stack/data/venv/bin/cinder-rootwrap /etc/cinder/rootwrap.conf qemu-img create -f qcow2 -o backing_file=/opt/stack/data/cinder/mnt/1347b37486ec184e983fdb4cf947c68d/volume-b75da44d-f82f-48ea-bce1-f3fe466df0c9.75598362-4b6e-4fc3-b109-1a0de07a880c,backing_fmt=qcow2 /opt/stack/data/cinder/mnt/1347b37486ec184e983fdb4cf947c68d/volume-b75da44d-f82f-48ea-bce1-f3fe466df0c9.283654b5-9d8f-491a-8035-cf3ff00c2df4 1G
Jun 25 16:51:03 devstack sudo[98338]: pam_unix(sudo:session): session opened for user root(uid=0) by (uid=1000)
Jun 25 16:51:04 devstack sudo[98338]: pam_unix(sudo:session): session closed for user root
Jun 25 16:51:04 devstack cinder-volume[93726]: DEBUG oslo_concurrency.processutils [None req-1b3ad295-d7df-4155-8531-aaae6feacb7b tempest-SnapshotsActionsTest-2084938551 None] CMD "sudo cinder-rootwrap /etc/cinder/rootwrap.conf qemu-img create -f qcow2 -o backing_file=/opt/stack/data/cinder/mnt/1347b37486ec184e983fdb4cf947c68d/volume-b75da44d-f82f-48ea-bce1-f3fe466df0c9.75598362-4b6e-4fc3-b109-1a0de07a880c,backing_fmt=qcow2 /opt/stack/data/cinder/mnt/1347b37486ec184e983fdb4cf947c68d/volume-b75da44d-f82f-48ea-bce1-f3fe466df0c9.283654b5-9d8f-491a-8035-cf3ff00c2df4 1G" returned: 0 in 0.945s {{(pid=93726) execute /opt/stack/data/venv/lib/python3.12/site-packages/oslo_concurrency/processutils.py:468}}
Jun 25 16:51:04 devstack cinder-volume[93726]: DEBUG oslo_concurrency.processutils [None req-1b3ad295-d7df-4155-8531-aaae6feacb7b tempest-SnapshotsActionsTest-2084938551 None] Running cmd (subprocess): sudo cinder-rootwrap /etc/cinder/rootwrap.conf qemu-img rebase -u -b volume-b75da44d-f82f-48ea-bce1-f3fe466df0c9.75598362-4b6e-4fc3-b109-1a0de07a880c -F qcow2 /opt/stack/data/cinder/mnt/1347b37486ec184e983fdb4cf947c68d/volume-b75da44d-f82f-48ea-bce1-f3fe466df0c9.283654b5-9d8f-491a-8035-cf3ff00c2df4 {{(pid=93726) execute /opt/stack/data/venv/lib/python3.12/site-packages/oslo_concurrency/processutils.py:440}}
Jun 25 16:51:04 devstack sudo[98343]: quobyte : PWD=/ ; USER=root ; COMMAND=/opt/stack/data/venv/bin/cinder-rootwrap /etc/cinder/rootwrap.conf qemu-img rebase -u -b volume-b75da44d-f82f-48ea-bce1-f3fe466df0c9.75598362-4b6e-4fc3-b109-1a0de07a880c -F qcow2 /opt/stack/data/cinder/mnt/1347b37486ec184e983fdb4cf947c68d/volume-b75da44d-f82f-48ea-bce1-f3fe466df0c9.283654b5-9d8f-491a-8035-cf3ff00c2df4
Jun 25 16:51:04 devstack sudo[98343]: pam_unix(sudo:session): session opened for user root(uid=0) by (uid=1000)
Jun 25 16:51:05 devstack sudo[98343]: pam_unix(sudo:session): session closed for user root
Jun 25 16:51:05 devstack cinder-volume[93726]: DEBUG oslo_concurrency.processutils [None req-1b3ad295-d7df-4155-8531-aaae6feacb7b tempest-SnapshotsActionsTest-2084938551 None] CMD "sudo cinder-rootwrap /etc/cinder/rootwrap.conf qemu-img rebase -u -b volume-b75da44d-f82f-48ea-bce1-f3fe466df0c9.75598362-4b6e-4fc3-b109-1a0de07a880c -F qcow2 /opt/stack/data/cinder/mnt/1347b37486ec184e983fdb4cf947c68d/volume-b75da44d-f82f-48ea-bce1-f3fe466df0c9.283654b5-9d8f-491a-8035-cf3ff00c2df4" returned: 0 in 0.797s {{(pid=93726) execute /opt/stack/data/venv/lib/python3.12/site-packages/oslo_concurrency/processutils.py:468}}
Jun 25 16:51:05 devstack cinder-volume[93726]: WARNING cinder.volume.drivers.remotefs [None req-1b3ad295-d7df-4155-8531-aaae6feacb7b tempest-SnapshotsActionsTest-2084938551 None] /opt/stack/data/cinder/mnt/1347b37486ec184e983fdb4cf947c68d/volume-b75da44d-f82f-48ea-bce1-f3fe466df0c9.283654b5-9d8f-491a-8035-cf3ff00c2df4 is being set with open permissions: ugo+rw
Jun 25 16:51:05 devstack cinder-volume[93726]: DEBUG oslo_concurrency.processutils [None req-1b3ad295-d7df-4155-8531-aaae6feacb7b tempest-SnapshotsActionsTest-2084938551 None] Running cmd (subprocess): sudo cinder-rootwrap /etc/cinder/rootwrap.conf chmod ugo+rw /opt/stack/data/cinder/mnt/1347b37486ec184e983fdb4cf947c68d/volume-b75da44d-f82f-48ea-bce1-f3fe466df0c9.283654b5-9d8f-491a-8035-cf3ff00c2df4 {{(pid=93726) execute /opt/stack/data/venv/lib/python3.12/site-packages/oslo_concurrency/processutils.py:440}}
Jun 25 16:51:05 devstack sudo[98356]: quobyte : PWD=/ ; USER=root ; COMMAND=/opt/stack/data/venv/bin/cinder-rootwrap /etc/cinder/rootwrap.conf chmod ugo+rw /opt/stack/data/cinder/mnt/1347b37486ec184e983fdb4cf947c68d/volume-b75da44d-f82f-48ea-bce1-f3fe466df0c9.283654b5-9d8f-491a-8035-cf3ff00c2df4
Jun 25 16:51:05 devstack sudo[98356]: pam_unix(sudo:session): session opened for user root(uid=0) by (uid=1000)
Jun 25 16:51:06 devstack sudo[98356]: pam_unix(sudo:session): session closed for user root
Jun 25 16:51:06 devstack cinder-volume[93726]: DEBUG oslo_concurrency.processutils [None req-1b3ad295-d7df-4155-8531-aaae6feacb7b tempest-SnapshotsActionsTest-2084938551 None] CMD "sudo cinder-rootwrap /etc/cinder/rootwrap.conf chmod ugo+rw /opt/stack/data/cinder/mnt/1347b37486ec184e983fdb4cf947c68d/volume-b75da44d-f82f-48ea-bce1-f3fe466df0c9.283654b5-9d8f-491a-8035-cf3ff00c2df4" returned: 0 in 0.761s {{(pid=93726) execute /opt/stack/data/venv/lib/python3.12/site-packages/oslo_concurrency/processutils.py:468}}
Jun 25 16:51:06 devstack cinder-volume[93726]: DEBUG oslo_concurrency.lockutils [None req-1b3ad295-d7df-4155-8531-aaae6feacb7b tempest-SnapshotsActionsTest-2084938551 None] Lock "quobyte" "released" by "cinder.volume.drivers.quobyte.QuobyteDriver.create_snapshot" :: held 3.579s {{(pid=93726) inner /opt/stack/data/venv/lib/python3.12/site-packages/oslo_concurrency/lockutils.py:543}}
Jun 25 16:51:06 devstack cinder-volume[93726]: INFO cinder.volume.manager [None req-1b3ad295-d7df-4155-8531-aaae6feacb7b tempest-SnapshotsActionsTest-2084938551 None] Create snapshot completed successfully
Jun 25 16:51:06 devstack cinder-volume[93726]: DEBUG cinder.coordination [None req-b698d8c8-1656-445f-b6ef-8b44ea7dfecb tempest-SnapshotsActionsTest-1300492433 None] Acquiring lock "cinder-283654b5-9d8f-491a-8035-cf3ff00c2df4-delete_snapshot" by "delete_snapshot" {{(pid=93726) __acquire /opt/stack/cinder/cinder/coordination.py:138}}
Jun 25 16:51:06 devstack cinder-volume[93726]: DEBUG cinder.coordination [None req-b698d8c8-1656-445f-b6ef-8b44ea7dfecb tempest-SnapshotsActionsTest-1300492433 None] Lock "cinder-283654b5-9d8f-491a-8035-cf3ff00c2df4-delete_snapshot" acquired by "delete_snapshot" :: waited 0.035s {{(pid=93726) __acquire /opt/stack/cinder/cinder/coordination.py:141}}
Jun 25 16:51:06 devstack cinder-volume[93726]: DEBUG cinder.coordination [None req-b698d8c8-1656-445f-b6ef-8b44ea7dfecb tempest-SnapshotsActionsTest-1300492433 None] Acquiring lock "cinder-quobyte-b75da44d-f82f-48ea-bce1-f3fe466df0c9" by "delete_snapshot" {{(pid=93726) __acquire /opt/stack/cinder/cinder/coordination.py:138}}
Jun 25 16:51:06 devstack cinder-volume[93726]: DEBUG cinder.coordination [None req-b698d8c8-1656-445f-b6ef-8b44ea7dfecb tempest-SnapshotsActionsTest-1300492433 None] Lock "cinder-quobyte-b75da44d-f82f-48ea-bce1-f3fe466df0c9" acquired by "delete_snapshot" :: waited 0.031s {{(pid=93726) __acquire /opt/stack/cinder/cinder/coordination.py:141}}
Jun 25 16:51:06 devstack cinder-volume[93726]: DEBUG cinder.coordination [None req-b698d8c8-1656-445f-b6ef-8b44ea7dfecb tempest-SnapshotsActionsTest-1300492433 None] Acquiring lock "cinder-quobyte-283654b5-9d8f-491a-8035-cf3ff00c2df4" by "_delete_snapshot" {{(pid=93726) __acquire /opt/stack/cinder/cinder/coordination.py:138}}
Jun 25 16:51:07 devstack cinder-volume[93726]: DEBUG cinder.coordination [None req-b698d8c8-1656-445f-b6ef-8b44ea7dfecb tempest-SnapshotsActionsTest-1300492433 None] Lock "cinder-quobyte-283654b5-9d8f-491a-8035-cf3ff00c2df4" acquired by "_delete_snapshot" :: waited 0.018s {{(pid=93726) __acquire /opt/stack/cinder/cinder/coordination.py:141}}
Jun 25 16:51:07 devstack cinder-volume[93726]: DEBUG cinder.volume.drivers.remotefs [None req-b698d8c8-1656-445f-b6ef-8b44ea7dfecb tempest-SnapshotsActionsTest-1300492433 None] Deleting offline snapshot 283654b5-9d8f-491a-8035-cf3ff00c2df4 of volume b75da44d-f82f-48ea-bce1-f3fe466df0c9 {{(pid=93726) _delete_snapshot /opt/stack/cinder/cinder/volume/drivers/remotefs.py:1288}}
Jun 25 16:51:07 devstack cinder-volume[93726]: DEBUG cinder.volume.drivers.remotefs [None req-b698d8c8-1656-445f-b6ef-8b44ea7dfecb tempest-SnapshotsActionsTest-1300492433 None] snapshot_file for this snap is: volume-b75da44d-f82f-48ea-bce1-f3fe466df0c9.283654b5-9d8f-491a-8035-cf3ff00c2df4 {{(pid=93726) _delete_snapshot /opt/stack/cinder/cinder/volume/drivers/remotefs.py:1317}}
Jun 25 16:51:07 devstack cinder-volume[93726]: DEBUG oslo.privsep.daemon [-] privsep: reply[fc9a3cf5-11b6-4e9f-aa9b-257f5a112d29]: (4, 'qcow2') {{(pid=95079) _call_back /opt/stack/data/venv/lib/python3.12/site-packages/oslo_privsep/daemon.py:580}}
