Nov 28 16:20:58 devstack devstack@n-api.service[61394]: INFO nova.api.openstack.compute.server_external_events [req-89e70775-85e8-43ff-b6df-553e187e1ecb req-26310a60-6d49-4549-9bf4-4b8ca936ebac service nova] Creating event network-vif-unplugged:eb310789-8b78-4f93-ad77-c7a1bfe02630 for instance 81d88d7b-9d11-4b46-87e9-a77909b47108 on devstack
Nov 28 16:20:58 devstack devstack@n-api.service[61394]: INFO nova.api.openstack.compute.server_external_events [req-89e70775-85e8-43ff-b6df-553e187e1ecb req-26310a60-6d49-4549-9bf4-4b8ca936ebac service nova] Creating event network-vif-unplugged:eb310789-8b78-4f93-ad77-c7a1bfe02630 for instance 81d88d7b-9d11-4b46-87e9-a77909b47108 on devstack
Nov 28 16:20:58 devstack devstack@n-api.service[61394]: INFO nova.api.openstack.compute.server_external_events [req-89e70775-85e8-43ff-b6df-553e187e1ecb req-26310a60-6d49-4549-9bf4-4b8ca936ebac service nova] Creating event network-vif-unplugged:0bc2adc7-7ce6-420b-93d1-6be7870daa81 for instance 81d88d7b-9d11-4b46-87e9-a77909b47108 on devstack
Nov 28 16:20:58 devstack devstack@n-api.service[61394]: INFO nova.api.openstack.requestlog [req-89e70775-85e8-43ff-b6df-553e187e1ecb req-26310a60-6d49-4549-9bf4-4b8ca936ebac service nova] 192.168.122.7 "POST /compute/v2.1/os-server-external-events" status: 200 len: 1050 microversion: 2.1 time: 0.106227
Nov 28 16:20:58 devstack devstack@n-api.service[61394]: [pid: 61394|app: 0|req: 138/278] 192.168.122.7 () {68 vars in 1408 bytes} [Fri Nov 28 16:20:58 2025] POST /compute/v2.1/os-server-external-events => generated 1050 bytes in 110 msecs (HTTP/1.1 200) 9 headers in 358 bytes (1 switches on core 0)
Nov 28 16:20:59 devstack devstack@n-api.service[61395]: DEBUG nova.api.openstack.wsgi [None req-48d4584b-08a6-470b-bc03-f906bd113621 tempest-AttachSCSIVolumeTestJSON-59819939 tempest-AttachSCSIVolumeTestJSON-59819939-project-member] Action: 'create', calling method: >, body: {"keypair": {"name": "tempest-keypair-45954443", "public_key": "ecdsa-sha2-nistp384 AAAAE2VjZHNhLXNoYTItbmlzdHAzODQAAAAIbmlzdHAzODQAAABhBEiR91mSSyE+P69I1vnc+Ja18bKHuPkk3BOBGEZiK/Yuf22K8DAHGQ5RXePmToy2Jo9mxzEt7dOxKgtXFAfrZYakctyukRHPExq4ytJKh7gz35OD11bgd9f7SS/zHNpZGw=="}} {{(pid=61395) _process_stack /opt/stack/nova/nova/api/openstack/wsgi.py:550}}
Nov 28 16:20:59 devstack devstack@n-api.service[61395]: DEBUG nova.quota [None req-48d4584b-08a6-470b-bc03-f906bd113621 tempest-AttachSCSIVolumeTestJSON-59819939 tempest-AttachSCSIVolumeTestJSON-59819939-project-member] Getting quotas for project bf34010ba2f84640b61fffff0e429273. Resources: {'key_pairs'} {{(pid=61395) _get_quotas /opt/stack/nova/nova/quota.py:392}}
Nov 28 16:20:59 devstack devstack@n-api.service[61395]: DEBUG nova.quota [None req-48d4584b-08a6-470b-bc03-f906bd113621 tempest-AttachSCSIVolumeTestJSON-59819939 tempest-AttachSCSIVolumeTestJSON-59819939-project-member] Getting quotas for user feac53dadb0c4ec4932f697bac0f4b38 and project bf34010ba2f84640b61fffff0e429273. Resources: {'key_pairs'} {{(pid=61395) _get_quotas /opt/stack/nova/nova/quota.py:382}}
Nov 28 16:20:59 devstack devstack@n-api.service[61394]: DEBUG nova.api.openstack.wsgi [None req-fddcbfe7-4001-4604-9c0c-ed285bef63db tempest-TaggedBootDevicesTest-851935510 tempest-TaggedBootDevicesTest-851935510-project-member] Calling method '>' {{(pid=61394) _process_stack /opt/stack/nova/nova/api/openstack/wsgi.py:552}}
Nov 28 16:20:59 devstack devstack@n-api.service[61394]: DEBUG nova.compute.api [None req-fddcbfe7-4001-4604-9c0c-ed285bef63db tempest-TaggedBootDevicesTest-851935510 tempest-TaggedBootDevicesTest-851935510-project-member] [instance: 81d88d7b-9d11-4b46-87e9-a77909b47108] Fetching instance by UUID {{(pid=61394) get /opt/stack/nova/nova/compute/api.py:3017}}
Nov 28 16:20:59 devstack devstack@n-api.service[61394]: DEBUG oslo_concurrency.lockutils [None req-fddcbfe7-4001-4604-9c0c-ed285bef63db tempest-TaggedBootDevicesTest-851935510 tempest-TaggedBootDevicesTest-851935510-project-member] Acquiring lock "0c2e5c9e-4b21-4289-b10c-fe3979841de4" by "nova.context.set_target_cell..get_or_set_cached_cell_and_set_connections" {{(pid=61394) inner /opt/stack/data/venv/lib/python3.10/site-packages/oslo_concurrency/lockutils.py:405}}
Nov 28 16:20:59 devstack devstack@n-api.service[61394]: DEBUG oslo_concurrency.lockutils [None req-fddcbfe7-4001-4604-9c0c-ed285bef63db tempest-TaggedBootDevicesTest-851935510 tempest-TaggedBootDevicesTest-851935510-project-member] Lock "0c2e5c9e-4b21-4289-b10c-fe3979841de4" acquired by "nova.context.set_target_cell..get_or_set_cached_cell_and_set_connections" :: waited 0.001s {{(pid=61394) inner /opt/stack/data/venv/lib/python3.10/site-packages/oslo_concurrency/lockutils.py:410}}
Nov 28 16:20:59 devstack devstack@n-api.service[61394]: DEBUG oslo_concurrency.lockutils [None req-fddcbfe7-4001-4604-9c0c-ed285bef63db tempest-TaggedBootDevicesTest-851935510 tempest-TaggedBootDevicesTest-851935510-project-member] Lock "0c2e5c9e-4b21-4289-b10c-fe3979841de4" "released" by "nova.context.set_target_cell..get_or_set_cached_cell_and_set_connections" :: held 0.000s {{(pid=61394) inner /opt/stack/data/venv/lib/python3.10/site-packages/oslo_concurrency/lockutils.py:424}}
Nov 28 16:20:59 devstack devstack@n-api.service[61395]: INFO nova.api.openstack.requestlog [None req-48d4584b-08a6-470b-bc03-f906bd113621 tempest-AttachSCSIVolumeTestJSON-59819939 tempest-AttachSCSIVolumeTestJSON-59819939-project-member] 192.168.122.7 "POST /compute/v2.1/os-keypairs" status: 200 len: 384 microversion: 2.1 time: 0.195092
Nov 28 16:20:59 devstack devstack@n-api.service[61394]: DEBUG oslo_concurrency.lockutils [None req-fddcbfe7-4001-4604-9c0c-ed285bef63db tempest-TaggedBootDevicesTest-851935510 tempest-TaggedBootDevicesTest-851935510-project-member] Acquiring lock "0c2e5c9e-4b21-4289-b10c-fe3979841de4" by "nova.context.set_target_cell..get_or_set_cached_cell_and_set_connections" {{(pid=61394) inner /opt/stack/data/venv/lib/python3.10/site-packages/oslo_concurrency/lockutils.py:405}}
Nov 28 16:20:59 devstack devstack@n-api.service[61395]: [pid: 61395|app: 0|req: 141/279] 192.168.122.7 () {64 vars in 1250 bytes} [Fri Nov 28 16:20:59 2025] POST /compute/v2.1/os-keypairs => generated 384 bytes in 196 msecs (HTTP/1.1 200) 9 headers in 357 bytes (1 switches on core 0)
Nov 28 16:20:59 devstack devstack@n-api.service[61394]: DEBUG oslo_concurrency.lockutils [None req-fddcbfe7-4001-4604-9c0c-ed285bef63db tempest-TaggedBootDevicesTest-851935510 tempest-TaggedBootDevicesTest-851935510-project-member] Lock "0c2e5c9e-4b21-4289-b10c-fe3979841de4" acquired by "nova.context.set_target_cell..get_or_set_cached_cell_and_set_connections" :: waited 0.003s {{(pid=61394) inner /opt/stack/data/venv/lib/python3.10/site-packages/oslo_concurrency/lockutils.py:410}}
Nov 28 16:20:59 devstack devstack@n-api.service[61394]: DEBUG oslo_concurrency.lockutils [None req-fddcbfe7-4001-4604-9c0c-ed285bef63db tempest-TaggedBootDevicesTest-851935510 tempest-TaggedBootDevicesTest-851935510-project-member] Lock "0c2e5c9e-4b21-4289-b10c-fe3979841de4" "released" by "nova.context.set_target_cell..get_or_set_cached_cell_and_set_connections" :: held 0.010s {{(pid=61394) inner /opt/stack/data/venv/lib/python3.10/site-packages/oslo_concurrency/lockutils.py:424}}
Nov 28 16:20:59 devstack devstack@n-api.service[61394]: WARNING neutronclient.v2_0.client [None req-fddcbfe7-4001-4604-9c0c-ed285bef63db tempest-TaggedBootDevicesTest-851935510 tempest-TaggedBootDevicesTest-851935510-project-member] The python binding code in neutronclient is deprecated in favor of OpenstackSDK, please use that as this will be removed in a future release.
Nov 28 16:21:00 devstack devstack@n-api.service[61394]: DEBUG nova.policy [None req-fddcbfe7-4001-4604-9c0c-ed285bef63db tempest-TaggedBootDevicesTest-851935510 tempest-TaggedBootDevicesTest-851935510-project-member] Policy check for os_compute_api:os-extended-server-attributes failed with credentials {'is_admin': False, 'user_id': '744fb9cbe0f04138832a8727fd76c11a', 'user_domain_id': 'default', 'system_scope': None, 'domain_id': None, 'project_id': 'dde8138698fa419a8ce465bdc98c05c8', 'project_domain_id': 'default', 'roles': ['member', 'reader'], 'is_admin_project': True, 'service_user_id': None, 'service_user_domain_id': None, 'service_project_id': None, 'service_project_domain_id': None, 'service_roles': []} {{(pid=61394) authorize /opt/stack/nova/nova/policy.py:192}}
Nov 28 16:21:00 devstack devstack@n-api.service[61394]: DEBUG nova.policy [None req-fddcbfe7-4001-4604-9c0c-ed285bef63db tempest-TaggedBootDevicesTest-851935510 tempest-TaggedBootDevicesTest-851935510-project-member] Policy check for os_compute_api:servers:show:host_status failed with credentials {'is_admin': False, 'user_id': '744fb9cbe0f04138832a8727fd76c11a', 'user_domain_id': 'default', 'system_scope': None, 'domain_id': None, 'project_id': 'dde8138698fa419a8ce465bdc98c05c8', 'project_domain_id': 'default', 'roles': ['member', 'reader'], 'is_admin_project': True, 'service_user_id': None, 'service_user_domain_id': None, 'service_project_id': None, 'service_project_domain_id': None, 'service_roles': []} {{(pid=61394) authorize /opt/stack/nova/nova/policy.py:192}}
Nov 28 16:21:00 devstack devstack@n-api.service[61394]: DEBUG nova.policy [None req-fddcbfe7-4001-4604-9c0c-ed285bef63db tempest-TaggedBootDevicesTest-851935510 tempest-TaggedBootDevicesTest-851935510-project-member] Policy check for os_compute_api:servers:show:host_status:unknown-only failed with credentials {'is_admin': False, 'user_id': '744fb9cbe0f04138832a8727fd76c11a', 'user_domain_id': 'default', 'system_scope': None, 'domain_id': None, 'project_id': 'dde8138698fa419a8ce465bdc98c05c8', 'project_domain_id': 'default', 'roles': ['member', 'reader'], 'is_admin_project': True, 'service_user_id': None, 'service_user_domain_id': None, 'service_project_id': None, 'service_project_domain_id': None, 'service_roles': []} {{(pid=61394) authorize /opt/stack/nova/nova/policy.py:192}}
Nov 28 16:21:00 devstack devstack@n-api.service[61394]: INFO nova.api.openstack.requestlog [None req-fddcbfe7-4001-4604-9c0c-ed285bef63db tempest-TaggedBootDevicesTest-851935510 tempest-TaggedBootDevicesTest-851935510-project-member] 192.168.122.7 "GET /compute/v2.1/servers/81d88d7b-9d11-4b46-87e9-a77909b47108" status: 200 len: 2938 microversion: 2.32 time: 0.407448
Nov 28 16:21:00 devstack devstack@n-api.service[61394]: [pid: 61394|app: 0|req: 139/280] 192.168.122.7 () {64 vars in 1368 bytes} [Fri Nov 28 16:20:59 2025] GET /compute/v2.1/servers/81d88d7b-9d11-4b46-87e9-a77909b47108 => generated 2938 bytes in 411 msecs (HTTP/1.1 200) 9 headers in 360 bytes (1 switches on core 0)
Nov 28 16:21:00 devstack devstack@n-api.service[61395]: DEBUG nova.api.openstack.wsgi [req-33dff49d-3588-4378-a6f1-7dbf438f6e0a req-c3182fca-4685-4047-b4fb-341a1dd334a0 service nova] Action: 'create', calling method: >, body: {"events": [{"server_uuid": "81d88d7b-9d11-4b46-87e9-a77909b47108", "name": "network-vif-unplugged", "status": "completed", "tag": "0bc2adc7-7ce6-420b-93d1-6be7870daa81"}, {"server_uuid": "81d88d7b-9d11-4b46-87e9-a77909b47108", "name": "network-vif-unplugged", "status": "completed", "tag": "17b49695-1a6a-4fff-b13e-1870bbfabb41"}, {"server_uuid": "81d88d7b-9d11-4b46-87e9-a77909b47108", "name": "network-vif-unplugged", "status": "completed", "tag": "17b49695-1a6a-4fff-b13e-1870bbfabb41"}, {"server_uuid": "81d88d7b-9d11-4b46-87e9-a77909b47108", "name": "network-vif-deleted", "tag": "17b49695-1a6a-4fff-b13e-1870bbfabb41"}]} {{(pid=61395) _process_stack /opt/stack/nova/nova/api/openstack/wsgi.py:550}}
Nov 28 16:21:01 devstack devstack@n-api.service[61395]: DEBUG oslo_concurrency.lockutils [req-33dff49d-3588-4378-a6f1-7dbf438f6e0a req-c3182fca-4685-4047-b4fb-341a1dd334a0 service nova] Acquiring lock "0c2e5c9e-4b21-4289-b10c-fe3979841de4" by "nova.context.set_target_cell..get_or_set_cached_cell_and_set_connections" {{(pid=61395) inner /opt/stack/data/venv/lib/python3.10/site-packages/oslo_concurrency/lockutils.py:405}}
Nov 28 16:21:01 devstack devstack@n-api.service[61394]: DEBUG nova.api.openstack.wsgi [None req-da4aa75e-8342-410c-9026-e6e148f7f40e tempest-TaggedBootDevicesTest-851935510 tempest-TaggedBootDevicesTest-851935510-project-member] Calling method '>' {{(pid=61394) _process_stack /opt/stack/nova/nova/api/openstack/wsgi.py:552}}
Nov 28 16:21:01 devstack devstack@n-api.service[61395]: DEBUG oslo_concurrency.lockutils [req-33dff49d-3588-4378-a6f1-7dbf438f6e0a req-c3182fca-4685-4047-b4fb-341a1dd334a0 service nova] Lock "0c2e5c9e-4b21-4289-b10c-fe3979841de4" acquired by "nova.context.set_target_cell..get_or_set_cached_cell_and_set_connections" :: waited 0.001s {{(pid=61395) inner /opt/stack/data/venv/lib/python3.10/site-packages/oslo_concurrency/lockutils.py:410}}
Nov 28 16:21:01 devstack devstack@n-api.service[61395]: DEBUG oslo_concurrency.lockutils [req-33dff49d-3588-4378-a6f1-7dbf438f6e0a req-c3182fca-4685-4047-b4fb-341a1dd334a0 service nova] Lock "0c2e5c9e-4b21-4289-b10c-fe3979841de4" "released" by "nova.context.set_target_cell..get_or_set_cached_cell_and_set_connections" :: held 0.001s {{(pid=61395) inner /opt/stack/data/venv/lib/python3.10/site-packages/oslo_concurrency/lockutils.py:424}}
Nov 28 16:21:01 devstack devstack@n-api.service[61394]: DEBUG nova.compute.api [None req-da4aa75e-8342-410c-9026-e6e148f7f40e tempest-TaggedBootDevicesTest-851935510 tempest-TaggedBootDevicesTest-851935510-project-member] [instance: 81d88d7b-9d11-4b46-87e9-a77909b47108] Fetching instance by UUID {{(pid=61394) get /opt/stack/nova/nova/compute/api.py:3017}}
Nov 28 16:21:01 devstack devstack@n-api.service[61394]: DEBUG oslo_concurrency.lockutils [None req-da4aa75e-8342-410c-9026-e6e148f7f40e tempest-TaggedBootDevicesTest-851935510 tempest-TaggedBootDevicesTest-851935510-project-member] Acquiring lock "0c2e5c9e-4b21-4289-b10c-fe3979841de4" by "nova.context.set_target_cell..get_or_set_cached_cell_and_set_connections" {{(pid=61394) inner /opt/stack/data/venv/lib/python3.10/site-packages/oslo_concurrency/lockutils.py:405}}
Nov 28 16:21:01 devstack devstack@n-api.service[61395]: INFO nova.api.openstack.compute.server_external_events [req-33dff49d-3588-4378-a6f1-7dbf438f6e0a req-c3182fca-4685-4047-b4fb-341a1dd334a0 service nova] Creating event network-vif-unplugged:0bc2adc7-7ce6-420b-93d1-6be7870daa81 for instance 81d88d7b-9d11-4b46-87e9-a77909b47108 on devstack
Nov 28 16:21:01 devstack devstack@n-api.service[61395]: INFO nova.api.openstack.compute.server_external_events [req-33dff49d-3588-4378-a6f1-7dbf438f6e0a req-c3182fca-4685-4047-b4fb-341a1dd334a0 service nova] Creating event network-vif-unplugged:17b49695-1a6a-4fff-b13e-1870bbfabb41 for instance 81d88d7b-9d11-4b46-87e9-a77909b47108 on devstack
Nov 28 16:21:01 devstack devstack@n-api.service[61394]: DEBUG oslo_concurrency.lockutils [None req-da4aa75e-8342-410c-9026-e6e148f7f40e tempest-TaggedBootDevicesTest-851935510 tempest-TaggedBootDevicesTest-851935510-project-member] Lock "0c2e5c9e-4b21-4289-b10c-fe3979841de4" acquired by "nova.context.set_target_cell..get_or_set_cached_cell_and_set_connections" :: waited 0.002s {{(pid=61394) inner /opt/stack/data/venv/lib/python3.10/site-packages/oslo_concurrency/lockutils.py:410}}
Nov 28 16:21:01 devstack devstack@n-api.service[61395]: INFO nova.api.openstack.compute.server_external_events [req-33dff49d-3588-4378-a6f1-7dbf438f6e0a req-c3182fca-4685-4047-b4fb-341a1dd334a0 service nova] Creating event network-vif-unplugged:17b49695-1a6a-4fff-b13e-1870bbfabb41 for instance 81d88d7b-9d11-4b46-87e9-a77909b47108 on devstack
Nov 28 16:21:01 devstack devstack@n-api.service[61395]: INFO nova.api.openstack.compute.server_external_events [req-33dff49d-3588-4378-a6f1-7dbf438f6e0a req-c3182fca-4685-4047-b4fb-341a1dd334a0 service nova] Creating event network-vif-deleted:17b49695-1a6a-4fff-b13e-1870bbfabb41 for instance 81d88d7b-9d11-4b46-87e9-a77909b47108 on devstack
Nov 28 16:21:01 devstack devstack@n-api.service[61394]: DEBUG oslo_concurrency.lockutils [None req-da4aa75e-8342-410c-9026-e6e148f7f40e tempest-TaggedBootDevicesTest-851935510 tempest-TaggedBootDevicesTest-851935510-project-member] Lock "0c2e5c9e-4b21-4289-b10c-fe3979841de4" "released" by "nova.context.set_target_cell..get_or_set_cached_cell_and_set_connections" :: held 0.001s {{(pid=61394) inner /opt/stack/data/venv/lib/python3.10/site-packages/oslo_concurrency/lockutils.py:424}}
Nov 28 16:21:01 devstack devstack@n-api.service[61394]: DEBUG oslo_concurrency.lockutils [None req-da4aa75e-8342-410c-9026-e6e148f7f40e tempest-TaggedBootDevicesTest-851935510 tempest-TaggedBootDevicesTest-851935510-project-member] Acquiring lock "0c2e5c9e-4b21-4289-b10c-fe3979841de4" by "nova.context.set_target_cell..get_or_set_cached_cell_and_set_connections" {{(pid=61394) inner /opt/stack/data/venv/lib/python3.10/site-packages/oslo_concurrency/lockutils.py:405}}
Nov 28 16:21:01 devstack devstack@n-api.service[61394]: DEBUG oslo_concurrency.lockutils [None req-da4aa75e-8342-410c-9026-e6e148f7f40e tempest-TaggedBootDevicesTest-851935510 tempest-TaggedBootDevicesTest-851935510-project-member] Lock "0c2e5c9e-4b21-4289-b10c-fe3979841de4" acquired by "nova.context.set_target_cell..get_or_set_cached_cell_and_set_connections" :: waited 0.000s {{(pid=61394) inner /opt/stack/data/venv/lib/python3.10/site-packages/oslo_concurrency/lockutils.py:410}}
Nov 28 16:21:01 devstack devstack@n-api.service[61394]: DEBUG oslo_concurrency.lockutils [None req-da4aa75e-8342-410c-9026-e6e148f7f40e tempest-TaggedBootDevicesTest-851935510 tempest-TaggedBootDevicesTest-851935510-project-member] Lock "0c2e5c9e-4b21-4289-b10c-fe3979841de4" "released" by "nova.context.set_target_cell..get_or_set_cached_cell_and_set_connections" :: held 0.000s {{(pid=61394) inner /opt/stack/data/venv/lib/python3.10/site-packages/oslo_concurrency/lockutils.py:424}}
Nov 28 16:21:01 devstack devstack@n-api.service[61395]: INFO nova.api.openstack.requestlog [req-33dff49d-3588-4378-a6f1-7dbf438f6e0a req-c3182fca-4685-4047-b4fb-341a1dd334a0 service nova] 192.168.122.7 "POST /compute/v2.1/os-server-external-events" status: 200 len: 702 microversion: 2.1 time: 0.264755
Nov 28 16:21:01 devstack devstack@n-api.service[61395]: [pid: 61395|app: 0|req: 142/281] 192.168.122.7 () {68 vars in 1408 bytes} [Fri Nov 28 16:21:00 2025] POST /compute/v2.1/os-server-external-events => generated 702 bytes in 266 msecs (HTTP/1.1 200) 9 headers in 357 bytes (1 switches on core 0)
Nov 28 16:21:01 devstack devstack@n-api.service[61394]: WARNING neutronclient.v2_0.client [None req-da4aa75e-8342-410c-9026-e6e148f7f40e tempest-TaggedBootDevicesTest-851935510 tempest-TaggedBootDevicesTest-851935510-project-member] The python binding code in neutronclient is deprecated in favor of OpenstackSDK, please use that as this will be removed in a future release.
Nov 28 16:21:01 devstack devstack@n-api.service[61395]: DEBUG nova.api.openstack.wsgi [None req-2065042b-4e74-4040-9dfc-42578384013c tempest-AttachSCSIVolumeTestJSON-59819939 tempest-AttachSCSIVolumeTestJSON-59819939-project-member] Action: 'create', calling method: >, body: {"server": {"name": "tempest-AttachSCSIVolumeTestJSON-server-1366010256", "imageRef": "c8816486-6533-421a-b1e3-956d2d85600b", "flavorRef": "42", "config_drive": true, "networks": [{"uuid": "4828b0f4-ea65-4ecf-851e-161dfa2f233c"}], "security_groups": [{"name": "tempest-securitygroup--1812850260"}], "key_name": "tempest-keypair-45954443", "user_data": "IyEvYmluL3NoCmVjaG8gIlByaW50aW5nIGNpcnJvcyB1c2VyIGF1dGhvcml6ZWQga2V5cyIKY2F0IH5jaXJyb3MvLnNzaC9hdXRob3JpemVkX2tleXMgfHwgdHJ1ZQo="}} {{(pid=61395) _process_stack /opt/stack/nova/nova/api/openstack/wsgi.py:550}}
Nov 28 16:21:01 devstack devstack@n-api.service[61395]: DEBUG oslo_concurrency.lockutils [None req-2065042b-4e74-4040-9dfc-42578384013c tempest-AttachSCSIVolumeTestJSON-59819939 tempest-AttachSCSIVolumeTestJSON-59819939-project-member] Acquiring lock "00000000-0000-0000-0000-000000000000" by "nova.context.set_target_cell..get_or_set_cached_cell_and_set_connections" {{(pid=61395) inner /opt/stack/data/venv/lib/python3.10/site-packages/oslo_concurrency/lockutils.py:405}}
Nov 28 16:21:01 devstack devstack@n-api.service[61395]: DEBUG oslo_concurrency.lockutils [None req-2065042b-4e74-4040-9dfc-42578384013c tempest-AttachSCSIVolumeTestJSON-59819939 tempest-AttachSCSIVolumeTestJSON-59819939-project-member] Lock "00000000-0000-0000-0000-000000000000" acquired by "nova.context.set_target_cell..get_or_set_cached_cell_and_set_connections" :: waited 0.001s {{(pid=61395) inner /opt/stack/data/venv/lib/python3.10/site-packages/oslo_concurrency/lockutils.py:410}}
Nov 28 16:21:01 devstack devstack@n-api.service[61395]: DEBUG oslo_concurrency.lockutils [None req-2065042b-4e74-4040-9dfc-42578384013c tempest-AttachSCSIVolumeTestJSON-59819939 tempest-AttachSCSIVolumeTestJSON-59819939-project-member] Lock "00000000-0000-0000-0000-000000000000" "released" by "nova.context.set_target_cell..get_or_set_cached_cell_and_set_connections" :: held 0.000s {{(pid=61395) inner /opt/stack/data/venv/lib/python3.10/site-packages/oslo_concurrency/lockutils.py:424}}
Nov 28 16:21:01 devstack devstack@n-api.service[61395]: DEBUG oslo_concurrency.lockutils [None req-2065042b-4e74-4040-9dfc-42578384013c tempest-AttachSCSIVolumeTestJSON-59819939 tempest-AttachSCSIVolumeTestJSON-59819939-project-member] Acquiring lock "0c2e5c9e-4b21-4289-b10c-fe3979841de4" by "nova.context.set_target_cell..get_or_set_cached_cell_and_set_connections" {{(pid=61395) inner /opt/stack/data/venv/lib/python3.10/site-packages/oslo_concurrency/lockutils.py:405}}
Nov 28 16:21:01 devstack devstack@n-api.service[61395]: DEBUG oslo_concurrency.lockutils [None req-2065042b-4e74-4040-9dfc-42578384013c tempest-AttachSCSIVolumeTestJSON-59819939 tempest-AttachSCSIVolumeTestJSON-59819939-project-member] Lock "0c2e5c9e-4b21-4289-b10c-fe3979841de4" acquired by "nova.context.set_target_cell..get_or_set_cached_cell_and_set_connections" :: waited 0.000s {{(pid=61395) inner /opt/stack/data/venv/lib/python3.10/site-packages/oslo_concurrency/lockutils.py:410}}
Nov 28 16:21:01 devstack devstack@n-api.service[61395]: DEBUG oslo_concurrency.lockutils [None req-2065042b-4e74-4040-9dfc-42578384013c tempest-AttachSCSIVolumeTestJSON-59819939 tempest-AttachSCSIVolumeTestJSON-59819939-project-member] Lock "0c2e5c9e-4b21-4289-b10c-fe3979841de4" "released" by "nova.context.set_target_cell..get_or_set_cached_cell_and_set_connections" :: held 0.002s {{(pid=61395) inner /opt/stack/data/venv/lib/python3.10/site-packages/oslo_concurrency/lockutils.py:424}}
Nov 28 16:21:01 devstack devstack@n-api.service[61395]: WARNING neutronclient.v2_0.client [None req-2065042b-4e74-4040-9dfc-42578384013c tempest-AttachSCSIVolumeTestJSON-59819939 tempest-AttachSCSIVolumeTestJSON-59819939-project-member] The python binding code in neutronclient is deprecated in favor of OpenstackSDK, please use that as this will be removed in a future release.
Nov 28 16:21:01 devstack devstack@n-api.service[61395]: DEBUG nova.network.neutron [None req-2065042b-4e74-4040-9dfc-42578384013c tempest-AttachSCSIVolumeTestJSON-59819939 tempest-AttachSCSIVolumeTestJSON-59819939-project-member] validate_networks() for [('4828b0f4-ea65-4ecf-851e-161dfa2f233c', None, None, None, None, None)] {{(pid=61395) validate_networks /opt/stack/nova/nova/network/neutron.py:2706}}
Nov 28 16:21:01 devstack devstack@n-api.service[61395]: WARNING neutronclient.v2_0.client [None req-2065042b-4e74-4040-9dfc-42578384013c tempest-AttachSCSIVolumeTestJSON-59819939 tempest-AttachSCSIVolumeTestJSON-59819939-project-member] The python binding code in neutronclient is deprecated in favor of OpenstackSDK, please use that as this will be removed in a future release.
Nov 28 16:21:01 devstack devstack@n-api.service[61394]: DEBUG nova.policy [None req-da4aa75e-8342-410c-9026-e6e148f7f40e tempest-TaggedBootDevicesTest-851935510 tempest-TaggedBootDevicesTest-851935510-project-member] Policy check for os_compute_api:os-extended-server-attributes failed with credentials {'is_admin': False, 'user_id': '744fb9cbe0f04138832a8727fd76c11a', 'user_domain_id': 'default', 'system_scope': None, 'domain_id': None, 'project_id': 'dde8138698fa419a8ce465bdc98c05c8', 'project_domain_id': 'default', 'roles': ['member', 'reader'], 'is_admin_project': True, 'service_user_id': None, 'service_user_domain_id': None, 'service_project_id': None, 'service_project_domain_id': None, 'service_roles': []} {{(pid=61394) authorize /opt/stack/nova/nova/policy.py:192}}
Nov 28 16:21:01 devstack devstack@n-api.service[61394]: DEBUG nova.policy [None req-da4aa75e-8342-410c-9026-e6e148f7f40e tempest-TaggedBootDevicesTest-851935510 tempest-TaggedBootDevicesTest-851935510-project-member] Policy check for os_compute_api:servers:show:host_status failed with credentials {'is_admin': False, 'user_id': '744fb9cbe0f04138832a8727fd76c11a', 'user_domain_id': 'default', 'system_scope': None, 'domain_id': None, 'project_id': 'dde8138698fa419a8ce465bdc98c05c8', 'project_domain_id': 'default', 'roles': ['member', 'reader'], 'is_admin_project': True, 'service_user_id': None, 'service_user_domain_id': None, 'service_project_id': None, 'service_project_domain_id': None, 'service_roles': []} {{(pid=61394) authorize /opt/stack/nova/nova/policy.py:192}}
Nov 28 16:21:01 devstack devstack@n-api.service[61394]: DEBUG nova.policy [None req-da4aa75e-8342-410c-9026-e6e148f7f40e tempest-TaggedBootDevicesTest-851935510 tempest-TaggedBootDevicesTest-851935510-project-member] Policy check for os_compute_api:servers:show:host_status:unknown-only failed with credentials {'is_admin': False, 'user_id': '744fb9cbe0f04138832a8727fd76c11a', 'user_domain_id': 'default', 'system_scope': None, 'domain_id': None, 'project_id': 'dde8138698fa419a8ce465bdc98c05c8', 'project_domain_id': 'default', 'roles': ['member', 'reader'], 'is_admin_project': True, 'service_user_id': None, 'service_user_domain_id': None, 'service_project_id': None, 'service_project_domain_id': None, 'service_roles': []} {{(pid=61394) authorize /opt/stack/nova/nova/policy.py:192}}
Nov 28 16:21:01 devstack devstack@n-api.service[61394]: INFO nova.api.openstack.requestlog [None req-da4aa75e-8342-410c-9026-e6e148f7f40e tempest-TaggedBootDevicesTest-851935510 tempest-TaggedBootDevicesTest-851935510-project-member] 192.168.122.7 "GET /compute/v2.1/servers/81d88d7b-9d11-4b46-87e9-a77909b47108" status: 200 len: 2870 microversion: 2.32 time: 0.436663
Nov 28 16:21:01 devstack devstack@n-api.service[61394]: [pid: 61394|app: 0|req: 140/282] 192.168.122.7 () {64 vars in 1368 bytes} [Fri Nov 28 16:21:01 2025] GET /compute/v2.1/servers/81d88d7b-9d11-4b46-87e9-a77909b47108 => generated 2870 bytes in 438 msecs (HTTP/1.1 200) 9 headers in 360 bytes (1 switches on core 0)
Nov 28 16:21:01 devstack devstack@n-api.service[61395]: WARNING neutronclient.v2_0.client [None req-2065042b-4e74-4040-9dfc-42578384013c tempest-AttachSCSIVolumeTestJSON-59819939 tempest-AttachSCSIVolumeTestJSON-59819939-project-member] The python binding code in neutronclient is deprecated in favor of OpenstackSDK, please use that as this will be removed in a future release.
Nov 28 16:21:01 devstack devstack@n-api.service[61395]: DEBUG nova.virt.hardware [None req-2065042b-4e74-4040-9dfc-42578384013c tempest-AttachSCSIVolumeTestJSON-59819939 tempest-AttachSCSIVolumeTestJSON-59819939-project-member] Flavor limits 0:0:0 {{(pid=61395) get_cpu_topology_constraints /opt/stack/nova/nova/virt/hardware.py:356}}
Nov 28 16:21:01 devstack devstack@n-api.service[61395]: DEBUG nova.virt.hardware [None req-2065042b-4e74-4040-9dfc-42578384013c tempest-AttachSCSIVolumeTestJSON-59819939 tempest-AttachSCSIVolumeTestJSON-59819939-project-member] Image limits 0:0:0 {{(pid=61395) get_cpu_topology_constraints /opt/stack/nova/nova/virt/hardware.py:360}}
Nov 28 16:21:01 devstack devstack@n-api.service[61395]: DEBUG nova.virt.hardware [None req-2065042b-4e74-4040-9dfc-42578384013c tempest-AttachSCSIVolumeTestJSON-59819939 tempest-AttachSCSIVolumeTestJSON-59819939-project-member] Flavor pref 0:0:0 {{(pid=61395) get_cpu_topology_constraints /opt/stack/nova/nova/virt/hardware.py:396}}
Nov 28 16:21:01 devstack devstack@n-api.service[61395]: DEBUG nova.virt.hardware [None req-2065042b-4e74-4040-9dfc-42578384013c tempest-AttachSCSIVolumeTestJSON-59819939 tempest-AttachSCSIVolumeTestJSON-59819939-project-member] Image pref 0:0:0 {{(pid=61395) get_cpu_topology_constraints /opt/stack/nova/nova/virt/hardware.py:400}}
Nov 28 16:21:01 devstack devstack@n-api.service[61395]: DEBUG nova.virt.hardware [None req-2065042b-4e74-4040-9dfc-42578384013c tempest-AttachSCSIVolumeTestJSON-59819939 tempest-AttachSCSIVolumeTestJSON-59819939-project-member] Chose sockets=0, cores=0, threads=0; limits were sockets=65536, cores=65536, threads=65536 {{(pid=61395) get_cpu_topology_constraints /opt/stack/nova/nova/virt/hardware.py:438}}
Nov 28 16:21:01 devstack devstack@n-api.service[61395]: DEBUG oslo_concurrency.lockutils [None req-2065042b-4e74-4040-9dfc-42578384013c tempest-AttachSCSIVolumeTestJSON-59819939 tempest-AttachSCSIVolumeTestJSON-59819939-project-member] Acquiring lock "00000000-0000-0000-0000-000000000000" by "nova.context.set_target_cell..get_or_set_cached_cell_and_set_connections" {{(pid=61395) inner /opt/stack/data/venv/lib/python3.10/site-packages/oslo_concurrency/lockutils.py:405}}
Nov 28 16:21:01 devstack devstack@n-api.service[61395]: DEBUG oslo_concurrency.lockutils [None req-2065042b-4e74-4040-9dfc-42578384013c tempest-AttachSCSIVolumeTestJSON-59819939 tempest-AttachSCSIVolumeTestJSON-59819939-project-member] Lock "00000000-0000-0000-0000-000000000000" acquired by "nova.context.set_target_cell..get_or_set_cached_cell_and_set_connections" :: waited 0.001s {{(pid=61395) inner /opt/stack/data/venv/lib/python3.10/site-packages/oslo_concurrency/lockutils.py:410}}
Nov 28 16:21:01 devstack devstack@n-api.service[61395]: DEBUG oslo_concurrency.lockutils [None req-2065042b-4e74-4040-9dfc-42578384013c tempest-AttachSCSIVolumeTestJSON-59819939 tempest-AttachSCSIVolumeTestJSON-59819939-project-member] Lock "00000000-0000-0000-0000-000000000000" "released" by "nova.context.set_target_cell..get_or_set_cached_cell_and_set_connections" :: held 0.000s {{(pid=61395) inner /opt/stack/data/venv/lib/python3.10/site-packages/oslo_concurrency/lockutils.py:424}}
Nov 28 16:21:01 devstack devstack@n-api.service[61395]: DEBUG oslo_concurrency.lockutils [None req-2065042b-4e74-4040-9dfc-42578384013c tempest-AttachSCSIVolumeTestJSON-59819939 tempest-AttachSCSIVolumeTestJSON-59819939-project-member] Acquiring lock "0c2e5c9e-4b21-4289-b10c-fe3979841de4" by "nova.context.set_target_cell..get_or_set_cached_cell_and_set_connections" {{(pid=61395) inner /opt/stack/data/venv/lib/python3.10/site-packages/oslo_concurrency/lockutils.py:405}}
Nov 28 16:21:01 devstack devstack@n-api.service[61395]: DEBUG oslo_concurrency.lockutils [None req-2065042b-4e74-4040-9dfc-42578384013c tempest-AttachSCSIVolumeTestJSON-59819939 tempest-AttachSCSIVolumeTestJSON-59819939-project-member] Lock "0c2e5c9e-4b21-4289-b10c-fe3979841de4" acquired by "nova.context.set_target_cell..get_or_set_cached_cell_and_set_connections" :: waited 0.003s {{(pid=61395) inner /opt/stack/data/venv/lib/python3.10/site-packages/oslo_concurrency/lockutils.py:410}}
Nov 28 16:21:01 devstack devstack@n-api.service[61395]: DEBUG oslo_concurrency.lockutils [None req-2065042b-4e74-4040-9dfc-42578384013c tempest-AttachSCSIVolumeTestJSON-59819939 tempest-AttachSCSIVolumeTestJSON-59819939-project-member] Lock "0c2e5c9e-4b21-4289-b10c-fe3979841de4" "released" by "nova.context.set_target_cell..get_or_set_cached_cell_and_set_connections" :: held 0.002s {{(pid=61395) inner /opt/stack/data/venv/lib/python3.10/site-packages/oslo_concurrency/lockutils.py:424}}
Nov 28 16:21:01 devstack devstack@n-api.service[61395]: DEBUG nova.quota [None req-2065042b-4e74-4040-9dfc-42578384013c tempest-AttachSCSIVolumeTestJSON-59819939 tempest-AttachSCSIVolumeTestJSON-59819939-project-member] Getting quotas for project bf34010ba2f84640b61fffff0e429273. Resources: {'cores', 'ram', 'instances'} {{(pid=61395) _get_quotas /opt/stack/nova/nova/quota.py:392}}
Nov 28 16:21:01 devstack devstack@n-api.service[61395]: DEBUG nova.quota [None req-2065042b-4e74-4040-9dfc-42578384013c tempest-AttachSCSIVolumeTestJSON-59819939 tempest-AttachSCSIVolumeTestJSON-59819939-project-member] Getting quotas for user feac53dadb0c4ec4932f697bac0f4b38 and project bf34010ba2f84640b61fffff0e429273. Resources: {'cores', 'ram', 'instances'} {{(pid=61395) _get_quotas /opt/stack/nova/nova/quota.py:382}}
Nov 28 16:21:01 devstack devstack@n-api.service[61395]: DEBUG nova.compute.api [None req-2065042b-4e74-4040-9dfc-42578384013c tempest-AttachSCSIVolumeTestJSON-59819939 tempest-AttachSCSIVolumeTestJSON-59819939-project-member] Going to run 1 instances... {{(pid=61395) _provision_instances /opt/stack/nova/nova/compute/api.py:1436}}
Nov 28 16:21:01 devstack devstack@n-api.service[61395]: DEBUG nova.compute.api [None req-2065042b-4e74-4040-9dfc-42578384013c tempest-AttachSCSIVolumeTestJSON-59819939 tempest-AttachSCSIVolumeTestJSON-59819939-project-member] [instance: c9fe0c1f-f9ff-4e81-9e86-517a331d3707] block_device_mapping [BlockDeviceMapping(attachment_id=,boot_index=0,connection_info=None,created_at=,delete_on_termination=True,deleted=,deleted_at=,destination_type='local',device_name=None,device_type='disk',disk_bus=None,encrypted=False,encryption_format=None,encryption_options=None,encryption_secret_uuid=None,guest_format=None,id=,image_id='c8816486-6533-421a-b1e3-956d2d85600b',instance=,instance_uuid=,no_device=False,snapshot_id=None,source_type='image',tag=None,updated_at=,uuid=,volume_id=None,volume_size=None,volume_type=None)] {{(pid=61395) _bdm_validate_set_size_and_instance /opt/stack/nova/nova/compute/api.py:1904}}
Nov 28 16:21:01 devstack devstack@n-api.service[61395]: INFO nova.api.openstack.requestlog [None req-2065042b-4e74-4040-9dfc-42578384013c tempest-AttachSCSIVolumeTestJSON-59819939 tempest-AttachSCSIVolumeTestJSON-59819939-project-member] 192.168.122.7 "POST /compute/v2.1/servers" status: 202 len: 410 microversion: 2.1 time: 0.534648
Nov 28 16:21:01 devstack devstack@n-api.service[61395]: [pid: 61395|app: 0|req: 143/283] 192.168.122.7 () {64 vars in 1238 bytes} [Fri Nov 28 16:21:01 2025] POST /compute/v2.1/servers => generated 410 bytes in 537 msecs (HTTP/1.1 202) 10 headers in 453 bytes (1 switches on core 0)
Nov 28 16:21:01 devstack devstack@n-api.service[61394]: DEBUG nova.api.openstack.wsgi [None req-6dd900c7-6013-41dc-baeb-e3372f60e2a1 tempest-AttachSCSIVolumeTestJSON-59819939 tempest-AttachSCSIVolumeTestJSON-59819939-project-member] Calling method '>' {{(pid=61394) _process_stack /opt/stack/nova/nova/api/openstack/wsgi.py:552}}
Nov 28 16:21:01 devstack devstack@n-api.service[61394]: DEBUG nova.compute.api [None req-6dd900c7-6013-41dc-baeb-e3372f60e2a1 tempest-AttachSCSIVolumeTestJSON-59819939 tempest-AttachSCSIVolumeTestJSON-59819939-project-member] [instance: c9fe0c1f-f9ff-4e81-9e86-517a331d3707] Fetching instance by UUID {{(pid=61394) get /opt/stack/nova/nova/compute/api.py:3017}}
Nov 28 16:21:01 devstack devstack@n-api.service[61394]: WARNING neutronclient.v2_0.client [None req-6dd900c7-6013-41dc-baeb-e3372f60e2a1 tempest-AttachSCSIVolumeTestJSON-59819939 tempest-AttachSCSIVolumeTestJSON-59819939-project-member] The python binding code in neutronclient is deprecated in favor of OpenstackSDK, please use that as this will be removed in a future release.
Nov 28 16:21:02 devstack devstack@n-api.service[61394]: DEBUG nova.policy [None req-6dd900c7-6013-41dc-baeb-e3372f60e2a1 tempest-AttachSCSIVolumeTestJSON-59819939 tempest-AttachSCSIVolumeTestJSON-59819939-project-member] Policy check for os_compute_api:os-extended-server-attributes failed with credentials {'is_admin': False, 'user_id': 'feac53dadb0c4ec4932f697bac0f4b38', 'user_domain_id': 'default', 'system_scope': None, 'domain_id': None, 'project_id': 'bf34010ba2f84640b61fffff0e429273', 'project_domain_id': 'default', 'roles': ['member', 'reader'], 'is_admin_project': True, 'service_user_id': None, 'service_user_domain_id': None, 'service_project_id': None, 'service_project_domain_id': None, 'service_roles': []} {{(pid=61394) authorize /opt/stack/nova/nova/policy.py:192}}
Nov 28 16:21:02 devstack devstack@n-api.service[61394]: INFO nova.api.openstack.requestlog [None req-6dd900c7-6013-41dc-baeb-e3372f60e2a1 tempest-AttachSCSIVolumeTestJSON-59819939 tempest-AttachSCSIVolumeTestJSON-59819939-project-member] 192.168.122.7 "GET /compute/v2.1/servers/c9fe0c1f-f9ff-4e81-9e86-517a331d3707" status: 200 len: 1250 microversion: 2.1 time: 0.071757
Nov 28 16:21:02 devstack devstack@n-api.service[61394]: [pid: 61394|app: 0|req: 141/284] 192.168.122.7 () {62 vars in 1327 bytes} [Fri Nov 28 16:21:01 2025] GET /compute/v2.1/servers/c9fe0c1f-f9ff-4e81-9e86-517a331d3707 => generated 1250 bytes in 73 msecs (HTTP/1.1 200) 9 headers in 358 bytes (1 switches on core 0)
Nov 28 16:21:02 devstack devstack@n-api.service[61395]: DEBUG nova.api.openstack.wsgi [req-c792e699-34b5-449a-9c20-0bbf6918b637 req-bf238174-dcb7-4f2c-99e6-2577e5e17ddd service nova] Action: 'create', calling method: >, body: {"events": [{"server_uuid": "81d88d7b-9d11-4b46-87e9-a77909b47108", "name": "network-vif-deleted", "tag": "7285f1ec-8ee8-49d6-a9ca-5c7012501d75"}]} {{(pid=61395) _process_stack /opt/stack/nova/nova/api/openstack/wsgi.py:550}}
Nov 28 16:21:02 devstack devstack@n-api.service[61395]: DEBUG oslo_concurrency.lockutils [req-c792e699-34b5-449a-9c20-0bbf6918b637 req-bf238174-dcb7-4f2c-99e6-2577e5e17ddd service nova] Acquiring lock "0c2e5c9e-4b21-4289-b10c-fe3979841de4" by "nova.context.set_target_cell..get_or_set_cached_cell_and_set_connections" {{(pid=61395) inner /opt/stack/data/venv/lib/python3.10/site-packages/oslo_concurrency/lockutils.py:405}}
Nov 28 16:21:02 devstack devstack@n-api.service[61395]: DEBUG oslo_concurrency.lockutils [req-c792e699-34b5-449a-9c20-0bbf6918b637 req-bf238174-dcb7-4f2c-99e6-2577e5e17ddd service nova] Lock "0c2e5c9e-4b21-4289-b10c-fe3979841de4" acquired by "nova.context.set_target_cell..get_or_set_cached_cell_and_set_connections" :: waited 0.000s {{(pid=61395) inner /opt/stack/data/venv/lib/python3.10/site-packages/oslo_concurrency/lockutils.py:410}}
Nov 28 16:21:02 devstack devstack@n-api.service[61395]: DEBUG oslo_concurrency.lockutils [req-c792e699-34b5-449a-9c20-0bbf6918b637 req-bf238174-dcb7-4f2c-99e6-2577e5e17ddd service nova] Lock "0c2e5c9e-4b21-4289-b10c-fe3979841de4" "released" by "nova.context.set_target_cell..get_or_set_cached_cell_and_set_connections" :: held 0.000s {{(pid=61395) inner /opt/stack/data/venv/lib/python3.10/site-packages/oslo_concurrency/lockutils.py:424}}
Nov 28 16:21:02 devstack devstack@n-api.service[61395]: INFO nova.api.openstack.compute.server_external_events [req-c792e699-34b5-449a-9c20-0bbf6918b637 req-bf238174-dcb7-4f2c-99e6-2577e5e17ddd service nova] Creating event network-vif-deleted:7285f1ec-8ee8-49d6-a9ca-5c7012501d75 for instance 81d88d7b-9d11-4b46-87e9-a77909b47108 on devstack
Nov 28 16:21:02 devstack devstack@n-api.service[61395]: INFO nova.api.openstack.requestlog [req-c792e699-34b5-449a-9c20-0bbf6918b637 req-bf238174-dcb7-4f2c-99e6-2577e5e17ddd service nova] 192.168.122.7 "POST /compute/v2.1/os-server-external-events" status: 200 len: 183 microversion: 2.1 time: 0.034973
Nov 28 16:21:02 devstack devstack@n-api.service[61395]: [pid: 61395|app: 0|req: 144/285] 192.168.122.7 () {68 vars in 1408 bytes} [Fri Nov 28 16:21:02 2025] POST /compute/v2.1/os-server-external-events => generated 183 bytes in 36 msecs (HTTP/1.1 200) 9 headers in 357 bytes (1 switches on core 0)
Nov 28 16:21:02 devstack devstack@n-api.service[61394]: DEBUG nova.api.openstack.wsgi [None req-495beb27-a66a-4616-a0c6-4be351d3bfc3 tempest-TaggedBootDevicesTest-851935510 tempest-TaggedBootDevicesTest-851935510-project-member] Calling method '>' {{(pid=61394) _process_stack /opt/stack/nova/nova/api/openstack/wsgi.py:552}}
Nov 28 16:21:02 devstack devstack@n-api.service[61394]: DEBUG nova.compute.api [None req-495beb27-a66a-4616-a0c6-4be351d3bfc3 tempest-TaggedBootDevicesTest-851935510 tempest-TaggedBootDevicesTest-851935510-project-member] [instance: 81d88d7b-9d11-4b46-87e9-a77909b47108] Fetching instance by UUID {{(pid=61394) get /opt/stack/nova/nova/compute/api.py:3017}}
Nov 28 16:21:02 devstack devstack@n-api.service[61394]: DEBUG oslo_concurrency.lockutils [None req-495beb27-a66a-4616-a0c6-4be351d3bfc3 tempest-TaggedBootDevicesTest-851935510 tempest-TaggedBootDevicesTest-851935510-project-member] Acquiring lock "0c2e5c9e-4b21-4289-b10c-fe3979841de4" by "nova.context.set_target_cell..get_or_set_cached_cell_and_set_connections" {{(pid=61394) inner /opt/stack/data/venv/lib/python3.10/site-packages/oslo_concurrency/lockutils.py:405}}
Nov 28 16:21:02 devstack devstack@n-api.service[61394]: DEBUG oslo_concurrency.lockutils [None req-495beb27-a66a-4616-a0c6-4be351d3bfc3 tempest-TaggedBootDevicesTest-851935510 tempest-TaggedBootDevicesTest-851935510-project-member] Lock "0c2e5c9e-4b21-4289-b10c-fe3979841de4" acquired by "nova.context.set_target_cell..get_or_set_cached_cell_and_set_connections" :: waited 0.000s {{(pid=61394) inner /opt/stack/data/venv/lib/python3.10/site-packages/oslo_concurrency/lockutils.py:410}}
Nov 28 16:21:02 devstack devstack@n-api.service[61394]: DEBUG oslo_concurrency.lockutils [None req-495beb27-a66a-4616-a0c6-4be351d3bfc3 tempest-TaggedBootDevicesTest-851935510 tempest-TaggedBootDevicesTest-851935510-project-member] Lock "0c2e5c9e-4b21-4289-b10c-fe3979841de4" "released" by "nova.context.set_target_cell..get_or_set_cached_cell_and_set_connections" :: held 0.000s {{(pid=61394) inner /opt/stack/data/venv/lib/python3.10/site-packages/oslo_concurrency/lockutils.py:424}}
Nov 28 16:21:02 devstack devstack@n-api.service[61394]: DEBUG oslo_concurrency.lockutils [None req-495beb27-a66a-4616-a0c6-4be351d3bfc3 tempest-TaggedBootDevicesTest-851935510 tempest-TaggedBootDevicesTest-851935510-project-member] Acquiring lock "0c2e5c9e-4b21-4289-b10c-fe3979841de4" by "nova.context.set_target_cell..get_or_set_cached_cell_and_set_connections" {{(pid=61394) inner /opt/stack/data/venv/lib/python3.10/site-packages/oslo_concurrency/lockutils.py:405}}
Nov 28 16:21:02 devstack devstack@n-api.service[61394]: DEBUG oslo_concurrency.lockutils [None req-495beb27-a66a-4616-a0c6-4be351d3bfc3 tempest-TaggedBootDevicesTest-851935510 tempest-TaggedBootDevicesTest-851935510-project-member] Lock "0c2e5c9e-4b21-4289-b10c-fe3979841de4" acquired by "nova.context.set_target_cell..get_or_set_cached_cell_and_set_connections" :: waited 0.000s {{(pid=61394) inner /opt/stack/data/venv/lib/python3.10/site-packages/oslo_concurrency/lockutils.py:410}}
Nov 28 16:21:02 devstack devstack@n-api.service[61394]: DEBUG oslo_concurrency.lockutils [None req-495beb27-a66a-4616-a0c6-4be351d3bfc3 tempest-TaggedBootDevicesTest-851935510 tempest-TaggedBootDevicesTest-851935510-project-member] Lock "0c2e5c9e-4b21-4289-b10c-fe3979841de4" "released" by "nova.context.set_target_cell..get_or_set_cached_cell_and_set_connections" :: held 0.000s {{(pid=61394) inner /opt/stack/data/venv/lib/python3.10/site-packages/oslo_concurrency/lockutils.py:424}}
Nov 28 16:21:02 devstack devstack@n-api.service[61394]: WARNING neutronclient.v2_0.client [None req-495beb27-a66a-4616-a0c6-4be351d3bfc3 tempest-TaggedBootDevicesTest-851935510 tempest-TaggedBootDevicesTest-851935510-project-member] The python binding code in neutronclient is deprecated in favor of OpenstackSDK, please use that as this will be removed in a future release.
Nov 28 16:21:02 devstack devstack@n-api.service[61394]: DEBUG nova.policy [None req-495beb27-a66a-4616-a0c6-4be351d3bfc3 tempest-TaggedBootDevicesTest-851935510 tempest-TaggedBootDevicesTest-851935510-project-member] Policy check for os_compute_api:os-extended-server-attributes failed with credentials {'is_admin': False, 'user_id': '744fb9cbe0f04138832a8727fd76c11a', 'user_domain_id': 'default', 'system_scope': None, 'domain_id': None, 'project_id': 'dde8138698fa419a8ce465bdc98c05c8', 'project_domain_id': 'default', 'roles': ['member', 'reader'], 'is_admin_project': True, 'service_user_id': None, 'service_user_domain_id': None, 'service_project_id': None, 'service_project_domain_id': None, 'service_roles': []} {{(pid=61394) authorize /opt/stack/nova/nova/policy.py:192}}
Nov 28 16:21:02 devstack devstack@n-api.service[61394]: DEBUG nova.policy [None req-495beb27-a66a-4616-a0c6-4be351d3bfc3 tempest-TaggedBootDevicesTest-851935510 tempest-TaggedBootDevicesTest-851935510-project-member] Policy check for os_compute_api:servers:show:host_status failed with credentials {'is_admin': False, 'user_id': '744fb9cbe0f04138832a8727fd76c11a', 'user_domain_id': 'default', 'system_scope': None, 'domain_id': None, 'project_id': 'dde8138698fa419a8ce465bdc98c05c8', 'project_domain_id': 'default', 'roles': ['member', 'reader'], 'is_admin_project': True, 'service_user_id': None, 'service_user_domain_id': None, 'service_project_id': None, 'service_project_domain_id': None, 'service_roles': []} {{(pid=61394) authorize /opt/stack/nova/nova/policy.py:192}}
Nov 28 16:21:02 devstack devstack@n-api.service[61394]: DEBUG nova.policy [None req-495beb27-a66a-4616-a0c6-4be351d3bfc3 tempest-TaggedBootDevicesTest-851935510 tempest-TaggedBootDevicesTest-851935510-project-member] Policy check for os_compute_api:servers:show:host_status:unknown-only failed with credentials {'is_admin': False, 'user_id': '744fb9cbe0f04138832a8727fd76c11a', 'user_domain_id': 'default', 'system_scope': None, 'domain_id': None, 'project_id': 'dde8138698fa419a8ce465bdc98c05c8', 'project_domain_id': 'default', 'roles': ['member', 'reader'], 'is_admin_project': True, 'service_user_id': None, 'service_user_domain_id': None, 'service_project_id': None, 'service_project_domain_id': None, 'service_roles': []} {{(pid=61394) authorize /opt/stack/nova/nova/policy.py:192}}
Nov 28 16:21:02 devstack devstack@n-api.service[61394]: INFO nova.api.openstack.requestlog [None req-495beb27-a66a-4616-a0c6-4be351d3bfc3 tempest-TaggedBootDevicesTest-851935510 tempest-TaggedBootDevicesTest-851935510-project-member] 192.168.122.7 "GET /compute/v2.1/servers/81d88d7b-9d11-4b46-87e9-a77909b47108" status: 200 len: 2550 microversion: 2.32 time: 0.232047
Nov 28 16:21:02 devstack devstack@n-api.service[61394]: [pid: 61394|app: 0|req: 142/286] 192.168.122.7 () {64 vars in 1368 bytes} [Fri Nov 28 16:21:02 2025] GET /compute/v2.1/servers/81d88d7b-9d11-4b46-87e9-a77909b47108 => generated 2550 bytes in 233 msecs (HTTP/1.1 200) 9 headers in 360 bytes (1 switches on core 0)
Nov 28 16:21:03 devstack devstack@n-api.service[61395]: DEBUG nova.api.openstack.wsgi [None req-ca9c580e-34ff-4594-a8e0-9f7b46e54e74 tempest-AttachSCSIVolumeTestJSON-59819939 tempest-AttachSCSIVolumeTestJSON-59819939-project-member] Calling method '>' {{(pid=61395) _process_stack /opt/stack/nova/nova/api/openstack/wsgi.py:552}}
Nov 28 16:21:03 devstack devstack@n-api.service[61395]: DEBUG nova.compute.api [None req-ca9c580e-34ff-4594-a8e0-9f7b46e54e74 tempest-AttachSCSIVolumeTestJSON-59819939 tempest-AttachSCSIVolumeTestJSON-59819939-project-member] [instance: c9fe0c1f-f9ff-4e81-9e86-517a331d3707] Fetching instance by UUID {{(pid=61395) get /opt/stack/nova/nova/compute/api.py:3017}}
Nov 28 16:21:03 devstack devstack@n-api.service[61395]: DEBUG oslo_concurrency.lockutils [None req-ca9c580e-34ff-4594-a8e0-9f7b46e54e74 tempest-AttachSCSIVolumeTestJSON-59819939 tempest-AttachSCSIVolumeTestJSON-59819939-project-member] Acquiring lock "0c2e5c9e-4b21-4289-b10c-fe3979841de4" by "nova.context.set_target_cell..get_or_set_cached_cell_and_set_connections" {{(pid=61395) inner /opt/stack/data/venv/lib/python3.10/site-packages/oslo_concurrency/lockutils.py:405}}
Nov 28 16:21:03 devstack devstack@n-api.service[61395]: DEBUG oslo_concurrency.lockutils [None req-ca9c580e-34ff-4594-a8e0-9f7b46e54e74 tempest-AttachSCSIVolumeTestJSON-59819939 tempest-AttachSCSIVolumeTestJSON-59819939-project-member] Lock "0c2e5c9e-4b21-4289-b10c-fe3979841de4" acquired by "nova.context.set_target_cell..get_or_set_cached_cell_and_set_connections" :: waited 0.001s {{(pid=61395) inner /opt/stack/data/venv/lib/python3.10/site-packages/oslo_concurrency/lockutils.py:410}}
Nov 28 16:21:03 devstack devstack@n-api.service[61395]: DEBUG oslo_concurrency.lockutils [None req-ca9c580e-34ff-4594-a8e0-9f7b46e54e74 tempest-AttachSCSIVolumeTestJSON-59819939 tempest-AttachSCSIVolumeTestJSON-59819939-project-member] Lock "0c2e5c9e-4b21-4289-b10c-fe3979841de4" "released" by "nova.context.set_target_cell..get_or_set_cached_cell_and_set_connections" :: held 0.001s {{(pid=61395) inner /opt/stack/data/venv/lib/python3.10/site-packages/oslo_concurrency/lockutils.py:424}}
Nov 28 16:21:03 devstack devstack@n-api.service[61395]: DEBUG oslo_concurrency.lockutils [None req-ca9c580e-34ff-4594-a8e0-9f7b46e54e74 tempest-AttachSCSIVolumeTestJSON-59819939 tempest-AttachSCSIVolumeTestJSON-59819939-project-member] Acquiring lock "0c2e5c9e-4b21-4289-b10c-fe3979841de4" by "nova.context.set_target_cell..get_or_set_cached_cell_and_set_connections" {{(pid=61395) inner /opt/stack/data/venv/lib/python3.10/site-packages/oslo_concurrency/lockutils.py:405}}
Nov 28 16:21:03 devstack devstack@n-api.service[61395]: DEBUG oslo_concurrency.lockutils [None req-ca9c580e-34ff-4594-a8e0-9f7b46e54e74 tempest-AttachSCSIVolumeTestJSON-59819939 tempest-AttachSCSIVolumeTestJSON-59819939-project-member] Lock "0c2e5c9e-4b21-4289-b10c-fe3979841de4" acquired by "nova.context.set_target_cell..get_or_set_cached_cell_and_set_connections" :: waited 0.000s {{(pid=61395) inner /opt/stack/data/venv/lib/python3.10/site-packages/oslo_concurrency/lockutils.py:410}}
