Jul 17 07:07:53 devstack cinder-volume[87331]: DEBUG oslo_concurrency.processutils [None req-ed1a3d19-3228-4add-acfe-41bb6c594b49 tempest-VolumesListAdminTestJSON-873778526 None] CMD "sudo cinder-rootwrap /etc/cinder/rootwrap.conf df --portability --block-size 1 /opt/stack/data/cinder/mnt/c73854e6e4454354cad523b68d13d7da" returned: 0 in 0.329s {{(pid=87331) execute /opt/stack/data/venv/lib/python3.12/site-packages/oslo_concurrency/processutils.py:468}}
Jul 17 07:07:53 devstack cinder-volume[87331]: DEBUG cinder.manager [None req-ed1a3d19-3228-4add-acfe-41bb6c594b49 tempest-VolumesListAdminTestJSON-873778526 None] Notifying Schedulers of capabilities ... {{(pid=87331) _publish_service_capabilities /opt/stack/cinder/cinder/manager.py:219}}
Jul 17 07:07:53 devstack cinder-volume[87331]: DEBUG oslo_concurrency.processutils [None req-baff9779-f224-4b5f-8372-7effc0a73d3f tempest-GroupSnapshotsTest-383038828 None] Running cmd (subprocess): sudo cinder-rootwrap /etc/cinder/rootwrap.conf truncate -s0 /opt/stack/data/cinder/mnt/c73854e6e4454354cad523b68d13d7da/volume-41803e9a-9f54-4dd1-8dda-6c59c13ae7e2.info {{(pid=87331) execute /opt/stack/data/venv/lib/python3.12/site-packages/oslo_concurrency/processutils.py:440}}
Jul 17 07:07:53 devstack cinder-volume[87331]: INFO cinder.volume.manager [None req-ed1a3d19-3228-4add-acfe-41bb6c594b49 tempest-VolumesListAdminTestJSON-873778526 None] Deleted volume successfully.
Jul 17 07:07:53 devstack cinder-volume[87331]: DEBUG cinder.coordination [None req-16b1392d-a0cd-4373-8c74-487440e67bed tempest-VolumesListAdminTestJSON-873778526 None] Acquiring lock "cinder-quobyte-a3ad8db3-f2fb-4e9c-b034-59ccbe80e012" by "delete_volume" {{(pid=87331) __acquire /opt/stack/cinder/cinder/coordination.py:138}}
Jul 17 07:07:53 devstack sudo[95852]: quobyte : PWD=/ ; USER=root ; COMMAND=/opt/stack/data/venv/bin/cinder-rootwrap /etc/cinder/rootwrap.conf truncate -s0 /opt/stack/data/cinder/mnt/c73854e6e4454354cad523b68d13d7da/volume-41803e9a-9f54-4dd1-8dda-6c59c13ae7e2.info
Jul 17 07:07:53 devstack sudo[95852]: pam_unix(sudo:session): session opened for user root(uid=0) by (uid=1000)
Jul 17 07:07:53 devstack cinder-volume[87331]: DEBUG cinder.coordination [None req-16b1392d-a0cd-4373-8c74-487440e67bed tempest-VolumesListAdminTestJSON-873778526 None] Lock "cinder-quobyte-a3ad8db3-f2fb-4e9c-b034-59ccbe80e012" acquired by "delete_volume" :: waited 0.026s {{(pid=87331) __acquire /opt/stack/cinder/cinder/coordination.py:141}}
Jul 17 07:07:54 devstack cinder-volume[87331]: DEBUG cinder.coordination [None req-ed1a3d19-3228-4add-acfe-41bb6c594b49 tempest-VolumesListAdminTestJSON-873778526 None] Lock "cinder-19feeff1-5a3a-41a6-8e35-eca7265fe1a2-delete_volume" released by "delete_volume" :: held 1.558s {{(pid=87331) __release /opt/stack/cinder/cinder/coordination.py:152}}
Jul 17 07:07:54 devstack cinder-volume[87331]: DEBUG oslo.privsep.daemon [-] privsep: reply[fbe5dd14-08bf-4001-bcf8-cd294327a472]: (4, 'qcow2') {{(pid=88551) _call_back /opt/stack/data/venv/lib/python3.12/site-packages/oslo_privsep/daemon.py:580}}
Jul 17 07:07:54 devstack cinder-volume[87331]: DEBUG oslo_concurrency.processutils [None req-16b1392d-a0cd-4373-8c74-487440e67bed tempest-VolumesListAdminTestJSON-873778526 None] Running cmd (subprocess): /opt/stack/data/venv/bin/python3.12 -m oslo_concurrency.prlimit --as=1073741824 --cpu=60 -- sudo cinder-rootwrap /etc/cinder/rootwrap.conf env LC_ALL=C qemu-img info -f qcow2 --output=json --force-share /opt/stack/data/cinder/mnt/c73854e6e4454354cad523b68d13d7da/volume-a3ad8db3-f2fb-4e9c-b034-59ccbe80e012 {{(pid=87331) execute /opt/stack/data/venv/lib/python3.12/site-packages/oslo_concurrency/processutils.py:440}}
Jul 17 07:07:54 devstack sudo[95849]: pam_unix(sudo:session): session closed for user root
Jul 17 07:07:54 devstack cinder-volume[87331]: DEBUG oslo_concurrency.processutils [None req-1b393c27-3300-47b8-b97e-0d26b102178e tempest-AbsoluteLimitsTests-850106205 None] CMD "sudo cinder-rootwrap /etc/cinder/rootwrap.conf rm -f /opt/stack/data/cinder/mnt/c73854e6e4454354cad523b68d13d7da/volume-c4b73bca-dc3e-4fbd-8915-48244377521e" returned: 0 in 0.399s {{(pid=87331) execute /opt/stack/data/venv/lib/python3.12/site-packages/oslo_concurrency/processutils.py:468}}
Jul 17 07:07:54 devstack cinder-volume[87331]: DEBUG cinder.coordination [None req-1b393c27-3300-47b8-b97e-0d26b102178e tempest-AbsoluteLimitsTests-850106205 None] Lock "cinder-quobyte-c4b73bca-dc3e-4fbd-8915-48244377521e" released by "delete_volume" :: held 0.912s {{(pid=87331) __release /opt/stack/cinder/cinder/coordination.py:152}}
Jul 17 07:07:54 devstack sudo[95854]: quobyte : PWD=/ ; USER=root ; COMMAND=/opt/stack/data/venv/bin/cinder-rootwrap /etc/cinder/rootwrap.conf env LC_ALL=C qemu-img info -f qcow2 --output=json --force-share /opt/stack/data/cinder/mnt/c73854e6e4454354cad523b68d13d7da/volume-a3ad8db3-f2fb-4e9c-b034-59ccbe80e012
Jul 17 07:07:54 devstack sudo[95854]: pam_unix(sudo:session): session opened for user root(uid=0) by (uid=1000)
Jul 17 07:07:54 devstack cinder-volume[87331]: DEBUG cinder.quota [None req-1b393c27-3300-47b8-b97e-0d26b102178e tempest-AbsoluteLimitsTests-850106205 None] Created reservations ['71c35a73-0ce7-419a-a15e-5dae964c1973', 'f1fe0dcb-7103-43fb-8468-7ab00a34f460', '064d45fa-4640-451d-8e3e-f514e83bd66d', '27959c75-b259-4664-82fc-2cc7a58ca13f'] {{(pid=87331) reserve /opt/stack/cinder/cinder/quota.py:752}}
Jul 17 07:07:54 devstack sudo[95852]: pam_unix(sudo:session): session closed for user root
Jul 17 07:07:54 devstack cinder-volume[87331]: DEBUG oslo_concurrency.processutils [None req-baff9779-f224-4b5f-8372-7effc0a73d3f tempest-GroupSnapshotsTest-383038828 None] CMD "sudo cinder-rootwrap /etc/cinder/rootwrap.conf truncate -s0 /opt/stack/data/cinder/mnt/c73854e6e4454354cad523b68d13d7da/volume-41803e9a-9f54-4dd1-8dda-6c59c13ae7e2.info" returned: 0 in 0.317s {{(pid=87331) execute /opt/stack/data/venv/lib/python3.12/site-packages/oslo_concurrency/processutils.py:468}}
Jul 17 07:07:54 devstack cinder-volume[87331]: WARNING cinder.volume.drivers.remotefs [None req-baff9779-f224-4b5f-8372-7effc0a73d3f tempest-GroupSnapshotsTest-383038828 None] /opt/stack/data/cinder/mnt/c73854e6e4454354cad523b68d13d7da/volume-41803e9a-9f54-4dd1-8dda-6c59c13ae7e2.info is being set with open permissions: ugo+rw: NotImplementedError
Jul 17 07:07:54 devstack cinder-volume[87331]: DEBUG oslo_concurrency.processutils [None req-baff9779-f224-4b5f-8372-7effc0a73d3f tempest-GroupSnapshotsTest-383038828 None] Running cmd (subprocess): sudo cinder-rootwrap /etc/cinder/rootwrap.conf chmod ugo+rw /opt/stack/data/cinder/mnt/c73854e6e4454354cad523b68d13d7da/volume-41803e9a-9f54-4dd1-8dda-6c59c13ae7e2.info {{(pid=87331) execute /opt/stack/data/venv/lib/python3.12/site-packages/oslo_concurrency/processutils.py:440}}
Jul 17 07:07:54 devstack sudo[95858]: quobyte : PWD=/ ; USER=root ; COMMAND=/opt/stack/data/venv/bin/cinder-rootwrap /etc/cinder/rootwrap.conf chmod ugo+rw /opt/stack/data/cinder/mnt/c73854e6e4454354cad523b68d13d7da/volume-41803e9a-9f54-4dd1-8dda-6c59c13ae7e2.info
Jul 17 07:07:54 devstack sudo[95858]: pam_unix(sudo:session): session opened for user root(uid=0) by (uid=1000)
Jul 17 07:07:54 devstack cinder-volume[87331]: DEBUG oslo_concurrency.lockutils [None req-1b393c27-3300-47b8-b97e-0d26b102178e tempest-AbsoluteLimitsTests-850106205 None] Acquiring lock "quobyte_ensure" by "cinder.volume.drivers.quobyte.QuobyteDriver._ensure_shares_mounted" {{(pid=87331) inner /opt/stack/data/venv/lib/python3.12/site-packages/oslo_concurrency/lockutils.py:512}}
Jul 17 07:07:54 devstack cinder-volume[87331]: DEBUG oslo_concurrency.lockutils [None req-1b393c27-3300-47b8-b97e-0d26b102178e tempest-AbsoluteLimitsTests-850106205 None] Lock "quobyte_ensure" acquired by "cinder.volume.drivers.quobyte.QuobyteDriver._ensure_shares_mounted" :: waited 0.001s {{(pid=87331) inner /opt/stack/data/venv/lib/python3.12/site-packages/oslo_concurrency/lockutils.py:525}}
Jul 17 07:07:54 devstack cinder-volume[87331]: DEBUG cinder.volume.drivers.quobyte [None req-1b393c27-3300-47b8-b97e-0d26b102178e tempest-AbsoluteLimitsTests-850106205 None] Quobyte Volume URL set to: {'osci02.corp.quobyte.com/cinder-vol-967ca0f7-c40f-465d-ada1-2d51e81b5004': None} {{(pid=87331) _load_shares_config /opt/stack/cinder/cinder/volume/drivers/quobyte.py:651}}
Jul 17 07:07:54 devstack cinder-volume[87331]: DEBUG cinder.volume.drivers.quobyte [None req-1b393c27-3300-47b8-b97e-0d26b102178e tempest-AbsoluteLimitsTests-850106205 None] Available shares ['osci02.corp.quobyte.com/cinder-vol-967ca0f7-c40f-465d-ada1-2d51e81b5004'] {{(pid=87331) _ensure_shares_mounted /opt/stack/cinder/cinder/volume/drivers/quobyte.py:681}}
Jul 17 07:07:54 devstack cinder-volume[87331]: DEBUG oslo_concurrency.lockutils [None req-1b393c27-3300-47b8-b97e-0d26b102178e tempest-AbsoluteLimitsTests-850106205 None] Lock "quobyte_ensure" "released" by "cinder.volume.drivers.quobyte.QuobyteDriver._ensure_shares_mounted" :: held 0.013s {{(pid=87331) inner /opt/stack/data/venv/lib/python3.12/site-packages/oslo_concurrency/lockutils.py:544}}
Jul 17 07:07:54 devstack cinder-volume[87331]: DEBUG oslo_concurrency.processutils [None req-1b393c27-3300-47b8-b97e-0d26b102178e tempest-AbsoluteLimitsTests-850106205 None] Running cmd (subprocess): sudo cinder-rootwrap /etc/cinder/rootwrap.conf df --portability --block-size 1 /opt/stack/data/cinder/mnt/c73854e6e4454354cad523b68d13d7da {{(pid=87331) execute /opt/stack/data/venv/lib/python3.12/site-packages/oslo_concurrency/processutils.py:440}}
Jul 17 07:07:54 devstack sudo[95860]: quobyte : PWD=/ ; USER=root ; COMMAND=/opt/stack/data/venv/bin/cinder-rootwrap /etc/cinder/rootwrap.conf df --portability --block-size 1 /opt/stack/data/cinder/mnt/c73854e6e4454354cad523b68d13d7da
Jul 17 07:07:54 devstack sudo[95860]: pam_unix(sudo:session): session opened for user root(uid=0) by (uid=1000)
Jul 17 07:07:54 devstack sudo[95854]: pam_unix(sudo:session): session closed for user root
Jul 17 07:07:54 devstack cinder-volume[87331]: DEBUG oslo_concurrency.processutils [None req-16b1392d-a0cd-4373-8c74-487440e67bed tempest-VolumesListAdminTestJSON-873778526 None] CMD "/opt/stack/data/venv/bin/python3.12 -m oslo_concurrency.prlimit --as=1073741824 --cpu=60 -- sudo cinder-rootwrap /etc/cinder/rootwrap.conf env LC_ALL=C qemu-img info -f qcow2 --output=json --force-share /opt/stack/data/cinder/mnt/c73854e6e4454354cad523b68d13d7da/volume-a3ad8db3-f2fb-4e9c-b034-59ccbe80e012" returned: 0 in 0.492s {{(pid=87331) execute /opt/stack/data/venv/lib/python3.12/site-packages/oslo_concurrency/processutils.py:468}}
Jul 17 07:07:54 devstack cinder-volume[87331]: DEBUG oslo_concurrency.processutils [None req-16b1392d-a0cd-4373-8c74-487440e67bed tempest-VolumesListAdminTestJSON-873778526 None] Running cmd (subprocess): sudo cinder-rootwrap /etc/cinder/rootwrap.conf rm -f /opt/stack/data/cinder/mnt/c73854e6e4454354cad523b68d13d7da/volume-a3ad8db3-f2fb-4e9c-b034-59ccbe80e012 {{(pid=87331) execute /opt/stack/data/venv/lib/python3.12/site-packages/oslo_concurrency/processutils.py:440}}
Jul 17 07:07:54 devstack sudo[95858]: pam_unix(sudo:session): session closed for user root
Jul 17 07:07:54 devstack cinder-volume[87331]: DEBUG oslo_concurrency.processutils [None req-baff9779-f224-4b5f-8372-7effc0a73d3f tempest-GroupSnapshotsTest-383038828 None] CMD "sudo cinder-rootwrap /etc/cinder/rootwrap.conf chmod ugo+rw /opt/stack/data/cinder/mnt/c73854e6e4454354cad523b68d13d7da/volume-41803e9a-9f54-4dd1-8dda-6c59c13ae7e2.info" returned: 0 in 0.305s {{(pid=87331) execute /opt/stack/data/venv/lib/python3.12/site-packages/oslo_concurrency/processutils.py:468}}
Jul 17 07:07:54 devstack sudo[95866]: quobyte : PWD=/ ; USER=root ; COMMAND=/opt/stack/data/venv/bin/cinder-rootwrap /etc/cinder/rootwrap.conf rm -f /opt/stack/data/cinder/mnt/c73854e6e4454354cad523b68d13d7da/volume-a3ad8db3-f2fb-4e9c-b034-59ccbe80e012
Jul 17 07:07:54 devstack sudo[95866]: pam_unix(sudo:session): session opened for user root(uid=0) by (uid=1000)
Jul 17 07:07:54 devstack cinder-volume[87331]: DEBUG oslo_concurrency.lockutils [None req-baff9779-f224-4b5f-8372-7effc0a73d3f tempest-GroupSnapshotsTest-383038828 None] Lock "quobyte" "released" by "cinder.volume.drivers.quobyte.QuobyteDriver.create_snapshot" :: held 2.562s {{(pid=87331) inner /opt/stack/data/venv/lib/python3.12/site-packages/oslo_concurrency/lockutils.py:544}}
Jul 17 07:07:54 devstack cinder-volume[87331]: DEBUG oslo_concurrency.lockutils [None req-baff9779-f224-4b5f-8372-7effc0a73d3f tempest-GroupSnapshotsTest-383038828 None] Acquiring lock "quobyte" by "cinder.volume.drivers.quobyte.QuobyteDriver.create_snapshot" {{(pid=87331) inner /opt/stack/data/venv/lib/python3.12/site-packages/oslo_concurrency/lockutils.py:512}}
Jul 17 07:07:54 devstack cinder-volume[87331]: DEBUG oslo_concurrency.lockutils [None req-baff9779-f224-4b5f-8372-7effc0a73d3f tempest-GroupSnapshotsTest-383038828 None] Lock "quobyte" acquired by "cinder.volume.drivers.quobyte.QuobyteDriver.create_snapshot" :: waited 0.001s {{(pid=87331) inner /opt/stack/data/venv/lib/python3.12/site-packages/oslo_concurrency/lockutils.py:525}}
Jul 17 07:07:54 devstack cinder-volume[87331]: DEBUG cinder.volume.drivers.remotefs [None req-baff9779-f224-4b5f-8372-7effc0a73d3f tempest-GroupSnapshotsTest-383038828 None] Creating offline snapshot 84a76c48-27c1-4e52-bb81-7ff340c5dd09 of volume 826567bc-9863-4496-8302-fdaee59f4a1e {{(pid=87331) _create_snapshot /opt/stack/cinder/cinder/volume/drivers/remotefs.py:1816}}
Jul 17 07:07:54 devstack cinder-volume[87331]: DEBUG oslo.privsep.daemon [-] privsep: reply[84c64c1a-9e21-4f5b-ac6d-cd5b951e8cad]: (4, 'qcow2') {{(pid=88551) _call_back /opt/stack/data/venv/lib/python3.12/site-packages/oslo_privsep/daemon.py:580}}
Jul 17 07:07:54 devstack cinder-volume[87331]: DEBUG oslo_concurrency.processutils [None req-baff9779-f224-4b5f-8372-7effc0a73d3f tempest-GroupSnapshotsTest-383038828 None] Running cmd (subprocess): /opt/stack/data/venv/bin/python3.12 -m oslo_concurrency.prlimit --as=1073741824 --cpu=60 -- sudo cinder-rootwrap /etc/cinder/rootwrap.conf env LC_ALL=C qemu-img info -f qcow2 --output=json --force-share /opt/stack/data/cinder/mnt/c73854e6e4454354cad523b68d13d7da/volume-826567bc-9863-4496-8302-fdaee59f4a1e {{(pid=87331) execute /opt/stack/data/venv/lib/python3.12/site-packages/oslo_concurrency/processutils.py:440}}
Jul 17 07:07:54 devstack sudo[95860]: pam_unix(sudo:session): session closed for user root
Jul 17 07:07:54 devstack cinder-volume[87331]: DEBUG oslo_concurrency.processutils [None req-1b393c27-3300-47b8-b97e-0d26b102178e tempest-AbsoluteLimitsTests-850106205 None] CMD "sudo cinder-rootwrap /etc/cinder/rootwrap.conf df --portability --block-size 1 /opt/stack/data/cinder/mnt/c73854e6e4454354cad523b68d13d7da" returned: 0 in 0.354s {{(pid=87331) execute /opt/stack/data/venv/lib/python3.12/site-packages/oslo_concurrency/processutils.py:468}}
Jul 17 07:07:54 devstack cinder-volume[87331]: DEBUG cinder.manager [None req-1b393c27-3300-47b8-b97e-0d26b102178e tempest-AbsoluteLimitsTests-850106205 None] Notifying Schedulers of capabilities ... {{(pid=87331) _publish_service_capabilities /opt/stack/cinder/cinder/manager.py:219}}
Jul 17 07:07:54 devstack cinder-volume[87331]: INFO cinder.volume.manager [None req-1b393c27-3300-47b8-b97e-0d26b102178e tempest-AbsoluteLimitsTests-850106205 None] Deleted volume successfully.
Jul 17 07:07:54 devstack cinder-volume[87331]: DEBUG cinder.coordination [None req-1b393c27-3300-47b8-b97e-0d26b102178e tempest-AbsoluteLimitsTests-850106205 None] Lock "cinder-c4b73bca-dc3e-4fbd-8915-48244377521e-delete_volume" released by "delete_volume" :: held 1.558s {{(pid=87331) __release /opt/stack/cinder/cinder/coordination.py:152}}
Jul 17 07:07:54 devstack sudo[95869]: quobyte : PWD=/ ; USER=root ; COMMAND=/opt/stack/data/venv/bin/cinder-rootwrap /etc/cinder/rootwrap.conf env LC_ALL=C qemu-img info -f qcow2 --output=json --force-share /opt/stack/data/cinder/mnt/c73854e6e4454354cad523b68d13d7da/volume-826567bc-9863-4496-8302-fdaee59f4a1e
Jul 17 07:07:54 devstack sudo[95869]: pam_unix(sudo:session): session opened for user root(uid=0) by (uid=1000)
Jul 17 07:07:54 devstack sudo[95866]: pam_unix(sudo:session): session closed for user root
Jul 17 07:07:54 devstack cinder-volume[87331]: DEBUG oslo_concurrency.processutils [None req-16b1392d-a0cd-4373-8c74-487440e67bed tempest-VolumesListAdminTestJSON-873778526 None] CMD "sudo cinder-rootwrap /etc/cinder/rootwrap.conf rm -f /opt/stack/data/cinder/mnt/c73854e6e4454354cad523b68d13d7da/volume-a3ad8db3-f2fb-4e9c-b034-59ccbe80e012" returned: 0 in 0.367s {{(pid=87331) execute /opt/stack/data/venv/lib/python3.12/site-packages/oslo_concurrency/processutils.py:468}}
Jul 17 07:07:54 devstack cinder-volume[87331]: DEBUG cinder.coordination [None req-16b1392d-a0cd-4373-8c74-487440e67bed tempest-VolumesListAdminTestJSON-873778526 None] Lock "cinder-quobyte-a3ad8db3-f2fb-4e9c-b034-59ccbe80e012" released by "delete_volume" :: held 0.919s {{(pid=87331) __release /opt/stack/cinder/cinder/coordination.py:152}}
Jul 17 07:07:55 devstack cinder-volume[87331]: DEBUG cinder.quota [None req-16b1392d-a0cd-4373-8c74-487440e67bed tempest-VolumesListAdminTestJSON-873778526 None] Created reservations ['2485dcc8-6bf2-43e1-8ecb-a9ec765e70cf', '8617cd5f-4c28-4265-906c-815d994804fa', '538438db-f8f3-456a-ad54-46c6d4fea349', '605dab89-d52a-4e98-ae83-3676aae982f1'] {{(pid=87331) reserve /opt/stack/cinder/cinder/quota.py:752}}
Jul 17 07:07:55 devstack cinder-volume[87331]: DEBUG oslo_concurrency.lockutils [None req-16b1392d-a0cd-4373-8c74-487440e67bed tempest-VolumesListAdminTestJSON-873778526 None] Acquiring lock "quobyte_ensure" by "cinder.volume.drivers.quobyte.QuobyteDriver._ensure_shares_mounted" {{(pid=87331) inner /opt/stack/data/venv/lib/python3.12/site-packages/oslo_concurrency/lockutils.py:512}}
Jul 17 07:07:55 devstack cinder-volume[87331]: DEBUG oslo_concurrency.lockutils [None req-16b1392d-a0cd-4373-8c74-487440e67bed tempest-VolumesListAdminTestJSON-873778526 None] Lock "quobyte_ensure" acquired by "cinder.volume.drivers.quobyte.QuobyteDriver._ensure_shares_mounted" :: waited 0.001s {{(pid=87331) inner /opt/stack/data/venv/lib/python3.12/site-packages/oslo_concurrency/lockutils.py:525}}
Jul 17 07:07:55 devstack cinder-volume[87331]: DEBUG cinder.volume.drivers.quobyte [None req-16b1392d-a0cd-4373-8c74-487440e67bed tempest-VolumesListAdminTestJSON-873778526 None] Quobyte Volume URL set to: {'osci02.corp.quobyte.com/cinder-vol-967ca0f7-c40f-465d-ada1-2d51e81b5004': None} {{(pid=87331) _load_shares_config /opt/stack/cinder/cinder/volume/drivers/quobyte.py:651}}
Jul 17 07:07:55 devstack cinder-volume[87331]: DEBUG cinder.volume.drivers.quobyte [None req-16b1392d-a0cd-4373-8c74-487440e67bed tempest-VolumesListAdminTestJSON-873778526 None] Available shares ['osci02.corp.quobyte.com/cinder-vol-967ca0f7-c40f-465d-ada1-2d51e81b5004'] {{(pid=87331) _ensure_shares_mounted /opt/stack/cinder/cinder/volume/drivers/quobyte.py:681}}
Jul 17 07:07:55 devstack cinder-volume[87331]: DEBUG oslo_concurrency.lockutils [None req-16b1392d-a0cd-4373-8c74-487440e67bed tempest-VolumesListAdminTestJSON-873778526 None] Lock "quobyte_ensure" "released" by "cinder.volume.drivers.quobyte.QuobyteDriver._ensure_shares_mounted" :: held 0.006s {{(pid=87331) inner /opt/stack/data/venv/lib/python3.12/site-packages/oslo_concurrency/lockutils.py:544}}
Jul 17 07:07:55 devstack cinder-volume[87331]: DEBUG oslo_concurrency.processutils [None req-16b1392d-a0cd-4373-8c74-487440e67bed tempest-VolumesListAdminTestJSON-873778526 None] Running cmd (subprocess): sudo cinder-rootwrap /etc/cinder/rootwrap.conf df --portability --block-size 1 /opt/stack/data/cinder/mnt/c73854e6e4454354cad523b68d13d7da {{(pid=87331) execute /opt/stack/data/venv/lib/python3.12/site-packages/oslo_concurrency/processutils.py:440}}
Jul 17 07:07:55 devstack sudo[95872]: quobyte : PWD=/ ; USER=root ; COMMAND=/opt/stack/data/venv/bin/cinder-rootwrap /etc/cinder/rootwrap.conf df --portability --block-size 1 /opt/stack/data/cinder/mnt/c73854e6e4454354cad523b68d13d7da
Jul 17 07:07:55 devstack sudo[95872]: pam_unix(sudo:session): session opened for user root(uid=0) by (uid=1000)
Jul 17 07:07:55 devstack sudo[95869]: pam_unix(sudo:session): session closed for user root
Jul 17 07:07:55 devstack cinder-volume[87331]: DEBUG oslo_concurrency.processutils [None req-baff9779-f224-4b5f-8372-7effc0a73d3f tempest-GroupSnapshotsTest-383038828 None] CMD "/opt/stack/data/venv/bin/python3.12 -m oslo_concurrency.prlimit --as=1073741824 --cpu=60 -- sudo cinder-rootwrap /etc/cinder/rootwrap.conf env LC_ALL=C qemu-img info -f qcow2 --output=json --force-share /opt/stack/data/cinder/mnt/c73854e6e4454354cad523b68d13d7da/volume-826567bc-9863-4496-8302-fdaee59f4a1e" returned: 0 in 0.607s {{(pid=87331) execute /opt/stack/data/venv/lib/python3.12/site-packages/oslo_concurrency/processutils.py:468}}
Jul 17 07:07:55 devstack cinder-volume[87331]: DEBUG oslo_concurrency.processutils [None req-baff9779-f224-4b5f-8372-7effc0a73d3f tempest-GroupSnapshotsTest-383038828 None] Running cmd (subprocess): sudo cinder-rootwrap /etc/cinder/rootwrap.conf qemu-img create -f qcow2 -o backing_file=/opt/stack/data/cinder/mnt/c73854e6e4454354cad523b68d13d7da/volume-826567bc-9863-4496-8302-fdaee59f4a1e,backing_fmt=qcow2 /opt/stack/data/cinder/mnt/c73854e6e4454354cad523b68d13d7da/volume-826567bc-9863-4496-8302-fdaee59f4a1e.84a76c48-27c1-4e52-bb81-7ff340c5dd09 1G {{(pid=87331) execute /opt/stack/data/venv/lib/python3.12/site-packages/oslo_concurrency/processutils.py:440}}
Jul 17 07:07:55 devstack sudo[95878]: quobyte : PWD=/ ; USER=root ; COMMAND=/opt/stack/data/venv/bin/cinder-rootwrap /etc/cinder/rootwrap.conf qemu-img create -f qcow2 -o backing_file=/opt/stack/data/cinder/mnt/c73854e6e4454354cad523b68d13d7da/volume-826567bc-9863-4496-8302-fdaee59f4a1e,backing_fmt=qcow2 /opt/stack/data/cinder/mnt/c73854e6e4454354cad523b68d13d7da/volume-826567bc-9863-4496-8302-fdaee59f4a1e.84a76c48-27c1-4e52-bb81-7ff340c5dd09 1G
Jul 17 07:07:55 devstack sudo[95878]: pam_unix(sudo:session): session opened for user root(uid=0) by (uid=1000)
Jul 17 07:07:55 devstack sudo[95872]: pam_unix(sudo:session): session closed for user root
Jul 17 07:07:55 devstack cinder-volume[87331]: DEBUG oslo_concurrency.processutils [None req-16b1392d-a0cd-4373-8c74-487440e67bed tempest-VolumesListAdminTestJSON-873778526 None] CMD "sudo cinder-rootwrap /etc/cinder/rootwrap.conf df --portability --block-size 1 /opt/stack/data/cinder/mnt/c73854e6e4454354cad523b68d13d7da" returned: 0 in 0.275s {{(pid=87331) execute /opt/stack/data/venv/lib/python3.12/site-packages/oslo_concurrency/processutils.py:468}}
Jul 17 07:07:55 devstack cinder-volume[87331]: DEBUG cinder.manager [None req-16b1392d-a0cd-4373-8c74-487440e67bed tempest-VolumesListAdminTestJSON-873778526 None] Notifying Schedulers of capabilities ... {{(pid=87331) _publish_service_capabilities /opt/stack/cinder/cinder/manager.py:219}}
Jul 17 07:07:55 devstack cinder-volume[87331]: INFO cinder.volume.manager [None req-16b1392d-a0cd-4373-8c74-487440e67bed tempest-VolumesListAdminTestJSON-873778526 None] Deleted volume successfully.
Jul 17 07:07:55 devstack cinder-volume[87331]: DEBUG cinder.coordination [None req-16b1392d-a0cd-4373-8c74-487440e67bed tempest-VolumesListAdminTestJSON-873778526 None] Lock "cinder-a3ad8db3-f2fb-4e9c-b034-59ccbe80e012-delete_volume" released by "delete_volume" :: held 1.593s {{(pid=87331) __release /opt/stack/cinder/cinder/coordination.py:152}}
Jul 17 07:07:55 devstack sudo[95878]: pam_unix(sudo:session): session closed for user root
Jul 17 07:07:55 devstack cinder-volume[87331]: DEBUG oslo_concurrency.processutils [None req-baff9779-f224-4b5f-8372-7effc0a73d3f tempest-GroupSnapshotsTest-383038828 None] CMD "sudo cinder-rootwrap /etc/cinder/rootwrap.conf qemu-img create -f qcow2 -o backing_file=/opt/stack/data/cinder/mnt/c73854e6e4454354cad523b68d13d7da/volume-826567bc-9863-4496-8302-fdaee59f4a1e,backing_fmt=qcow2 /opt/stack/data/cinder/mnt/c73854e6e4454354cad523b68d13d7da/volume-826567bc-9863-4496-8302-fdaee59f4a1e.84a76c48-27c1-4e52-bb81-7ff340c5dd09 1G" returned: 0 in 0.496s {{(pid=87331) execute /opt/stack/data/venv/lib/python3.12/site-packages/oslo_concurrency/processutils.py:468}}
Jul 17 07:07:55 devstack cinder-volume[87331]: DEBUG oslo_concurrency.processutils [None req-baff9779-f224-4b5f-8372-7effc0a73d3f tempest-GroupSnapshotsTest-383038828 None] Running cmd (subprocess): sudo cinder-rootwrap /etc/cinder/rootwrap.conf qemu-img rebase -u -b volume-826567bc-9863-4496-8302-fdaee59f4a1e -F qcow2 /opt/stack/data/cinder/mnt/c73854e6e4454354cad523b68d13d7da/volume-826567bc-9863-4496-8302-fdaee59f4a1e.84a76c48-27c1-4e52-bb81-7ff340c5dd09 {{(pid=87331) execute /opt/stack/data/venv/lib/python3.12/site-packages/oslo_concurrency/processutils.py:440}}
Jul 17 07:07:55 devstack sudo[95885]: quobyte : PWD=/ ; USER=root ; COMMAND=/opt/stack/data/venv/bin/cinder-rootwrap /etc/cinder/rootwrap.conf qemu-img rebase -u -b volume-826567bc-9863-4496-8302-fdaee59f4a1e -F qcow2 /opt/stack/data/cinder/mnt/c73854e6e4454354cad523b68d13d7da/volume-826567bc-9863-4496-8302-fdaee59f4a1e.84a76c48-27c1-4e52-bb81-7ff340c5dd09
Jul 17 07:07:55 devstack sudo[95885]: pam_unix(sudo:session): session opened for user root(uid=0) by (uid=1000)
Jul 17 07:07:56 devstack sudo[95885]: pam_unix(sudo:session): session closed for user root
Jul 17 07:07:56 devstack cinder-volume[87331]: DEBUG oslo_concurrency.processutils [None req-baff9779-f224-4b5f-8372-7effc0a73d3f tempest-GroupSnapshotsTest-383038828 None] CMD "sudo cinder-rootwrap /etc/cinder/rootwrap.conf qemu-img rebase -u -b volume-826567bc-9863-4496-8302-fdaee59f4a1e -F qcow2 /opt/stack/data/cinder/mnt/c73854e6e4454354cad523b68d13d7da/volume-826567bc-9863-4496-8302-fdaee59f4a1e.84a76c48-27c1-4e52-bb81-7ff340c5dd09" returned: 0 in 0.376s {{(pid=87331) execute /opt/stack/data/venv/lib/python3.12/site-packages/oslo_concurrency/processutils.py:468}}
Jul 17 07:07:56 devstack cinder-volume[87331]: WARNING cinder.volume.drivers.remotefs [None req-baff9779-f224-4b5f-8372-7effc0a73d3f tempest-GroupSnapshotsTest-383038828 None] /opt/stack/data/cinder/mnt/c73854e6e4454354cad523b68d13d7da/volume-826567bc-9863-4496-8302-fdaee59f4a1e.84a76c48-27c1-4e52-bb81-7ff340c5dd09 is being set with open permissions: ugo+rw: NotImplementedError
Jul 17 07:07:56 devstack cinder-volume[87331]: DEBUG oslo_concurrency.processutils [None req-baff9779-f224-4b5f-8372-7effc0a73d3f tempest-GroupSnapshotsTest-383038828 None] Running cmd (subprocess): sudo cinder-rootwrap /etc/cinder/rootwrap.conf chmod ugo+rw /opt/stack/data/cinder/mnt/c73854e6e4454354cad523b68d13d7da/volume-826567bc-9863-4496-8302-fdaee59f4a1e.84a76c48-27c1-4e52-bb81-7ff340c5dd09 {{(pid=87331) execute /opt/stack/data/venv/lib/python3.12/site-packages/oslo_concurrency/processutils.py:440}}
Jul 17 07:07:56 devstack sudo[95891]: quobyte : PWD=/ ; USER=root ; COMMAND=/opt/stack/data/venv/bin/cinder-rootwrap /etc/cinder/rootwrap.conf chmod ugo+rw /opt/stack/data/cinder/mnt/c73854e6e4454354cad523b68d13d7da/volume-826567bc-9863-4496-8302-fdaee59f4a1e.84a76c48-27c1-4e52-bb81-7ff340c5dd09
Jul 17 07:07:56 devstack sudo[95891]: pam_unix(sudo:session): session opened for user root(uid=0) by (uid=1000)
Jul 17 07:07:56 devstack sudo[95891]: pam_unix(sudo:session): session closed for user root
Jul 17 07:07:56 devstack cinder-volume[87331]: DEBUG oslo_concurrency.processutils [None req-baff9779-f224-4b5f-8372-7effc0a73d3f tempest-GroupSnapshotsTest-383038828 None] CMD "sudo cinder-rootwrap /etc/cinder/rootwrap.conf chmod ugo+rw /opt/stack/data/cinder/mnt/c73854e6e4454354cad523b68d13d7da/volume-826567bc-9863-4496-8302-fdaee59f4a1e.84a76c48-27c1-4e52-bb81-7ff340c5dd09" returned: 0 in 0.265s {{(pid=87331) execute /opt/stack/data/venv/lib/python3.12/site-packages/oslo_concurrency/processutils.py:468}}
Jul 17 07:07:56 devstack cinder-volume[87331]: DEBUG oslo_concurrency.processutils [None req-baff9779-f224-4b5f-8372-7effc0a73d3f tempest-GroupSnapshotsTest-383038828 None] Running cmd (subprocess): sudo cinder-rootwrap /etc/cinder/rootwrap.conf truncate -s0 /opt/stack/data/cinder/mnt/c73854e6e4454354cad523b68d13d7da/volume-826567bc-9863-4496-8302-fdaee59f4a1e.info {{(pid=87331) execute /opt/stack/data/venv/lib/python3.12/site-packages/oslo_concurrency/processutils.py:440}}
Jul 17 07:07:56 devstack sudo[95894]: quobyte : PWD=/ ; USER=root ; COMMAND=/opt/stack/data/venv/bin/cinder-rootwrap /etc/cinder/rootwrap.conf truncate -s0 /opt/stack/data/cinder/mnt/c73854e6e4454354cad523b68d13d7da/volume-826567bc-9863-4496-8302-fdaee59f4a1e.info
Jul 17 07:07:56 devstack sudo[95894]: pam_unix(sudo:session): session opened for user root(uid=0) by (uid=1000)
Jul 17 07:07:56 devstack sudo[95894]: pam_unix(sudo:session): session closed for user root
Jul 17 07:07:56 devstack cinder-volume[87331]: DEBUG oslo_concurrency.processutils [None req-baff9779-f224-4b5f-8372-7effc0a73d3f tempest-GroupSnapshotsTest-383038828 None] CMD "sudo cinder-rootwrap /etc/cinder/rootwrap.conf truncate -s0 /opt/stack/data/cinder/mnt/c73854e6e4454354cad523b68d13d7da/volume-826567bc-9863-4496-8302-fdaee59f4a1e.info" returned: 0 in 0.297s {{(pid=87331) execute /opt/stack/data/venv/lib/python3.12/site-packages/oslo_concurrency/processutils.py:468}}
Jul 17 07:07:56 devstack cinder-volume[87331]: WARNING cinder.volume.drivers.remotefs [None req-baff9779-f224-4b5f-8372-7effc0a73d3f tempest-GroupSnapshotsTest-383038828 None] /opt/stack/data/cinder/mnt/c73854e6e4454354cad523b68d13d7da/volume-826567bc-9863-4496-8302-fdaee59f4a1e.info is being set with open permissions: ugo+rw: NotImplementedError
Jul 17 07:07:56 devstack cinder-volume[87331]: DEBUG oslo_concurrency.processutils [None req-baff9779-f224-4b5f-8372-7effc0a73d3f tempest-GroupSnapshotsTest-383038828 None] Running cmd (subprocess): sudo cinder-rootwrap /etc/cinder/rootwrap.conf chmod ugo+rw /opt/stack/data/cinder/mnt/c73854e6e4454354cad523b68d13d7da/volume-826567bc-9863-4496-8302-fdaee59f4a1e.info {{(pid=87331) execute /opt/stack/data/venv/lib/python3.12/site-packages/oslo_concurrency/processutils.py:440}}
Jul 17 07:07:56 devstack sudo[95897]: quobyte : PWD=/ ; USER=root ; COMMAND=/opt/stack/data/venv/bin/cinder-rootwrap /etc/cinder/rootwrap.conf chmod ugo+rw /opt/stack/data/cinder/mnt/c73854e6e4454354cad523b68d13d7da/volume-826567bc-9863-4496-8302-fdaee59f4a1e.info
Jul 17 07:07:56 devstack sudo[95897]: pam_unix(sudo:session): session opened for user root(uid=0) by (uid=1000)
Jul 17 07:07:57 devstack sudo[95897]: pam_unix(sudo:session): session closed for user root
Jul 17 07:07:57 devstack cinder-volume[87331]: DEBUG oslo_concurrency.processutils [None req-baff9779-f224-4b5f-8372-7effc0a73d3f tempest-GroupSnapshotsTest-383038828 None] CMD "sudo cinder-rootwrap /etc/cinder/rootwrap.conf chmod ugo+rw /opt/stack/data/cinder/mnt/c73854e6e4454354cad523b68d13d7da/volume-826567bc-9863-4496-8302-fdaee59f4a1e.info" returned: 0 in 0.357s {{(pid=87331) execute /opt/stack/data/venv/lib/python3.12/site-packages/oslo_concurrency/processutils.py:468}}
Jul 17 07:07:57 devstack cinder-volume[87331]: DEBUG oslo_concurrency.lockutils [None req-baff9779-f224-4b5f-8372-7effc0a73d3f tempest-GroupSnapshotsTest-383038828 None] Lock "quobyte" "released" by "cinder.volume.drivers.quobyte.QuobyteDriver.create_snapshot" :: held 2.525s {{(pid=87331) inner /opt/stack/data/venv/lib/python3.12/site-packages/oslo_concurrency/lockutils.py:544}}
Jul 17 07:07:57 devstack cinder-volume[87331]: INFO cinder.volume.manager [None req-baff9779-f224-4b5f-8372-7effc0a73d3f tempest-GroupSnapshotsTest-383038828 None] group_snapshot 0681af87-d464-4f81-947e-0f71a4d4dab2: created successfully
Jul 17 07:07:57 devstack cinder-volume[87331]: INFO cinder.volume.manager [None req-08d076bd-5295-4433-acdf-47aa8ade8c75 tempest-GroupSnapshotsTest-383038828 None] group_snapshot 0681af87-d464-4f81-947e-0f71a4d4dab2: deleting
Jul 17 07:07:57 devstack cinder-volume[87331]: DEBUG cinder.volume.manager [None req-08d076bd-5295-4433-acdf-47aa8ade8c75 tempest-GroupSnapshotsTest-383038828 None] group_snapshot 0681af87-d464-4f81-947e-0f71a4d4dab2: deleting {{(pid=87331) delete_group_snapshot /opt/stack/cinder/cinder/volume/manager.py:4350}}
Jul 17 07:07:57 devstack cinder-volume[87331]: INFO cinder.volume.manager [None req-b1479ba9-fa69-4133-9d18-9d1501a23467 tempest-GroupsV320Test-1960434852 None] Group tempest-GroupsV320Test-Group-1585436462: creating
Jul 17 07:07:57 devstack cinder-volume[87331]: DEBUG cinder.coordination [None req-08d076bd-5295-4433-acdf-47aa8ade8c75 tempest-GroupSnapshotsTest-383038828 None] Acquiring lock "cinder-quobyte-41803e9a-9f54-4dd1-8dda-6c59c13ae7e2" by "delete_snapshot" {{(pid=87331) __acquire /opt/stack/cinder/cinder/coordination.py:138}}
Jul 17 07:07:57 devstack cinder-volume[87331]: DEBUG cinder.coordination [None req-08d076bd-5295-4433-acdf-47aa8ade8c75 tempest-GroupSnapshotsTest-383038828 None] Lock "cinder-quobyte-41803e9a-9f54-4dd1-8dda-6c59c13ae7e2" acquired by "delete_snapshot" :: waited 0.026s {{(pid=87331) __acquire /opt/stack/cinder/cinder/coordination.py:141}}
Jul 17 07:07:57 devstack cinder-volume[87331]: DEBUG cinder.coordination [None req-08d076bd-5295-4433-acdf-47aa8ade8c75 tempest-GroupSnapshotsTest-383038828 None] Acquiring lock "cinder-quobyte-79875f6a-62d5-4ca7-8084-3baeab49acd5" by "_delete_snapshot" {{(pid=87331) __acquire /opt/stack/cinder/cinder/coordination.py:138}}
Jul 17 07:07:57 devstack cinder-volume[87331]: INFO cinder.volume.manager [None req-b1479ba9-fa69-4133-9d18-9d1501a23467 tempest-GroupsV320Test-1960434852 None] Group tempest-GroupsV320Test-Group-1585436462: created successfully
Jul 17 07:07:57 devstack cinder-volume[87331]: DEBUG cinder.coordination [None req-08d076bd-5295-4433-acdf-47aa8ade8c75 tempest-GroupSnapshotsTest-383038828 None] Lock "cinder-quobyte-79875f6a-62d5-4ca7-8084-3baeab49acd5" acquired by "_delete_snapshot" :: waited 0.034s {{(pid=87331) __acquire /opt/stack/cinder/cinder/coordination.py:141}}
Jul 17 07:07:57 devstack cinder-volume[87331]: DEBUG cinder.volume.drivers.remotefs [None req-08d076bd-5295-4433-acdf-47aa8ade8c75 tempest-GroupSnapshotsTest-383038828 None] Deleting offline snapshot 79875f6a-62d5-4ca7-8084-3baeab49acd5 of volume 41803e9a-9f54-4dd1-8dda-6c59c13ae7e2 {{(pid=87331) _delete_snapshot /opt/stack/cinder/cinder/volume/drivers/remotefs.py:1288}}
Jul 17 07:07:57 devstack cinder-volume[87331]: DEBUG cinder.volume.drivers.remotefs [None req-08d076bd-5295-4433-acdf-47aa8ade8c75 tempest-GroupSnapshotsTest-383038828 None] snapshot_file for this snap is: volume-41803e9a-9f54-4dd1-8dda-6c59c13ae7e2.79875f6a-62d5-4ca7-8084-3baeab49acd5 {{(pid=87331) _delete_snapshot /opt/stack/cinder/cinder/volume/drivers/remotefs.py:1317}}
Jul 17 07:07:57 devstack cinder-volume[87331]: INFO cinder.volume.manager [None req-b1479ba9-fa69-4133-9d18-9d1501a23467 tempest-GroupsV320Test-1960434852 None] Create group completed successfully.
Jul 17 07:07:57 devstack cinder-volume[87331]: DEBUG oslo.privsep.daemon [-] privsep: reply[702305f6-3632-484e-9c39-686eea1b3346]: (4, 'qcow2') {{(pid=88551) _call_back /opt/stack/data/venv/lib/python3.12/site-packages/oslo_privsep/daemon.py:580}}
Jul 17 07:07:57 devstack cinder-volume[87331]: DEBUG oslo_concurrency.processutils [None req-08d076bd-5295-4433-acdf-47aa8ade8c75 tempest-GroupSnapshotsTest-383038828 None] Running cmd (subprocess): /opt/stack/data/venv/bin/python3.12 -m oslo_concurrency.prlimit --as=1073741824 --cpu=60 -- sudo cinder-rootwrap /etc/cinder/rootwrap.conf env LC_ALL=C qemu-img info -f qcow2 --output=json --force-share /opt/stack/data/cinder/mnt/c73854e6e4454354cad523b68d13d7da/volume-41803e9a-9f54-4dd1-8dda-6c59c13ae7e2.79875f6a-62d5-4ca7-8084-3baeab49acd5 {{(pid=87331) execute /opt/stack/data/venv/lib/python3.12/site-packages/oslo_concurrency/processutils.py:440}}
Jul 17 07:07:58 devstack sudo[95900]: quobyte : PWD=/ ; USER=root ; COMMAND=/opt/stack/data/venv/bin/cinder-rootwrap /etc/cinder/rootwrap.conf env LC_ALL=C qemu-img info -f qcow2 --output=json --force-share /opt/stack/data/cinder/mnt/c73854e6e4454354cad523b68d13d7da/volume-41803e9a-9f54-4dd1-8dda-6c59c13ae7e2.79875f6a-62d5-4ca7-8084-3baeab49acd5
Jul 17 07:07:58 devstack sudo[95900]: pam_unix(sudo:session): session opened for user root(uid=0) by (uid=1000)
Jul 17 07:07:58 devstack sudo[95900]: pam_unix(sudo:session): session closed for user root
Jul 17 07:07:58 devstack cinder-volume[87331]: DEBUG oslo_concurrency.processutils [None req-08d076bd-5295-4433-acdf-47aa8ade8c75 tempest-GroupSnapshotsTest-383038828 None] CMD "/opt/stack/data/venv/bin/python3.12 -m oslo_concurrency.prlimit --as=1073741824 --cpu=60 -- sudo cinder-rootwrap /etc/cinder/rootwrap.conf env LC_ALL=C qemu-img info -f qcow2 --output=json --force-share /opt/stack/data/cinder/mnt/c73854e6e4454354cad523b68d13d7da/volume-41803e9a-9f54-4dd1-8dda-6c59c13ae7e2.79875f6a-62d5-4ca7-8084-3baeab49acd5" returned: 0 in 0.391s {{(pid=87331) execute /opt/stack/data/venv/lib/python3.12/site-packages/oslo_concurrency/processutils.py:468}}
Jul 17 07:07:58 devstack cinder-volume[87331]: DEBUG cinder.volume.drivers.remotefs [None req-08d076bd-5295-4433-acdf-47aa8ade8c75 tempest-GroupSnapshotsTest-383038828 None] Fetching qemu-img info with special backing_file_template: (/opt/stack/data/cinder/mnt/[0-9a-f]+/)?(volume-41803e9a-9f54-4dd1-8dda-6c59c13ae7e2(.(tmp-snap-)?[0-9a-f-]+)?|volume_from_snapshot_cache/(tmp-snap-)?[0-9a-f-]+(.(child-|parent-)[0-9a-f-]+)?)$ {{(pid=87331) _qemu_img_info_base /opt/stack/cinder/cinder/volume/drivers/remotefs.py:896}}
Jul 17 07:07:58 devstack cinder-volume[87331]: DEBUG oslo.privsep.daemon [-] privsep: reply[a394e3a9-5bb8-4af1-b7b9-f32bff3c0ad0]: (4, 'qcow2') {{(pid=88551) _call_back /opt/stack/data/venv/lib/python3.12/site-packages/oslo_privsep/daemon.py:580}}
Jul 17 07:07:58 devstack cinder-volume[87331]: DEBUG oslo_concurrency.processutils [None req-08d076bd-5295-4433-acdf-47aa8ade8c75 tempest-GroupSnapshotsTest-383038828 None] Running cmd (subprocess): /opt/stack/data/venv/bin/python3.12 -m oslo_concurrency.prlimit --as=1073741824 --cpu=60 -- sudo cinder-rootwrap /etc/cinder/rootwrap.conf env LC_ALL=C qemu-img info -f qcow2 --output=json --force-share /opt/stack/data/cinder/mnt/c73854e6e4454354cad523b68d13d7da/volume-41803e9a-9f54-4dd1-8dda-6c59c13ae7e2 {{(pid=87331) execute /opt/stack/data/venv/lib/python3.12/site-packages/oslo_concurrency/processutils.py:440}}
Jul 17 07:07:58 devstack sudo[95905]: quobyte : PWD=/ ; USER=root ; COMMAND=/opt/stack/data/venv/bin/cinder-rootwrap /etc/cinder/rootwrap.conf env LC_ALL=C qemu-img info -f qcow2 --output=json --force-share /opt/stack/data/cinder/mnt/c73854e6e4454354cad523b68d13d7da/volume-41803e9a-9f54-4dd1-8dda-6c59c13ae7e2
Jul 17 07:07:58 devstack sudo[95905]: pam_unix(sudo:session): session opened for user root(uid=0) by (uid=1000)
Jul 17 07:07:58 devstack sudo[95905]: pam_unix(sudo:session): session closed for user root
Jul 17 07:07:58 devstack cinder-volume[87331]: DEBUG oslo_concurrency.processutils [None req-08d076bd-5295-4433-acdf-47aa8ade8c75 tempest-GroupSnapshotsTest-383038828 None] CMD "/opt/stack/data/venv/bin/python3.12 -m oslo_concurrency.prlimit --as=1073741824 --cpu=60 -- sudo cinder-rootwrap /etc/cinder/rootwrap.conf env LC_ALL=C qemu-img info -f qcow2 --output=json --force-share /opt/stack/data/cinder/mnt/c73854e6e4454354cad523b68d13d7da/volume-41803e9a-9f54-4dd1-8dda-6c59c13ae7e2" returned: 0 in 0.395s {{(pid=87331) execute /opt/stack/data/venv/lib/python3.12/site-packages/oslo_concurrency/processutils.py:468}}
Jul 17 07:07:58 devstack cinder-volume[87331]: DEBUG oslo_concurrency.processutils [None req-08d076bd-5295-4433-acdf-47aa8ade8c75 tempest-GroupSnapshotsTest-383038828 None] Running cmd (subprocess): sudo cinder-rootwrap /etc/cinder/rootwrap.conf qemu-img commit -d /opt/stack/data/cinder/mnt/c73854e6e4454354cad523b68d13d7da/volume-41803e9a-9f54-4dd1-8dda-6c59c13ae7e2.79875f6a-62d5-4ca7-8084-3baeab49acd5 {{(pid=87331) execute /opt/stack/data/venv/lib/python3.12/site-packages/oslo_concurrency/processutils.py:440}}
Jul 17 07:07:58 devstack sudo[95910]: quobyte : PWD=/ ; USER=root ; COMMAND=/opt/stack/data/venv/bin/cinder-rootwrap /etc/cinder/rootwrap.conf qemu-img commit -d /opt/stack/data/cinder/mnt/c73854e6e4454354cad523b68d13d7da/volume-41803e9a-9f54-4dd1-8dda-6c59c13ae7e2.79875f6a-62d5-4ca7-8084-3baeab49acd5
Jul 17 07:07:58 devstack sudo[95910]: pam_unix(sudo:session): session opened for user root(uid=0) by (uid=1000)
Jul 17 07:07:59 devstack sudo[95910]: pam_unix(sudo:session): session closed for user root
Jul 17 07:07:59 devstack cinder-volume[87331]: DEBUG oslo_concurrency.processutils [None req-08d076bd-5295-4433-acdf-47aa8ade8c75 tempest-GroupSnapshotsTest-383038828 None] CMD "sudo cinder-rootwrap /etc/cinder/rootwrap.conf qemu-img commit -d /opt/stack/data/cinder/mnt/c73854e6e4454354cad523b68d13d7da/volume-41803e9a-9f54-4dd1-8dda-6c59c13ae7e2.79875f6a-62d5-4ca7-8084-3baeab49acd5" returned: 0 in 0.423s {{(pid=87331) execute /opt/stack/data/venv/lib/python3.12/site-packages/oslo_concurrency/processutils.py:468}}
Jul 17 07:07:59 devstack cinder-volume[87331]: DEBUG oslo_concurrency.processutils [None req-08d076bd-5295-4433-acdf-47aa8ade8c75 tempest-GroupSnapshotsTest-383038828 None] Running cmd (subprocess): sudo cinder-rootwrap /etc/cinder/rootwrap.conf rm -f /opt/stack/data/cinder/mnt/c73854e6e4454354cad523b68d13d7da/volume-41803e9a-9f54-4dd1-8dda-6c59c13ae7e2.79875f6a-62d5-4ca7-8084-3baeab49acd5 {{(pid=87331) execute /opt/stack/data/venv/lib/python3.12/site-packages/oslo_concurrency/processutils.py:440}}
Jul 17 07:07:59 devstack sudo[95915]: quobyte : PWD=/ ; USER=root ; COMMAND=/opt/stack/data/venv/bin/cinder-rootwrap /etc/cinder/rootwrap.conf rm -f /opt/stack/data/cinder/mnt/c73854e6e4454354cad523b68d13d7da/volume-41803e9a-9f54-4dd1-8dda-6c59c13ae7e2.79875f6a-62d5-4ca7-8084-3baeab49acd5
Jul 17 07:07:59 devstack sudo[95915]: pam_unix(sudo:session): session opened for user root(uid=0) by (uid=1000)
Jul 17 07:07:59 devstack cinder-volume[87331]: DEBUG cinder.quota [None req-f522e552-99a1-474a-8285-d14858807bb5 tempest-GroupsV320Test-1960434852 None] Created reservations ['c1f80119-ab2b-4052-832d-abd990ddfd13'] {{(pid=87331) reserve /opt/stack/cinder/cinder/quota.py:752}}
Jul 17 07:07:59 devstack sudo[95915]: pam_unix(sudo:session): session closed for user root
Jul 17 07:07:59 devstack cinder-volume[87331]: DEBUG oslo_concurrency.processutils [None req-08d076bd-5295-4433-acdf-47aa8ade8c75 tempest-GroupSnapshotsTest-383038828 None] CMD "sudo cinder-rootwrap /etc/cinder/rootwrap.conf rm -f /opt/stack/data/cinder/mnt/c73854e6e4454354cad523b68d13d7da/volume-41803e9a-9f54-4dd1-8dda-6c59c13ae7e2.79875f6a-62d5-4ca7-8084-3baeab49acd5" returned: 0 in 0.334s {{(pid=87331) execute /opt/stack/data/venv/lib/python3.12/site-packages/oslo_concurrency/processutils.py:468}}
Jul 17 07:07:59 devstack cinder-volume[87331]: DEBUG cinder.coordination [None req-08d076bd-5295-4433-acdf-47aa8ade8c75 tempest-GroupSnapshotsTest-383038828 None] Lock "cinder-quobyte-79875f6a-62d5-4ca7-8084-3baeab49acd5" released by "_delete_snapshot" :: held 1.661s {{(pid=87331) __release /opt/stack/cinder/cinder/coordination.py:152}}
Jul 17 07:07:59 devstack cinder-volume[87331]: DEBUG cinder.coordination [None req-08d076bd-5295-4433-acdf-47aa8ade8c75 tempest-GroupSnapshotsTest-383038828 None] Lock "cinder-quobyte-41803e9a-9f54-4dd1-8dda-6c59c13ae7e2" released by "delete_snapshot" :: held 1.709s {{(pid=87331) __release /opt/stack/cinder/cinder/coordination.py:152}}
Jul 17 07:07:59 devstack cinder-volume[87331]: DEBUG cinder.coordination [None req-08d076bd-5295-4433-acdf-47aa8ade8c75 tempest-GroupSnapshotsTest-383038828 None] Acquiring lock "cinder-quobyte-826567bc-9863-4496-8302-fdaee59f4a1e" by "delete_snapshot" {{(pid=87331) __acquire /opt/stack/cinder/cinder/coordination.py:138}}
Jul 17 07:07:59 devstack cinder-volume[87331]: DEBUG oslo_concurrency.lockutils [None req-f522e552-99a1-474a-8285-d14858807bb5 tempest-GroupsV320Test-1960434852 None] Acquiring lock "quobyte_ensure" by "cinder.volume.drivers.quobyte.QuobyteDriver._ensure_shares_mounted" {{(pid=87331) inner /opt/stack/data/venv/lib/python3.12/site-packages/oslo_concurrency/lockutils.py:512}}
Jul 17 07:07:59 devstack cinder-volume[87331]: DEBUG oslo_concurrency.lockutils [None req-f522e552-99a1-474a-8285-d14858807bb5 tempest-GroupsV320Test-1960434852 None] Lock "quobyte_ensure" acquired by "cinder.volume.drivers.quobyte.QuobyteDriver._ensure_shares_mounted" :: waited 0.001s {{(pid=87331) inner /opt/stack/data/venv/lib/python3.12/site-packages/oslo_concurrency/lockutils.py:525}}
Jul 17 07:07:59 devstack cinder-volume[87331]: DEBUG cinder.volume.drivers.quobyte [None req-f522e552-99a1-474a-8285-d14858807bb5 tempest-GroupsV320Test-1960434852 None] Quobyte Volume URL set to: {'osci02.corp.quobyte.com/cinder-vol-967ca0f7-c40f-465d-ada1-2d51e81b5004': None} {{(pid=87331) _load_shares_config /opt/stack/cinder/cinder/volume/drivers/quobyte.py:651}}
Jul 17 07:07:59 devstack cinder-volume[87331]: DEBUG cinder.volume.drivers.quobyte [None req-f522e552-99a1-474a-8285-d14858807bb5 tempest-GroupsV320Test-1960434852 None] Available shares ['osci02.corp.quobyte.com/cinder-vol-967ca0f7-c40f-465d-ada1-2d51e81b5004'] {{(pid=87331) _ensure_shares_mounted /opt/stack/cinder/cinder/volume/drivers/quobyte.py:681}}
Jul 17 07:07:59 devstack cinder-volume[87331]: DEBUG oslo_concurrency.lockutils [None req-f522e552-99a1-474a-8285-d14858807bb5 tempest-GroupsV320Test-1960434852 None] Lock "quobyte_ensure" "released" by "cinder.volume.drivers.quobyte.QuobyteDriver._ensure_shares_mounted" :: held 0.008s {{(pid=87331) inner /opt/stack/data/venv/lib/python3.12/site-packages/oslo_concurrency/lockutils.py:544}}
Jul 17 07:07:59 devstack cinder-volume[87331]: DEBUG oslo_concurrency.processutils [None req-f522e552-99a1-474a-8285-d14858807bb5 tempest-GroupsV320Test-1960434852 None] Running cmd (subprocess): sudo cinder-rootwrap /etc/cinder/rootwrap.conf df --portability --block-size 1 /opt/stack/data/cinder/mnt/c73854e6e4454354cad523b68d13d7da {{(pid=87331) execute /opt/stack/data/venv/lib/python3.12/site-packages/oslo_concurrency/processutils.py:440}}
Jul 17 07:07:59 devstack cinder-volume[87331]: DEBUG cinder.coordination [None req-08d076bd-5295-4433-acdf-47aa8ade8c75 tempest-GroupSnapshotsTest-383038828 None] Lock "cinder-quobyte-826567bc-9863-4496-8302-fdaee59f4a1e" acquired by "delete_snapshot" :: waited 0.046s {{(pid=87331) __acquire /opt/stack/cinder/cinder/coordination.py:141}}
Jul 17 07:07:59 devstack cinder-volume[87331]: DEBUG cinder.coordination [None req-08d076bd-5295-4433-acdf-47aa8ade8c75 tempest-GroupSnapshotsTest-383038828 None] Acquiring lock "cinder-quobyte-84a76c48-27c1-4e52-bb81-7ff340c5dd09" by "_delete_snapshot" {{(pid=87331) __acquire /opt/stack/cinder/cinder/coordination.py:138}}
Jul 17 07:07:59 devstack sudo[95918]: quobyte : PWD=/ ; USER=root ; COMMAND=/opt/stack/data/venv/bin/cinder-rootwrap /etc/cinder/rootwrap.conf df --portability --block-size 1 /opt/stack/data/cinder/mnt/c73854e6e4454354cad523b68d13d7da
Jul 17 07:07:59 devstack sudo[95918]: pam_unix(sudo:session): session opened for user root(uid=0) by (uid=1000)
Jul 17 07:07:59 devstack cinder-volume[87331]: DEBUG cinder.coordination [None req-08d076bd-5295-4433-acdf-47aa8ade8c75 tempest-GroupSnapshotsTest-383038828 None] Lock "cinder-quobyte-84a76c48-27c1-4e52-bb81-7ff340c5dd09" acquired by "_delete_snapshot" :: waited 0.017s {{(pid=87331) __acquire /opt/stack/cinder/cinder/coordination.py:141}}
Jul 17 07:07:59 devstack cinder-volume[87331]: DEBUG cinder.volume.drivers.remotefs [None req-08d076bd-5295-4433-acdf-47aa8ade8c75 tempest-GroupSnapshotsTest-383038828 None] Deleting offline snapshot 84a76c48-27c1-4e52-bb81-7ff340c5dd09 of volume 826567bc-9863-4496-8302-fdaee59f4a1e {{(pid=87331) _delete_snapshot /opt/stack/cinder/cinder/volume/drivers/remotefs.py:1288}}
Jul 17 07:07:59 devstack cinder-volume[87331]: DEBUG cinder.volume.drivers.remotefs [None req-08d076bd-5295-4433-acdf-47aa8ade8c75 tempest-GroupSnapshotsTest-383038828 None] snapshot_file for this snap is: volume-826567bc-9863-4496-8302-fdaee59f4a1e.84a76c48-27c1-4e52-bb81-7ff340c5dd09 {{(pid=87331) _delete_snapshot /opt/stack/cinder/cinder/volume/drivers/remotefs.py:1317}}
Jul 17 07:07:59 devstack cinder-volume[87331]: DEBUG oslo.privsep.daemon [-] privsep: reply[a8af9f2e-d880-41b7-8784-a8859e5de4d8]: (4, 'qcow2') {{(pid=88551) _call_back /opt/stack/data/venv/lib/python3.12/site-packages/oslo_privsep/daemon.py:580}}
Jul 17 07:07:59 devstack cinder-volume[87331]: DEBUG oslo_concurrency.processutils [None req-08d076bd-5295-4433-acdf-47aa8ade8c75 tempest-GroupSnapshotsTest-383038828 None] Running cmd (subprocess): /opt/stack/data/venv/bin/python3.12 -m oslo_concurrency.prlimit --as=1073741824 --cpu=60 -- sudo cinder-rootwrap /etc/cinder/rootwrap.conf env LC_ALL=C qemu-img info -f qcow2 --output=json --force-share /opt/stack/data/cinder/mnt/c73854e6e4454354cad523b68d13d7da/volume-826567bc-9863-4496-8302-fdaee59f4a1e.84a76c48-27c1-4e52-bb81-7ff340c5dd09 {{(pid=87331) execute /opt/stack/data/venv/lib/python3.12/site-packages/oslo_concurrency/processutils.py:440}}
Jul 17 07:07:59 devstack sudo[95920]: quobyte : PWD=/ ; USER=root ; COMMAND=/opt/stack/data/venv/bin/cinder-rootwrap /etc/cinder/rootwrap.conf env LC_ALL=C qemu-img info -f qcow2 --output=json --force-share /opt/stack/data/cinder/mnt/c73854e6e4454354cad523b68d13d7da/volume-826567bc-9863-4496-8302-fdaee59f4a1e.84a76c48-27c1-4e52-bb81-7ff340c5dd09
Jul 17 07:07:59 devstack sudo[95920]: pam_unix(sudo:session): session opened for user root(uid=0) by (uid=1000)
Jul 17 07:07:59 devstack sudo[95918]: pam_unix(sudo:session): session closed for user root
