Jan 21 20:00:53 devstack cinder-volume[82719]: DEBUG oslo_concurrency.processutils [None req-024da702-442c-4638-afb3-414f8ffc6596 tempest-ServersNegativeTestJSON-10682783 None] CMD "sudo cinder-rootwrap /etc/cinder/rootwrap.conf rm -f /opt/stack/data/cinder/mnt/76411d5578df3b60f80e133ff581f1d2/volume-3188e987-4ab6-4988-9ea7-4ba96826c15b" returned: 0 in 0.571s {{(pid=82719) execute /opt/stack/data/venv/lib/python3.10/site-packages/oslo_concurrency/processutils.py:372}}
Jan 21 20:00:53 devstack cinder-volume[82719]: DEBUG cinder.coordination [None req-024da702-442c-4638-afb3-414f8ffc6596 tempest-ServersNegativeTestJSON-10682783 None] Lock "cinder-quobyte-3188e987-4ab6-4988-9ea7-4ba96826c15b" released by "delete_volume" :: held 1.654s {{(pid=82719) __release /opt/stack/cinder/cinder/coordination.py:157}}
Jan 21 20:00:53 devstack cinder-volume[82719]: DEBUG cinder.quota [None req-024da702-442c-4638-afb3-414f8ffc6596 tempest-ServersNegativeTestJSON-10682783 None] Created reservations ['70bbd071-744c-4a15-a3b4-55fe63c0d56e', 'd20e98ab-75ba-44d0-8273-c474134335ef', 'f67eebf3-ff32-41e9-88d6-cb0e375d1c6a', '67dab0fc-644a-474b-821a-be3550ee41d5'] {{(pid=82719) reserve /opt/stack/cinder/cinder/quota.py:752}}
Jan 21 20:00:53 devstack cinder-volume[82719]: DEBUG oslo_concurrency.lockutils [None req-024da702-442c-4638-afb3-414f8ffc6596 tempest-ServersNegativeTestJSON-10682783 None] Acquiring lock "quobyte_ensure" by "cinder.volume.drivers.quobyte.QuobyteDriver._ensure_shares_mounted" {{(pid=82719) inner /opt/stack/data/venv/lib/python3.10/site-packages/oslo_concurrency/lockutils.py:405}}
Jan 21 20:00:53 devstack cinder-volume[82719]: DEBUG oslo_concurrency.lockutils [None req-024da702-442c-4638-afb3-414f8ffc6596 tempest-ServersNegativeTestJSON-10682783 None] Lock "quobyte_ensure" acquired by "cinder.volume.drivers.quobyte.QuobyteDriver._ensure_shares_mounted" :: waited 0.001s {{(pid=82719) inner /opt/stack/data/venv/lib/python3.10/site-packages/oslo_concurrency/lockutils.py:410}}
Jan 21 20:00:53 devstack cinder-volume[82719]: DEBUG cinder.volume.drivers.quobyte [None req-024da702-442c-4638-afb3-414f8ffc6596 tempest-ServersNegativeTestJSON-10682783 None] Quobyte Volume URL set to: {'osci02.corp.quobyte.com/cinder-vol-9609b486-9c89-4580-888b-fcc75878edac': None} {{(pid=82719) _load_shares_config /opt/stack/cinder/cinder/volume/drivers/quobyte.py:611}}
Jan 21 20:00:53 devstack cinder-volume[82719]: DEBUG cinder.volume.drivers.quobyte [None req-024da702-442c-4638-afb3-414f8ffc6596 tempest-ServersNegativeTestJSON-10682783 None] Available shares ['osci02.corp.quobyte.com/cinder-vol-9609b486-9c89-4580-888b-fcc75878edac'] {{(pid=82719) _ensure_shares_mounted /opt/stack/cinder/cinder/volume/drivers/quobyte.py:641}}
Jan 21 20:00:53 devstack cinder-volume[82719]: DEBUG oslo_concurrency.lockutils [None req-024da702-442c-4638-afb3-414f8ffc6596 tempest-ServersNegativeTestJSON-10682783 None] Lock "quobyte_ensure" "released" by "cinder.volume.drivers.quobyte.QuobyteDriver._ensure_shares_mounted" :: held 0.006s {{(pid=82719) inner /opt/stack/data/venv/lib/python3.10/site-packages/oslo_concurrency/lockutils.py:424}}
Jan 21 20:00:53 devstack cinder-volume[82719]: DEBUG oslo_concurrency.processutils [None req-024da702-442c-4638-afb3-414f8ffc6596 tempest-ServersNegativeTestJSON-10682783 None] Running cmd (subprocess): sudo cinder-rootwrap /etc/cinder/rootwrap.conf df --portability --block-size 1 /opt/stack/data/cinder/mnt/76411d5578df3b60f80e133ff581f1d2 {{(pid=82719) execute /opt/stack/data/venv/lib/python3.10/site-packages/oslo_concurrency/processutils.py:349}}
Jan 21 20:00:53 devstack sudo[92646]: quobyte : PWD=/ ; USER=root ; COMMAND=/opt/stack/data/venv/bin/cinder-rootwrap /etc/cinder/rootwrap.conf df --portability --block-size 1 /opt/stack/data/cinder/mnt/76411d5578df3b60f80e133ff581f1d2
Jan 21 20:00:53 devstack sudo[92646]: pam_unix(sudo:session): session opened for user root(uid=0) by (uid=1000)
Jan 21 20:00:53 devstack sudo[92636]: pam_unix(sudo:session): session closed for user root
Jan 21 20:00:53 devstack cinder-volume[82719]: DEBUG oslo_concurrency.processutils [None req-44343d20-f752-43d9-9f6c-28df67b267af tempest-GroupSnapshotsTest-813062097 None] CMD "sudo cinder-rootwrap /etc/cinder/rootwrap.conf qemu-img create -f qcow2 -o preallocation=metadata /opt/stack/data/cinder/mnt/76411d5578df3b60f80e133ff581f1d2/volume-310e0951-79cc-4f00-b076-4f95bf2af0aa 1073741824" returned: 0 in 0.670s {{(pid=82719) execute /opt/stack/data/venv/lib/python3.10/site-packages/oslo_concurrency/processutils.py:372}}
Jan 21 20:00:53 devstack cinder-volume[82719]: DEBUG oslo_concurrency.processutils [None req-44343d20-f752-43d9-9f6c-28df67b267af tempest-GroupSnapshotsTest-813062097 None] Running cmd (subprocess): sudo cinder-rootwrap /etc/cinder/rootwrap.conf chmod ugo+rw /opt/stack/data/cinder/mnt/76411d5578df3b60f80e133ff581f1d2/volume-310e0951-79cc-4f00-b076-4f95bf2af0aa {{(pid=82719) execute /opt/stack/data/venv/lib/python3.10/site-packages/oslo_concurrency/processutils.py:349}}
Jan 21 20:00:53 devstack sudo[92649]: quobyte : PWD=/ ; USER=root ; COMMAND=/opt/stack/data/venv/bin/cinder-rootwrap /etc/cinder/rootwrap.conf chmod ugo+rw /opt/stack/data/cinder/mnt/76411d5578df3b60f80e133ff581f1d2/volume-310e0951-79cc-4f00-b076-4f95bf2af0aa
Jan 21 20:00:53 devstack sudo[92649]: pam_unix(sudo:session): session opened for user root(uid=0) by (uid=1000)
Jan 21 20:00:53 devstack cinder-volume[82719]: DEBUG cinder.coordination [None req-4fdd8200-c096-4205-8844-91af177b8aba tempest-ServersNegativeTestJSON-10682783 None] Acquiring lock "cinder-961f52b8-452d-44c5-88de-e35732fa9b22-delete_volume" by "delete_volume" {{(pid=82719) __acquire /opt/stack/cinder/cinder/coordination.py:143}}
Jan 21 20:00:53 devstack cinder-volume[82719]: DEBUG cinder.coordination [None req-4fdd8200-c096-4205-8844-91af177b8aba tempest-ServersNegativeTestJSON-10682783 None] Lock "cinder-961f52b8-452d-44c5-88de-e35732fa9b22-delete_volume" acquired by "delete_volume" :: waited 0.012s {{(pid=82719) __acquire /opt/stack/cinder/cinder/coordination.py:146}}
Jan 21 20:00:53 devstack sudo[92646]: pam_unix(sudo:session): session closed for user root
Jan 21 20:00:53 devstack cinder-volume[82719]: DEBUG oslo_concurrency.processutils [None req-024da702-442c-4638-afb3-414f8ffc6596 tempest-ServersNegativeTestJSON-10682783 None] CMD "sudo cinder-rootwrap /etc/cinder/rootwrap.conf df --portability --block-size 1 /opt/stack/data/cinder/mnt/76411d5578df3b60f80e133ff581f1d2" returned: 0 in 0.543s {{(pid=82719) execute /opt/stack/data/venv/lib/python3.10/site-packages/oslo_concurrency/processutils.py:372}}
Jan 21 20:00:53 devstack cinder-volume[82719]: DEBUG cinder.manager [None req-024da702-442c-4638-afb3-414f8ffc6596 tempest-ServersNegativeTestJSON-10682783 None] Notifying Schedulers of capabilities ... {{(pid=82719) _publish_service_capabilities /opt/stack/cinder/cinder/manager.py:202}}
Jan 21 20:00:53 devstack cinder-volume[82719]: INFO cinder.volume.manager [None req-024da702-442c-4638-afb3-414f8ffc6596 tempest-ServersNegativeTestJSON-10682783 None] Deleted volume successfully.
Jan 21 20:00:53 devstack cinder-volume[82719]: WARNING cinder.volume.volume_utils [None req-4fdd8200-c096-4205-8844-91af177b8aba tempest-ServersNegativeTestJSON-10682783 None] Volume driver (QuobyteDriver 1.1.13) is currently unsupported and may be removed in the next release of OpenStack. Use at your own risk.
Jan 21 20:00:53 devstack cinder-volume[82719]: DEBUG cinder.coordination [None req-4fdd8200-c096-4205-8844-91af177b8aba tempest-ServersNegativeTestJSON-10682783 None] Acquiring lock "cinder-quobyte-961f52b8-452d-44c5-88de-e35732fa9b22" by "delete_volume" {{(pid=82719) __acquire /opt/stack/cinder/cinder/coordination.py:143}}
Jan 21 20:00:53 devstack cinder-volume[82719]: DEBUG cinder.coordination [None req-024da702-442c-4638-afb3-414f8ffc6596 tempest-ServersNegativeTestJSON-10682783 None] Lock "cinder-3188e987-4ab6-4988-9ea7-4ba96826c15b-delete_volume" released by "delete_volume" :: held 2.417s {{(pid=82719) __release /opt/stack/cinder/cinder/coordination.py:157}}
Jan 21 20:00:53 devstack cinder-volume[82719]: DEBUG cinder.coordination [None req-4fdd8200-c096-4205-8844-91af177b8aba tempest-ServersNegativeTestJSON-10682783 None] Lock "cinder-quobyte-961f52b8-452d-44c5-88de-e35732fa9b22" acquired by "delete_volume" :: waited 0.018s {{(pid=82719) __acquire /opt/stack/cinder/cinder/coordination.py:146}}
Jan 21 20:00:53 devstack cinder-volume[82719]: DEBUG oslo.privsep.daemon [-] privsep: reply[09bb1707-a53a-48e4-807a-45d08436ba84]: (4, 'qcow2') {{(pid=83628) _call_back /opt/stack/data/venv/lib/python3.10/site-packages/oslo_privsep/daemon.py:515}}
Jan 21 20:00:53 devstack cinder-volume[82719]: DEBUG oslo_concurrency.processutils [None req-4fdd8200-c096-4205-8844-91af177b8aba tempest-ServersNegativeTestJSON-10682783 None] Running cmd (subprocess): /opt/stack/data/venv/bin/python3.10 -m oslo_concurrency.prlimit --as=1073741824 --cpu=60 -- sudo cinder-rootwrap /etc/cinder/rootwrap.conf env LC_ALL=C qemu-img info -f qcow2 --output=json --force-share /opt/stack/data/cinder/mnt/76411d5578df3b60f80e133ff581f1d2/volume-961f52b8-452d-44c5-88de-e35732fa9b22 {{(pid=82719) execute /opt/stack/data/venv/lib/python3.10/site-packages/oslo_concurrency/processutils.py:349}}
Jan 21 20:00:53 devstack sudo[92652]: quobyte : PWD=/ ; USER=root ; COMMAND=/opt/stack/data/venv/bin/cinder-rootwrap /etc/cinder/rootwrap.conf env LC_ALL=C qemu-img info -f qcow2 --output=json --force-share /opt/stack/data/cinder/mnt/76411d5578df3b60f80e133ff581f1d2/volume-961f52b8-452d-44c5-88de-e35732fa9b22
Jan 21 20:00:53 devstack sudo[92652]: pam_unix(sudo:session): session opened for user root(uid=0) by (uid=1000)
Jan 21 20:00:53 devstack sudo[92649]: pam_unix(sudo:session): session closed for user root
Jan 21 20:00:53 devstack cinder-volume[82719]: DEBUG oslo_concurrency.processutils [None req-44343d20-f752-43d9-9f6c-28df67b267af tempest-GroupSnapshotsTest-813062097 None] CMD "sudo cinder-rootwrap /etc/cinder/rootwrap.conf chmod ugo+rw /opt/stack/data/cinder/mnt/76411d5578df3b60f80e133ff581f1d2/volume-310e0951-79cc-4f00-b076-4f95bf2af0aa" returned: 0 in 0.577s {{(pid=82719) execute /opt/stack/data/venv/lib/python3.10/site-packages/oslo_concurrency/processutils.py:372}}
Jan 21 20:00:53 devstack cinder-volume[82719]: DEBUG cinder.volume.drivers.quobyte [None req-44343d20-f752-43d9-9f6c-28df67b267af tempest-GroupSnapshotsTest-813062097 None] <== create_volume: return (1311ms) {'provider_location': 'osci02.corp.quobyte.com/cinder-vol-9609b486-9c89-4580-888b-fcc75878edac'} {{(pid=82719) trace_logging_wrapper /opt/stack/cinder/cinder/volume/volume_utils.py:1523}}
Jan 21 20:00:53 devstack cinder-volume[82719]: DEBUG oslo_concurrency.lockutils [None req-44343d20-f752-43d9-9f6c-28df67b267af tempest-GroupSnapshotsTest-813062097 None] Lock "quobyte" "released" by "cinder.volume.drivers.quobyte.QuobyteDriver.create_volume" :: held 1.315s {{(pid=82719) inner /opt/stack/data/venv/lib/python3.10/site-packages/oslo_concurrency/lockutils.py:424}}
Jan 21 20:00:54 devstack cinder-volume[82719]: DEBUG cinder.volume.manager [None req-44343d20-f752-43d9-9f6c-28df67b267af tempest-GroupSnapshotsTest-813062097 None] Task 'cinder.volume.flows.manager.create_volume.CreateVolumeFromSpecTask;volume:create' (a8d9caba-48df-4913-9441-7515dd0c9d55) transitioned into state 'SUCCESS' from state 'RUNNING' with result '{'status': 'creating', 'volume_name': 'volume-310e0951-79cc-4f00-b076-4f95bf2af0aa', 'volume_size': 1}' {{(pid=82719) _task_receiver /opt/stack/data/venv/lib/python3.10/site-packages/taskflow/listeners/logging.py:182}}
Jan 21 20:00:54 devstack cinder-volume[82719]: DEBUG cinder.volume.manager [None req-44343d20-f752-43d9-9f6c-28df67b267af tempest-GroupSnapshotsTest-813062097 None] Task 'cinder.volume.flows.manager.create_volume.CreateVolumeOnFinishTask;volume:create, create.end' (2bd9dfc9-4f85-4f7d-b474-15938ad07736) transitioned into state 'RUNNING' from state 'PENDING' {{(pid=82719) _task_receiver /opt/stack/data/venv/lib/python3.10/site-packages/taskflow/listeners/logging.py:194}}
Jan 21 20:00:54 devstack cinder-volume[82719]: INFO cinder.volume.flows.manager.create_volume [None req-44343d20-f752-43d9-9f6c-28df67b267af tempest-GroupSnapshotsTest-813062097 None] Volume volume-310e0951-79cc-4f00-b076-4f95bf2af0aa (310e0951-79cc-4f00-b076-4f95bf2af0aa): created successfully
Jan 21 20:00:54 devstack cinder-volume[82719]: DEBUG cinder.volume.manager [None req-44343d20-f752-43d9-9f6c-28df67b267af tempest-GroupSnapshotsTest-813062097 None] Task 'cinder.volume.flows.manager.create_volume.CreateVolumeOnFinishTask;volume:create, create.end' (2bd9dfc9-4f85-4f7d-b474-15938ad07736) transitioned into state 'SUCCESS' from state 'RUNNING' with result 'None' {{(pid=82719) _task_receiver /opt/stack/data/venv/lib/python3.10/site-packages/taskflow/listeners/logging.py:182}}
Jan 21 20:00:54 devstack cinder-volume[82719]: DEBUG cinder.volume.manager [None req-44343d20-f752-43d9-9f6c-28df67b267af tempest-GroupSnapshotsTest-813062097 None] Flow 'volume_create_manager' (7888758b-70e0-4400-8eb9-0c1d53aafaa9) transitioned into state 'SUCCESS' from state 'RUNNING' {{(pid=82719) _flow_receiver /opt/stack/data/venv/lib/python3.10/site-packages/taskflow/listeners/logging.py:145}}
Jan 21 20:00:54 devstack cinder-volume[82719]: INFO cinder.volume.manager [None req-44343d20-f752-43d9-9f6c-28df67b267af tempest-GroupSnapshotsTest-813062097 None] Created volume successfully.
Jan 21 20:00:54 devstack sudo[92652]: pam_unix(sudo:session): session closed for user root
Jan 21 20:00:54 devstack cinder-volume[82719]: DEBUG oslo_concurrency.processutils [None req-4fdd8200-c096-4205-8844-91af177b8aba tempest-ServersNegativeTestJSON-10682783 None] CMD "/opt/stack/data/venv/bin/python3.10 -m oslo_concurrency.prlimit --as=1073741824 --cpu=60 -- sudo cinder-rootwrap /etc/cinder/rootwrap.conf env LC_ALL=C qemu-img info -f qcow2 --output=json --force-share /opt/stack/data/cinder/mnt/76411d5578df3b60f80e133ff581f1d2/volume-961f52b8-452d-44c5-88de-e35732fa9b22" returned: 0 in 0.633s {{(pid=82719) execute /opt/stack/data/venv/lib/python3.10/site-packages/oslo_concurrency/processutils.py:372}}
Jan 21 20:00:54 devstack cinder-volume[82719]: DEBUG oslo_concurrency.processutils [None req-4fdd8200-c096-4205-8844-91af177b8aba tempest-ServersNegativeTestJSON-10682783 None] Running cmd (subprocess): sudo cinder-rootwrap /etc/cinder/rootwrap.conf rm -f /opt/stack/data/cinder/mnt/76411d5578df3b60f80e133ff581f1d2/volume-961f52b8-452d-44c5-88de-e35732fa9b22 {{(pid=82719) execute /opt/stack/data/venv/lib/python3.10/site-packages/oslo_concurrency/processutils.py:349}}
Jan 21 20:00:54 devstack sudo[92658]: quobyte : PWD=/ ; USER=root ; COMMAND=/opt/stack/data/venv/bin/cinder-rootwrap /etc/cinder/rootwrap.conf rm -f /opt/stack/data/cinder/mnt/76411d5578df3b60f80e133ff581f1d2/volume-961f52b8-452d-44c5-88de-e35732fa9b22
Jan 21 20:00:54 devstack sudo[92658]: pam_unix(sudo:session): session opened for user root(uid=0) by (uid=1000)
Jan 21 20:00:54 devstack cinder-volume[82719]: WARNING cinder.volume.volume_utils [None req-dd4136de-22d6-48b7-8642-c8194b3f3481 tempest-GroupSnapshotsTest-813062097 None] Volume driver (QuobyteDriver 1.1.13) is currently unsupported and may be removed in the next release of OpenStack. Use at your own risk.
Jan 21 20:00:54 devstack cinder-volume[82719]: INFO cinder.volume.manager [None req-dd4136de-22d6-48b7-8642-c8194b3f3481 tempest-GroupSnapshotsTest-813062097 None] Update group completed successfully.
Jan 21 20:00:54 devstack sudo[92658]: pam_unix(sudo:session): session closed for user root
Jan 21 20:00:54 devstack cinder-volume[82719]: DEBUG oslo_concurrency.processutils [None req-4fdd8200-c096-4205-8844-91af177b8aba tempest-ServersNegativeTestJSON-10682783 None] CMD "sudo cinder-rootwrap /etc/cinder/rootwrap.conf rm -f /opt/stack/data/cinder/mnt/76411d5578df3b60f80e133ff581f1d2/volume-961f52b8-452d-44c5-88de-e35732fa9b22" returned: 0 in 0.519s {{(pid=82719) execute /opt/stack/data/venv/lib/python3.10/site-packages/oslo_concurrency/processutils.py:372}}
Jan 21 20:00:54 devstack cinder-volume[82719]: DEBUG cinder.coordination [None req-4fdd8200-c096-4205-8844-91af177b8aba tempest-ServersNegativeTestJSON-10682783 None] Lock "cinder-quobyte-961f52b8-452d-44c5-88de-e35732fa9b22" released by "delete_volume" :: held 1.195s {{(pid=82719) __release /opt/stack/cinder/cinder/coordination.py:157}}
Jan 21 20:00:55 devstack cinder-volume[82719]: DEBUG cinder.quota [None req-4fdd8200-c096-4205-8844-91af177b8aba tempest-ServersNegativeTestJSON-10682783 None] Created reservations ['4f575a79-ef28-4b8a-97ad-d17dbd106e7f', 'cd7ba1cd-ac86-4876-aaef-79626f738eec', 'd51898b3-581b-4012-9f7f-6f5a2b00f4ce', 'aac875f8-f92e-4a9e-8a40-7e2cbdbebb9f'] {{(pid=82719) reserve /opt/stack/cinder/cinder/quota.py:752}}
Jan 21 20:00:55 devstack cinder-volume[82719]: DEBUG oslo_concurrency.lockutils [None req-4fdd8200-c096-4205-8844-91af177b8aba tempest-ServersNegativeTestJSON-10682783 None] Acquiring lock "quobyte_ensure" by "cinder.volume.drivers.quobyte.QuobyteDriver._ensure_shares_mounted" {{(pid=82719) inner /opt/stack/data/venv/lib/python3.10/site-packages/oslo_concurrency/lockutils.py:405}}
Jan 21 20:00:55 devstack cinder-volume[82719]: DEBUG oslo_concurrency.lockutils [None req-4fdd8200-c096-4205-8844-91af177b8aba tempest-ServersNegativeTestJSON-10682783 None] Lock "quobyte_ensure" acquired by "cinder.volume.drivers.quobyte.QuobyteDriver._ensure_shares_mounted" :: waited 0.001s {{(pid=82719) inner /opt/stack/data/venv/lib/python3.10/site-packages/oslo_concurrency/lockutils.py:410}}
Jan 21 20:00:55 devstack cinder-volume[82719]: DEBUG cinder.volume.drivers.quobyte [None req-4fdd8200-c096-4205-8844-91af177b8aba tempest-ServersNegativeTestJSON-10682783 None] Quobyte Volume URL set to: {'osci02.corp.quobyte.com/cinder-vol-9609b486-9c89-4580-888b-fcc75878edac': None} {{(pid=82719) _load_shares_config /opt/stack/cinder/cinder/volume/drivers/quobyte.py:611}}
Jan 21 20:00:55 devstack cinder-volume[82719]: DEBUG cinder.volume.drivers.quobyte [None req-4fdd8200-c096-4205-8844-91af177b8aba tempest-ServersNegativeTestJSON-10682783 None] Available shares ['osci02.corp.quobyte.com/cinder-vol-9609b486-9c89-4580-888b-fcc75878edac'] {{(pid=82719) _ensure_shares_mounted /opt/stack/cinder/cinder/volume/drivers/quobyte.py:641}}
Jan 21 20:00:55 devstack cinder-volume[82719]: DEBUG oslo_concurrency.lockutils [None req-4fdd8200-c096-4205-8844-91af177b8aba tempest-ServersNegativeTestJSON-10682783 None] Lock "quobyte_ensure" "released" by "cinder.volume.drivers.quobyte.QuobyteDriver._ensure_shares_mounted" :: held 0.009s {{(pid=82719) inner /opt/stack/data/venv/lib/python3.10/site-packages/oslo_concurrency/lockutils.py:424}}
Jan 21 20:00:55 devstack cinder-volume[82719]: DEBUG oslo_concurrency.processutils [None req-4fdd8200-c096-4205-8844-91af177b8aba tempest-ServersNegativeTestJSON-10682783 None] Running cmd (subprocess): sudo cinder-rootwrap /etc/cinder/rootwrap.conf df --portability --block-size 1 /opt/stack/data/cinder/mnt/76411d5578df3b60f80e133ff581f1d2 {{(pid=82719) execute /opt/stack/data/venv/lib/python3.10/site-packages/oslo_concurrency/processutils.py:349}}
Jan 21 20:00:55 devstack sudo[92664]: quobyte : PWD=/ ; USER=root ; COMMAND=/opt/stack/data/venv/bin/cinder-rootwrap /etc/cinder/rootwrap.conf df --portability --block-size 1 /opt/stack/data/cinder/mnt/76411d5578df3b60f80e133ff581f1d2
Jan 21 20:00:55 devstack sudo[92664]: pam_unix(sudo:session): session opened for user root(uid=0) by (uid=1000)
Jan 21 20:00:55 devstack sudo[92664]: pam_unix(sudo:session): session closed for user root
Jan 21 20:00:55 devstack cinder-volume[82719]: DEBUG oslo_concurrency.processutils [None req-4fdd8200-c096-4205-8844-91af177b8aba tempest-ServersNegativeTestJSON-10682783 None] CMD "sudo cinder-rootwrap /etc/cinder/rootwrap.conf df --portability --block-size 1 /opt/stack/data/cinder/mnt/76411d5578df3b60f80e133ff581f1d2" returned: 0 in 0.489s {{(pid=82719) execute /opt/stack/data/venv/lib/python3.10/site-packages/oslo_concurrency/processutils.py:372}}
Jan 21 20:00:55 devstack cinder-volume[82719]: DEBUG cinder.manager [None req-4fdd8200-c096-4205-8844-91af177b8aba tempest-ServersNegativeTestJSON-10682783 None] Notifying Schedulers of capabilities ... {{(pid=82719) _publish_service_capabilities /opt/stack/cinder/cinder/manager.py:202}}
Jan 21 20:00:55 devstack cinder-volume[82719]: INFO cinder.volume.manager [None req-4fdd8200-c096-4205-8844-91af177b8aba tempest-ServersNegativeTestJSON-10682783 None] Deleted volume successfully.
Jan 21 20:00:55 devstack cinder-volume[82719]: DEBUG cinder.coordination [None req-4fdd8200-c096-4205-8844-91af177b8aba tempest-ServersNegativeTestJSON-10682783 None] Lock "cinder-961f52b8-452d-44c5-88de-e35732fa9b22-delete_volume" released by "delete_volume" :: held 1.888s {{(pid=82719) __release /opt/stack/cinder/cinder/coordination.py:157}}
Jan 21 20:00:56 devstack cinder-volume[82719]: WARNING cinder.volume.volume_utils [None req-7df8baaf-9f34-4233-8d17-3f09adb609f0 tempest-GroupSnapshotsTest-813062097 None] Volume driver (QuobyteDriver 1.1.13) is currently unsupported and may be removed in the next release of OpenStack. Use at your own risk.
Jan 21 20:00:56 devstack cinder-volume[82719]: INFO cinder.volume.manager [None req-7df8baaf-9f34-4233-8d17-3f09adb609f0 tempest-GroupSnapshotsTest-813062097 None] Update group completed successfully.
Jan 21 20:00:57 devstack cinder-volume[82719]: WARNING cinder.volume.volume_utils [None req-1a94e2ce-6ee6-4ece-b926-814170505347 tempest-GroupSnapshotsTest-813062097 None] Volume driver (QuobyteDriver 1.1.13) is currently unsupported and may be removed in the next release of OpenStack. Use at your own risk.
Jan 21 20:00:57 devstack cinder-volume[82719]: INFO cinder.volume.manager [None req-1a94e2ce-6ee6-4ece-b926-814170505347 tempest-GroupSnapshotsTest-813062097 None] Update group completed successfully.
Jan 21 20:00:58 devstack cinder-volume[82719]: WARNING cinder.volume.volume_utils [None req-c8622eb4-a7a9-42ed-95bf-8ef61c19772f tempest-GroupSnapshotsTest-813062097 None] Volume driver (QuobyteDriver 1.1.13) is currently unsupported and may be removed in the next release of OpenStack. Use at your own risk.
Jan 21 20:00:58 devstack cinder-volume[82719]: INFO cinder.volume.manager [None req-c8622eb4-a7a9-42ed-95bf-8ef61c19772f tempest-GroupSnapshotsTest-813062097 None] Update group completed successfully.
Jan 21 20:00:59 devstack cinder-volume[82719]: INFO cinder.volume.manager [None req-06b849d1-7309-44be-a469-8d1fd85b0ae9 tempest-GroupSnapshotsTest-813062097 None] GroupSnapshot bd2f4a9d-0be2-4570-b814-e1304ef7edbe: creating.
Jan 21 20:00:59 devstack cinder-volume[82719]: WARNING cinder.volume.volume_utils [None req-06b849d1-7309-44be-a469-8d1fd85b0ae9 tempest-GroupSnapshotsTest-813062097 None] Volume driver (QuobyteDriver 1.1.13) is currently unsupported and may be removed in the next release of OpenStack. Use at your own risk.
Jan 21 20:00:59 devstack cinder-volume[82719]: DEBUG cinder.volume.manager [None req-06b849d1-7309-44be-a469-8d1fd85b0ae9 tempest-GroupSnapshotsTest-813062097 None] Group snapshot bd2f4a9d-0be2-4570-b814-e1304ef7edbe: creating. {{(pid=82719) create_group_snapshot /opt/stack/cinder/cinder/volume/manager.py:4144}}
Jan 21 20:00:59 devstack cinder-volume[82719]: DEBUG oslo_concurrency.lockutils [None req-06b849d1-7309-44be-a469-8d1fd85b0ae9 tempest-GroupSnapshotsTest-813062097 None] Acquiring lock "quobyte" by "cinder.volume.drivers.quobyte.QuobyteDriver.create_snapshot" {{(pid=82719) inner /opt/stack/data/venv/lib/python3.10/site-packages/oslo_concurrency/lockutils.py:405}}
Jan 21 20:00:59 devstack cinder-volume[82719]: DEBUG oslo_concurrency.lockutils [None req-06b849d1-7309-44be-a469-8d1fd85b0ae9 tempest-GroupSnapshotsTest-813062097 None] Lock "quobyte" acquired by "cinder.volume.drivers.quobyte.QuobyteDriver.create_snapshot" :: waited 0.000s {{(pid=82719) inner /opt/stack/data/venv/lib/python3.10/site-packages/oslo_concurrency/lockutils.py:410}}
Jan 21 20:00:59 devstack cinder-volume[82719]: DEBUG cinder.volume.drivers.remotefs [None req-06b849d1-7309-44be-a469-8d1fd85b0ae9 tempest-GroupSnapshotsTest-813062097 None] Creating offline snapshot 06a3c5ec-51a3-42ca-961c-4350d5d72840 of volume 310e0951-79cc-4f00-b076-4f95bf2af0aa {{(pid=82719) _create_snapshot /opt/stack/cinder/cinder/volume/drivers/remotefs.py:1817}}
Jan 21 20:00:59 devstack cinder-volume[82719]: DEBUG oslo.privsep.daemon [-] privsep: reply[eee2e84b-fa8d-4730-a87e-55ea586c6d03]: (4, 'qcow2') {{(pid=83628) _call_back /opt/stack/data/venv/lib/python3.10/site-packages/oslo_privsep/daemon.py:515}}
Jan 21 20:00:59 devstack cinder-volume[82719]: DEBUG oslo_concurrency.processutils [None req-06b849d1-7309-44be-a469-8d1fd85b0ae9 tempest-GroupSnapshotsTest-813062097 None] Running cmd (subprocess): /opt/stack/data/venv/bin/python3.10 -m oslo_concurrency.prlimit --as=1073741824 --cpu=60 -- sudo cinder-rootwrap /etc/cinder/rootwrap.conf env LC_ALL=C qemu-img info -f qcow2 --output=json --force-share /opt/stack/data/cinder/mnt/76411d5578df3b60f80e133ff581f1d2/volume-310e0951-79cc-4f00-b076-4f95bf2af0aa {{(pid=82719) execute /opt/stack/data/venv/lib/python3.10/site-packages/oslo_concurrency/processutils.py:349}}
Jan 21 20:01:00 devstack sudo[92806]: quobyte : PWD=/ ; USER=root ; COMMAND=/opt/stack/data/venv/bin/cinder-rootwrap /etc/cinder/rootwrap.conf env LC_ALL=C qemu-img info -f qcow2 --output=json --force-share /opt/stack/data/cinder/mnt/76411d5578df3b60f80e133ff581f1d2/volume-310e0951-79cc-4f00-b076-4f95bf2af0aa
Jan 21 20:01:00 devstack sudo[92806]: pam_unix(sudo:session): session opened for user root(uid=0) by (uid=1000)
Jan 21 20:01:00 devstack sudo[92806]: pam_unix(sudo:session): session closed for user root
Jan 21 20:01:00 devstack cinder-volume[82719]: DEBUG oslo_concurrency.processutils [None req-06b849d1-7309-44be-a469-8d1fd85b0ae9 tempest-GroupSnapshotsTest-813062097 None] CMD "/opt/stack/data/venv/bin/python3.10 -m oslo_concurrency.prlimit --as=1073741824 --cpu=60 -- sudo cinder-rootwrap /etc/cinder/rootwrap.conf env LC_ALL=C qemu-img info -f qcow2 --output=json --force-share /opt/stack/data/cinder/mnt/76411d5578df3b60f80e133ff581f1d2/volume-310e0951-79cc-4f00-b076-4f95bf2af0aa" returned: 0 in 0.703s {{(pid=82719) execute /opt/stack/data/venv/lib/python3.10/site-packages/oslo_concurrency/processutils.py:372}}
Jan 21 20:01:00 devstack cinder-volume[82719]: DEBUG oslo_concurrency.processutils [None req-06b849d1-7309-44be-a469-8d1fd85b0ae9 tempest-GroupSnapshotsTest-813062097 None] Running cmd (subprocess): sudo cinder-rootwrap /etc/cinder/rootwrap.conf qemu-img create -f qcow2 -o backing_file=/opt/stack/data/cinder/mnt/76411d5578df3b60f80e133ff581f1d2/volume-310e0951-79cc-4f00-b076-4f95bf2af0aa,backing_fmt=qcow2 /opt/stack/data/cinder/mnt/76411d5578df3b60f80e133ff581f1d2/volume-310e0951-79cc-4f00-b076-4f95bf2af0aa.06a3c5ec-51a3-42ca-961c-4350d5d72840 1G {{(pid=82719) execute /opt/stack/data/venv/lib/python3.10/site-packages/oslo_concurrency/processutils.py:349}}
Jan 21 20:01:00 devstack sudo[92811]: quobyte : PWD=/ ; USER=root ; COMMAND=/opt/stack/data/venv/bin/cinder-rootwrap /etc/cinder/rootwrap.conf qemu-img create -f qcow2 -o backing_file=/opt/stack/data/cinder/mnt/76411d5578df3b60f80e133ff581f1d2/volume-310e0951-79cc-4f00-b076-4f95bf2af0aa,backing_fmt=qcow2 /opt/stack/data/cinder/mnt/76411d5578df3b60f80e133ff581f1d2/volume-310e0951-79cc-4f00-b076-4f95bf2af0aa.06a3c5ec-51a3-42ca-961c-4350d5d72840 1G
Jan 21 20:01:00 devstack sudo[92811]: pam_unix(sudo:session): session opened for user root(uid=0) by (uid=1000)
Jan 21 20:01:01 devstack sudo[92811]: pam_unix(sudo:session): session closed for user root
Jan 21 20:01:01 devstack cinder-volume[82719]: DEBUG oslo_concurrency.processutils [None req-06b849d1-7309-44be-a469-8d1fd85b0ae9 tempest-GroupSnapshotsTest-813062097 None] CMD "sudo cinder-rootwrap /etc/cinder/rootwrap.conf qemu-img create -f qcow2 -o backing_file=/opt/stack/data/cinder/mnt/76411d5578df3b60f80e133ff581f1d2/volume-310e0951-79cc-4f00-b076-4f95bf2af0aa,backing_fmt=qcow2 /opt/stack/data/cinder/mnt/76411d5578df3b60f80e133ff581f1d2/volume-310e0951-79cc-4f00-b076-4f95bf2af0aa.06a3c5ec-51a3-42ca-961c-4350d5d72840 1G" returned: 0 in 0.757s {{(pid=82719) execute /opt/stack/data/venv/lib/python3.10/site-packages/oslo_concurrency/processutils.py:372}}
Jan 21 20:01:01 devstack cinder-volume[82719]: DEBUG oslo_concurrency.processutils [None req-06b849d1-7309-44be-a469-8d1fd85b0ae9 tempest-GroupSnapshotsTest-813062097 None] Running cmd (subprocess): sudo cinder-rootwrap /etc/cinder/rootwrap.conf qemu-img rebase -u -b volume-310e0951-79cc-4f00-b076-4f95bf2af0aa -F qcow2 /opt/stack/data/cinder/mnt/76411d5578df3b60f80e133ff581f1d2/volume-310e0951-79cc-4f00-b076-4f95bf2af0aa.06a3c5ec-51a3-42ca-961c-4350d5d72840 {{(pid=82719) execute /opt/stack/data/venv/lib/python3.10/site-packages/oslo_concurrency/processutils.py:349}}
Jan 21 20:01:01 devstack sudo[92816]: quobyte : PWD=/ ; USER=root ; COMMAND=/opt/stack/data/venv/bin/cinder-rootwrap /etc/cinder/rootwrap.conf qemu-img rebase -u -b volume-310e0951-79cc-4f00-b076-4f95bf2af0aa -F qcow2 /opt/stack/data/cinder/mnt/76411d5578df3b60f80e133ff581f1d2/volume-310e0951-79cc-4f00-b076-4f95bf2af0aa.06a3c5ec-51a3-42ca-961c-4350d5d72840
Jan 21 20:01:01 devstack sudo[92816]: pam_unix(sudo:session): session opened for user root(uid=0) by (uid=1000)
Jan 21 20:01:02 devstack sudo[92816]: pam_unix(sudo:session): session closed for user root
Jan 21 20:01:02 devstack cinder-volume[82719]: DEBUG oslo_concurrency.processutils [None req-06b849d1-7309-44be-a469-8d1fd85b0ae9 tempest-GroupSnapshotsTest-813062097 None] CMD "sudo cinder-rootwrap /etc/cinder/rootwrap.conf qemu-img rebase -u -b volume-310e0951-79cc-4f00-b076-4f95bf2af0aa -F qcow2 /opt/stack/data/cinder/mnt/76411d5578df3b60f80e133ff581f1d2/volume-310e0951-79cc-4f00-b076-4f95bf2af0aa.06a3c5ec-51a3-42ca-961c-4350d5d72840" returned: 0 in 0.647s {{(pid=82719) execute /opt/stack/data/venv/lib/python3.10/site-packages/oslo_concurrency/processutils.py:372}}
Jan 21 20:01:02 devstack cinder-volume[82719]: WARNING cinder.volume.drivers.remotefs [None req-06b849d1-7309-44be-a469-8d1fd85b0ae9 tempest-GroupSnapshotsTest-813062097 None] /opt/stack/data/cinder/mnt/76411d5578df3b60f80e133ff581f1d2/volume-310e0951-79cc-4f00-b076-4f95bf2af0aa.06a3c5ec-51a3-42ca-961c-4350d5d72840 is being set with open permissions: ugo+rw: NotImplementedError
Jan 21 20:01:02 devstack cinder-volume[82719]: DEBUG oslo_concurrency.processutils [None req-06b849d1-7309-44be-a469-8d1fd85b0ae9 tempest-GroupSnapshotsTest-813062097 None] Running cmd (subprocess): sudo cinder-rootwrap /etc/cinder/rootwrap.conf chmod ugo+rw /opt/stack/data/cinder/mnt/76411d5578df3b60f80e133ff581f1d2/volume-310e0951-79cc-4f00-b076-4f95bf2af0aa.06a3c5ec-51a3-42ca-961c-4350d5d72840 {{(pid=82719) execute /opt/stack/data/venv/lib/python3.10/site-packages/oslo_concurrency/processutils.py:349}}
Jan 21 20:01:02 devstack sudo[92823]: quobyte : PWD=/ ; USER=root ; COMMAND=/opt/stack/data/venv/bin/cinder-rootwrap /etc/cinder/rootwrap.conf chmod ugo+rw /opt/stack/data/cinder/mnt/76411d5578df3b60f80e133ff581f1d2/volume-310e0951-79cc-4f00-b076-4f95bf2af0aa.06a3c5ec-51a3-42ca-961c-4350d5d72840
Jan 21 20:01:02 devstack sudo[92823]: pam_unix(sudo:session): session opened for user root(uid=0) by (uid=1000)
Jan 21 20:01:02 devstack sudo[92823]: pam_unix(sudo:session): session closed for user root
Jan 21 20:01:02 devstack cinder-volume[82719]: DEBUG oslo_concurrency.processutils [None req-06b849d1-7309-44be-a469-8d1fd85b0ae9 tempest-GroupSnapshotsTest-813062097 None] CMD "sudo cinder-rootwrap /etc/cinder/rootwrap.conf chmod ugo+rw /opt/stack/data/cinder/mnt/76411d5578df3b60f80e133ff581f1d2/volume-310e0951-79cc-4f00-b076-4f95bf2af0aa.06a3c5ec-51a3-42ca-961c-4350d5d72840" returned: 0 in 0.502s {{(pid=82719) execute /opt/stack/data/venv/lib/python3.10/site-packages/oslo_concurrency/processutils.py:372}}
Jan 21 20:01:02 devstack cinder-volume[82719]: DEBUG oslo_concurrency.processutils [None req-06b849d1-7309-44be-a469-8d1fd85b0ae9 tempest-GroupSnapshotsTest-813062097 None] Running cmd (subprocess): sudo cinder-rootwrap /etc/cinder/rootwrap.conf truncate -s0 /opt/stack/data/cinder/mnt/76411d5578df3b60f80e133ff581f1d2/volume-310e0951-79cc-4f00-b076-4f95bf2af0aa.info {{(pid=82719) execute /opt/stack/data/venv/lib/python3.10/site-packages/oslo_concurrency/processutils.py:349}}
Jan 21 20:01:02 devstack sudo[92826]: quobyte : PWD=/ ; USER=root ; COMMAND=/opt/stack/data/venv/bin/cinder-rootwrap /etc/cinder/rootwrap.conf truncate -s0 /opt/stack/data/cinder/mnt/76411d5578df3b60f80e133ff581f1d2/volume-310e0951-79cc-4f00-b076-4f95bf2af0aa.info
Jan 21 20:01:02 devstack sudo[92826]: pam_unix(sudo:session): session opened for user root(uid=0) by (uid=1000)
Jan 21 20:01:03 devstack sudo[92826]: pam_unix(sudo:session): session closed for user root
Jan 21 20:01:03 devstack cinder-volume[82719]: DEBUG oslo_concurrency.processutils [None req-06b849d1-7309-44be-a469-8d1fd85b0ae9 tempest-GroupSnapshotsTest-813062097 None] CMD "sudo cinder-rootwrap /etc/cinder/rootwrap.conf truncate -s0 /opt/stack/data/cinder/mnt/76411d5578df3b60f80e133ff581f1d2/volume-310e0951-79cc-4f00-b076-4f95bf2af0aa.info" returned: 0 in 0.577s {{(pid=82719) execute /opt/stack/data/venv/lib/python3.10/site-packages/oslo_concurrency/processutils.py:372}}
Jan 21 20:01:03 devstack cinder-volume[82719]: WARNING cinder.volume.drivers.remotefs [None req-06b849d1-7309-44be-a469-8d1fd85b0ae9 tempest-GroupSnapshotsTest-813062097 None] /opt/stack/data/cinder/mnt/76411d5578df3b60f80e133ff581f1d2/volume-310e0951-79cc-4f00-b076-4f95bf2af0aa.info is being set with open permissions: ugo+rw: NotImplementedError
Jan 21 20:01:03 devstack cinder-volume[82719]: DEBUG oslo_concurrency.processutils [None req-06b849d1-7309-44be-a469-8d1fd85b0ae9 tempest-GroupSnapshotsTest-813062097 None] Running cmd (subprocess): sudo cinder-rootwrap /etc/cinder/rootwrap.conf chmod ugo+rw /opt/stack/data/cinder/mnt/76411d5578df3b60f80e133ff581f1d2/volume-310e0951-79cc-4f00-b076-4f95bf2af0aa.info {{(pid=82719) execute /opt/stack/data/venv/lib/python3.10/site-packages/oslo_concurrency/processutils.py:349}}
Jan 21 20:01:03 devstack sudo[92829]: quobyte : PWD=/ ; USER=root ; COMMAND=/opt/stack/data/venv/bin/cinder-rootwrap /etc/cinder/rootwrap.conf chmod ugo+rw /opt/stack/data/cinder/mnt/76411d5578df3b60f80e133ff581f1d2/volume-310e0951-79cc-4f00-b076-4f95bf2af0aa.info
Jan 21 20:01:03 devstack sudo[92829]: pam_unix(sudo:session): session opened for user root(uid=0) by (uid=1000)
Jan 21 20:01:03 devstack sudo[92829]: pam_unix(sudo:session): session closed for user root
Jan 21 20:01:03 devstack cinder-volume[82719]: DEBUG oslo_concurrency.processutils [None req-06b849d1-7309-44be-a469-8d1fd85b0ae9 tempest-GroupSnapshotsTest-813062097 None] CMD "sudo cinder-rootwrap /etc/cinder/rootwrap.conf chmod ugo+rw /opt/stack/data/cinder/mnt/76411d5578df3b60f80e133ff581f1d2/volume-310e0951-79cc-4f00-b076-4f95bf2af0aa.info" returned: 0 in 0.495s {{(pid=82719) execute /opt/stack/data/venv/lib/python3.10/site-packages/oslo_concurrency/processutils.py:372}}
Jan 21 20:01:03 devstack cinder-volume[82719]: DEBUG oslo_concurrency.lockutils [None req-06b849d1-7309-44be-a469-8d1fd85b0ae9 tempest-GroupSnapshotsTest-813062097 None] Lock "quobyte" "released" by "cinder.volume.drivers.quobyte.QuobyteDriver.create_snapshot" :: held 3.764s {{(pid=82719) inner /opt/stack/data/venv/lib/python3.10/site-packages/oslo_concurrency/lockutils.py:424}}
Jan 21 20:01:03 devstack cinder-volume[82719]: DEBUG oslo_concurrency.lockutils [None req-06b849d1-7309-44be-a469-8d1fd85b0ae9 tempest-GroupSnapshotsTest-813062097 None] Acquiring lock "quobyte" by "cinder.volume.drivers.quobyte.QuobyteDriver.create_snapshot" {{(pid=82719) inner /opt/stack/data/venv/lib/python3.10/site-packages/oslo_concurrency/lockutils.py:405}}
Jan 21 20:01:03 devstack cinder-volume[82719]: DEBUG oslo_concurrency.lockutils [None req-06b849d1-7309-44be-a469-8d1fd85b0ae9 tempest-GroupSnapshotsTest-813062097 None] Lock "quobyte" acquired by "cinder.volume.drivers.quobyte.QuobyteDriver.create_snapshot" :: waited 0.001s {{(pid=82719) inner /opt/stack/data/venv/lib/python3.10/site-packages/oslo_concurrency/lockutils.py:410}}
Jan 21 20:01:03 devstack cinder-volume[82719]: DEBUG cinder.volume.drivers.remotefs [None req-06b849d1-7309-44be-a469-8d1fd85b0ae9 tempest-GroupSnapshotsTest-813062097 None] Creating offline snapshot 3ea80a10-2c3e-4255-9179-2b347ff9d390 of volume ebeca2fc-1e3b-4dbe-a897-fbef841367a1 {{(pid=82719) _create_snapshot /opt/stack/cinder/cinder/volume/drivers/remotefs.py:1817}}
Jan 21 20:01:03 devstack cinder-volume[82719]: DEBUG oslo.privsep.daemon [-] privsep: reply[6237744c-f9ef-4107-bef0-c8e456214271]: (4, 'qcow2') {{(pid=83628) _call_back /opt/stack/data/venv/lib/python3.10/site-packages/oslo_privsep/daemon.py:515}}
Jan 21 20:01:03 devstack cinder-volume[82719]: DEBUG oslo_concurrency.processutils [None req-06b849d1-7309-44be-a469-8d1fd85b0ae9 tempest-GroupSnapshotsTest-813062097 None] Running cmd (subprocess): /opt/stack/data/venv/bin/python3.10 -m oslo_concurrency.prlimit --as=1073741824 --cpu=60 -- sudo cinder-rootwrap /etc/cinder/rootwrap.conf env LC_ALL=C qemu-img info -f qcow2 --output=json --force-share /opt/stack/data/cinder/mnt/76411d5578df3b60f80e133ff581f1d2/volume-ebeca2fc-1e3b-4dbe-a897-fbef841367a1 {{(pid=82719) execute /opt/stack/data/venv/lib/python3.10/site-packages/oslo_concurrency/processutils.py:349}}
Jan 21 20:01:03 devstack sudo[92832]: quobyte : PWD=/ ; USER=root ; COMMAND=/opt/stack/data/venv/bin/cinder-rootwrap /etc/cinder/rootwrap.conf env LC_ALL=C qemu-img info -f qcow2 --output=json --force-share /opt/stack/data/cinder/mnt/76411d5578df3b60f80e133ff581f1d2/volume-ebeca2fc-1e3b-4dbe-a897-fbef841367a1
Jan 21 20:01:03 devstack sudo[92832]: pam_unix(sudo:session): session opened for user root(uid=0) by (uid=1000)
Jan 21 20:01:04 devstack sudo[92832]: pam_unix(sudo:session): session closed for user root
Jan 21 20:01:04 devstack cinder-volume[82719]: DEBUG oslo_concurrency.processutils [None req-06b849d1-7309-44be-a469-8d1fd85b0ae9 tempest-GroupSnapshotsTest-813062097 None] CMD "/opt/stack/data/venv/bin/python3.10 -m oslo_concurrency.prlimit --as=1073741824 --cpu=60 -- sudo cinder-rootwrap /etc/cinder/rootwrap.conf env LC_ALL=C qemu-img info -f qcow2 --output=json --force-share /opt/stack/data/cinder/mnt/76411d5578df3b60f80e133ff581f1d2/volume-ebeca2fc-1e3b-4dbe-a897-fbef841367a1" returned: 0 in 0.640s {{(pid=82719) execute /opt/stack/data/venv/lib/python3.10/site-packages/oslo_concurrency/processutils.py:372}}
Jan 21 20:01:04 devstack cinder-volume[82719]: DEBUG oslo_concurrency.processutils [None req-06b849d1-7309-44be-a469-8d1fd85b0ae9 tempest-GroupSnapshotsTest-813062097 None] Running cmd (subprocess): sudo cinder-rootwrap /etc/cinder/rootwrap.conf qemu-img create -f qcow2 -o backing_file=/opt/stack/data/cinder/mnt/76411d5578df3b60f80e133ff581f1d2/volume-ebeca2fc-1e3b-4dbe-a897-fbef841367a1,backing_fmt=qcow2 /opt/stack/data/cinder/mnt/76411d5578df3b60f80e133ff581f1d2/volume-ebeca2fc-1e3b-4dbe-a897-fbef841367a1.3ea80a10-2c3e-4255-9179-2b347ff9d390 1G {{(pid=82719) execute /opt/stack/data/venv/lib/python3.10/site-packages/oslo_concurrency/processutils.py:349}}
Jan 21 20:01:04 devstack sudo[92837]: quobyte : PWD=/ ; USER=root ; COMMAND=/opt/stack/data/venv/bin/cinder-rootwrap /etc/cinder/rootwrap.conf qemu-img create -f qcow2 -o backing_file=/opt/stack/data/cinder/mnt/76411d5578df3b60f80e133ff581f1d2/volume-ebeca2fc-1e3b-4dbe-a897-fbef841367a1,backing_fmt=qcow2 /opt/stack/data/cinder/mnt/76411d5578df3b60f80e133ff581f1d2/volume-ebeca2fc-1e3b-4dbe-a897-fbef841367a1.3ea80a10-2c3e-4255-9179-2b347ff9d390 1G
Jan 21 20:01:04 devstack sudo[92837]: pam_unix(sudo:session): session opened for user root(uid=0) by (uid=1000)
Jan 21 20:01:05 devstack sudo[92837]: pam_unix(sudo:session): session closed for user root
Jan 21 20:01:05 devstack cinder-volume[82719]: DEBUG oslo_concurrency.processutils [None req-06b849d1-7309-44be-a469-8d1fd85b0ae9 tempest-GroupSnapshotsTest-813062097 None] CMD "sudo cinder-rootwrap /etc/cinder/rootwrap.conf qemu-img create -f qcow2 -o backing_file=/opt/stack/data/cinder/mnt/76411d5578df3b60f80e133ff581f1d2/volume-ebeca2fc-1e3b-4dbe-a897-fbef841367a1,backing_fmt=qcow2 /opt/stack/data/cinder/mnt/76411d5578df3b60f80e133ff581f1d2/volume-ebeca2fc-1e3b-4dbe-a897-fbef841367a1.3ea80a10-2c3e-4255-9179-2b347ff9d390 1G" returned: 0 in 0.692s {{(pid=82719) execute /opt/stack/data/venv/lib/python3.10/site-packages/oslo_concurrency/processutils.py:372}}
Jan 21 20:01:05 devstack cinder-volume[82719]: DEBUG oslo_concurrency.processutils [None req-06b849d1-7309-44be-a469-8d1fd85b0ae9 tempest-GroupSnapshotsTest-813062097 None] Running cmd (subprocess): sudo cinder-rootwrap /etc/cinder/rootwrap.conf qemu-img rebase -u -b volume-ebeca2fc-1e3b-4dbe-a897-fbef841367a1 -F qcow2 /opt/stack/data/cinder/mnt/76411d5578df3b60f80e133ff581f1d2/volume-ebeca2fc-1e3b-4dbe-a897-fbef841367a1.3ea80a10-2c3e-4255-9179-2b347ff9d390 {{(pid=82719) execute /opt/stack/data/venv/lib/python3.10/site-packages/oslo_concurrency/processutils.py:349}}
Jan 21 20:01:05 devstack sudo[92843]: quobyte : PWD=/ ; USER=root ; COMMAND=/opt/stack/data/venv/bin/cinder-rootwrap /etc/cinder/rootwrap.conf qemu-img rebase -u -b volume-ebeca2fc-1e3b-4dbe-a897-fbef841367a1 -F qcow2 /opt/stack/data/cinder/mnt/76411d5578df3b60f80e133ff581f1d2/volume-ebeca2fc-1e3b-4dbe-a897-fbef841367a1.3ea80a10-2c3e-4255-9179-2b347ff9d390
Jan 21 20:01:05 devstack sudo[92843]: pam_unix(sudo:session): session opened for user root(uid=0) by (uid=1000)
Jan 21 20:01:05 devstack sudo[92843]: pam_unix(sudo:session): session closed for user root
Jan 21 20:01:05 devstack cinder-volume[82719]: DEBUG oslo_concurrency.processutils [None req-06b849d1-7309-44be-a469-8d1fd85b0ae9 tempest-GroupSnapshotsTest-813062097 None] CMD "sudo cinder-rootwrap /etc/cinder/rootwrap.conf qemu-img rebase -u -b volume-ebeca2fc-1e3b-4dbe-a897-fbef841367a1 -F qcow2 /opt/stack/data/cinder/mnt/76411d5578df3b60f80e133ff581f1d2/volume-ebeca2fc-1e3b-4dbe-a897-fbef841367a1.3ea80a10-2c3e-4255-9179-2b347ff9d390" returned: 0 in 0.630s {{(pid=82719) execute /opt/stack/data/venv/lib/python3.10/site-packages/oslo_concurrency/processutils.py:372}}
Jan 21 20:01:05 devstack cinder-volume[82719]: WARNING cinder.volume.drivers.remotefs [None req-06b849d1-7309-44be-a469-8d1fd85b0ae9 tempest-GroupSnapshotsTest-813062097 None] /opt/stack/data/cinder/mnt/76411d5578df3b60f80e133ff581f1d2/volume-ebeca2fc-1e3b-4dbe-a897-fbef841367a1.3ea80a10-2c3e-4255-9179-2b347ff9d390 is being set with open permissions: ugo+rw: NotImplementedError
Jan 21 20:01:05 devstack cinder-volume[82719]: DEBUG oslo_concurrency.processutils [None req-06b849d1-7309-44be-a469-8d1fd85b0ae9 tempest-GroupSnapshotsTest-813062097 None] Running cmd (subprocess): sudo cinder-rootwrap /etc/cinder/rootwrap.conf chmod ugo+rw /opt/stack/data/cinder/mnt/76411d5578df3b60f80e133ff581f1d2/volume-ebeca2fc-1e3b-4dbe-a897-fbef841367a1.3ea80a10-2c3e-4255-9179-2b347ff9d390 {{(pid=82719) execute /opt/stack/data/venv/lib/python3.10/site-packages/oslo_concurrency/processutils.py:349}}
Jan 21 20:01:05 devstack sudo[92849]: quobyte : PWD=/ ; USER=root ; COMMAND=/opt/stack/data/venv/bin/cinder-rootwrap /etc/cinder/rootwrap.conf chmod ugo+rw /opt/stack/data/cinder/mnt/76411d5578df3b60f80e133ff581f1d2/volume-ebeca2fc-1e3b-4dbe-a897-fbef841367a1.3ea80a10-2c3e-4255-9179-2b347ff9d390
Jan 21 20:01:05 devstack sudo[92849]: pam_unix(sudo:session): session opened for user root(uid=0) by (uid=1000)
Jan 21 20:01:06 devstack sudo[92849]: pam_unix(sudo:session): session closed for user root
Jan 21 20:01:06 devstack cinder-volume[82719]: DEBUG oslo_concurrency.processutils [None req-06b849d1-7309-44be-a469-8d1fd85b0ae9 tempest-GroupSnapshotsTest-813062097 None] CMD "sudo cinder-rootwrap /etc/cinder/rootwrap.conf chmod ugo+rw /opt/stack/data/cinder/mnt/76411d5578df3b60f80e133ff581f1d2/volume-ebeca2fc-1e3b-4dbe-a897-fbef841367a1.3ea80a10-2c3e-4255-9179-2b347ff9d390" returned: 0 in 0.604s {{(pid=82719) execute /opt/stack/data/venv/lib/python3.10/site-packages/oslo_concurrency/processutils.py:372}}
Jan 21 20:01:06 devstack cinder-volume[82719]: DEBUG oslo_concurrency.processutils [None req-06b849d1-7309-44be-a469-8d1fd85b0ae9 tempest-GroupSnapshotsTest-813062097 None] Running cmd (subprocess): sudo cinder-rootwrap /etc/cinder/rootwrap.conf truncate -s0 /opt/stack/data/cinder/mnt/76411d5578df3b60f80e133ff581f1d2/volume-ebeca2fc-1e3b-4dbe-a897-fbef841367a1.info {{(pid=82719) execute /opt/stack/data/venv/lib/python3.10/site-packages/oslo_concurrency/processutils.py:349}}
Jan 21 20:01:06 devstack sudo[92853]: quobyte : PWD=/ ; USER=root ; COMMAND=/opt/stack/data/venv/bin/cinder-rootwrap /etc/cinder/rootwrap.conf truncate -s0 /opt/stack/data/cinder/mnt/76411d5578df3b60f80e133ff581f1d2/volume-ebeca2fc-1e3b-4dbe-a897-fbef841367a1.info
Jan 21 20:01:06 devstack sudo[92853]: pam_unix(sudo:session): session opened for user root(uid=0) by (uid=1000)
Jan 21 20:01:06 devstack sudo[92853]: pam_unix(sudo:session): session closed for user root
Jan 21 20:01:06 devstack cinder-volume[82719]: DEBUG oslo_concurrency.processutils [None req-06b849d1-7309-44be-a469-8d1fd85b0ae9 tempest-GroupSnapshotsTest-813062097 None] CMD "sudo cinder-rootwrap /etc/cinder/rootwrap.conf truncate -s0 /opt/stack/data/cinder/mnt/76411d5578df3b60f80e133ff581f1d2/volume-ebeca2fc-1e3b-4dbe-a897-fbef841367a1.info" returned: 0 in 0.531s {{(pid=82719) execute /opt/stack/data/venv/lib/python3.10/site-packages/oslo_concurrency/processutils.py:372}}
Jan 21 20:01:06 devstack cinder-volume[82719]: WARNING cinder.volume.drivers.remotefs [None req-06b849d1-7309-44be-a469-8d1fd85b0ae9 tempest-GroupSnapshotsTest-813062097 None] /opt/stack/data/cinder/mnt/76411d5578df3b60f80e133ff581f1d2/volume-ebeca2fc-1e3b-4dbe-a897-fbef841367a1.info is being set with open permissions: ugo+rw: NotImplementedError
Jan 21 20:01:06 devstack cinder-volume[82719]: DEBUG oslo_concurrency.processutils [None req-06b849d1-7309-44be-a469-8d1fd85b0ae9 tempest-GroupSnapshotsTest-813062097 None] Running cmd (subprocess): sudo cinder-rootwrap /etc/cinder/rootwrap.conf chmod ugo+rw /opt/stack/data/cinder/mnt/76411d5578df3b60f80e133ff581f1d2/volume-ebeca2fc-1e3b-4dbe-a897-fbef841367a1.info {{(pid=82719) execute /opt/stack/data/venv/lib/python3.10/site-packages/oslo_concurrency/processutils.py:349}}
Jan 21 20:01:06 devstack sudo[92856]: quobyte : PWD=/ ; USER=root ; COMMAND=/opt/stack/data/venv/bin/cinder-rootwrap /etc/cinder/rootwrap.conf chmod ugo+rw /opt/stack/data/cinder/mnt/76411d5578df3b60f80e133ff581f1d2/volume-ebeca2fc-1e3b-4dbe-a897-fbef841367a1.info
Jan 21 20:01:06 devstack sudo[92856]: pam_unix(sudo:session): session opened for user root(uid=0) by (uid=1000)
Jan 21 20:01:07 devstack sudo[92856]: pam_unix(sudo:session): session closed for user root
Jan 21 20:01:07 devstack cinder-volume[82719]: DEBUG oslo_concurrency.processutils [None req-06b849d1-7309-44be-a469-8d1fd85b0ae9 tempest-GroupSnapshotsTest-813062097 None] CMD "sudo cinder-rootwrap /etc/cinder/rootwrap.conf chmod ugo+rw /opt/stack/data/cinder/mnt/76411d5578df3b60f80e133ff581f1d2/volume-ebeca2fc-1e3b-4dbe-a897-fbef841367a1.info" returned: 0 in 0.476s {{(pid=82719) execute /opt/stack/data/venv/lib/python3.10/site-packages/oslo_concurrency/processutils.py:372}}
Jan 21 20:01:07 devstack cinder-volume[82719]: DEBUG oslo_concurrency.lockutils [None req-06b849d1-7309-44be-a469-8d1fd85b0ae9 tempest-GroupSnapshotsTest-813062097 None] Lock "quobyte" "released" by "cinder.volume.drivers.quobyte.QuobyteDriver.create_snapshot" :: held 3.644s {{(pid=82719) inner /opt/stack/data/venv/lib/python3.10/site-packages/oslo_concurrency/lockutils.py:424}}
Jan 21 20:01:09 devstack cinder-volume[82719]: INFO cinder.volume.manager [None req-06b849d1-7309-44be-a469-8d1fd85b0ae9 tempest-GroupSnapshotsTest-813062097 None] group_snapshot bd2f4a9d-0be2-4570-b814-e1304ef7edbe: created successfully
Jan 21 20:01:09 devstack cinder-volume[82719]: INFO cinder.volume.manager [None req-0a913106-7914-466f-b211-e1caed241ce1 tempest-GroupSnapshotsTest-813062097 None] group_snapshot bd2f4a9d-0be2-4570-b814-e1304ef7edbe: deleting
Jan 21 20:01:09 devstack cinder-volume[82719]: WARNING cinder.volume.volume_utils [None req-0a913106-7914-466f-b211-e1caed241ce1 tempest-GroupSnapshotsTest-813062097 None] Volume driver (QuobyteDriver 1.1.13) is currently unsupported and may be removed in the next release of OpenStack. Use at your own risk.
Jan 21 20:01:09 devstack cinder-volume[82719]: DEBUG cinder.volume.manager [None req-0a913106-7914-466f-b211-e1caed241ce1 tempest-GroupSnapshotsTest-813062097 None] group_snapshot bd2f4a9d-0be2-4570-b814-e1304ef7edbe: deleting {{(pid=82719) delete_group_snapshot /opt/stack/cinder/cinder/volume/manager.py:4319}}
Jan 21 20:01:09 devstack cinder-volume[82719]: DEBUG cinder.coordination [None req-0a913106-7914-466f-b211-e1caed241ce1 tempest-GroupSnapshotsTest-813062097 None] Acquiring lock "cinder-quobyte-310e0951-79cc-4f00-b076-4f95bf2af0aa" by "delete_snapshot" {{(pid=82719) __acquire /opt/stack/cinder/cinder/coordination.py:143}}
Jan 21 20:01:09 devstack cinder-volume[82719]: DEBUG cinder.coordination [None req-0a913106-7914-466f-b211-e1caed241ce1 tempest-GroupSnapshotsTest-813062097 None] Lock "cinder-quobyte-310e0951-79cc-4f00-b076-4f95bf2af0aa" acquired by "delete_snapshot" :: waited 0.010s {{(pid=82719) __acquire /opt/stack/cinder/cinder/coordination.py:146}}
