Aug 15 16:06:45 devstack devstack@g-api.service[84015]: DEBUG glance.common.config [None req-0b2d3bce-4c3b-462f-a5f4-032d70303e81 None None] barbican_service_user.cafile = None {{(pid=84015) log_opt_values /opt/stack/data/venv/lib/python3.12/site-packages/oslo_config/cfg.py:3560}}
Aug 15 16:06:45 devstack devstack@g-api.service[84015]: DEBUG glance.common.config [None req-0b2d3bce-4c3b-462f-a5f4-032d70303e81 None None] barbican_service_user.certfile = None {{(pid=84015) log_opt_values /opt/stack/data/venv/lib/python3.12/site-packages/oslo_config/cfg.py:3560}}
Aug 15 16:06:45 devstack devstack@g-api.service[84015]: DEBUG glance.common.config [None req-0b2d3bce-4c3b-462f-a5f4-032d70303e81 None None] barbican_service_user.collect_timing = False {{(pid=84015) log_opt_values /opt/stack/data/venv/lib/python3.12/site-packages/oslo_config/cfg.py:3560}}
Aug 15 16:06:45 devstack devstack@g-api.service[84015]: DEBUG glance.common.config [None req-0b2d3bce-4c3b-462f-a5f4-032d70303e81 None None] barbican_service_user.insecure = False {{(pid=84015) log_opt_values /opt/stack/data/venv/lib/python3.12/site-packages/oslo_config/cfg.py:3560}}
Aug 15 16:06:45 devstack devstack@g-api.service[84015]: DEBUG glance.common.config [None req-0b2d3bce-4c3b-462f-a5f4-032d70303e81 None None] barbican_service_user.keyfile = None {{(pid=84015) log_opt_values /opt/stack/data/venv/lib/python3.12/site-packages/oslo_config/cfg.py:3560}}
Aug 15 16:06:45 devstack devstack@g-api.service[84015]: DEBUG glance.common.config [None req-0b2d3bce-4c3b-462f-a5f4-032d70303e81 None None] barbican_service_user.split_loggers = False {{(pid=84015) log_opt_values /opt/stack/data/venv/lib/python3.12/site-packages/oslo_config/cfg.py:3560}}
Aug 15 16:06:45 devstack devstack@g-api.service[84015]: DEBUG glance.common.config [None req-0b2d3bce-4c3b-462f-a5f4-032d70303e81 None None] barbican_service_user.timeout = None {{(pid=84015) log_opt_values /opt/stack/data/venv/lib/python3.12/site-packages/oslo_config/cfg.py:3560}}
Aug 15 16:06:45 devstack devstack@g-api.service[84015]: DEBUG glance.common.config [None req-0b2d3bce-4c3b-462f-a5f4-032d70303e81 None None] database.asyncio_connection = **** {{(pid=84015) log_opt_values /opt/stack/data/venv/lib/python3.12/site-packages/oslo_config/cfg.py:3560}}
Aug 15 16:06:45 devstack devstack@g-api.service[84015]: DEBUG glance.common.config [None req-0b2d3bce-4c3b-462f-a5f4-032d70303e81 None None] database.asyncio_slave_connection = **** {{(pid=84015) log_opt_values /opt/stack/data/venv/lib/python3.12/site-packages/oslo_config/cfg.py:3560}}
Aug 15 16:06:45 devstack devstack@g-api.service[84015]: DEBUG glance.common.config [None req-0b2d3bce-4c3b-462f-a5f4-032d70303e81 None None] database.backend = sqlalchemy {{(pid=84015) log_opt_values /opt/stack/data/venv/lib/python3.12/site-packages/oslo_config/cfg.py:3560}}
Aug 15 16:06:45 devstack devstack@g-api.service[84015]: DEBUG glance.common.config [None req-0b2d3bce-4c3b-462f-a5f4-032d70303e81 None None] database.connection = **** {{(pid=84015) log_opt_values /opt/stack/data/venv/lib/python3.12/site-packages/oslo_config/cfg.py:3560}}
Aug 15 16:06:45 devstack devstack@g-api.service[84015]: DEBUG glance.common.config [None req-0b2d3bce-4c3b-462f-a5f4-032d70303e81 None None] database.connection_debug = 0 {{(pid=84015) log_opt_values /opt/stack/data/venv/lib/python3.12/site-packages/oslo_config/cfg.py:3560}}
Aug 15 16:06:45 devstack devstack@g-api.service[84015]: DEBUG glance.common.config [None req-0b2d3bce-4c3b-462f-a5f4-032d70303e81 None None] database.connection_parameters = {{(pid=84015) log_opt_values /opt/stack/data/venv/lib/python3.12/site-packages/oslo_config/cfg.py:3560}}
Aug 15 16:06:45 devstack devstack@g-api.service[84015]: DEBUG glance.common.config [None req-0b2d3bce-4c3b-462f-a5f4-032d70303e81 None None] database.connection_recycle_time = 3600 {{(pid=84015) log_opt_values /opt/stack/data/venv/lib/python3.12/site-packages/oslo_config/cfg.py:3560}}
Aug 15 16:06:45 devstack devstack@g-api.service[84015]: DEBUG glance.common.config [None req-0b2d3bce-4c3b-462f-a5f4-032d70303e81 None None] database.connection_trace = False {{(pid=84015) log_opt_values /opt/stack/data/venv/lib/python3.12/site-packages/oslo_config/cfg.py:3560}}
Aug 15 16:06:45 devstack devstack@g-api.service[84015]: DEBUG glance.common.config [None req-0b2d3bce-4c3b-462f-a5f4-032d70303e81 None None] database.db_inc_retry_interval = True {{(pid=84015) log_opt_values /opt/stack/data/venv/lib/python3.12/site-packages/oslo_config/cfg.py:3560}}
Aug 15 16:06:45 devstack devstack@g-api.service[84015]: DEBUG glance.common.config [None req-0b2d3bce-4c3b-462f-a5f4-032d70303e81 None None] database.db_max_retries = 20 {{(pid=84015) log_opt_values /opt/stack/data/venv/lib/python3.12/site-packages/oslo_config/cfg.py:3560}}
Aug 15 16:06:45 devstack devstack@g-api.service[84015]: DEBUG glance.common.config [None req-0b2d3bce-4c3b-462f-a5f4-032d70303e81 None None] database.db_max_retry_interval = 10 {{(pid=84015) log_opt_values /opt/stack/data/venv/lib/python3.12/site-packages/oslo_config/cfg.py:3560}}
Aug 15 16:06:45 devstack devstack@g-api.service[84015]: DEBUG glance.common.config [None req-0b2d3bce-4c3b-462f-a5f4-032d70303e81 None None] database.db_retry_interval = 1 {{(pid=84015) log_opt_values /opt/stack/data/venv/lib/python3.12/site-packages/oslo_config/cfg.py:3560}}
Aug 15 16:06:45 devstack devstack@g-api.service[84015]: DEBUG glance.common.config [None req-0b2d3bce-4c3b-462f-a5f4-032d70303e81 None None] database.max_overflow = 50 {{(pid=84015) log_opt_values /opt/stack/data/venv/lib/python3.12/site-packages/oslo_config/cfg.py:3560}}
Aug 15 16:06:45 devstack devstack@g-api.service[84015]: DEBUG glance.common.config [None req-0b2d3bce-4c3b-462f-a5f4-032d70303e81 None None] database.max_pool_size = 5 {{(pid=84015) log_opt_values /opt/stack/data/venv/lib/python3.12/site-packages/oslo_config/cfg.py:3560}}
Aug 15 16:06:45 devstack devstack@g-api.service[84015]: DEBUG glance.common.config [None req-0b2d3bce-4c3b-462f-a5f4-032d70303e81 None None] database.max_retries = 10 {{(pid=84015) log_opt_values /opt/stack/data/venv/lib/python3.12/site-packages/oslo_config/cfg.py:3560}}
Aug 15 16:06:45 devstack devstack@g-api.service[84015]: DEBUG glance.common.config [None req-0b2d3bce-4c3b-462f-a5f4-032d70303e81 None None] database.mysql_sql_mode = TRADITIONAL {{(pid=84015) log_opt_values /opt/stack/data/venv/lib/python3.12/site-packages/oslo_config/cfg.py:3560}}
Aug 15 16:06:45 devstack devstack@g-api.service[84015]: DEBUG glance.common.config [None req-0b2d3bce-4c3b-462f-a5f4-032d70303e81 None None] database.mysql_wsrep_sync_wait = None {{(pid=84015) log_opt_values /opt/stack/data/venv/lib/python3.12/site-packages/oslo_config/cfg.py:3560}}
Aug 15 16:06:45 devstack devstack@g-api.service[84015]: DEBUG glance.common.config [None req-0b2d3bce-4c3b-462f-a5f4-032d70303e81 None None] database.pool_timeout = None {{(pid=84015) log_opt_values /opt/stack/data/venv/lib/python3.12/site-packages/oslo_config/cfg.py:3560}}
Aug 15 16:06:45 devstack devstack@g-api.service[84015]: DEBUG glance.common.config [None req-0b2d3bce-4c3b-462f-a5f4-032d70303e81 None None] database.retry_interval = 10 {{(pid=84015) log_opt_values /opt/stack/data/venv/lib/python3.12/site-packages/oslo_config/cfg.py:3560}}
Aug 15 16:06:45 devstack devstack@g-api.service[84015]: DEBUG glance.common.config [None req-0b2d3bce-4c3b-462f-a5f4-032d70303e81 None None] database.slave_connection = **** {{(pid=84015) log_opt_values /opt/stack/data/venv/lib/python3.12/site-packages/oslo_config/cfg.py:3560}}
Aug 15 16:06:45 devstack devstack@g-api.service[84015]: DEBUG glance.common.config [None req-0b2d3bce-4c3b-462f-a5f4-032d70303e81 None None] database.sqlite_synchronous = True {{(pid=84015) log_opt_values /opt/stack/data/venv/lib/python3.12/site-packages/oslo_config/cfg.py:3560}}
Aug 15 16:06:45 devstack devstack@g-api.service[84015]: DEBUG glance.common.config [None req-0b2d3bce-4c3b-462f-a5f4-032d70303e81 None None] database.synchronous_reader = True {{(pid=84015) log_opt_values /opt/stack/data/venv/lib/python3.12/site-packages/oslo_config/cfg.py:3560}}
Aug 15 16:06:45 devstack devstack@g-api.service[84015]: DEBUG glance.common.config [None req-0b2d3bce-4c3b-462f-a5f4-032d70303e81 None None] database.use_db_reconnect = False {{(pid=84015) log_opt_values /opt/stack/data/venv/lib/python3.12/site-packages/oslo_config/cfg.py:3560}}
Aug 15 16:06:45 devstack devstack@g-api.service[84015]: DEBUG glance.common.config [None req-0b2d3bce-4c3b-462f-a5f4-032d70303e81 None None] healthcheck.allowed_source_ranges = [] {{(pid=84015) log_opt_values /opt/stack/data/venv/lib/python3.12/site-packages/oslo_config/cfg.py:3560}}
Aug 15 16:06:45 devstack devstack@g-api.service[84015]: DEBUG glance.common.config [None req-0b2d3bce-4c3b-462f-a5f4-032d70303e81 None None] healthcheck.backends = ['disable_by_file'] {{(pid=84015) log_opt_values /opt/stack/data/venv/lib/python3.12/site-packages/oslo_config/cfg.py:3560}}
Aug 15 16:06:45 devstack devstack@g-api.service[84015]: DEBUG glance.common.config [None req-0b2d3bce-4c3b-462f-a5f4-032d70303e81 None None] healthcheck.detailed = False {{(pid=84015) log_opt_values /opt/stack/data/venv/lib/python3.12/site-packages/oslo_config/cfg.py:3560}}
Aug 15 16:06:45 devstack devstack@g-api.service[84015]: DEBUG glance.common.config [None req-0b2d3bce-4c3b-462f-a5f4-032d70303e81 None None] healthcheck.disable_by_file_path = None {{(pid=84015) log_opt_values /opt/stack/data/venv/lib/python3.12/site-packages/oslo_config/cfg.py:3560}}
Aug 15 16:06:45 devstack devstack@g-api.service[84015]: DEBUG glance.common.config [None req-0b2d3bce-4c3b-462f-a5f4-032d70303e81 None None] healthcheck.ignore_proxied_requests = False {{(pid=84015) log_opt_values /opt/stack/data/venv/lib/python3.12/site-packages/oslo_config/cfg.py:3560}}
Aug 15 16:06:45 devstack devstack@g-api.service[84015]: DEBUG glance.common.config [None req-0b2d3bce-4c3b-462f-a5f4-032d70303e81 None None] ******************************************************************************** {{(pid=84015) log_opt_values /opt/stack/data/venv/lib/python3.12/site-packages/oslo_config/cfg.py:3567}}
Aug 15 16:06:45 devstack devstack@g-api.service[84015]: WSGI app 0 (mountpoint='') ready in 5 seconds on interpreter 0x7846f76a4668 pid: 84015 (default app)
Aug 15 16:06:48 devstack devstack@g-api.service[84016]: DEBUG glance.api.middleware.version_negotiation [None req-5361eed8-4d7f-41e2-ad7e-9be498598a29 None None] Determining version of request: GET / Accept: application/json {{(pid=84016) process_request /opt/stack/glance/glance/api/middleware/version_negotiation.py:44}}
Aug 15 16:06:48 devstack devstack@g-api.service[84016]: DEBUG glance.api.middleware.version_negotiation [None req-5361eed8-4d7f-41e2-ad7e-9be498598a29 None None] Using url versioning {{(pid=84016) process_request /opt/stack/glance/glance/api/middleware/version_negotiation.py:57}}
Aug 15 16:06:48 devstack devstack@g-api.service[84016]: DEBUG glance.api.middleware.version_negotiation [None req-5361eed8-4d7f-41e2-ad7e-9be498598a29 None None] Unknown version. Returning version choices. {{(pid=84016) process_request /opt/stack/glance/glance/api/middleware/version_negotiation.py:64}}
Aug 15 16:06:48 devstack devstack@g-api.service[84016]: [pid: 84016|app: 0|req: 2/2] 127.0.0.1 () {34 vars in 519 bytes} [Sat Aug 15 16:06:48 2026] GET / => generated 1571 bytes in 3 msecs (HTTP/1.1 300) 3 headers in 106 bytes (1 switches on core 0)
Aug 15 16:06:48 devstack devstack@g-api.service[84015]: DEBUG glance.api.middleware.version_negotiation [None req-0b2d3bce-4c3b-462f-a5f4-032d70303e81 None None] Determining version of request: POST /v2/images Accept: */* {{(pid=84015) process_request /opt/stack/glance/glance/api/middleware/version_negotiation.py:44}}
Aug 15 16:06:48 devstack devstack@g-api.service[84015]: DEBUG glance.api.middleware.version_negotiation [None req-0b2d3bce-4c3b-462f-a5f4-032d70303e81 None None] Using url versioning {{(pid=84015) process_request /opt/stack/glance/glance/api/middleware/version_negotiation.py:57}}
Aug 15 16:06:48 devstack devstack@g-api.service[84015]: DEBUG glance.api.middleware.version_negotiation [None req-0b2d3bce-4c3b-462f-a5f4-032d70303e81 None None] Matched version: v2 {{(pid=84015) process_request /opt/stack/glance/glance/api/middleware/version_negotiation.py:69}}
Aug 15 16:06:48 devstack devstack@g-api.service[84015]: DEBUG glance.api.middleware.version_negotiation [None req-0b2d3bce-4c3b-462f-a5f4-032d70303e81 None None] new path /v2/images {{(pid=84015) process_request /opt/stack/glance/glance/api/middleware/version_negotiation.py:70}}
Aug 15 16:06:50 devstack devstack@g-api.service[84015]: [pid: 84015|app: 0|req: 1/3] 127.0.0.1 () {40 vars in 782 bytes} [Sat Aug 15 16:06:48 2026] POST /v2/images => generated 807 bytes in 1143 msecs (HTTP/1.1 201) 6 headers in 314 bytes (1 switches on core 0)
Aug 15 16:06:50 devstack devstack@g-api.service[84016]: DEBUG glance.api.middleware.version_negotiation [None req-5361eed8-4d7f-41e2-ad7e-9be498598a29 None None] Determining version of request: PUT /v2/images/0e78c96d-34b7-4b21-8ccd-88b9f828d88a/file Accept: {{(pid=84016) process_request /opt/stack/glance/glance/api/middleware/version_negotiation.py:44}}
Aug 15 16:06:50 devstack devstack@g-api.service[84016]: DEBUG glance.api.middleware.version_negotiation [None req-5361eed8-4d7f-41e2-ad7e-9be498598a29 None None] Using url versioning {{(pid=84016) process_request /opt/stack/glance/glance/api/middleware/version_negotiation.py:57}}
Aug 15 16:06:50 devstack devstack@g-api.service[84016]: DEBUG glance.api.middleware.version_negotiation [None req-5361eed8-4d7f-41e2-ad7e-9be498598a29 None None] Matched version: v2 {{(pid=84016) process_request /opt/stack/glance/glance/api/middleware/version_negotiation.py:69}}
Aug 15 16:06:50 devstack devstack@g-api.service[84016]: DEBUG glance.api.middleware.version_negotiation [None req-5361eed8-4d7f-41e2-ad7e-9be498598a29 None None] new path /v2/images/0e78c96d-34b7-4b21-8ccd-88b9f828d88a/file {{(pid=84016) process_request /opt/stack/glance/glance/api/middleware/version_negotiation.py:70}}
Aug 15 16:06:50 devstack devstack@g-api.service[84016]: INFO glance.api.v2.image_data [None req-fe7cf314-e36e-4bd8-881c-b6c2fd909157 admin admin] Unable to create trust: no such option collect_timing in group [keystone_authtoken] Use the existing user token.
Aug 15 16:06:51 devstack devstack@g-api.service[84016]: DEBUG glance.location [None req-fe7cf314-e36e-4bd8-881c-b6c2fd909157 admin admin] Enabling in-flight format inspection for qcow2 {{(pid=84016) set_data /opt/stack/glance/glance/location.py:596}}
Aug 15 16:06:51 devstack devstack@g-api.service[84016]: DEBUG oslo_utils.imageutils.format_inspector [None req-fe7cf314-e36e-4bd8-881c-b6c2fd909157 admin admin] Format inspector for vmdk does not match, excluding from consideration (Signature KDMV not found: b'QFI\xfb') {{(pid=84016) _process_chunk /opt/stack/data/venv/lib/python3.12/site-packages/oslo_utils/imageutils/format_inspector.py:1758}}
Aug 15 16:06:51 devstack devstack@g-api.service[84016]: DEBUG oslo_utils.imageutils.format_inspector [None req-fe7cf314-e36e-4bd8-881c-b6c2fd909157 admin admin] Format inspector for vhdx does not match, excluding from consideration (Region signature not found at 30000) {{(pid=84016) _process_chunk /opt/stack/data/venv/lib/python3.12/site-packages/oslo_utils/imageutils/format_inspector.py:1758}}
Aug 15 16:06:51 devstack devstack@g-api.service[84016]: DEBUG glance_store._drivers.filesystem [None req-fe7cf314-e36e-4bd8-881c-b6c2fd909157 admin admin] Wrote 21692416 bytes to /opt/stack/data/glance/images/0e78c96d-34b7-4b21-8ccd-88b9f828d88a with checksum 87617e24a5e30cb3b87fda8c0764838f and multihash 9a9bce0083a00939ec17c11febbfc767aa211aaa54f51e75c5a8b271a9b5637c77205a518b7a2007cb391d23cceb01e0e4e8d64832317151bc85b734b92a7be0 {{(pid=84016) add /opt/stack/data/venv/lib/python3.12/site-packages/glance_store/_drivers/filesystem.py:899}}
Aug 15 16:06:51 devstack devstack@g-api.service[84016]: INFO glance.location [None req-fe7cf314-e36e-4bd8-881c-b6c2fd909157 admin admin] Image format matched and virtual size computed: 117440512
Aug 15 16:06:51 devstack devstack@g-api.service[84016]: DEBUG glance_store.backend [None req-fe7cf314-e36e-4bd8-881c-b6c2fd909157 admin admin] Skipping store.set_acls... not implemented. {{(pid=84016) set_acls /opt/stack/data/venv/lib/python3.12/site-packages/glance_store/backend.py:507}}
Aug 15 16:06:51 devstack devstack@g-api.service[84016]: [pid: 84016|app: 0|req: 3/4] 127.0.0.1 () {42 vars in 914 bytes} [Sat Aug 15 16:06:50 2026] PUT /v2/images/0e78c96d-34b7-4b21-8ccd-88b9f828d88a/file => generated 0 bytes in 1665 msecs (HTTP/1.1 204) 4 headers in 171 bytes (1 switches on core 0)
Aug 15 16:06:51 devstack devstack@g-api.service[84015]: DEBUG glance.api.middleware.version_negotiation [None req-ae6c30f6-4648-420e-935d-1efabbc66c88 admin admin] Determining version of request: GET /v2/images/0e78c96d-34b7-4b21-8ccd-88b9f828d88a Accept: */* {{(pid=84015) process_request /opt/stack/glance/glance/api/middleware/version_negotiation.py:44}}
Aug 15 16:06:51 devstack devstack@g-api.service[84015]: DEBUG glance.api.middleware.version_negotiation [None req-ae6c30f6-4648-420e-935d-1efabbc66c88 admin admin] Using url versioning {{(pid=84015) process_request /opt/stack/glance/glance/api/middleware/version_negotiation.py:57}}
Aug 15 16:06:51 devstack devstack@g-api.service[84015]: DEBUG glance.api.middleware.version_negotiation [None req-ae6c30f6-4648-420e-935d-1efabbc66c88 admin admin] Matched version: v2 {{(pid=84015) process_request /opt/stack/glance/glance/api/middleware/version_negotiation.py:69}}
Aug 15 16:06:51 devstack devstack@g-api.service[84015]: DEBUG glance.api.middleware.version_negotiation [None req-ae6c30f6-4648-420e-935d-1efabbc66c88 admin admin] new path /v2/images/0e78c96d-34b7-4b21-8ccd-88b9f828d88a {{(pid=84015) process_request /opt/stack/glance/glance/api/middleware/version_negotiation.py:70}}
Aug 15 16:06:51 devstack devstack@g-api.service[84015]: [pid: 84015|app: 0|req: 2/5] 127.0.0.1 () {36 vars in 802 bytes} [Sat Aug 15 16:06:51 2026] GET /v2/images/0e78c96d-34b7-4b21-8ccd-88b9f828d88a => generated 976 bytes in 19 msecs (HTTP/1.1 200) 4 headers in 157 bytes (1 switches on core 0)
Aug 15 16:07:01 devstack devstack@g-api.service[84016]: DEBUG dbcounter [-] [84016] Writing DB stats glance:INSERT=5,glance:SELECT=16,glance:UPDATE=2 {{(pid=84016) stat_writer /opt/stack/data/venv/lib/python3.12/site-packages/dbcounter.py:115}}
Aug 15 16:07:01 devstack devstack@g-api.service[84015]: DEBUG dbcounter [-] [84015] Writing DB stats glance:INSERT=9,glance:SELECT=6 {{(pid=84015) stat_writer /opt/stack/data/venv/lib/python3.12/site-packages/dbcounter.py:115}}
Aug 15 16:07:34 devstack devstack@g-api.service[84016]: DEBUG glance.api.middleware.version_negotiation [None req-fe7cf314-e36e-4bd8-881c-b6c2fd909157 admin admin] Determining version of request: GET / Accept: application/json {{(pid=84016) process_request /opt/stack/glance/glance/api/middleware/version_negotiation.py:44}}
Aug 15 16:07:34 devstack devstack@g-api.service[84016]: DEBUG glance.api.middleware.version_negotiation [None req-fe7cf314-e36e-4bd8-881c-b6c2fd909157 admin admin] Using url versioning {{(pid=84016) process_request /opt/stack/glance/glance/api/middleware/version_negotiation.py:57}}
Aug 15 16:07:34 devstack devstack@g-api.service[84016]: DEBUG glance.api.middleware.version_negotiation [None req-fe7cf314-e36e-4bd8-881c-b6c2fd909157 admin admin] Unknown version. Returning version choices. {{(pid=84016) process_request /opt/stack/glance/glance/api/middleware/version_negotiation.py:64}}
Aug 15 16:07:34 devstack devstack@g-api.service[84016]: [pid: 84016|app: 0|req: 4/6] 127.0.0.1 () {34 vars in 519 bytes} [Sat Aug 15 16:07:34 2026] GET / => generated 1571 bytes in 3 msecs (HTTP/1.1 300) 3 headers in 106 bytes (1 switches on core 0)
Aug 15 16:07:34 devstack devstack@g-api.service[84015]: DEBUG glance.api.middleware.version_negotiation [None req-b05a3713-b685-4306-aa04-edf4eb25e9a4 admin admin] Determining version of request: GET /v2/images Accept: application/json {{(pid=84015) process_request /opt/stack/glance/glance/api/middleware/version_negotiation.py:44}}
Aug 15 16:07:34 devstack devstack@g-api.service[84015]: DEBUG glance.api.middleware.version_negotiation [None req-b05a3713-b685-4306-aa04-edf4eb25e9a4 admin admin] Using url versioning {{(pid=84015) process_request /opt/stack/glance/glance/api/middleware/version_negotiation.py:57}}
Aug 15 16:07:34 devstack devstack@g-api.service[84015]: DEBUG glance.api.middleware.version_negotiation [None req-b05a3713-b685-4306-aa04-edf4eb25e9a4 admin admin] Matched version: v2 {{(pid=84015) process_request /opt/stack/glance/glance/api/middleware/version_negotiation.py:69}}
Aug 15 16:07:34 devstack devstack@g-api.service[84015]: DEBUG glance.api.middleware.version_negotiation [None req-b05a3713-b685-4306-aa04-edf4eb25e9a4 admin admin] new path /v2/images {{(pid=84015) process_request /opt/stack/glance/glance/api/middleware/version_negotiation.py:70}}
Aug 15 16:07:34 devstack devstack@g-api.service[84015]: [pid: 84015|app: 0|req: 3/7] 127.0.0.1 () {36 vars in 741 bytes} [Sat Aug 15 16:07:34 2026] GET /v2/images => generated 1045 bytes in 89 msecs (HTTP/1.1 200) 4 headers in 158 bytes (1 switches on core 0)
Aug 15 16:07:44 devstack devstack@g-api.service[84016]: DEBUG glance.api.middleware.version_negotiation [None req-fe7cf314-e36e-4bd8-881c-b6c2fd909157 admin admin] Determining version of request: GET / Accept: application/json {{(pid=84016) process_request /opt/stack/glance/glance/api/middleware/version_negotiation.py:44}}
Aug 15 16:07:44 devstack devstack@g-api.service[84016]: DEBUG glance.api.middleware.version_negotiation [None req-fe7cf314-e36e-4bd8-881c-b6c2fd909157 admin admin] Using url versioning {{(pid=84016) process_request /opt/stack/glance/glance/api/middleware/version_negotiation.py:57}}
Aug 15 16:07:44 devstack devstack@g-api.service[84016]: DEBUG glance.api.middleware.version_negotiation [None req-fe7cf314-e36e-4bd8-881c-b6c2fd909157 admin admin] Unknown version. Returning version choices. {{(pid=84016) process_request /opt/stack/glance/glance/api/middleware/version_negotiation.py:64}}
Aug 15 16:07:44 devstack devstack@g-api.service[84016]: [pid: 84016|app: 0|req: 5/8] 127.0.0.1 () {34 vars in 519 bytes} [Sat Aug 15 16:07:44 2026] GET / => generated 1571 bytes in 2 msecs (HTTP/1.1 300) 3 headers in 106 bytes (1 switches on core 0)
Aug 15 16:07:44 devstack devstack@g-api.service[84015]: DEBUG glance.api.middleware.version_negotiation [None req-7d9e461e-e13b-4dd1-b0b5-9408d05f81d1 admin admin] Determining version of request: GET /v2/images/0e78c96d-34b7-4b21-8ccd-88b9f828d88a Accept: */* {{(pid=84015) process_request /opt/stack/glance/glance/api/middleware/version_negotiation.py:44}}
Aug 15 16:07:44 devstack devstack@g-api.service[84015]: DEBUG glance.api.middleware.version_negotiation [None req-7d9e461e-e13b-4dd1-b0b5-9408d05f81d1 admin admin] Using url versioning {{(pid=84015) process_request /opt/stack/glance/glance/api/middleware/version_negotiation.py:57}}
Aug 15 16:07:44 devstack devstack@g-api.service[84015]: DEBUG glance.api.middleware.version_negotiation [None req-7d9e461e-e13b-4dd1-b0b5-9408d05f81d1 admin admin] Matched version: v2 {{(pid=84015) process_request /opt/stack/glance/glance/api/middleware/version_negotiation.py:69}}
Aug 15 16:07:44 devstack devstack@g-api.service[84015]: DEBUG glance.api.middleware.version_negotiation [None req-7d9e461e-e13b-4dd1-b0b5-9408d05f81d1 admin admin] new path /v2/images/0e78c96d-34b7-4b21-8ccd-88b9f828d88a {{(pid=84015) process_request /opt/stack/glance/glance/api/middleware/version_negotiation.py:70}}
Aug 15 16:07:44 devstack devstack@g-api.service[84015]: [pid: 84015|app: 0|req: 4/9] 127.0.0.1 () {36 vars in 802 bytes} [Sat Aug 15 16:07:44 2026] GET /v2/images/0e78c96d-34b7-4b21-8ccd-88b9f828d88a => generated 976 bytes in 67 msecs (HTTP/1.1 200) 4 headers in 157 bytes (1 switches on core 0)
Aug 15 16:07:50 devstack devstack@g-api.service[84016]: DEBUG glance.api.middleware.version_negotiation [None req-fe7cf314-e36e-4bd8-881c-b6c2fd909157 admin admin] Determining version of request: GET / Accept: application/json {{(pid=84016) process_request /opt/stack/glance/glance/api/middleware/version_negotiation.py:44}}
Aug 15 16:07:50 devstack devstack@g-api.service[84016]: DEBUG glance.api.middleware.version_negotiation [None req-fe7cf314-e36e-4bd8-881c-b6c2fd909157 admin admin] Using url versioning {{(pid=84016) process_request /opt/stack/glance/glance/api/middleware/version_negotiation.py:57}}
Aug 15 16:07:50 devstack devstack@g-api.service[84016]: DEBUG glance.api.middleware.version_negotiation [None req-fe7cf314-e36e-4bd8-881c-b6c2fd909157 admin admin] Unknown version. Returning version choices. {{(pid=84016) process_request /opt/stack/glance/glance/api/middleware/version_negotiation.py:64}}
Aug 15 16:07:50 devstack devstack@g-api.service[84016]: [pid: 84016|app: 0|req: 6/10] 127.0.0.1 () {34 vars in 519 bytes} [Sat Aug 15 16:07:50 2026] GET / => generated 1571 bytes in 2 msecs (HTTP/1.1 300) 3 headers in 106 bytes (1 switches on core 0)
Aug 15 16:07:50 devstack devstack@g-api.service[84015]: DEBUG glance.api.middleware.version_negotiation [None req-c8475166-5c97-49ef-980e-0e7ebaaa2ed0 admin admin] Determining version of request: GET /v2/images/0e78c96d-34b7-4b21-8ccd-88b9f828d88a Accept: */* {{(pid=84015) process_request /opt/stack/glance/glance/api/middleware/version_negotiation.py:44}}
Aug 15 16:07:50 devstack devstack@g-api.service[84015]: DEBUG glance.api.middleware.version_negotiation [None req-c8475166-5c97-49ef-980e-0e7ebaaa2ed0 admin admin] Using url versioning {{(pid=84015) process_request /opt/stack/glance/glance/api/middleware/version_negotiation.py:57}}
Aug 15 16:07:50 devstack devstack@g-api.service[84015]: DEBUG glance.api.middleware.version_negotiation [None req-c8475166-5c97-49ef-980e-0e7ebaaa2ed0 admin admin] Matched version: v2 {{(pid=84015) process_request /opt/stack/glance/glance/api/middleware/version_negotiation.py:69}}
Aug 15 16:07:50 devstack devstack@g-api.service[84015]: DEBUG glance.api.middleware.version_negotiation [None req-c8475166-5c97-49ef-980e-0e7ebaaa2ed0 admin admin] new path /v2/images/0e78c96d-34b7-4b21-8ccd-88b9f828d88a {{(pid=84015) process_request /opt/stack/glance/glance/api/middleware/version_negotiation.py:70}}
Aug 15 16:07:50 devstack devstack@g-api.service[84015]: [pid: 84015|app: 0|req: 5/11] 127.0.0.1 () {36 vars in 802 bytes} [Sat Aug 15 16:07:50 2026] GET /v2/images/0e78c96d-34b7-4b21-8ccd-88b9f828d88a => generated 976 bytes in 69 msecs (HTTP/1.1 200) 4 headers in 157 bytes (1 switches on core 0)
Aug 15 16:08:00 devstack devstack@g-api.service[84015]: DEBUG dbcounter [-] [84015] Writing DB stats glance:SELECT=5 {{(pid=84015) stat_writer /opt/stack/data/venv/lib/python3.12/site-packages/dbcounter.py:115}}
Aug 15 16:09:04 devstack devstack@g-api.service[84016]: DEBUG glance.api.middleware.version_negotiation [None req-fe7cf314-e36e-4bd8-881c-b6c2fd909157 admin admin] Determining version of request: GET / Accept: application/json {{(pid=84016) process_request /opt/stack/glance/glance/api/middleware/version_negotiation.py:44}}
Aug 15 16:09:04 devstack devstack@g-api.service[84016]: DEBUG glance.api.middleware.version_negotiation [None req-fe7cf314-e36e-4bd8-881c-b6c2fd909157 admin admin] Using url versioning {{(pid=84016) process_request /opt/stack/glance/glance/api/middleware/version_negotiation.py:57}}
Aug 15 16:09:04 devstack devstack@g-api.service[84016]: DEBUG glance.api.middleware.version_negotiation [None req-fe7cf314-e36e-4bd8-881c-b6c2fd909157 admin admin] Unknown version. Returning version choices. {{(pid=84016) process_request /opt/stack/glance/glance/api/middleware/version_negotiation.py:64}}
Aug 15 16:09:04 devstack devstack@g-api.service[84016]: [pid: 84016|app: 0|req: 7/12] 127.0.0.1 () {36 vars in 488 bytes} [Sat Aug 15 16:09:04 2026] GET / => generated 1571 bytes in 2 msecs (HTTP/1.1 300) 3 headers in 106 bytes (1 switches on core 0)
Aug 15 16:11:57 devstack devstack@g-api.service[84015]: DEBUG glance.api.middleware.version_negotiation [None req-2093a552-72a4-4cb4-9eca-ccdcfb6f4e13 admin admin] Determining version of request: GET / Accept: application/json {{(pid=84015) process_request /opt/stack/glance/glance/api/middleware/version_negotiation.py:44}}
Aug 15 16:11:57 devstack devstack@g-api.service[84015]: DEBUG glance.api.middleware.version_negotiation [None req-2093a552-72a4-4cb4-9eca-ccdcfb6f4e13 admin admin] Using url versioning {{(pid=84015) process_request /opt/stack/glance/glance/api/middleware/version_negotiation.py:57}}
Aug 15 16:11:57 devstack devstack@g-api.service[84015]: DEBUG glance.api.middleware.version_negotiation [None req-2093a552-72a4-4cb4-9eca-ccdcfb6f4e13 admin admin] Unknown version. Returning version choices. {{(pid=84015) process_request /opt/stack/glance/glance/api/middleware/version_negotiation.py:64}}
Aug 15 16:11:57 devstack devstack@g-api.service[84015]: [pid: 84015|app: 0|req: 6/13] 127.0.0.1 () {34 vars in 505 bytes} [Sat Aug 15 16:11:57 2026] GET / => generated 1571 bytes in 3 msecs (HTTP/1.1 300) 3 headers in 106 bytes (1 switches on core 0)
Aug 15 16:11:57 devstack devstack@g-api.service[84016]: DEBUG glance.api.middleware.version_negotiation [None req-fe7cf314-e36e-4bd8-881c-b6c2fd909157 admin admin] Determining version of request: GET /v2/images/0e78c96d-34b7-4b21-8ccd-88b9f828d88a Accept: */* {{(pid=84016) process_request /opt/stack/glance/glance/api/middleware/version_negotiation.py:44}}
Aug 15 16:11:57 devstack devstack@g-api.service[84016]: DEBUG glance.api.middleware.version_negotiation [None req-fe7cf314-e36e-4bd8-881c-b6c2fd909157 admin admin] Using url versioning {{(pid=84016) process_request /opt/stack/glance/glance/api/middleware/version_negotiation.py:57}}
Aug 15 16:11:57 devstack devstack@g-api.service[84016]: DEBUG glance.api.middleware.version_negotiation [None req-fe7cf314-e36e-4bd8-881c-b6c2fd909157 admin admin] Matched version: v2 {{(pid=84016) process_request /opt/stack/glance/glance/api/middleware/version_negotiation.py:69}}
Aug 15 16:11:57 devstack devstack@g-api.service[84016]: DEBUG glance.api.middleware.version_negotiation [None req-fe7cf314-e36e-4bd8-881c-b6c2fd909157 admin admin] new path /v2/images/0e78c96d-34b7-4b21-8ccd-88b9f828d88a {{(pid=84016) process_request /opt/stack/glance/glance/api/middleware/version_negotiation.py:70}}
Aug 15 16:11:57 devstack devstack@g-api.service[84016]: [pid: 84016|app: 0|req: 8/14] 127.0.0.1 () {42 vars in 1061 bytes} [Sat Aug 15 16:11:57 2026] GET /v2/images/0e78c96d-34b7-4b21-8ccd-88b9f828d88a => generated 976 bytes in 340 msecs (HTTP/1.1 200) 4 headers in 157 bytes (1 switches on core 0)
Aug 15 16:11:57 devstack devstack@g-api.service[84015]: DEBUG glance.api.middleware.version_negotiation [None req-2093a552-72a4-4cb4-9eca-ccdcfb6f4e13 admin admin] Determining version of request: GET /v2/schemas/image Accept: */* {{(pid=84015) process_request /opt/stack/glance/glance/api/middleware/version_negotiation.py:44}}
Aug 15 16:11:57 devstack devstack@g-api.service[84015]: DEBUG glance.api.middleware.version_negotiation [None req-2093a552-72a4-4cb4-9eca-ccdcfb6f4e13 admin admin] Using url versioning {{(pid=84015) process_request /opt/stack/glance/glance/api/middleware/version_negotiation.py:57}}
Aug 15 16:11:57 devstack devstack@g-api.service[84015]: DEBUG glance.api.middleware.version_negotiation [None req-2093a552-72a4-4cb4-9eca-ccdcfb6f4e13 admin admin] Matched version: v2 {{(pid=84015) process_request /opt/stack/glance/glance/api/middleware/version_negotiation.py:69}}
Aug 15 16:11:57 devstack devstack@g-api.service[84015]: DEBUG glance.api.middleware.version_negotiation [None req-2093a552-72a4-4cb4-9eca-ccdcfb6f4e13 admin admin] new path /v2/schemas/image {{(pid=84015) process_request /opt/stack/glance/glance/api/middleware/version_negotiation.py:70}}
Aug 15 16:11:57 devstack devstack@g-api.service[84015]: [pid: 84015|app: 0|req: 7/15] 127.0.0.1 () {42 vars in 1001 bytes} [Sat Aug 15 16:11:57 2026] GET /v2/schemas/image => generated 6083 bytes in 11 msecs (HTTP/1.1 200) 4 headers in 158 bytes (1 switches on core 0)
Aug 15 16:12:01 devstack devstack@g-api.service[84016]: DEBUG glance.api.middleware.version_negotiation [None req-d143748c-17eb-4c41-81a9-d44e29b9aa5c tempest-ServersNegativeTestJSON-1457378205 tempest-ServersNegativeTestJSON-1457378205-project-member] Determining version of request: GET / Accept: application/json {{(pid=84016) process_request /opt/stack/glance/glance/api/middleware/version_negotiation.py:44}}
Aug 15 16:12:01 devstack devstack@g-api.service[84016]: DEBUG glance.api.middleware.version_negotiation [None req-d143748c-17eb-4c41-81a9-d44e29b9aa5c tempest-ServersNegativeTestJSON-1457378205 tempest-ServersNegativeTestJSON-1457378205-project-member] Using url versioning {{(pid=84016) process_request /opt/stack/glance/glance/api/middleware/version_negotiation.py:57}}
Aug 15 16:12:01 devstack devstack@g-api.service[84016]: DEBUG glance.api.middleware.version_negotiation [None req-d143748c-17eb-4c41-81a9-d44e29b9aa5c tempest-ServersNegativeTestJSON-1457378205 tempest-ServersNegativeTestJSON-1457378205-project-member] Unknown version. Returning version choices. {{(pid=84016) process_request /opt/stack/glance/glance/api/middleware/version_negotiation.py:64}}
Aug 15 16:12:01 devstack devstack@g-api.service[84016]: [pid: 84016|app: 0|req: 9/16] 127.0.0.1 () {34 vars in 505 bytes} [Sat Aug 15 16:12:01 2026] GET / => generated 1571 bytes in 4 msecs (HTTP/1.1 300) 3 headers in 106 bytes (1 switches on core 0)
Aug 15 16:12:01 devstack devstack@g-api.service[84015]: DEBUG glance.api.middleware.version_negotiation [None req-d143748c-17eb-4c41-81a9-d44e29b9aa5c tempest-ServersNegativeTestJSON-1457378205 tempest-ServersNegativeTestJSON-1457378205-project-member] Determining version of request: GET /v2/images/0e78c96d-34b7-4b21-8ccd-88b9f828d88a Accept: */* {{(pid=84015) process_request /opt/stack/glance/glance/api/middleware/version_negotiation.py:44}}
Aug 15 16:12:01 devstack devstack@g-api.service[84015]: DEBUG glance.api.middleware.version_negotiation [None req-d143748c-17eb-4c41-81a9-d44e29b9aa5c tempest-ServersNegativeTestJSON-1457378205 tempest-ServersNegativeTestJSON-1457378205-project-member] Using url versioning {{(pid=84015) process_request /opt/stack/glance/glance/api/middleware/version_negotiation.py:57}}
Aug 15 16:12:01 devstack devstack@g-api.service[84015]: DEBUG glance.api.middleware.version_negotiation [None req-d143748c-17eb-4c41-81a9-d44e29b9aa5c tempest-ServersNegativeTestJSON-1457378205 tempest-ServersNegativeTestJSON-1457378205-project-member] Matched version: v2 {{(pid=84015) process_request /opt/stack/glance/glance/api/middleware/version_negotiation.py:69}}
Aug 15 16:12:01 devstack devstack@g-api.service[84015]: DEBUG glance.api.middleware.version_negotiation [None req-d143748c-17eb-4c41-81a9-d44e29b9aa5c tempest-ServersNegativeTestJSON-1457378205 tempest-ServersNegativeTestJSON-1457378205-project-member] new path /v2/images/0e78c96d-34b7-4b21-8ccd-88b9f828d88a {{(pid=84015) process_request /opt/stack/glance/glance/api/middleware/version_negotiation.py:70}}
Aug 15 16:12:02 devstack devstack@g-api.service[84015]: [pid: 84015|app: 0|req: 8/17] 127.0.0.1 () {42 vars in 1061 bytes} [Sat Aug 15 16:12:01 2026] GET /v2/images/0e78c96d-34b7-4b21-8ccd-88b9f828d88a => generated 976 bytes in 230 msecs (HTTP/1.1 200) 4 headers in 157 bytes (1 switches on core 0)
Aug 15 16:12:02 devstack devstack@g-api.service[84016]: DEBUG glance.api.middleware.version_negotiation [None req-d143748c-17eb-4c41-81a9-d44e29b9aa5c tempest-ServersNegativeTestJSON-1457378205 tempest-ServersNegativeTestJSON-1457378205-project-member] Determining version of request: GET /v2/schemas/image Accept: */* {{(pid=84016) process_request /opt/stack/glance/glance/api/middleware/version_negotiation.py:44}}
Aug 15 16:12:02 devstack devstack@g-api.service[84016]: DEBUG glance.api.middleware.version_negotiation [None req-d143748c-17eb-4c41-81a9-d44e29b9aa5c tempest-ServersNegativeTestJSON-1457378205 tempest-ServersNegativeTestJSON-1457378205-project-member] Using url versioning {{(pid=84016) process_request /opt/stack/glance/glance/api/middleware/version_negotiation.py:57}}
Aug 15 16:12:02 devstack devstack@g-api.service[84016]: DEBUG glance.api.middleware.version_negotiation [None req-d143748c-17eb-4c41-81a9-d44e29b9aa5c tempest-ServersNegativeTestJSON-1457378205 tempest-ServersNegativeTestJSON-1457378205-project-member] Matched version: v2 {{(pid=84016) process_request /opt/stack/glance/glance/api/middleware/version_negotiation.py:69}}
Aug 15 16:12:02 devstack devstack@g-api.service[84016]: DEBUG glance.api.middleware.version_negotiation [None req-d143748c-17eb-4c41-81a9-d44e29b9aa5c tempest-ServersNegativeTestJSON-1457378205 tempest-ServersNegativeTestJSON-1457378205-project-member] new path /v2/schemas/image {{(pid=84016) process_request /opt/stack/glance/glance/api/middleware/version_negotiation.py:70}}
Aug 15 16:12:02 devstack devstack@g-api.service[84016]: [pid: 84016|app: 0|req: 10/18] 127.0.0.1 () {42 vars in 1001 bytes} [Sat Aug 15 16:12:02 2026] GET /v2/schemas/image => generated 6083 bytes in 9 msecs (HTTP/1.1 200) 4 headers in 158 bytes (1 switches on core 0)
Aug 15 16:12:07 devstack devstack@g-api.service[84016]: DEBUG dbcounter [-] [84016] Writing DB stats glance:SELECT=2 {{(pid=84016) stat_writer /opt/stack/data/venv/lib/python3.12/site-packages/dbcounter.py:115}}
Aug 15 16:12:09 devstack devstack@g-api.service[84015]: DEBUG glance.api.middleware.version_negotiation [None req-a852920a-ad65-406e-84e7-9b430890b8fa tempest-DeleteServersTestJSON-910148805 tempest-DeleteServersTestJSON-910148805-project-member] Determining version of request: GET /v2/images/0e78c96d-34b7-4b21-8ccd-88b9f828d88a Accept: */* {{(pid=84015) process_request /opt/stack/glance/glance/api/middleware/version_negotiation.py:44}}
Aug 15 16:12:09 devstack devstack@g-api.service[84015]: DEBUG glance.api.middleware.version_negotiation [None req-a852920a-ad65-406e-84e7-9b430890b8fa tempest-DeleteServersTestJSON-910148805 tempest-DeleteServersTestJSON-910148805-project-member] Using url versioning {{(pid=84015) process_request /opt/stack/glance/glance/api/middleware/version_negotiation.py:57}}
Aug 15 16:12:09 devstack devstack@g-api.service[84015]: DEBUG glance.api.middleware.version_negotiation [None req-a852920a-ad65-406e-84e7-9b430890b8fa tempest-DeleteServersTestJSON-910148805 tempest-DeleteServersTestJSON-910148805-project-member] Matched version: v2 {{(pid=84015) process_request /opt/stack/glance/glance/api/middleware/version_negotiation.py:69}}
Aug 15 16:12:09 devstack devstack@g-api.service[84015]: DEBUG glance.api.middleware.version_negotiation [None req-a852920a-ad65-406e-84e7-9b430890b8fa tempest-DeleteServersTestJSON-910148805 tempest-DeleteServersTestJSON-910148805-project-member] new path /v2/images/0e78c96d-34b7-4b21-8ccd-88b9f828d88a {{(pid=84015) process_request /opt/stack/glance/glance/api/middleware/version_negotiation.py:70}}
Aug 15 16:12:10 devstack devstack@g-api.service[84015]: [pid: 84015|app: 0|req: 9/19] 127.0.0.1 () {42 vars in 1061 bytes} [Sat Aug 15 16:12:09 2026] GET /v2/images/0e78c96d-34b7-4b21-8ccd-88b9f828d88a => generated 976 bytes in 344 msecs (HTTP/1.1 200) 4 headers in 157 bytes (1 switches on core 0)
Aug 15 16:12:10 devstack devstack@g-api.service[84016]: DEBUG glance.api.middleware.version_negotiation [None req-a852920a-ad65-406e-84e7-9b430890b8fa tempest-DeleteServersTestJSON-910148805 tempest-DeleteServersTestJSON-910148805-project-member] Determining version of request: GET /v2/images/0e78c96d-34b7-4b21-8ccd-88b9f828d88a/file Accept: */* {{(pid=84016) process_request /opt/stack/glance/glance/api/middleware/version_negotiation.py:44}}
Aug 15 16:12:10 devstack devstack@g-api.service[84016]: DEBUG glance.api.middleware.version_negotiation [None req-a852920a-ad65-406e-84e7-9b430890b8fa tempest-DeleteServersTestJSON-910148805 tempest-DeleteServersTestJSON-910148805-project-member] Using url versioning {{(pid=84016) process_request /opt/stack/glance/glance/api/middleware/version_negotiation.py:57}}
Aug 15 16:12:10 devstack devstack@g-api.service[84016]: DEBUG glance.api.middleware.version_negotiation [None req-a852920a-ad65-406e-84e7-9b430890b8fa tempest-DeleteServersTestJSON-910148805 tempest-DeleteServersTestJSON-910148805-project-member] Matched version: v2 {{(pid=84016) process_request /opt/stack/glance/glance/api/middleware/version_negotiation.py:69}}
Aug 15 16:12:10 devstack devstack@g-api.service[84016]: DEBUG glance.api.middleware.version_negotiation [None req-a852920a-ad65-406e-84e7-9b430890b8fa tempest-DeleteServersTestJSON-910148805 tempest-DeleteServersTestJSON-910148805-project-member] new path /v2/images/0e78c96d-34b7-4b21-8ccd-88b9f828d88a/file {{(pid=84016) process_request /opt/stack/glance/glance/api/middleware/version_negotiation.py:70}}
Aug 15 16:12:10 devstack devstack@g-api.service[84016]: DEBUG glance_store._drivers.filesystem [None req-d143748c-17eb-4c41-81a9-d44e29b9aa5c tempest-ServersNegativeTestJSON-1457378205 tempest-ServersNegativeTestJSON-1457378205-project-member] Found image at /opt/stack/data/glance/images/0e78c96d-34b7-4b21-8ccd-88b9f828d88a. Returning in ChunkedFile. {{(pid=84016) get /opt/stack/data/venv/lib/python3.12/site-packages/glance_store/_drivers/filesystem.py:724}}
Aug 15 16:12:10 devstack devstack@g-api.service[84016]: DEBUG glance.image_cache [None req-d143748c-17eb-4c41-81a9-d44e29b9aa5c tempest-ServersNegativeTestJSON-1457378205 tempest-ServersNegativeTestJSON-1457378205-project-member] Tee'ing image '0e78c96d-34b7-4b21-8ccd-88b9f828d88a' into cache {{(pid=84016) get_caching_iter /opt/stack/glance/glance/image_cache/__init__.py:356}}
Aug 15 16:12:10 devstack devstack@g-api.service[84016]: DEBUG glance.image_cache.drivers.centralized_db [None req-d143748c-17eb-4c41-81a9-d44e29b9aa5c tempest-ServersNegativeTestJSON-1457378205 tempest-ServersNegativeTestJSON-1457378205-project-member] Fetch finished, moving '/opt/stack/data/glance/cache/incomplete/0e78c96d-34b7-4b21-8ccd-88b9f828d88a' to '/opt/stack/data/glance/cache/0e78c96d-34b7-4b21-8ccd-88b9f828d88a' {{(pid=84016) commit /opt/stack/glance/glance/image_cache/drivers/centralized_db.py:243}}
Aug 15 16:12:10 devstack devstack@g-api.service[84016]: DEBUG glance.image_cache.drivers.centralized_db [None req-d143748c-17eb-4c41-81a9-d44e29b9aa5c tempest-ServersNegativeTestJSON-1457378205 tempest-ServersNegativeTestJSON-1457378205-project-member] Image cached successfully. {{(pid=84016) commit /opt/stack/glance/glance/image_cache/drivers/centralized_db.py:258}}
Aug 15 16:12:10 devstack devstack@g-api.service[84016]: [pid: 84016|app: 0|req: 11/20] 127.0.0.1 () {42 vars in 1071 bytes} [Sat Aug 15 16:12:10 2026] GET /v2/images/0e78c96d-34b7-4b21-8ccd-88b9f828d88a/file => generated 21692416 bytes in 425 msecs (HTTP/1.1 200) 4 headers in 191 bytes (336 switches on core 0)
Aug 15 16:12:11 devstack devstack@g-api.service[84015]: DEBUG glance.api.middleware.version_negotiation [None req-d143748c-17eb-4c41-81a9-d44e29b9aa5c tempest-ServersNegativeTestJSON-1457378205 tempest-ServersNegativeTestJSON-1457378205-project-member] Determining version of request: GET /v2/images/0e78c96d-34b7-4b21-8ccd-88b9f828d88a Accept: */* {{(pid=84015) process_request /opt/stack/glance/glance/api/middleware/version_negotiation.py:44}}
Aug 15 16:12:11 devstack devstack@g-api.service[84015]: DEBUG glance.api.middleware.version_negotiation [None req-d143748c-17eb-4c41-81a9-d44e29b9aa5c tempest-ServersNegativeTestJSON-1457378205 tempest-ServersNegativeTestJSON-1457378205-project-member] Using url versioning {{(pid=84015) process_request /opt/stack/glance/glance/api/middleware/version_negotiation.py:57}}
Aug 15 16:12:11 devstack devstack@g-api.service[84015]: DEBUG glance.api.middleware.version_negotiation [None req-d143748c-17eb-4c41-81a9-d44e29b9aa5c tempest-ServersNegativeTestJSON-1457378205 tempest-ServersNegativeTestJSON-1457378205-project-member] Matched version: v2 {{(pid=84015) process_request /opt/stack/glance/glance/api/middleware/version_negotiation.py:69}}
Aug 15 16:12:11 devstack devstack@g-api.service[84015]: DEBUG glance.api.middleware.version_negotiation [None req-d143748c-17eb-4c41-81a9-d44e29b9aa5c tempest-ServersNegativeTestJSON-1457378205 tempest-ServersNegativeTestJSON-1457378205-project-member] new path /v2/images/0e78c96d-34b7-4b21-8ccd-88b9f828d88a {{(pid=84015) process_request /opt/stack/glance/glance/api/middleware/version_negotiation.py:70}}
Aug 15 16:12:11 devstack devstack@g-api.service[84015]: [pid: 84015|app: 0|req: 10/21] 127.0.0.1 () {42 vars in 1061 bytes} [Sat Aug 15 16:12:11 2026] GET /v2/images/0e78c96d-34b7-4b21-8ccd-88b9f828d88a => generated 976 bytes in 31 msecs (HTTP/1.1 200) 4 headers in 157 bytes (1 switches on core 0)
Aug 15 16:12:11 devstack devstack@g-api.service[84016]: DEBUG glance.api.middleware.version_negotiation [None req-d143748c-17eb-4c41-81a9-d44e29b9aa5c tempest-ServersNegativeTestJSON-1457378205 tempest-ServersNegativeTestJSON-1457378205-project-member] Determining version of request: GET /v2/schemas/image Accept: */* {{(pid=84016) process_request /opt/stack/glance/glance/api/middleware/version_negotiation.py:44}}
Aug 15 16:12:11 devstack devstack@g-api.service[84016]: DEBUG glance.api.middleware.version_negotiation [None req-d143748c-17eb-4c41-81a9-d44e29b9aa5c tempest-ServersNegativeTestJSON-1457378205 tempest-ServersNegativeTestJSON-1457378205-project-member] Using url versioning {{(pid=84016) process_request /opt/stack/glance/glance/api/middleware/version_negotiation.py:57}}
Aug 15 16:12:11 devstack devstack@g-api.service[84016]: DEBUG glance.api.middleware.version_negotiation [None req-d143748c-17eb-4c41-81a9-d44e29b9aa5c tempest-ServersNegativeTestJSON-1457378205 tempest-ServersNegativeTestJSON-1457378205-project-member] Matched version: v2 {{(pid=84016) process_request /opt/stack/glance/glance/api/middleware/version_negotiation.py:69}}
Aug 15 16:12:11 devstack devstack@g-api.service[84016]: DEBUG glance.api.middleware.version_negotiation [None req-d143748c-17eb-4c41-81a9-d44e29b9aa5c tempest-ServersNegativeTestJSON-1457378205 tempest-ServersNegativeTestJSON-1457378205-project-member] new path /v2/schemas/image {{(pid=84016) process_request /opt/stack/glance/glance/api/middleware/version_negotiation.py:70}}
Aug 15 16:12:11 devstack devstack@g-api.service[84016]: [pid: 84016|app: 0|req: 12/22] 127.0.0.1 () {42 vars in 1001 bytes} [Sat Aug 15 16:12:11 2026] GET /v2/schemas/image => generated 6083 bytes in 9 msecs (HTTP/1.1 200) 4 headers in 158 bytes (1 switches on core 0)
Aug 15 16:12:20 devstack devstack@g-api.service[84016]: DEBUG dbcounter [-] [84016] Writing DB stats glance:SELECT=5,glance:INSERT=1 {{(pid=84016) stat_writer /opt/stack/data/venv/lib/python3.12/site-packages/dbcounter.py:115}}
Aug 15 16:12:21 devstack devstack@g-api.service[84015]: DEBUG dbcounter [-] [84015] Writing DB stats glance:SELECT=6 {{(pid=84015) stat_writer /opt/stack/data/venv/lib/python3.12/site-packages/dbcounter.py:115}}
Aug 15 16:12:42 devstack devstack@g-api.service[84015]: DEBUG glance.api.middleware.version_negotiation [None req-d143748c-17eb-4c41-81a9-d44e29b9aa5c tempest-ServersNegativeTestJSON-1457378205 tempest-ServersNegativeTestJSON-1457378205-project-member] Determining version of request: GET /v2/images/0e78c96d-34b7-4b21-8ccd-88b9f828d88a Accept: */* {{(pid=84015) process_request /opt/stack/glance/glance/api/middleware/version_negotiation.py:44}}
Aug 15 16:12:42 devstack devstack@g-api.service[84015]: DEBUG glance.api.middleware.version_negotiation [None req-d143748c-17eb-4c41-81a9-d44e29b9aa5c tempest-ServersNegativeTestJSON-1457378205 tempest-ServersNegativeTestJSON-1457378205-project-member] Using url versioning {{(pid=84015) process_request /opt/stack/glance/glance/api/middleware/version_negotiation.py:57}}
Aug 15 16:12:42 devstack devstack@g-api.service[84015]: DEBUG glance.api.middleware.version_negotiation [None req-d143748c-17eb-4c41-81a9-d44e29b9aa5c tempest-ServersNegativeTestJSON-1457378205 tempest-ServersNegativeTestJSON-1457378205-project-member] Matched version: v2 {{(pid=84015) process_request /opt/stack/glance/glance/api/middleware/version_negotiation.py:69}}
Aug 15 16:12:42 devstack devstack@g-api.service[84015]: DEBUG glance.api.middleware.version_negotiation [None req-d143748c-17eb-4c41-81a9-d44e29b9aa5c tempest-ServersNegativeTestJSON-1457378205 tempest-ServersNegativeTestJSON-1457378205-project-member] new path /v2/images/0e78c96d-34b7-4b21-8ccd-88b9f828d88a {{(pid=84015) process_request /opt/stack/glance/glance/api/middleware/version_negotiation.py:70}}
Aug 15 16:12:42 devstack devstack@g-api.service[84015]: [pid: 84015|app: 0|req: 11/23] 127.0.0.1 () {42 vars in 1061 bytes} [Sat Aug 15 16:12:42 2026] GET /v2/images/0e78c96d-34b7-4b21-8ccd-88b9f828d88a => generated 976 bytes in 74 msecs (HTTP/1.1 200) 4 headers in 157 bytes (1 switches on core 0)
Aug 15 16:12:42 devstack devstack@g-api.service[84016]: DEBUG glance.api.middleware.version_negotiation [None req-d143748c-17eb-4c41-81a9-d44e29b9aa5c tempest-ServersNegativeTestJSON-1457378205 tempest-ServersNegativeTestJSON-1457378205-project-member] Determining version of request: GET /v2/schemas/image Accept: */* {{(pid=84016) process_request /opt/stack/glance/glance/api/middleware/version_negotiation.py:44}}
