Aug 28 18:25:54 devstack cinder-volume[85783]: INFO cinder.volume.drivers.remotefs [None req-4d853088-b213-4a3a-a01b-7c1cf4080bb2 tempest-GroupsV314Test-1972559412 None] Cloning volume af046425-b2fd-43bb-bb16-f1eb18e6fa7d to volume b8eb792e-c94b-458a-b577-c1b37077f7a4
Aug 28 18:25:54 devstack cinder-volume[85783]: INFO cinder.volume.manager [None req-26598b41-1bb7-41e9-982d-bb8a3c3ce7b5 tempest-VolumesActionsTest-1927336687 None] Copy volume to image completed successfully.
Aug 28 18:25:54 devstack cinder-volume[85783]: DEBUG cinder.volume.drivers.remotefs [None req-4d853088-b213-4a3a-a01b-7c1cf4080bb2 tempest-GroupsV314Test-1972559412 None] Creating offline snapshot 38254f4a-2c08-425f-993d-2edcbbc91d23 of volume af046425-b2fd-43bb-bb16-f1eb18e6fa7d {{(pid=85783) _create_snapshot /opt/stack/cinder/cinder/volume/drivers/remotefs.py:1816}}
Aug 28 18:25:54 devstack cinder-volume[85783]: DEBUG oslo.privsep.daemon [-] privsep: reply[4aaea3bb-e2e6-45c6-830c-30d926cc7a66]: (4, 'qcow2') {{(pid=87436) _call_back /opt/stack/data/venv/lib/python3.12/site-packages/oslo_privsep/daemon.py:580}}
Aug 28 18:25:54 devstack cinder-volume[85783]: DEBUG oslo_concurrency.processutils [None req-4d853088-b213-4a3a-a01b-7c1cf4080bb2 tempest-GroupsV314Test-1972559412 None] Running cmd (subprocess): /opt/stack/data/venv/bin/python3.12 -m oslo_concurrency.prlimit --as=1073741824 --cpu=60 -- sudo cinder-rootwrap /etc/cinder/rootwrap.conf env LC_ALL=C qemu-img info -f qcow2 --output=json --force-share /opt/stack/data/cinder/mnt/b5613f92c944671112b51acd506b42a4/volume-af046425-b2fd-43bb-bb16-f1eb18e6fa7d {{(pid=85783) execute /opt/stack/data/venv/lib/python3.12/site-packages/oslo_concurrency/processutils.py:440}}
Aug 28 18:25:54 devstack sudo[94106]: quobyte : PWD=/ ; USER=root ; COMMAND=/opt/stack/data/venv/bin/cinder-rootwrap /etc/cinder/rootwrap.conf env LC_ALL=C qemu-img info -f qcow2 --output=json --force-share /opt/stack/data/cinder/mnt/b5613f92c944671112b51acd506b42a4/volume-af046425-b2fd-43bb-bb16-f1eb18e6fa7d
Aug 28 18:25:54 devstack sudo[94106]: pam_unix(sudo:session): session opened for user root(uid=0) by (uid=1000)
Aug 28 18:25:54 devstack sudo[94106]: pam_unix(sudo:session): session closed for user root
Aug 28 18:25:54 devstack cinder-volume[85783]: DEBUG oslo_concurrency.processutils [None req-4d853088-b213-4a3a-a01b-7c1cf4080bb2 tempest-GroupsV314Test-1972559412 None] CMD "/opt/stack/data/venv/bin/python3.12 -m oslo_concurrency.prlimit --as=1073741824 --cpu=60 -- sudo cinder-rootwrap /etc/cinder/rootwrap.conf env LC_ALL=C qemu-img info -f qcow2 --output=json --force-share /opt/stack/data/cinder/mnt/b5613f92c944671112b51acd506b42a4/volume-af046425-b2fd-43bb-bb16-f1eb18e6fa7d" returned: 0 in 0.372s {{(pid=85783) execute /opt/stack/data/venv/lib/python3.12/site-packages/oslo_concurrency/processutils.py:468}}
Aug 28 18:25:54 devstack cinder-volume[85783]: DEBUG oslo_concurrency.processutils [None req-4d853088-b213-4a3a-a01b-7c1cf4080bb2 tempest-GroupsV314Test-1972559412 None] Running cmd (subprocess): sudo cinder-rootwrap /etc/cinder/rootwrap.conf qemu-img create -f qcow2 -o backing_file=/opt/stack/data/cinder/mnt/b5613f92c944671112b51acd506b42a4/volume-af046425-b2fd-43bb-bb16-f1eb18e6fa7d,backing_fmt=qcow2 /opt/stack/data/cinder/mnt/b5613f92c944671112b51acd506b42a4/volume-af046425-b2fd-43bb-bb16-f1eb18e6fa7d.38254f4a-2c08-425f-993d-2edcbbc91d23 1G {{(pid=85783) execute /opt/stack/data/venv/lib/python3.12/site-packages/oslo_concurrency/processutils.py:440}}
Aug 28 18:25:54 devstack sudo[94111]: quobyte : PWD=/ ; USER=root ; COMMAND=/opt/stack/data/venv/bin/cinder-rootwrap /etc/cinder/rootwrap.conf qemu-img create -f qcow2 -o backing_file=/opt/stack/data/cinder/mnt/b5613f92c944671112b51acd506b42a4/volume-af046425-b2fd-43bb-bb16-f1eb18e6fa7d,backing_fmt=qcow2 /opt/stack/data/cinder/mnt/b5613f92c944671112b51acd506b42a4/volume-af046425-b2fd-43bb-bb16-f1eb18e6fa7d.38254f4a-2c08-425f-993d-2edcbbc91d23 1G
Aug 28 18:25:54 devstack sudo[94111]: pam_unix(sudo:session): session opened for user root(uid=0) by (uid=1000)
Aug 28 18:25:55 devstack sudo[94111]: pam_unix(sudo:session): session closed for user root
Aug 28 18:25:55 devstack cinder-volume[85783]: DEBUG oslo_concurrency.processutils [None req-4d853088-b213-4a3a-a01b-7c1cf4080bb2 tempest-GroupsV314Test-1972559412 None] CMD "sudo cinder-rootwrap /etc/cinder/rootwrap.conf qemu-img create -f qcow2 -o backing_file=/opt/stack/data/cinder/mnt/b5613f92c944671112b51acd506b42a4/volume-af046425-b2fd-43bb-bb16-f1eb18e6fa7d,backing_fmt=qcow2 /opt/stack/data/cinder/mnt/b5613f92c944671112b51acd506b42a4/volume-af046425-b2fd-43bb-bb16-f1eb18e6fa7d.38254f4a-2c08-425f-993d-2edcbbc91d23 1G" returned: 0 in 0.394s {{(pid=85783) execute /opt/stack/data/venv/lib/python3.12/site-packages/oslo_concurrency/processutils.py:468}}
Aug 28 18:25:55 devstack cinder-volume[85783]: DEBUG oslo_concurrency.processutils [None req-4d853088-b213-4a3a-a01b-7c1cf4080bb2 tempest-GroupsV314Test-1972559412 None] Running cmd (subprocess): sudo cinder-rootwrap /etc/cinder/rootwrap.conf qemu-img rebase -u -b volume-af046425-b2fd-43bb-bb16-f1eb18e6fa7d -F qcow2 /opt/stack/data/cinder/mnt/b5613f92c944671112b51acd506b42a4/volume-af046425-b2fd-43bb-bb16-f1eb18e6fa7d.38254f4a-2c08-425f-993d-2edcbbc91d23 {{(pid=85783) execute /opt/stack/data/venv/lib/python3.12/site-packages/oslo_concurrency/processutils.py:440}}
Aug 28 18:25:55 devstack sudo[94116]: quobyte : PWD=/ ; USER=root ; COMMAND=/opt/stack/data/venv/bin/cinder-rootwrap /etc/cinder/rootwrap.conf qemu-img rebase -u -b volume-af046425-b2fd-43bb-bb16-f1eb18e6fa7d -F qcow2 /opt/stack/data/cinder/mnt/b5613f92c944671112b51acd506b42a4/volume-af046425-b2fd-43bb-bb16-f1eb18e6fa7d.38254f4a-2c08-425f-993d-2edcbbc91d23
Aug 28 18:25:55 devstack sudo[94116]: pam_unix(sudo:session): session opened for user root(uid=0) by (uid=1000)
Aug 28 18:25:55 devstack sudo[94116]: pam_unix(sudo:session): session closed for user root
Aug 28 18:25:55 devstack cinder-volume[85783]: DEBUG oslo_concurrency.processutils [None req-4d853088-b213-4a3a-a01b-7c1cf4080bb2 tempest-GroupsV314Test-1972559412 None] CMD "sudo cinder-rootwrap /etc/cinder/rootwrap.conf qemu-img rebase -u -b volume-af046425-b2fd-43bb-bb16-f1eb18e6fa7d -F qcow2 /opt/stack/data/cinder/mnt/b5613f92c944671112b51acd506b42a4/volume-af046425-b2fd-43bb-bb16-f1eb18e6fa7d.38254f4a-2c08-425f-993d-2edcbbc91d23" returned: 0 in 0.331s {{(pid=85783) execute /opt/stack/data/venv/lib/python3.12/site-packages/oslo_concurrency/processutils.py:468}}
Aug 28 18:25:55 devstack cinder-volume[85783]: WARNING cinder.volume.drivers.remotefs [None req-4d853088-b213-4a3a-a01b-7c1cf4080bb2 tempest-GroupsV314Test-1972559412 None] /opt/stack/data/cinder/mnt/b5613f92c944671112b51acd506b42a4/volume-af046425-b2fd-43bb-bb16-f1eb18e6fa7d.38254f4a-2c08-425f-993d-2edcbbc91d23 is being set with open permissions: ugo+rw: NotImplementedError
Aug 28 18:25:55 devstack cinder-volume[85783]: DEBUG oslo_concurrency.processutils [None req-4d853088-b213-4a3a-a01b-7c1cf4080bb2 tempest-GroupsV314Test-1972559412 None] Running cmd (subprocess): sudo cinder-rootwrap /etc/cinder/rootwrap.conf chmod ugo+rw /opt/stack/data/cinder/mnt/b5613f92c944671112b51acd506b42a4/volume-af046425-b2fd-43bb-bb16-f1eb18e6fa7d.38254f4a-2c08-425f-993d-2edcbbc91d23 {{(pid=85783) execute /opt/stack/data/venv/lib/python3.12/site-packages/oslo_concurrency/processutils.py:440}}
Aug 28 18:25:55 devstack sudo[94121]: quobyte : PWD=/ ; USER=root ; COMMAND=/opt/stack/data/venv/bin/cinder-rootwrap /etc/cinder/rootwrap.conf chmod ugo+rw /opt/stack/data/cinder/mnt/b5613f92c944671112b51acd506b42a4/volume-af046425-b2fd-43bb-bb16-f1eb18e6fa7d.38254f4a-2c08-425f-993d-2edcbbc91d23
Aug 28 18:25:55 devstack sudo[94121]: pam_unix(sudo:session): session opened for user root(uid=0) by (uid=1000)
Aug 28 18:25:55 devstack sudo[94121]: pam_unix(sudo:session): session closed for user root
Aug 28 18:25:55 devstack cinder-volume[85783]: DEBUG oslo_concurrency.processutils [None req-4d853088-b213-4a3a-a01b-7c1cf4080bb2 tempest-GroupsV314Test-1972559412 None] CMD "sudo cinder-rootwrap /etc/cinder/rootwrap.conf chmod ugo+rw /opt/stack/data/cinder/mnt/b5613f92c944671112b51acd506b42a4/volume-af046425-b2fd-43bb-bb16-f1eb18e6fa7d.38254f4a-2c08-425f-993d-2edcbbc91d23" returned: 0 in 0.266s {{(pid=85783) execute /opt/stack/data/venv/lib/python3.12/site-packages/oslo_concurrency/processutils.py:468}}
Aug 28 18:25:55 devstack cinder-volume[85783]: DEBUG oslo_concurrency.processutils [None req-4d853088-b213-4a3a-a01b-7c1cf4080bb2 tempest-GroupsV314Test-1972559412 None] Running cmd (subprocess): sudo cinder-rootwrap /etc/cinder/rootwrap.conf truncate -s0 /opt/stack/data/cinder/mnt/b5613f92c944671112b51acd506b42a4/volume-af046425-b2fd-43bb-bb16-f1eb18e6fa7d.info {{(pid=85783) execute /opt/stack/data/venv/lib/python3.12/site-packages/oslo_concurrency/processutils.py:440}}
Aug 28 18:25:55 devstack sudo[94124]: quobyte : PWD=/ ; USER=root ; COMMAND=/opt/stack/data/venv/bin/cinder-rootwrap /etc/cinder/rootwrap.conf truncate -s0 /opt/stack/data/cinder/mnt/b5613f92c944671112b51acd506b42a4/volume-af046425-b2fd-43bb-bb16-f1eb18e6fa7d.info
Aug 28 18:25:55 devstack sudo[94124]: pam_unix(sudo:session): session opened for user root(uid=0) by (uid=1000)
Aug 28 18:25:56 devstack cinder-volume[85783]: DEBUG oslo_concurrency.lockutils [None req-e13c2f7c-1d81-4bcc-8360-a1bf3749f945 tempest-VolumesActionsTest-1927336687 None] Acquiring lock "quobyte" by "cinder.volume.drivers.quobyte.QuobyteDriver.copy_volume_to_image" {{(pid=85783) inner /opt/stack/data/venv/lib/python3.12/site-packages/oslo_concurrency/lockutils.py:512}}
Aug 28 18:25:56 devstack sudo[94124]: pam_unix(sudo:session): session closed for user root
Aug 28 18:25:56 devstack cinder-volume[85783]: DEBUG oslo_concurrency.processutils [None req-4d853088-b213-4a3a-a01b-7c1cf4080bb2 tempest-GroupsV314Test-1972559412 None] CMD "sudo cinder-rootwrap /etc/cinder/rootwrap.conf truncate -s0 /opt/stack/data/cinder/mnt/b5613f92c944671112b51acd506b42a4/volume-af046425-b2fd-43bb-bb16-f1eb18e6fa7d.info" returned: 0 in 0.270s {{(pid=85783) execute /opt/stack/data/venv/lib/python3.12/site-packages/oslo_concurrency/processutils.py:468}}
Aug 28 18:25:56 devstack cinder-volume[85783]: WARNING cinder.volume.drivers.remotefs [None req-4d853088-b213-4a3a-a01b-7c1cf4080bb2 tempest-GroupsV314Test-1972559412 None] /opt/stack/data/cinder/mnt/b5613f92c944671112b51acd506b42a4/volume-af046425-b2fd-43bb-bb16-f1eb18e6fa7d.info is being set with open permissions: ugo+rw: NotImplementedError
Aug 28 18:25:56 devstack cinder-volume[85783]: DEBUG oslo_concurrency.processutils [None req-4d853088-b213-4a3a-a01b-7c1cf4080bb2 tempest-GroupsV314Test-1972559412 None] Running cmd (subprocess): sudo cinder-rootwrap /etc/cinder/rootwrap.conf chmod ugo+rw /opt/stack/data/cinder/mnt/b5613f92c944671112b51acd506b42a4/volume-af046425-b2fd-43bb-bb16-f1eb18e6fa7d.info {{(pid=85783) execute /opt/stack/data/venv/lib/python3.12/site-packages/oslo_concurrency/processutils.py:440}}
Aug 28 18:25:56 devstack sudo[94127]: quobyte : PWD=/ ; USER=root ; COMMAND=/opt/stack/data/venv/bin/cinder-rootwrap /etc/cinder/rootwrap.conf chmod ugo+rw /opt/stack/data/cinder/mnt/b5613f92c944671112b51acd506b42a4/volume-af046425-b2fd-43bb-bb16-f1eb18e6fa7d.info
Aug 28 18:25:56 devstack sudo[94127]: pam_unix(sudo:session): session opened for user root(uid=0) by (uid=1000)
Aug 28 18:25:56 devstack sudo[94127]: pam_unix(sudo:session): session closed for user root
Aug 28 18:25:56 devstack cinder-volume[85783]: DEBUG oslo_concurrency.processutils [None req-4d853088-b213-4a3a-a01b-7c1cf4080bb2 tempest-GroupsV314Test-1972559412 None] CMD "sudo cinder-rootwrap /etc/cinder/rootwrap.conf chmod ugo+rw /opt/stack/data/cinder/mnt/b5613f92c944671112b51acd506b42a4/volume-af046425-b2fd-43bb-bb16-f1eb18e6fa7d.info" returned: 0 in 0.251s {{(pid=85783) execute /opt/stack/data/venv/lib/python3.12/site-packages/oslo_concurrency/processutils.py:468}}
Aug 28 18:25:56 devstack cinder-volume[85783]: DEBUG cinder.coordination [None req-4d853088-b213-4a3a-a01b-7c1cf4080bb2 tempest-GroupsV314Test-1972559412 None] Acquiring lock "cinder-quobyte-b8eb792e-c94b-458a-b577-c1b37077f7a4" by "_copy_volume_from_snapshot" {{(pid=85783) __acquire /opt/stack/cinder/cinder/coordination.py:138}}
Aug 28 18:25:56 devstack cinder-volume[85783]: DEBUG cinder.coordination [None req-4d853088-b213-4a3a-a01b-7c1cf4080bb2 tempest-GroupsV314Test-1972559412 None] Lock "cinder-quobyte-b8eb792e-c94b-458a-b577-c1b37077f7a4" acquired by "_copy_volume_from_snapshot" :: waited 0.016s {{(pid=85783) __acquire /opt/stack/cinder/cinder/coordination.py:141}}
Aug 28 18:25:56 devstack cinder-volume[85783]: DEBUG cinder.volume.drivers.quobyte [None req-4d853088-b213-4a3a-a01b-7c1cf4080bb2 tempest-GroupsV314Test-1972559412 None] snapshot: 38254f4a-2c08-425f-993d-2edcbbc91d23, volume: b8eb792e-c94b-458a-b577-c1b37077f7a4, {{(pid=85783) _copy_volume_from_snapshot /opt/stack/cinder/cinder/volume/drivers/quobyte.py:402}}
Aug 28 18:25:56 devstack cinder-volume[85783]: DEBUG oslo_concurrency.lockutils [None req-4d853088-b213-4a3a-a01b-7c1cf4080bb2 tempest-GroupsV314Test-1972559412 None] Acquiring lock "quobyte_ensure" by "cinder.volume.drivers.quobyte.QuobyteDriver._ensure_shares_mounted" {{(pid=85783) inner /opt/stack/data/venv/lib/python3.12/site-packages/oslo_concurrency/lockutils.py:512}}
Aug 28 18:25:56 devstack cinder-volume[85783]: DEBUG oslo_concurrency.lockutils [None req-4d853088-b213-4a3a-a01b-7c1cf4080bb2 tempest-GroupsV314Test-1972559412 None] Lock "quobyte_ensure" acquired by "cinder.volume.drivers.quobyte.QuobyteDriver._ensure_shares_mounted" :: waited 0.001s {{(pid=85783) inner /opt/stack/data/venv/lib/python3.12/site-packages/oslo_concurrency/lockutils.py:525}}
Aug 28 18:25:56 devstack cinder-volume[85783]: DEBUG cinder.volume.drivers.quobyte [None req-4d853088-b213-4a3a-a01b-7c1cf4080bb2 tempest-GroupsV314Test-1972559412 None] Quobyte Volume URL set to: {'osci02.corp.quobyte.com/cinder-vol-587e8f80-76b9-4e73-b27f-d197c92a8cc5': None} {{(pid=85783) _load_shares_config /opt/stack/cinder/cinder/volume/drivers/quobyte.py:662}}
Aug 28 18:25:56 devstack cinder-volume[85783]: DEBUG cinder.volume.drivers.quobyte [None req-4d853088-b213-4a3a-a01b-7c1cf4080bb2 tempest-GroupsV314Test-1972559412 None] Available shares ['osci02.corp.quobyte.com/cinder-vol-587e8f80-76b9-4e73-b27f-d197c92a8cc5'] {{(pid=85783) _ensure_shares_mounted /opt/stack/cinder/cinder/volume/drivers/quobyte.py:692}}
Aug 28 18:25:56 devstack cinder-volume[85783]: DEBUG oslo_concurrency.lockutils [None req-4d853088-b213-4a3a-a01b-7c1cf4080bb2 tempest-GroupsV314Test-1972559412 None] Lock "quobyte_ensure" "released" by "cinder.volume.drivers.quobyte.QuobyteDriver._ensure_shares_mounted" :: held 0.006s {{(pid=85783) inner /opt/stack/data/venv/lib/python3.12/site-packages/oslo_concurrency/lockutils.py:544}}
Aug 28 18:25:56 devstack cinder-volume[85783]: DEBUG oslo.privsep.daemon [-] privsep: reply[3443c5f8-086d-4e25-8dc8-fa2348bdc667]: (4, 'qcow2') {{(pid=87436) _call_back /opt/stack/data/venv/lib/python3.12/site-packages/oslo_privsep/daemon.py:580}}
Aug 28 18:25:56 devstack cinder-volume[85783]: DEBUG oslo_concurrency.processutils [None req-4d853088-b213-4a3a-a01b-7c1cf4080bb2 tempest-GroupsV314Test-1972559412 None] Running cmd (subprocess): /opt/stack/data/venv/bin/python3.12 -m oslo_concurrency.prlimit --as=1073741824 --cpu=60 -- sudo cinder-rootwrap /etc/cinder/rootwrap.conf env LC_ALL=C qemu-img info -f qcow2 --output=json --force-share /opt/stack/data/cinder/mnt/b5613f92c944671112b51acd506b42a4/volume-af046425-b2fd-43bb-bb16-f1eb18e6fa7d.38254f4a-2c08-425f-993d-2edcbbc91d23 {{(pid=85783) execute /opt/stack/data/venv/lib/python3.12/site-packages/oslo_concurrency/processutils.py:440}}
Aug 28 18:25:56 devstack sudo[94130]: quobyte : PWD=/ ; USER=root ; COMMAND=/opt/stack/data/venv/bin/cinder-rootwrap /etc/cinder/rootwrap.conf env LC_ALL=C qemu-img info -f qcow2 --output=json --force-share /opt/stack/data/cinder/mnt/b5613f92c944671112b51acd506b42a4/volume-af046425-b2fd-43bb-bb16-f1eb18e6fa7d.38254f4a-2c08-425f-993d-2edcbbc91d23
Aug 28 18:25:56 devstack sudo[94130]: pam_unix(sudo:session): session opened for user root(uid=0) by (uid=1000)
Aug 28 18:25:56 devstack sudo[94130]: pam_unix(sudo:session): session closed for user root
Aug 28 18:25:56 devstack cinder-volume[85783]: DEBUG oslo_concurrency.processutils [None req-4d853088-b213-4a3a-a01b-7c1cf4080bb2 tempest-GroupsV314Test-1972559412 None] CMD "/opt/stack/data/venv/bin/python3.12 -m oslo_concurrency.prlimit --as=1073741824 --cpu=60 -- sudo cinder-rootwrap /etc/cinder/rootwrap.conf env LC_ALL=C qemu-img info -f qcow2 --output=json --force-share /opt/stack/data/cinder/mnt/b5613f92c944671112b51acd506b42a4/volume-af046425-b2fd-43bb-bb16-f1eb18e6fa7d.38254f4a-2c08-425f-993d-2edcbbc91d23" returned: 0 in 0.372s {{(pid=85783) execute /opt/stack/data/venv/lib/python3.12/site-packages/oslo_concurrency/processutils.py:468}}
Aug 28 18:25:56 devstack cinder-volume[85783]: DEBUG cinder.volume.drivers.remotefs [None req-4d853088-b213-4a3a-a01b-7c1cf4080bb2 tempest-GroupsV314Test-1972559412 None] Fetching qemu-img info with special backing_file_template: (/opt/stack/data/cinder/mnt/[0-9a-f]+/)?(volume-af046425-b2fd-43bb-bb16-f1eb18e6fa7d(.(tmp-snap-)?[0-9a-f-]+)?|volume_from_snapshot_cache/(tmp-snap-)?[0-9a-f-]+(.(child-|parent-)[0-9a-f-]+)?)$ {{(pid=85783) _qemu_img_info_base /opt/stack/cinder/cinder/volume/drivers/remotefs.py:896}}
Aug 28 18:25:56 devstack cinder-volume[85783]: DEBUG oslo.privsep.daemon [-] privsep: reply[fbf29c4a-3daa-4b2b-a425-94790677a6ef]: (4, 'qcow2') {{(pid=87436) _call_back /opt/stack/data/venv/lib/python3.12/site-packages/oslo_privsep/daemon.py:580}}
Aug 28 18:25:56 devstack cinder-volume[85783]: DEBUG oslo_concurrency.processutils [None req-4d853088-b213-4a3a-a01b-7c1cf4080bb2 tempest-GroupsV314Test-1972559412 None] Running cmd (subprocess): /opt/stack/data/venv/bin/python3.12 -m oslo_concurrency.prlimit --as=1073741824 --cpu=60 -- sudo cinder-rootwrap /etc/cinder/rootwrap.conf env LC_ALL=C qemu-img info -f qcow2 --output=json --force-share /opt/stack/data/cinder/mnt/b5613f92c944671112b51acd506b42a4/volume-af046425-b2fd-43bb-bb16-f1eb18e6fa7d {{(pid=85783) execute /opt/stack/data/venv/lib/python3.12/site-packages/oslo_concurrency/processutils.py:440}}
Aug 28 18:25:57 devstack sudo[94135]: quobyte : PWD=/ ; USER=root ; COMMAND=/opt/stack/data/venv/bin/cinder-rootwrap /etc/cinder/rootwrap.conf env LC_ALL=C qemu-img info -f qcow2 --output=json --force-share /opt/stack/data/cinder/mnt/b5613f92c944671112b51acd506b42a4/volume-af046425-b2fd-43bb-bb16-f1eb18e6fa7d
Aug 28 18:25:57 devstack sudo[94135]: pam_unix(sudo:session): session opened for user root(uid=0) by (uid=1000)
Aug 28 18:25:57 devstack sudo[94135]: pam_unix(sudo:session): session closed for user root
Aug 28 18:25:57 devstack cinder-volume[85783]: DEBUG oslo_concurrency.processutils [None req-4d853088-b213-4a3a-a01b-7c1cf4080bb2 tempest-GroupsV314Test-1972559412 None] CMD "/opt/stack/data/venv/bin/python3.12 -m oslo_concurrency.prlimit --as=1073741824 --cpu=60 -- sudo cinder-rootwrap /etc/cinder/rootwrap.conf env LC_ALL=C qemu-img info -f qcow2 --output=json --force-share /opt/stack/data/cinder/mnt/b5613f92c944671112b51acd506b42a4/volume-af046425-b2fd-43bb-bb16-f1eb18e6fa7d" returned: 0 in 0.358s {{(pid=85783) execute /opt/stack/data/venv/lib/python3.12/site-packages/oslo_concurrency/processutils.py:468}}
Aug 28 18:25:57 devstack cinder-volume[85783]: DEBUG cinder.volume.drivers.quobyte [None req-4d853088-b213-4a3a-a01b-7c1cf4080bb2 tempest-GroupsV314Test-1972559412 None] will copy from snapshot at /opt/stack/data/cinder/mnt/b5613f92c944671112b51acd506b42a4/volume-af046425-b2fd-43bb-bb16-f1eb18e6fa7d {{(pid=85783) _copy_volume_from_snapshot /opt/stack/cinder/cinder/volume/drivers/quobyte.py:423}}
Aug 28 18:25:57 devstack cinder-volume[85783]: DEBUG cinder.volume.drivers.quobyte [None req-4d853088-b213-4a3a-a01b-7c1cf4080bb2 tempest-GroupsV314Test-1972559412 None] Creating direct copy from snapshot {{(pid=85783) _copy_volume_from_snapshot /opt/stack/cinder/cinder/volume/drivers/quobyte.py:431}}
Aug 28 18:25:57 devstack cinder-volume[85783]: DEBUG cinder.utils [None req-4d853088-b213-4a3a-a01b-7c1cf4080bb2 tempest-GroupsV314Test-1972559412 None] Path /opt/stack/data/cinder/mnt/b5613f92c944671112b51acd506b42a4/volume-b8eb792e-c94b-458a-b577-c1b37077f7a4 not found in is_blk_device check {{(pid=85783) is_blk_device /opt/stack/cinder/cinder/utils.py:622}}
Aug 28 18:25:57 devstack cinder-volume[85783]: DEBUG oslo_concurrency.processutils [None req-4d853088-b213-4a3a-a01b-7c1cf4080bb2 tempest-GroupsV314Test-1972559412 None] Running cmd (subprocess): sudo cinder-rootwrap /etc/cinder/rootwrap.conf qemu-img convert -O qcow2 /opt/stack/data/cinder/mnt/b5613f92c944671112b51acd506b42a4/volume-af046425-b2fd-43bb-bb16-f1eb18e6fa7d /opt/stack/data/cinder/mnt/b5613f92c944671112b51acd506b42a4/volume-b8eb792e-c94b-458a-b577-c1b37077f7a4 {{(pid=85783) execute /opt/stack/data/venv/lib/python3.12/site-packages/oslo_concurrency/processutils.py:440}}
Aug 28 18:25:57 devstack sudo[94140]: quobyte : PWD=/ ; USER=root ; COMMAND=/opt/stack/data/venv/bin/cinder-rootwrap /etc/cinder/rootwrap.conf qemu-img convert -O qcow2 /opt/stack/data/cinder/mnt/b5613f92c944671112b51acd506b42a4/volume-af046425-b2fd-43bb-bb16-f1eb18e6fa7d /opt/stack/data/cinder/mnt/b5613f92c944671112b51acd506b42a4/volume-b8eb792e-c94b-458a-b577-c1b37077f7a4
Aug 28 18:25:57 devstack sudo[94140]: pam_unix(sudo:session): session opened for user root(uid=0) by (uid=1000)
Aug 28 18:26:01 devstack sudo[94140]: pam_unix(sudo:session): session closed for user root
Aug 28 18:26:01 devstack cinder-volume[85783]: DEBUG oslo_concurrency.processutils [None req-4d853088-b213-4a3a-a01b-7c1cf4080bb2 tempest-GroupsV314Test-1972559412 None] CMD "sudo cinder-rootwrap /etc/cinder/rootwrap.conf qemu-img convert -O qcow2 /opt/stack/data/cinder/mnt/b5613f92c944671112b51acd506b42a4/volume-af046425-b2fd-43bb-bb16-f1eb18e6fa7d /opt/stack/data/cinder/mnt/b5613f92c944671112b51acd506b42a4/volume-b8eb792e-c94b-458a-b577-c1b37077f7a4" returned: 0 in 4.526s {{(pid=85783) execute /opt/stack/data/venv/lib/python3.12/site-packages/oslo_concurrency/processutils.py:468}}
Aug 28 18:26:01 devstack cinder-volume[85783]: DEBUG cinder.image.image_utils [None req-4d853088-b213-4a3a-a01b-7c1cf4080bb2 tempest-GroupsV314Test-1972559412 None] Image conversion details: src /opt/stack/data/cinder/mnt/b5613f92c944671112b51acd506b42a4/volume-af046425-b2fd-43bb-bb16-f1eb18e6fa7d, size 1024.00 MB, duration 4.53 sec, destination /opt/stack/data/cinder/mnt/b5613f92c944671112b51acd506b42a4/volume-b8eb792e-c94b-458a-b577-c1b37077f7a4 {{(pid=85783) _convert_image /opt/stack/cinder/cinder/image/image_utils.py:536}}
Aug 28 18:26:01 devstack cinder-volume[85783]: INFO cinder.image.image_utils [None req-4d853088-b213-4a3a-a01b-7c1cf4080bb2 tempest-GroupsV314Test-1972559412 None] Converted 1024.00 MB image at 226.15 MB/s
Aug 28 18:26:01 devstack cinder-volume[85783]: WARNING cinder.volume.drivers.remotefs [None req-4d853088-b213-4a3a-a01b-7c1cf4080bb2 tempest-GroupsV314Test-1972559412 None] /opt/stack/data/cinder/mnt/b5613f92c944671112b51acd506b42a4/volume-b8eb792e-c94b-458a-b577-c1b37077f7a4 is being set with open permissions: ugo+rw: NotImplementedError
Aug 28 18:26:01 devstack cinder-volume[85783]: DEBUG oslo_concurrency.processutils [None req-4d853088-b213-4a3a-a01b-7c1cf4080bb2 tempest-GroupsV314Test-1972559412 None] Running cmd (subprocess): sudo cinder-rootwrap /etc/cinder/rootwrap.conf chmod ugo+rw /opt/stack/data/cinder/mnt/b5613f92c944671112b51acd506b42a4/volume-b8eb792e-c94b-458a-b577-c1b37077f7a4 {{(pid=85783) execute /opt/stack/data/venv/lib/python3.12/site-packages/oslo_concurrency/processutils.py:440}}
Aug 28 18:26:01 devstack sudo[94154]: quobyte : PWD=/ ; USER=root ; COMMAND=/opt/stack/data/venv/bin/cinder-rootwrap /etc/cinder/rootwrap.conf chmod ugo+rw /opt/stack/data/cinder/mnt/b5613f92c944671112b51acd506b42a4/volume-b8eb792e-c94b-458a-b577-c1b37077f7a4
Aug 28 18:26:01 devstack sudo[94154]: pam_unix(sudo:session): session opened for user root(uid=0) by (uid=1000)
Aug 28 18:26:02 devstack sudo[94154]: pam_unix(sudo:session): session closed for user root
Aug 28 18:26:02 devstack cinder-volume[85783]: DEBUG oslo_concurrency.processutils [None req-4d853088-b213-4a3a-a01b-7c1cf4080bb2 tempest-GroupsV314Test-1972559412 None] CMD "sudo cinder-rootwrap /etc/cinder/rootwrap.conf chmod ugo+rw /opt/stack/data/cinder/mnt/b5613f92c944671112b51acd506b42a4/volume-b8eb792e-c94b-458a-b577-c1b37077f7a4" returned: 0 in 0.240s {{(pid=85783) execute /opt/stack/data/venv/lib/python3.12/site-packages/oslo_concurrency/processutils.py:468}}
Aug 28 18:26:02 devstack cinder-volume[85783]: DEBUG cinder.coordination [None req-4d853088-b213-4a3a-a01b-7c1cf4080bb2 tempest-GroupsV314Test-1972559412 None] Lock "cinder-quobyte-b8eb792e-c94b-458a-b577-c1b37077f7a4" released by "_copy_volume_from_snapshot" :: held 5.563s {{(pid=85783) __release /opt/stack/cinder/cinder/coordination.py:152}}
Aug 28 18:26:02 devstack cinder-volume[85783]: DEBUG cinder.coordination [None req-4d853088-b213-4a3a-a01b-7c1cf4080bb2 tempest-GroupsV314Test-1972559412 None] Acquiring lock "cinder-quobyte-38254f4a-2c08-425f-993d-2edcbbc91d23" by "_delete_snapshot" {{(pid=85783) __acquire /opt/stack/cinder/cinder/coordination.py:138}}
Aug 28 18:26:02 devstack cinder-volume[85783]: DEBUG cinder.coordination [None req-4d853088-b213-4a3a-a01b-7c1cf4080bb2 tempest-GroupsV314Test-1972559412 None] Lock "cinder-quobyte-38254f4a-2c08-425f-993d-2edcbbc91d23" acquired by "_delete_snapshot" :: waited 0.014s {{(pid=85783) __acquire /opt/stack/cinder/cinder/coordination.py:141}}
Aug 28 18:26:02 devstack cinder-volume[85783]: DEBUG cinder.volume.drivers.remotefs [None req-4d853088-b213-4a3a-a01b-7c1cf4080bb2 tempest-GroupsV314Test-1972559412 None] Deleting offline snapshot 38254f4a-2c08-425f-993d-2edcbbc91d23 of volume af046425-b2fd-43bb-bb16-f1eb18e6fa7d {{(pid=85783) _delete_snapshot /opt/stack/cinder/cinder/volume/drivers/remotefs.py:1288}}
Aug 28 18:26:02 devstack cinder-volume[85783]: DEBUG cinder.volume.drivers.remotefs [None req-4d853088-b213-4a3a-a01b-7c1cf4080bb2 tempest-GroupsV314Test-1972559412 None] snapshot_file for this snap is: volume-af046425-b2fd-43bb-bb16-f1eb18e6fa7d.38254f4a-2c08-425f-993d-2edcbbc91d23 {{(pid=85783) _delete_snapshot /opt/stack/cinder/cinder/volume/drivers/remotefs.py:1317}}
Aug 28 18:26:02 devstack cinder-volume[85783]: DEBUG oslo.privsep.daemon [-] privsep: reply[7a6c2e77-4161-4913-9d1c-82d70a6ce167]: (4, 'qcow2') {{(pid=87436) _call_back /opt/stack/data/venv/lib/python3.12/site-packages/oslo_privsep/daemon.py:580}}
Aug 28 18:26:02 devstack cinder-volume[85783]: DEBUG oslo_concurrency.processutils [None req-4d853088-b213-4a3a-a01b-7c1cf4080bb2 tempest-GroupsV314Test-1972559412 None] Running cmd (subprocess): /opt/stack/data/venv/bin/python3.12 -m oslo_concurrency.prlimit --as=1073741824 --cpu=60 -- sudo cinder-rootwrap /etc/cinder/rootwrap.conf env LC_ALL=C qemu-img info -f qcow2 --output=json --force-share /opt/stack/data/cinder/mnt/b5613f92c944671112b51acd506b42a4/volume-af046425-b2fd-43bb-bb16-f1eb18e6fa7d.38254f4a-2c08-425f-993d-2edcbbc91d23 {{(pid=85783) execute /opt/stack/data/venv/lib/python3.12/site-packages/oslo_concurrency/processutils.py:440}}
Aug 28 18:26:02 devstack sudo[94157]: quobyte : PWD=/ ; USER=root ; COMMAND=/opt/stack/data/venv/bin/cinder-rootwrap /etc/cinder/rootwrap.conf env LC_ALL=C qemu-img info -f qcow2 --output=json --force-share /opt/stack/data/cinder/mnt/b5613f92c944671112b51acd506b42a4/volume-af046425-b2fd-43bb-bb16-f1eb18e6fa7d.38254f4a-2c08-425f-993d-2edcbbc91d23
Aug 28 18:26:02 devstack sudo[94157]: pam_unix(sudo:session): session opened for user root(uid=0) by (uid=1000)
Aug 28 18:26:02 devstack sudo[94157]: pam_unix(sudo:session): session closed for user root
Aug 28 18:26:02 devstack cinder-volume[85783]: DEBUG oslo_concurrency.processutils [None req-4d853088-b213-4a3a-a01b-7c1cf4080bb2 tempest-GroupsV314Test-1972559412 None] CMD "/opt/stack/data/venv/bin/python3.12 -m oslo_concurrency.prlimit --as=1073741824 --cpu=60 -- sudo cinder-rootwrap /etc/cinder/rootwrap.conf env LC_ALL=C qemu-img info -f qcow2 --output=json --force-share /opt/stack/data/cinder/mnt/b5613f92c944671112b51acd506b42a4/volume-af046425-b2fd-43bb-bb16-f1eb18e6fa7d.38254f4a-2c08-425f-993d-2edcbbc91d23" returned: 0 in 0.362s {{(pid=85783) execute /opt/stack/data/venv/lib/python3.12/site-packages/oslo_concurrency/processutils.py:468}}
Aug 28 18:26:02 devstack cinder-volume[85783]: DEBUG cinder.volume.drivers.remotefs [None req-4d853088-b213-4a3a-a01b-7c1cf4080bb2 tempest-GroupsV314Test-1972559412 None] Fetching qemu-img info with special backing_file_template: (/opt/stack/data/cinder/mnt/[0-9a-f]+/)?(volume-af046425-b2fd-43bb-bb16-f1eb18e6fa7d(.(tmp-snap-)?[0-9a-f-]+)?|volume_from_snapshot_cache/(tmp-snap-)?[0-9a-f-]+(.(child-|parent-)[0-9a-f-]+)?)$ {{(pid=85783) _qemu_img_info_base /opt/stack/cinder/cinder/volume/drivers/remotefs.py:896}}
Aug 28 18:26:02 devstack cinder-volume[85783]: DEBUG oslo.privsep.daemon [-] privsep: reply[2c22ec76-f371-4bc8-872a-ac91479c4819]: (4, 'qcow2') {{(pid=87436) _call_back /opt/stack/data/venv/lib/python3.12/site-packages/oslo_privsep/daemon.py:580}}
Aug 28 18:26:02 devstack cinder-volume[85783]: DEBUG oslo_concurrency.processutils [None req-4d853088-b213-4a3a-a01b-7c1cf4080bb2 tempest-GroupsV314Test-1972559412 None] Running cmd (subprocess): /opt/stack/data/venv/bin/python3.12 -m oslo_concurrency.prlimit --as=1073741824 --cpu=60 -- sudo cinder-rootwrap /etc/cinder/rootwrap.conf env LC_ALL=C qemu-img info -f qcow2 --output=json --force-share /opt/stack/data/cinder/mnt/b5613f92c944671112b51acd506b42a4/volume-af046425-b2fd-43bb-bb16-f1eb18e6fa7d {{(pid=85783) execute /opt/stack/data/venv/lib/python3.12/site-packages/oslo_concurrency/processutils.py:440}}
Aug 28 18:26:02 devstack sudo[94162]: quobyte : PWD=/ ; USER=root ; COMMAND=/opt/stack/data/venv/bin/cinder-rootwrap /etc/cinder/rootwrap.conf env LC_ALL=C qemu-img info -f qcow2 --output=json --force-share /opt/stack/data/cinder/mnt/b5613f92c944671112b51acd506b42a4/volume-af046425-b2fd-43bb-bb16-f1eb18e6fa7d
Aug 28 18:26:02 devstack sudo[94162]: pam_unix(sudo:session): session opened for user root(uid=0) by (uid=1000)
Aug 28 18:26:03 devstack sudo[94162]: pam_unix(sudo:session): session closed for user root
Aug 28 18:26:03 devstack cinder-volume[85783]: DEBUG oslo_concurrency.processutils [None req-4d853088-b213-4a3a-a01b-7c1cf4080bb2 tempest-GroupsV314Test-1972559412 None] CMD "/opt/stack/data/venv/bin/python3.12 -m oslo_concurrency.prlimit --as=1073741824 --cpu=60 -- sudo cinder-rootwrap /etc/cinder/rootwrap.conf env LC_ALL=C qemu-img info -f qcow2 --output=json --force-share /opt/stack/data/cinder/mnt/b5613f92c944671112b51acd506b42a4/volume-af046425-b2fd-43bb-bb16-f1eb18e6fa7d" returned: 0 in 0.558s {{(pid=85783) execute /opt/stack/data/venv/lib/python3.12/site-packages/oslo_concurrency/processutils.py:468}}
Aug 28 18:26:03 devstack cinder-volume[85783]: DEBUG oslo_concurrency.processutils [None req-4d853088-b213-4a3a-a01b-7c1cf4080bb2 tempest-GroupsV314Test-1972559412 None] Running cmd (subprocess): sudo cinder-rootwrap /etc/cinder/rootwrap.conf qemu-img commit -d /opt/stack/data/cinder/mnt/b5613f92c944671112b51acd506b42a4/volume-af046425-b2fd-43bb-bb16-f1eb18e6fa7d.38254f4a-2c08-425f-993d-2edcbbc91d23 {{(pid=85783) execute /opt/stack/data/venv/lib/python3.12/site-packages/oslo_concurrency/processutils.py:440}}
Aug 28 18:26:03 devstack sudo[94168]: quobyte : PWD=/ ; USER=root ; COMMAND=/opt/stack/data/venv/bin/cinder-rootwrap /etc/cinder/rootwrap.conf qemu-img commit -d /opt/stack/data/cinder/mnt/b5613f92c944671112b51acd506b42a4/volume-af046425-b2fd-43bb-bb16-f1eb18e6fa7d.38254f4a-2c08-425f-993d-2edcbbc91d23
Aug 28 18:26:03 devstack sudo[94168]: pam_unix(sudo:session): session opened for user root(uid=0) by (uid=1000)
Aug 28 18:26:03 devstack sudo[94168]: pam_unix(sudo:session): session closed for user root
Aug 28 18:26:03 devstack cinder-volume[85783]: DEBUG oslo_concurrency.processutils [None req-4d853088-b213-4a3a-a01b-7c1cf4080bb2 tempest-GroupsV314Test-1972559412 None] CMD "sudo cinder-rootwrap /etc/cinder/rootwrap.conf qemu-img commit -d /opt/stack/data/cinder/mnt/b5613f92c944671112b51acd506b42a4/volume-af046425-b2fd-43bb-bb16-f1eb18e6fa7d.38254f4a-2c08-425f-993d-2edcbbc91d23" returned: 0 in 0.326s {{(pid=85783) execute /opt/stack/data/venv/lib/python3.12/site-packages/oslo_concurrency/processutils.py:468}}
Aug 28 18:26:03 devstack cinder-volume[85783]: DEBUG oslo_concurrency.processutils [None req-4d853088-b213-4a3a-a01b-7c1cf4080bb2 tempest-GroupsV314Test-1972559412 None] Running cmd (subprocess): sudo cinder-rootwrap /etc/cinder/rootwrap.conf rm -f /opt/stack/data/cinder/mnt/b5613f92c944671112b51acd506b42a4/volume-af046425-b2fd-43bb-bb16-f1eb18e6fa7d.38254f4a-2c08-425f-993d-2edcbbc91d23 {{(pid=85783) execute /opt/stack/data/venv/lib/python3.12/site-packages/oslo_concurrency/processutils.py:440}}
Aug 28 18:26:03 devstack sudo[94173]: quobyte : PWD=/ ; USER=root ; COMMAND=/opt/stack/data/venv/bin/cinder-rootwrap /etc/cinder/rootwrap.conf rm -f /opt/stack/data/cinder/mnt/b5613f92c944671112b51acd506b42a4/volume-af046425-b2fd-43bb-bb16-f1eb18e6fa7d.38254f4a-2c08-425f-993d-2edcbbc91d23
Aug 28 18:26:03 devstack sudo[94173]: pam_unix(sudo:session): session opened for user root(uid=0) by (uid=1000)
Aug 28 18:26:03 devstack sudo[94173]: pam_unix(sudo:session): session closed for user root
Aug 28 18:26:03 devstack cinder-volume[85783]: DEBUG oslo_concurrency.processutils [None req-4d853088-b213-4a3a-a01b-7c1cf4080bb2 tempest-GroupsV314Test-1972559412 None] CMD "sudo cinder-rootwrap /etc/cinder/rootwrap.conf rm -f /opt/stack/data/cinder/mnt/b5613f92c944671112b51acd506b42a4/volume-af046425-b2fd-43bb-bb16-f1eb18e6fa7d.38254f4a-2c08-425f-993d-2edcbbc91d23" returned: 0 in 0.242s {{(pid=85783) execute /opt/stack/data/venv/lib/python3.12/site-packages/oslo_concurrency/processutils.py:468}}
Aug 28 18:26:03 devstack cinder-volume[85783]: DEBUG cinder.coordination [None req-4d853088-b213-4a3a-a01b-7c1cf4080bb2 tempest-GroupsV314Test-1972559412 None] Lock "cinder-quobyte-38254f4a-2c08-425f-993d-2edcbbc91d23" released by "_delete_snapshot" :: held 1.569s {{(pid=85783) __release /opt/stack/cinder/cinder/coordination.py:152}}
Aug 28 18:26:03 devstack cinder-volume[85783]: DEBUG oslo_concurrency.lockutils [None req-4d853088-b213-4a3a-a01b-7c1cf4080bb2 tempest-GroupsV314Test-1972559412 None] Lock "quobyte" "released" by "cinder.volume.drivers.quobyte.QuobyteDriver.create_cloned_volume" :: held 9.213s {{(pid=85783) inner /opt/stack/data/venv/lib/python3.12/site-packages/oslo_concurrency/lockutils.py:544}}
Aug 28 18:26:03 devstack cinder-volume[85783]: DEBUG oslo_concurrency.lockutils [req-beab8b99-41ef-426b-a6b1-ec27344bc0c7 req-fc17e123-167c-46e6-bf64-325f8d8188a6 tempest-ServerActionsTestOtherA-1093039387 None] Lock "quobyte" acquired by "cinder.volume.drivers.quobyte.QuobyteDriver.initialize_connection" :: waited 32.646s {{(pid=85783) inner /opt/stack/data/venv/lib/python3.12/site-packages/oslo_concurrency/lockutils.py:525}}
Aug 28 18:26:03 devstack cinder-volume[85783]: DEBUG oslo_concurrency.lockutils [req-beab8b99-41ef-426b-a6b1-ec27344bc0c7 req-fc17e123-167c-46e6-bf64-325f8d8188a6 tempest-ServerActionsTestOtherA-1093039387 None] Lock "quobyte" "released" by "cinder.volume.drivers.quobyte.QuobyteDriver.initialize_connection" :: held 0.016s {{(pid=85783) inner /opt/stack/data/venv/lib/python3.12/site-packages/oslo_concurrency/lockutils.py:544}}
Aug 28 18:26:03 devstack cinder-volume[85783]: DEBUG oslo_concurrency.lockutils [req-630c8de9-9c69-438e-bab5-459d89dc13e7 req-c7dd1b32-464a-4f4d-9f9d-2aaa64b52457 tempest-VolumesSnapshotsTestJSON-78613427 None] Lock "quobyte" acquired by "cinder.volume.drivers.quobyte.QuobyteDriver.create_volume" :: waited 13.574s {{(pid=85783) inner /opt/stack/data/venv/lib/python3.12/site-packages/oslo_concurrency/lockutils.py:525}}
Aug 28 18:26:03 devstack cinder-volume[85783]: DEBUG cinder.volume.drivers.quobyte [req-630c8de9-9c69-438e-bab5-459d89dc13e7 req-c7dd1b32-464a-4f4d-9f9d-2aaa64b52457 tempest-VolumesSnapshotsTestJSON-78613427 None] ==> create_volume: call "{'self': , 'volume': Volume(_name_id=None,admin_metadata=,attach_status='detached',availability_zone='nova',bootable=False,cluster=,cluster_name=None,consistencygroup=,consistencygroup_id=None,created_at=2026-08-28T16:25:50Z,deleted=False,deleted_at=None,display_description=None,display_name='tempest-VolumesSnapshotsTestJSON-volume-1000766145',ec2_id=None,encryption_key_id=None,glance_metadata=,group=,group_id=None,host='devstack@QuobyteHD#QuobyteHD',id=13d01f96-7386-489a-88e0-3b37306fede1,launched_at=None,metadata={},migration_status=None,multiattach=False,previous_status=None,project_id='0a635fb015114441b0d5d35399235d0b',provider_auth=None,provider_geometry=None,provider_id=None,provider_location=None,replication_driver_data=None,replication_extended_status=None,replication_status=None,scheduled_at=2026-08-28T16:25:50Z,service_uuid=None,shared_targets=True,size=1,snapshot_id=None,snapshots=,source_volid=None,status='creating',terminated_at=None,updated_at=2026-08-28T16:25:50Z,use_quota=True,user_id='0428c122d19046e380106a9fb69efbc9',volume_attachment=VolumeAttachmentList,volume_type=VolumeType(d1722c1a-f606-48c7-b41b-7269a9435b76),volume_type_id=d1722c1a-f606-48c7-b41b-7269a9435b76)}" {{(pid=85783) trace_logging_wrapper /opt/stack/cinder/cinder/volume/volume_utils.py:1497}}
Aug 28 18:26:03 devstack cinder-volume[85783]: DEBUG cinder.volume.drivers.remotefs [req-630c8de9-9c69-438e-bab5-459d89dc13e7 req-c7dd1b32-464a-4f4d-9f9d-2aaa64b52457 tempest-VolumesSnapshotsTestJSON-78613427 None] Creating volume 13d01f96-7386-489a-88e0-3b37306fede1 {{(pid=85783) create_volume /opt/stack/cinder/cinder/volume/drivers/remotefs.py:292}}
Aug 28 18:26:03 devstack cinder-volume[85783]: DEBUG oslo_concurrency.lockutils [req-630c8de9-9c69-438e-bab5-459d89dc13e7 req-c7dd1b32-464a-4f4d-9f9d-2aaa64b52457 tempest-VolumesSnapshotsTestJSON-78613427 None] Acquiring lock "quobyte_ensure" by "cinder.volume.drivers.quobyte.QuobyteDriver._ensure_shares_mounted" {{(pid=85783) inner /opt/stack/data/venv/lib/python3.12/site-packages/oslo_concurrency/lockutils.py:512}}
Aug 28 18:26:03 devstack cinder-volume[85783]: DEBUG oslo_concurrency.lockutils [req-630c8de9-9c69-438e-bab5-459d89dc13e7 req-c7dd1b32-464a-4f4d-9f9d-2aaa64b52457 tempest-VolumesSnapshotsTestJSON-78613427 None] Lock "quobyte_ensure" acquired by "cinder.volume.drivers.quobyte.QuobyteDriver._ensure_shares_mounted" :: waited 0.000s {{(pid=85783) inner /opt/stack/data/venv/lib/python3.12/site-packages/oslo_concurrency/lockutils.py:525}}
Aug 28 18:26:03 devstack cinder-volume[85783]: DEBUG cinder.volume.drivers.quobyte [req-630c8de9-9c69-438e-bab5-459d89dc13e7 req-c7dd1b32-464a-4f4d-9f9d-2aaa64b52457 tempest-VolumesSnapshotsTestJSON-78613427 None] Quobyte Volume URL set to: {'osci02.corp.quobyte.com/cinder-vol-587e8f80-76b9-4e73-b27f-d197c92a8cc5': None} {{(pid=85783) _load_shares_config /opt/stack/cinder/cinder/volume/drivers/quobyte.py:662}}
Aug 28 18:26:03 devstack cinder-volume[85783]: DEBUG cinder.volume.drivers.quobyte [req-630c8de9-9c69-438e-bab5-459d89dc13e7 req-c7dd1b32-464a-4f4d-9f9d-2aaa64b52457 tempest-VolumesSnapshotsTestJSON-78613427 None] Available shares ['osci02.corp.quobyte.com/cinder-vol-587e8f80-76b9-4e73-b27f-d197c92a8cc5'] {{(pid=85783) _ensure_shares_mounted /opt/stack/cinder/cinder/volume/drivers/quobyte.py:692}}
Aug 28 18:26:03 devstack cinder-volume[85783]: DEBUG oslo_concurrency.lockutils [req-630c8de9-9c69-438e-bab5-459d89dc13e7 req-c7dd1b32-464a-4f4d-9f9d-2aaa64b52457 tempest-VolumesSnapshotsTestJSON-78613427 None] Lock "quobyte_ensure" "released" by "cinder.volume.drivers.quobyte.QuobyteDriver._ensure_shares_mounted" :: held 0.007s {{(pid=85783) inner /opt/stack/data/venv/lib/python3.12/site-packages/oslo_concurrency/lockutils.py:544}}
Aug 28 18:26:03 devstack cinder-volume[85783]: DEBUG cinder.volume.drivers.quobyte [req-630c8de9-9c69-438e-bab5-459d89dc13e7 req-c7dd1b32-464a-4f4d-9f9d-2aaa64b52457 tempest-VolumesSnapshotsTestJSON-78613427 None] Selected osci02.corp.quobyte.com/cinder-vol-587e8f80-76b9-4e73-b27f-d197c92a8cc5 as target Quobyte volume. {{(pid=85783) _find_share /opt/stack/cinder/cinder/volume/drivers/quobyte.py:713}}
Aug 28 18:26:03 devstack cinder-volume[85783]: INFO cinder.volume.drivers.remotefs [req-630c8de9-9c69-438e-bab5-459d89dc13e7 req-c7dd1b32-464a-4f4d-9f9d-2aaa64b52457 tempest-VolumesSnapshotsTestJSON-78613427 None] casted to osci02.corp.quobyte.com/cinder-vol-587e8f80-76b9-4e73-b27f-d197c92a8cc5
Aug 28 18:26:03 devstack cinder-volume[85783]: DEBUG oslo_concurrency.processutils [req-630c8de9-9c69-438e-bab5-459d89dc13e7 req-c7dd1b32-464a-4f4d-9f9d-2aaa64b52457 tempest-VolumesSnapshotsTestJSON-78613427 None] Running cmd (subprocess): sudo cinder-rootwrap /etc/cinder/rootwrap.conf qemu-img create -f qcow2 -o preallocation=metadata /opt/stack/data/cinder/mnt/b5613f92c944671112b51acd506b42a4/volume-13d01f96-7386-489a-88e0-3b37306fede1 1073741824 {{(pid=85783) execute /opt/stack/data/venv/lib/python3.12/site-packages/oslo_concurrency/processutils.py:440}}
Aug 28 18:26:03 devstack sudo[94176]: quobyte : PWD=/ ; USER=root ; COMMAND=/opt/stack/data/venv/bin/cinder-rootwrap /etc/cinder/rootwrap.conf qemu-img create -f qcow2 -o preallocation=metadata /opt/stack/data/cinder/mnt/b5613f92c944671112b51acd506b42a4/volume-13d01f96-7386-489a-88e0-3b37306fede1 1073741824
Aug 28 18:26:03 devstack sudo[94176]: pam_unix(sudo:session): session opened for user root(uid=0) by (uid=1000)
Aug 28 18:26:03 devstack cinder-volume[85783]: DEBUG cinder.volume.manager [req-beab8b99-41ef-426b-a6b1-ec27344bc0c7 req-fc17e123-167c-46e6-bf64-325f8d8188a6 tempest-ServerActionsTestOtherA-1093039387 None] Connection info returned from driver {'export': 'osci02.corp.quobyte.com/cinder-vol-587e8f80-76b9-4e73-b27f-d197c92a8cc5', 'name': 'volume-47e6678e-208e-492a-9c87-e75f7de6d9eb', 'options': None, 'format': 'qcow2', 'qos_specs': None, 'access_mode': 'rw', 'encrypted': False, 'cacheable': False, 'driver_volume_type': 'quobyte', 'mount_point_base': '/opt/stack/data/cinder/mnt', 'attachment_id': 'a6ad5790-154b-4239-950e-6b0a4ac39d45', 'enforce_multipath': True} {{(pid=85783) _connection_create /opt/stack/cinder/cinder/volume/manager.py:4924}}
Aug 28 18:26:03 devstack cinder-volume[85783]: INFO cinder.volume.manager [None req-4d853088-b213-4a3a-a01b-7c1cf4080bb2 tempest-GroupsV314Test-1972559412 None] Create group from source-group-d7ee7623-b68f-4945-a604-b0c8da926db1 completed successfully.
Aug 28 18:26:03 devstack cinder-volume[85783]: INFO cinder.volume.manager [req-beab8b99-41ef-426b-a6b1-ec27344bc0c7 req-fc17e123-167c-46e6-bf64-325f8d8188a6 tempest-ServerActionsTestOtherA-1093039387 None] attachment_update completed successfully.
Aug 28 18:26:04 devstack sudo[94176]: pam_unix(sudo:session): session closed for user root
Aug 28 18:26:04 devstack cinder-volume[85783]: DEBUG oslo_concurrency.processutils [req-630c8de9-9c69-438e-bab5-459d89dc13e7 req-c7dd1b32-464a-4f4d-9f9d-2aaa64b52457 tempest-VolumesSnapshotsTestJSON-78613427 None] CMD "sudo cinder-rootwrap /etc/cinder/rootwrap.conf qemu-img create -f qcow2 -o preallocation=metadata /opt/stack/data/cinder/mnt/b5613f92c944671112b51acd506b42a4/volume-13d01f96-7386-489a-88e0-3b37306fede1 1073741824" returned: 0 in 0.648s {{(pid=85783) execute /opt/stack/data/venv/lib/python3.12/site-packages/oslo_concurrency/processutils.py:468}}
Aug 28 18:26:04 devstack cinder-volume[85783]: DEBUG oslo_concurrency.processutils [req-630c8de9-9c69-438e-bab5-459d89dc13e7 req-c7dd1b32-464a-4f4d-9f9d-2aaa64b52457 tempest-VolumesSnapshotsTestJSON-78613427 None] Running cmd (subprocess): sudo cinder-rootwrap /etc/cinder/rootwrap.conf chmod ugo+rw /opt/stack/data/cinder/mnt/b5613f92c944671112b51acd506b42a4/volume-13d01f96-7386-489a-88e0-3b37306fede1 {{(pid=85783) execute /opt/stack/data/venv/lib/python3.12/site-packages/oslo_concurrency/processutils.py:440}}
Aug 28 18:26:04 devstack sudo[94245]: quobyte : PWD=/ ; USER=root ; COMMAND=/opt/stack/data/venv/bin/cinder-rootwrap /etc/cinder/rootwrap.conf chmod ugo+rw /opt/stack/data/cinder/mnt/b5613f92c944671112b51acd506b42a4/volume-13d01f96-7386-489a-88e0-3b37306fede1
Aug 28 18:26:04 devstack sudo[94245]: pam_unix(sudo:session): session opened for user root(uid=0) by (uid=1000)
Aug 28 18:26:04 devstack cinder-volume[85783]: DEBUG cinder.coordination [None req-ef5e8fa4-a539-49b1-ac6c-833c09d239a4 tempest-GroupsV314Test-1972559412 None] Acquiring lock "cinder-quobyte-b8eb792e-c94b-458a-b577-c1b37077f7a4" by "delete_volume" {{(pid=85783) __acquire /opt/stack/cinder/cinder/coordination.py:138}}
Aug 28 18:26:04 devstack cinder-volume[85783]: DEBUG cinder.coordination [None req-ef5e8fa4-a539-49b1-ac6c-833c09d239a4 tempest-GroupsV314Test-1972559412 None] Lock "cinder-quobyte-b8eb792e-c94b-458a-b577-c1b37077f7a4" acquired by "delete_volume" :: waited 0.025s {{(pid=85783) __acquire /opt/stack/cinder/cinder/coordination.py:141}}
Aug 28 18:26:04 devstack cinder-volume[85783]: DEBUG oslo.privsep.daemon [-] privsep: reply[be277934-b7f2-4c39-8a62-34aa97610b7f]: (4, 'qcow2') {{(pid=87436) _call_back /opt/stack/data/venv/lib/python3.12/site-packages/oslo_privsep/daemon.py:580}}
Aug 28 18:26:04 devstack cinder-volume[85783]: DEBUG oslo_concurrency.processutils [None req-ef5e8fa4-a539-49b1-ac6c-833c09d239a4 tempest-GroupsV314Test-1972559412 None] Running cmd (subprocess): /opt/stack/data/venv/bin/python3.12 -m oslo_concurrency.prlimit --as=1073741824 --cpu=60 -- sudo cinder-rootwrap /etc/cinder/rootwrap.conf env LC_ALL=C qemu-img info -f qcow2 --output=json --force-share /opt/stack/data/cinder/mnt/b5613f92c944671112b51acd506b42a4/volume-b8eb792e-c94b-458a-b577-c1b37077f7a4 {{(pid=85783) execute /opt/stack/data/venv/lib/python3.12/site-packages/oslo_concurrency/processutils.py:440}}
Aug 28 18:26:04 devstack sudo[94245]: pam_unix(sudo:session): session closed for user root
Aug 28 18:26:04 devstack cinder-volume[85783]: DEBUG oslo_concurrency.processutils [req-630c8de9-9c69-438e-bab5-459d89dc13e7 req-c7dd1b32-464a-4f4d-9f9d-2aaa64b52457 tempest-VolumesSnapshotsTestJSON-78613427 None] CMD "sudo cinder-rootwrap /etc/cinder/rootwrap.conf chmod ugo+rw /opt/stack/data/cinder/mnt/b5613f92c944671112b51acd506b42a4/volume-13d01f96-7386-489a-88e0-3b37306fede1" returned: 0 in 0.414s {{(pid=85783) execute /opt/stack/data/venv/lib/python3.12/site-packages/oslo_concurrency/processutils.py:468}}
Aug 28 18:26:04 devstack cinder-volume[85783]: DEBUG cinder.volume.drivers.quobyte [req-630c8de9-9c69-438e-bab5-459d89dc13e7 req-c7dd1b32-464a-4f4d-9f9d-2aaa64b52457 tempest-VolumesSnapshotsTestJSON-78613427 None] <== create_volume: return (1116ms) {'provider_location': 'osci02.corp.quobyte.com/cinder-vol-587e8f80-76b9-4e73-b27f-d197c92a8cc5'} {{(pid=85783) trace_logging_wrapper /opt/stack/cinder/cinder/volume/volume_utils.py:1522}}
Aug 28 18:26:04 devstack cinder-volume[85783]: DEBUG oslo_concurrency.lockutils [req-630c8de9-9c69-438e-bab5-459d89dc13e7 req-c7dd1b32-464a-4f4d-9f9d-2aaa64b52457 tempest-VolumesSnapshotsTestJSON-78613427 None] Lock "quobyte" "released" by "cinder.volume.drivers.quobyte.QuobyteDriver.create_volume" :: held 1.123s {{(pid=85783) inner /opt/stack/data/venv/lib/python3.12/site-packages/oslo_concurrency/lockutils.py:544}}
Aug 28 18:26:04 devstack sudo[94287]: quobyte : PWD=/ ; USER=root ; COMMAND=/opt/stack/data/venv/bin/cinder-rootwrap /etc/cinder/rootwrap.conf env LC_ALL=C qemu-img info -f qcow2 --output=json --force-share /opt/stack/data/cinder/mnt/b5613f92c944671112b51acd506b42a4/volume-b8eb792e-c94b-458a-b577-c1b37077f7a4
Aug 28 18:26:04 devstack sudo[94287]: pam_unix(sudo:session): session opened for user root(uid=0) by (uid=1000)
Aug 28 18:26:04 devstack cinder-volume[85783]: DEBUG oslo_concurrency.lockutils [None req-e13c2f7c-1d81-4bcc-8360-a1bf3749f945 tempest-VolumesActionsTest-1927336687 None] Lock "quobyte" acquired by "cinder.volume.drivers.quobyte.QuobyteDriver.copy_volume_to_image" :: waited 8.653s {{(pid=85783) inner /opt/stack/data/venv/lib/python3.12/site-packages/oslo_concurrency/lockutils.py:525}}
Aug 28 18:26:04 devstack cinder-volume[85783]: DEBUG cinder.volume.manager [req-630c8de9-9c69-438e-bab5-459d89dc13e7 req-c7dd1b32-464a-4f4d-9f9d-2aaa64b52457 tempest-VolumesSnapshotsTestJSON-78613427 None] Task 'cinder.volume.flows.manager.create_volume.CreateVolumeFromSpecTask;volume:create' (5b30a010-9834-455c-beb4-8abb9f311967) transitioned into state 'SUCCESS' from state 'RUNNING' with result '{'status': 'creating', 'volume_name': 'volume-13d01f96-7386-489a-88e0-3b37306fede1', 'volume_size': 1}' {{(pid=85783) _task_receiver /opt/stack/data/venv/lib/python3.12/site-packages/taskflow/listeners/logging.py:218}}
Aug 28 18:26:04 devstack cinder-volume[85783]: DEBUG cinder.volume.manager [req-630c8de9-9c69-438e-bab5-459d89dc13e7 req-c7dd1b32-464a-4f4d-9f9d-2aaa64b52457 tempest-VolumesSnapshotsTestJSON-78613427 None] Task 'cinder.volume.flows.manager.create_volume.CreateVolumeOnFinishTask;volume:create, create.end' (c6402e2a-be42-4241-b29d-776039ec14fa) transitioned into state 'RUNNING' from state 'PENDING' {{(pid=85783) _task_receiver /opt/stack/data/venv/lib/python3.12/site-packages/taskflow/listeners/logging.py:242}}
Aug 28 18:26:04 devstack cinder-volume[85783]: DEBUG oslo.privsep.daemon [-] privsep: reply[62ce6454-3680-4152-b4d3-ba68617e98a9]: (4, 'qcow2') {{(pid=87436) _call_back /opt/stack/data/venv/lib/python3.12/site-packages/oslo_privsep/daemon.py:580}}
