Jun 06 01:04:44 devstack cinder-volume[86581]: INFO cinder.volume.drivers.remotefs [None req-93a7aab5-4173-420c-887d-694b3f1e2280 tempest-GroupSnapshotsV319Test-282226390 None] casted to osci02.corp.quobyte.com/cinder-vol-592a9002-7025-4e29-a0f2-ae3320dd38ee
Jun 06 01:04:44 devstack cinder-volume[86581]: DEBUG oslo_concurrency.processutils [None req-93a7aab5-4173-420c-887d-694b3f1e2280 tempest-GroupSnapshotsV319Test-282226390 None] Running cmd (subprocess): sudo cinder-rootwrap /etc/cinder/rootwrap.conf qemu-img create -f qcow2 -o preallocation=metadata /opt/stack/data/cinder/mnt/26f76dec36e3350f284349e8ae4ed735/volume-ef7d8376-d309-4750-958b-4934dfaa7e53 1073741824 {{(pid=86581) execute /opt/stack/data/venv/lib/python3.12/site-packages/oslo_concurrency/processutils.py:440}}
Jun 06 01:04:44 devstack sudo[90349]: quobyte : PWD=/ ; USER=root ; COMMAND=/opt/stack/data/venv/bin/cinder-rootwrap /etc/cinder/rootwrap.conf qemu-img create -f qcow2 -o preallocation=metadata /opt/stack/data/cinder/mnt/26f76dec36e3350f284349e8ae4ed735/volume-ef7d8376-d309-4750-958b-4934dfaa7e53 1073741824
Jun 06 01:04:44 devstack sudo[90349]: pam_unix(sudo:session): session opened for user root(uid=0) by (uid=1000)
Jun 06 01:04:45 devstack sudo[90349]: pam_unix(sudo:session): session closed for user root
Jun 06 01:04:45 devstack cinder-volume[86581]: DEBUG oslo_concurrency.processutils [None req-93a7aab5-4173-420c-887d-694b3f1e2280 tempest-GroupSnapshotsV319Test-282226390 None] CMD "sudo cinder-rootwrap /etc/cinder/rootwrap.conf qemu-img create -f qcow2 -o preallocation=metadata /opt/stack/data/cinder/mnt/26f76dec36e3350f284349e8ae4ed735/volume-ef7d8376-d309-4750-958b-4934dfaa7e53 1073741824" returned: 0 in 1.173s {{(pid=86581) execute /opt/stack/data/venv/lib/python3.12/site-packages/oslo_concurrency/processutils.py:468}}
Jun 06 01:04:46 devstack cinder-volume[86581]: DEBUG oslo_concurrency.processutils [None req-93a7aab5-4173-420c-887d-694b3f1e2280 tempest-GroupSnapshotsV319Test-282226390 None] Running cmd (subprocess): sudo cinder-rootwrap /etc/cinder/rootwrap.conf chmod ugo+rw /opt/stack/data/cinder/mnt/26f76dec36e3350f284349e8ae4ed735/volume-ef7d8376-d309-4750-958b-4934dfaa7e53 {{(pid=86581) execute /opt/stack/data/venv/lib/python3.12/site-packages/oslo_concurrency/processutils.py:440}}
Jun 06 01:04:46 devstack sudo[90356]: quobyte : PWD=/ ; USER=root ; COMMAND=/opt/stack/data/venv/bin/cinder-rootwrap /etc/cinder/rootwrap.conf chmod ugo+rw /opt/stack/data/cinder/mnt/26f76dec36e3350f284349e8ae4ed735/volume-ef7d8376-d309-4750-958b-4934dfaa7e53
Jun 06 01:04:46 devstack sudo[90356]: pam_unix(sudo:session): session opened for user root(uid=0) by (uid=1000)
Jun 06 01:04:46 devstack sudo[90356]: pam_unix(sudo:session): session closed for user root
Jun 06 01:04:46 devstack cinder-volume[86581]: DEBUG oslo_concurrency.processutils [None req-93a7aab5-4173-420c-887d-694b3f1e2280 tempest-GroupSnapshotsV319Test-282226390 None] CMD "sudo cinder-rootwrap /etc/cinder/rootwrap.conf chmod ugo+rw /opt/stack/data/cinder/mnt/26f76dec36e3350f284349e8ae4ed735/volume-ef7d8376-d309-4750-958b-4934dfaa7e53" returned: 0 in 0.852s {{(pid=86581) execute /opt/stack/data/venv/lib/python3.12/site-packages/oslo_concurrency/processutils.py:468}}
Jun 06 01:04:46 devstack cinder-volume[86581]: DEBUG cinder.volume.drivers.quobyte [None req-93a7aab5-4173-420c-887d-694b3f1e2280 tempest-GroupSnapshotsV319Test-282226390 None] <== create_volume: return (2121ms) {'provider_location': 'osci02.corp.quobyte.com/cinder-vol-592a9002-7025-4e29-a0f2-ae3320dd38ee'} {{(pid=86581) trace_logging_wrapper /opt/stack/cinder/cinder/volume/volume_utils.py:1523}}
Jun 06 01:04:46 devstack cinder-volume[86581]: DEBUG oslo_concurrency.lockutils [None req-93a7aab5-4173-420c-887d-694b3f1e2280 tempest-GroupSnapshotsV319Test-282226390 None] Lock "quobyte" "released" by "cinder.volume.drivers.quobyte.QuobyteDriver.create_volume" :: held 2.124s {{(pid=86581) inner /opt/stack/data/venv/lib/python3.12/site-packages/oslo_concurrency/lockutils.py:538}}
Jun 06 01:04:46 devstack cinder-volume[86581]: DEBUG cinder.volume.manager [None req-93a7aab5-4173-420c-887d-694b3f1e2280 tempest-GroupSnapshotsV319Test-282226390 None] Task 'cinder.volume.flows.manager.create_volume.CreateVolumeFromSpecTask;volume:create' (7072157f-78ac-497d-af33-d04e47d9f7f8) transitioned into state 'SUCCESS' from state 'RUNNING' with result '{'status': 'creating', 'volume_name': 'volume-ef7d8376-d309-4750-958b-4934dfaa7e53', 'volume_size': 1}' {{(pid=86581) _task_receiver /opt/stack/data/venv/lib/python3.12/site-packages/taskflow/listeners/logging.py:182}}
Jun 06 01:04:46 devstack cinder-volume[86581]: DEBUG cinder.volume.manager [None req-93a7aab5-4173-420c-887d-694b3f1e2280 tempest-GroupSnapshotsV319Test-282226390 None] Task 'cinder.volume.flows.manager.create_volume.CreateVolumeOnFinishTask;volume:create, create.end' (65334089-4dff-49d5-84e4-a3ad4213b6ee) transitioned into state 'RUNNING' from state 'PENDING' {{(pid=86581) _task_receiver /opt/stack/data/venv/lib/python3.12/site-packages/taskflow/listeners/logging.py:194}}
Jun 06 01:04:46 devstack cinder-volume[86581]: INFO cinder.volume.flows.manager.create_volume [None req-93a7aab5-4173-420c-887d-694b3f1e2280 tempest-GroupSnapshotsV319Test-282226390 None] Volume volume-ef7d8376-d309-4750-958b-4934dfaa7e53 (ef7d8376-d309-4750-958b-4934dfaa7e53): created successfully
Jun 06 01:04:46 devstack cinder-volume[86581]: DEBUG cinder.volume.manager [None req-93a7aab5-4173-420c-887d-694b3f1e2280 tempest-GroupSnapshotsV319Test-282226390 None] Task 'cinder.volume.flows.manager.create_volume.CreateVolumeOnFinishTask;volume:create, create.end' (65334089-4dff-49d5-84e4-a3ad4213b6ee) transitioned into state 'SUCCESS' from state 'RUNNING' with result 'None' {{(pid=86581) _task_receiver /opt/stack/data/venv/lib/python3.12/site-packages/taskflow/listeners/logging.py:182}}
Jun 06 01:04:46 devstack cinder-volume[86581]: DEBUG cinder.volume.manager [None req-93a7aab5-4173-420c-887d-694b3f1e2280 tempest-GroupSnapshotsV319Test-282226390 None] Flow 'volume_create_manager' (04717cc5-14c6-4980-ac3b-a59a225c9494) transitioned into state 'SUCCESS' from state 'RUNNING' {{(pid=86581) _flow_receiver /opt/stack/data/venv/lib/python3.12/site-packages/taskflow/listeners/logging.py:145}}
Jun 06 01:04:47 devstack cinder-volume[86581]: INFO cinder.volume.manager [None req-93a7aab5-4173-420c-887d-694b3f1e2280 tempest-GroupSnapshotsV319Test-282226390 None] Created volume successfully.
Jun 06 01:04:47 devstack cinder-volume[86581]: INFO cinder.volume.manager [None req-287f25c3-9371-4afa-bc62-ad37f77c6537 tempest-GroupSnapshotsV319Test-282226390 None] GroupSnapshot 4dc60c19-101d-440e-adc8-e64fbec84b42: creating.
Jun 06 01:04:47 devstack cinder-volume[86581]: DEBUG cinder.coordination [None req-be63c7ac-923b-4a05-85f9-45165ff92977 tempest-VolumesActionsTest-738214371 None] Acquiring lock "cinder-6bb6859f-4155-494b-bb80-a9ead3ab6696" by "attach_volume" {{(pid=86581) __acquire /opt/stack/cinder/cinder/coordination.py:138}}
Jun 06 01:04:47 devstack cinder-volume[86581]: DEBUG cinder.volume.manager [None req-287f25c3-9371-4afa-bc62-ad37f77c6537 tempest-GroupSnapshotsV319Test-282226390 None] Group snapshot 4dc60c19-101d-440e-adc8-e64fbec84b42: creating. {{(pid=86581) create_group_snapshot /opt/stack/cinder/cinder/volume/manager.py:4175}}
Jun 06 01:04:47 devstack cinder-volume[86581]: DEBUG cinder.coordination [None req-be63c7ac-923b-4a05-85f9-45165ff92977 tempest-VolumesActionsTest-738214371 None] Lock "cinder-6bb6859f-4155-494b-bb80-a9ead3ab6696" acquired by "attach_volume" :: waited 0.030s {{(pid=86581) __acquire /opt/stack/cinder/cinder/coordination.py:141}}
Jun 06 01:04:47 devstack cinder-volume[86581]: DEBUG oslo_concurrency.lockutils [None req-287f25c3-9371-4afa-bc62-ad37f77c6537 tempest-GroupSnapshotsV319Test-282226390 None] Acquiring lock "quobyte" by "cinder.volume.drivers.quobyte.QuobyteDriver.create_snapshot" {{(pid=86581) inner /opt/stack/data/venv/lib/python3.12/site-packages/oslo_concurrency/lockutils.py:506}}
Jun 06 01:04:47 devstack cinder-volume[86581]: DEBUG oslo_concurrency.lockutils [None req-287f25c3-9371-4afa-bc62-ad37f77c6537 tempest-GroupSnapshotsV319Test-282226390 None] Lock "quobyte" acquired by "cinder.volume.drivers.quobyte.QuobyteDriver.create_snapshot" :: waited 0.001s {{(pid=86581) inner /opt/stack/data/venv/lib/python3.12/site-packages/oslo_concurrency/lockutils.py:519}}
Jun 06 01:04:47 devstack cinder-volume[86581]: DEBUG cinder.volume.drivers.remotefs [None req-287f25c3-9371-4afa-bc62-ad37f77c6537 tempest-GroupSnapshotsV319Test-282226390 None] Creating offline snapshot 2f3c2e22-7496-48c2-a00b-33fee69a66e2 of volume ef7d8376-d309-4750-958b-4934dfaa7e53 {{(pid=86581) _create_snapshot /opt/stack/cinder/cinder/volume/drivers/remotefs.py:1815}}
Jun 06 01:04:47 devstack cinder-volume[86581]: DEBUG oslo.privsep.daemon [-] privsep: reply[dd6fd7e8-2c8c-4cad-879d-9613ee43d063]: (4, 'qcow2') {{(pid=87752) _call_back /opt/stack/data/venv/lib/python3.12/site-packages/oslo_privsep/daemon.py:573}}
Jun 06 01:04:47 devstack cinder-volume[86581]: DEBUG oslo_concurrency.processutils [None req-287f25c3-9371-4afa-bc62-ad37f77c6537 tempest-GroupSnapshotsV319Test-282226390 None] Running cmd (subprocess): /opt/stack/data/venv/bin/python3.12 -m oslo_concurrency.prlimit --as=1073741824 --cpu=60 -- sudo cinder-rootwrap /etc/cinder/rootwrap.conf env LC_ALL=C qemu-img info -f qcow2 --output=json --force-share /opt/stack/data/cinder/mnt/26f76dec36e3350f284349e8ae4ed735/volume-ef7d8376-d309-4750-958b-4934dfaa7e53 {{(pid=86581) execute /opt/stack/data/venv/lib/python3.12/site-packages/oslo_concurrency/processutils.py:440}}
Jun 06 01:04:47 devstack cinder-volume[86581]: INFO cinder.volume.manager [None req-be63c7ac-923b-4a05-85f9-45165ff92977 tempest-VolumesActionsTest-738214371 None] Attaching volume 6bb6859f-4155-494b-bb80-a9ead3ab6696 to instance bda0ebfc-af43-44de-b178-bf5f0b8ed173 at mountpoint /dev/vdb on host None.
Jun 06 01:04:47 devstack cinder-volume[86581]: INFO cinder.volume.manager [None req-be63c7ac-923b-4a05-85f9-45165ff92977 tempest-VolumesActionsTest-738214371 None] Attach volume completed successfully.
Jun 06 01:04:47 devstack cinder-volume[86581]: DEBUG cinder.coordination [None req-be63c7ac-923b-4a05-85f9-45165ff92977 tempest-VolumesActionsTest-738214371 None] Lock "cinder-6bb6859f-4155-494b-bb80-a9ead3ab6696" released by "attach_volume" :: held 0.155s {{(pid=86581) __release /opt/stack/cinder/cinder/coordination.py:152}}
Jun 06 01:04:47 devstack sudo[90364]: quobyte : PWD=/ ; USER=root ; COMMAND=/opt/stack/data/venv/bin/cinder-rootwrap /etc/cinder/rootwrap.conf env LC_ALL=C qemu-img info -f qcow2 --output=json --force-share /opt/stack/data/cinder/mnt/26f76dec36e3350f284349e8ae4ed735/volume-ef7d8376-d309-4750-958b-4934dfaa7e53
Jun 06 01:04:47 devstack sudo[90364]: pam_unix(sudo:session): session opened for user root(uid=0) by (uid=1000)
Jun 06 01:04:48 devstack cinder-volume[86581]: DEBUG cinder.coordination [None req-ccf244f1-4b0a-4e55-91f5-385f2b4626e6 tempest-VolumesActionsTest-738214371 None] Acquiring lock "cinder-6bb6859f-4155-494b-bb80-a9ead3ab6696-detach_volume" by "detach_volume" {{(pid=86581) __acquire /opt/stack/cinder/cinder/coordination.py:138}}
Jun 06 01:04:48 devstack cinder-volume[86581]: DEBUG cinder.coordination [None req-ccf244f1-4b0a-4e55-91f5-385f2b4626e6 tempest-VolumesActionsTest-738214371 None] Lock "cinder-6bb6859f-4155-494b-bb80-a9ead3ab6696-detach_volume" acquired by "detach_volume" :: waited 0.018s {{(pid=86581) __acquire /opt/stack/cinder/cinder/coordination.py:141}}
Jun 06 01:04:48 devstack cinder-volume[86581]: INFO cinder.volume.manager [None req-ccf244f1-4b0a-4e55-91f5-385f2b4626e6 tempest-VolumesActionsTest-738214371 None] Detaching volume 6bb6859f-4155-494b-bb80-a9ead3ab6696 from instance bda0ebfc-af43-44de-b178-bf5f0b8ed173.
Jun 06 01:04:48 devstack cinder-volume[86581]: INFO cinder.volume.manager [None req-ccf244f1-4b0a-4e55-91f5-385f2b4626e6 tempest-VolumesActionsTest-738214371 None] Detach volume completed successfully.
Jun 06 01:04:48 devstack cinder-volume[86581]: DEBUG cinder.coordination [None req-ccf244f1-4b0a-4e55-91f5-385f2b4626e6 tempest-VolumesActionsTest-738214371 None] Lock "cinder-6bb6859f-4155-494b-bb80-a9ead3ab6696-detach_volume" released by "detach_volume" :: held 0.077s {{(pid=86581) __release /opt/stack/cinder/cinder/coordination.py:152}}
Jun 06 01:04:48 devstack sudo[90364]: pam_unix(sudo:session): session closed for user root
Jun 06 01:04:48 devstack cinder-volume[86581]: DEBUG oslo_concurrency.processutils [None req-287f25c3-9371-4afa-bc62-ad37f77c6537 tempest-GroupSnapshotsV319Test-282226390 None] CMD "/opt/stack/data/venv/bin/python3.12 -m oslo_concurrency.prlimit --as=1073741824 --cpu=60 -- sudo cinder-rootwrap /etc/cinder/rootwrap.conf env LC_ALL=C qemu-img info -f qcow2 --output=json --force-share /opt/stack/data/cinder/mnt/26f76dec36e3350f284349e8ae4ed735/volume-ef7d8376-d309-4750-958b-4934dfaa7e53" returned: 0 in 0.807s {{(pid=86581) execute /opt/stack/data/venv/lib/python3.12/site-packages/oslo_concurrency/processutils.py:468}}
Jun 06 01:04:48 devstack cinder-volume[86581]: DEBUG oslo_concurrency.processutils [None req-287f25c3-9371-4afa-bc62-ad37f77c6537 tempest-GroupSnapshotsV319Test-282226390 None] Running cmd (subprocess): sudo cinder-rootwrap /etc/cinder/rootwrap.conf qemu-img create -f qcow2 -o backing_file=/opt/stack/data/cinder/mnt/26f76dec36e3350f284349e8ae4ed735/volume-ef7d8376-d309-4750-958b-4934dfaa7e53,backing_fmt=qcow2 /opt/stack/data/cinder/mnt/26f76dec36e3350f284349e8ae4ed735/volume-ef7d8376-d309-4750-958b-4934dfaa7e53.2f3c2e22-7496-48c2-a00b-33fee69a66e2 1G {{(pid=86581) execute /opt/stack/data/venv/lib/python3.12/site-packages/oslo_concurrency/processutils.py:440}}
Jun 06 01:04:48 devstack sudo[90382]: quobyte : PWD=/ ; USER=root ; COMMAND=/opt/stack/data/venv/bin/cinder-rootwrap /etc/cinder/rootwrap.conf qemu-img create -f qcow2 -o backing_file=/opt/stack/data/cinder/mnt/26f76dec36e3350f284349e8ae4ed735/volume-ef7d8376-d309-4750-958b-4934dfaa7e53,backing_fmt=qcow2 /opt/stack/data/cinder/mnt/26f76dec36e3350f284349e8ae4ed735/volume-ef7d8376-d309-4750-958b-4934dfaa7e53.2f3c2e22-7496-48c2-a00b-33fee69a66e2 1G
Jun 06 01:04:48 devstack sudo[90382]: pam_unix(sudo:session): session opened for user root(uid=0) by (uid=1000)
Jun 06 01:04:49 devstack sudo[90382]: pam_unix(sudo:session): session closed for user root
Jun 06 01:04:49 devstack cinder-volume[86581]: DEBUG oslo_concurrency.processutils [None req-287f25c3-9371-4afa-bc62-ad37f77c6537 tempest-GroupSnapshotsV319Test-282226390 None] CMD "sudo cinder-rootwrap /etc/cinder/rootwrap.conf qemu-img create -f qcow2 -o backing_file=/opt/stack/data/cinder/mnt/26f76dec36e3350f284349e8ae4ed735/volume-ef7d8376-d309-4750-958b-4934dfaa7e53,backing_fmt=qcow2 /opt/stack/data/cinder/mnt/26f76dec36e3350f284349e8ae4ed735/volume-ef7d8376-d309-4750-958b-4934dfaa7e53.2f3c2e22-7496-48c2-a00b-33fee69a66e2 1G" returned: 0 in 0.850s {{(pid=86581) execute /opt/stack/data/venv/lib/python3.12/site-packages/oslo_concurrency/processutils.py:468}}
Jun 06 01:04:49 devstack cinder-volume[86581]: DEBUG oslo_concurrency.processutils [None req-287f25c3-9371-4afa-bc62-ad37f77c6537 tempest-GroupSnapshotsV319Test-282226390 None] Running cmd (subprocess): sudo cinder-rootwrap /etc/cinder/rootwrap.conf qemu-img rebase -u -b volume-ef7d8376-d309-4750-958b-4934dfaa7e53 -F qcow2 /opt/stack/data/cinder/mnt/26f76dec36e3350f284349e8ae4ed735/volume-ef7d8376-d309-4750-958b-4934dfaa7e53.2f3c2e22-7496-48c2-a00b-33fee69a66e2 {{(pid=86581) execute /opt/stack/data/venv/lib/python3.12/site-packages/oslo_concurrency/processutils.py:440}}
Jun 06 01:04:49 devstack sudo[90391]: quobyte : PWD=/ ; USER=root ; COMMAND=/opt/stack/data/venv/bin/cinder-rootwrap /etc/cinder/rootwrap.conf qemu-img rebase -u -b volume-ef7d8376-d309-4750-958b-4934dfaa7e53 -F qcow2 /opt/stack/data/cinder/mnt/26f76dec36e3350f284349e8ae4ed735/volume-ef7d8376-d309-4750-958b-4934dfaa7e53.2f3c2e22-7496-48c2-a00b-33fee69a66e2
Jun 06 01:04:49 devstack sudo[90391]: pam_unix(sudo:session): session opened for user root(uid=0) by (uid=1000)
Jun 06 01:04:49 devstack cinder-volume[86581]: DEBUG oslo_concurrency.lockutils [req-81f9d159-92d0-4c42-9fd2-f8e9dd791226 req-a70ec0fa-32bd-47f9-97d1-18ceafc2253d tempest-ServerActionsTestOtherA-1623255764 None] Acquiring lock "quobyte" by "cinder.volume.drivers.quobyte.QuobyteDriver.initialize_connection" {{(pid=86581) inner /opt/stack/data/venv/lib/python3.12/site-packages/oslo_concurrency/lockutils.py:506}}
Jun 06 01:04:49 devstack sudo[90391]: pam_unix(sudo:session): session closed for user root
Jun 06 01:04:49 devstack cinder-volume[86581]: DEBUG oslo_concurrency.processutils [None req-287f25c3-9371-4afa-bc62-ad37f77c6537 tempest-GroupSnapshotsV319Test-282226390 None] CMD "sudo cinder-rootwrap /etc/cinder/rootwrap.conf qemu-img rebase -u -b volume-ef7d8376-d309-4750-958b-4934dfaa7e53 -F qcow2 /opt/stack/data/cinder/mnt/26f76dec36e3350f284349e8ae4ed735/volume-ef7d8376-d309-4750-958b-4934dfaa7e53.2f3c2e22-7496-48c2-a00b-33fee69a66e2" returned: 0 in 0.648s {{(pid=86581) execute /opt/stack/data/venv/lib/python3.12/site-packages/oslo_concurrency/processutils.py:468}}
Jun 06 01:04:49 devstack cinder-volume[86581]: WARNING cinder.volume.drivers.remotefs [None req-287f25c3-9371-4afa-bc62-ad37f77c6537 tempest-GroupSnapshotsV319Test-282226390 None] /opt/stack/data/cinder/mnt/26f76dec36e3350f284349e8ae4ed735/volume-ef7d8376-d309-4750-958b-4934dfaa7e53.2f3c2e22-7496-48c2-a00b-33fee69a66e2 is being set with open permissions: ugo+rw: NotImplementedError
Jun 06 01:04:49 devstack cinder-volume[86581]: DEBUG oslo_concurrency.processutils [None req-287f25c3-9371-4afa-bc62-ad37f77c6537 tempest-GroupSnapshotsV319Test-282226390 None] Running cmd (subprocess): sudo cinder-rootwrap /etc/cinder/rootwrap.conf chmod ugo+rw /opt/stack/data/cinder/mnt/26f76dec36e3350f284349e8ae4ed735/volume-ef7d8376-d309-4750-958b-4934dfaa7e53.2f3c2e22-7496-48c2-a00b-33fee69a66e2 {{(pid=86581) execute /opt/stack/data/venv/lib/python3.12/site-packages/oslo_concurrency/processutils.py:440}}
Jun 06 01:04:49 devstack sudo[90404]: quobyte : PWD=/ ; USER=root ; COMMAND=/opt/stack/data/venv/bin/cinder-rootwrap /etc/cinder/rootwrap.conf chmod ugo+rw /opt/stack/data/cinder/mnt/26f76dec36e3350f284349e8ae4ed735/volume-ef7d8376-d309-4750-958b-4934dfaa7e53.2f3c2e22-7496-48c2-a00b-33fee69a66e2
Jun 06 01:04:49 devstack sudo[90404]: pam_unix(sudo:session): session opened for user root(uid=0) by (uid=1000)
Jun 06 01:04:50 devstack sudo[90404]: pam_unix(sudo:session): session closed for user root
Jun 06 01:04:50 devstack cinder-volume[86581]: DEBUG oslo_concurrency.processutils [None req-287f25c3-9371-4afa-bc62-ad37f77c6537 tempest-GroupSnapshotsV319Test-282226390 None] CMD "sudo cinder-rootwrap /etc/cinder/rootwrap.conf chmod ugo+rw /opt/stack/data/cinder/mnt/26f76dec36e3350f284349e8ae4ed735/volume-ef7d8376-d309-4750-958b-4934dfaa7e53.2f3c2e22-7496-48c2-a00b-33fee69a66e2" returned: 0 in 0.771s {{(pid=86581) execute /opt/stack/data/venv/lib/python3.12/site-packages/oslo_concurrency/processutils.py:468}}
Jun 06 01:04:50 devstack cinder-volume[86581]: DEBUG oslo_concurrency.processutils [None req-287f25c3-9371-4afa-bc62-ad37f77c6537 tempest-GroupSnapshotsV319Test-282226390 None] Running cmd (subprocess): sudo cinder-rootwrap /etc/cinder/rootwrap.conf truncate -s0 /opt/stack/data/cinder/mnt/26f76dec36e3350f284349e8ae4ed735/volume-ef7d8376-d309-4750-958b-4934dfaa7e53.info {{(pid=86581) execute /opt/stack/data/venv/lib/python3.12/site-packages/oslo_concurrency/processutils.py:440}}
Jun 06 01:04:50 devstack sudo[90445]: quobyte : PWD=/ ; USER=root ; COMMAND=/opt/stack/data/venv/bin/cinder-rootwrap /etc/cinder/rootwrap.conf truncate -s0 /opt/stack/data/cinder/mnt/26f76dec36e3350f284349e8ae4ed735/volume-ef7d8376-d309-4750-958b-4934dfaa7e53.info
Jun 06 01:04:50 devstack sudo[90445]: pam_unix(sudo:session): session opened for user root(uid=0) by (uid=1000)
Jun 06 01:04:51 devstack sudo[90445]: pam_unix(sudo:session): session closed for user root
Jun 06 01:04:51 devstack cinder-volume[86581]: DEBUG oslo_concurrency.processutils [None req-287f25c3-9371-4afa-bc62-ad37f77c6537 tempest-GroupSnapshotsV319Test-282226390 None] CMD "sudo cinder-rootwrap /etc/cinder/rootwrap.conf truncate -s0 /opt/stack/data/cinder/mnt/26f76dec36e3350f284349e8ae4ed735/volume-ef7d8376-d309-4750-958b-4934dfaa7e53.info" returned: 0 in 0.617s {{(pid=86581) execute /opt/stack/data/venv/lib/python3.12/site-packages/oslo_concurrency/processutils.py:468}}
Jun 06 01:04:51 devstack cinder-volume[86581]: WARNING cinder.volume.drivers.remotefs [None req-287f25c3-9371-4afa-bc62-ad37f77c6537 tempest-GroupSnapshotsV319Test-282226390 None] /opt/stack/data/cinder/mnt/26f76dec36e3350f284349e8ae4ed735/volume-ef7d8376-d309-4750-958b-4934dfaa7e53.info is being set with open permissions: ugo+rw: NotImplementedError
Jun 06 01:04:51 devstack cinder-volume[86581]: DEBUG oslo_concurrency.processutils [None req-287f25c3-9371-4afa-bc62-ad37f77c6537 tempest-GroupSnapshotsV319Test-282226390 None] Running cmd (subprocess): sudo cinder-rootwrap /etc/cinder/rootwrap.conf chmod ugo+rw /opt/stack/data/cinder/mnt/26f76dec36e3350f284349e8ae4ed735/volume-ef7d8376-d309-4750-958b-4934dfaa7e53.info {{(pid=86581) execute /opt/stack/data/venv/lib/python3.12/site-packages/oslo_concurrency/processutils.py:440}}
Jun 06 01:04:51 devstack sudo[90450]: quobyte : PWD=/ ; USER=root ; COMMAND=/opt/stack/data/venv/bin/cinder-rootwrap /etc/cinder/rootwrap.conf chmod ugo+rw /opt/stack/data/cinder/mnt/26f76dec36e3350f284349e8ae4ed735/volume-ef7d8376-d309-4750-958b-4934dfaa7e53.info
Jun 06 01:04:51 devstack sudo[90450]: pam_unix(sudo:session): session opened for user root(uid=0) by (uid=1000)
Jun 06 01:04:51 devstack sudo[90450]: pam_unix(sudo:session): session closed for user root
Jun 06 01:04:51 devstack cinder-volume[86581]: DEBUG oslo_concurrency.processutils [None req-287f25c3-9371-4afa-bc62-ad37f77c6537 tempest-GroupSnapshotsV319Test-282226390 None] CMD "sudo cinder-rootwrap /etc/cinder/rootwrap.conf chmod ugo+rw /opt/stack/data/cinder/mnt/26f76dec36e3350f284349e8ae4ed735/volume-ef7d8376-d309-4750-958b-4934dfaa7e53.info" returned: 0 in 0.635s {{(pid=86581) execute /opt/stack/data/venv/lib/python3.12/site-packages/oslo_concurrency/processutils.py:468}}
Jun 06 01:04:51 devstack cinder-volume[86581]: DEBUG oslo_concurrency.lockutils [None req-287f25c3-9371-4afa-bc62-ad37f77c6537 tempest-GroupSnapshotsV319Test-282226390 None] Lock "quobyte" "released" by "cinder.volume.drivers.quobyte.QuobyteDriver.create_snapshot" :: held 4.427s {{(pid=86581) inner /opt/stack/data/venv/lib/python3.12/site-packages/oslo_concurrency/lockutils.py:538}}
Jun 06 01:04:52 devstack cinder-volume[86581]: DEBUG oslo_concurrency.lockutils [req-81f9d159-92d0-4c42-9fd2-f8e9dd791226 req-a70ec0fa-32bd-47f9-97d1-18ceafc2253d tempest-ServerActionsTestOtherA-1623255764 None] Lock "quobyte" acquired by "cinder.volume.drivers.quobyte.QuobyteDriver.initialize_connection" :: waited 2.291s {{(pid=86581) inner /opt/stack/data/venv/lib/python3.12/site-packages/oslo_concurrency/lockutils.py:519}}
Jun 06 01:04:52 devstack cinder-volume[86581]: DEBUG oslo.privsep.daemon [-] privsep: reply[6f755c99-6f21-41bc-8203-49a7141c1eab]: (4, 'qcow2') {{(pid=87752) _call_back /opt/stack/data/venv/lib/python3.12/site-packages/oslo_privsep/daemon.py:573}}
Jun 06 01:04:52 devstack cinder-volume[86581]: DEBUG oslo_concurrency.processutils [req-81f9d159-92d0-4c42-9fd2-f8e9dd791226 req-a70ec0fa-32bd-47f9-97d1-18ceafc2253d tempest-ServerActionsTestOtherA-1623255764 None] Running cmd (subprocess): /opt/stack/data/venv/bin/python3.12 -m oslo_concurrency.prlimit --as=1073741824 --cpu=60 -- sudo cinder-rootwrap /etc/cinder/rootwrap.conf env LC_ALL=C qemu-img info -f qcow2 --output=json --force-share /opt/stack/data/cinder/mnt/26f76dec36e3350f284349e8ae4ed735/volume-56599a66-81c2-4376-95be-884d0d6916cd {{(pid=86581) execute /opt/stack/data/venv/lib/python3.12/site-packages/oslo_concurrency/processutils.py:440}}
Jun 06 01:04:52 devstack cinder-volume[86581]: INFO cinder.volume.manager [None req-287f25c3-9371-4afa-bc62-ad37f77c6537 tempest-GroupSnapshotsV319Test-282226390 None] group_snapshot 4dc60c19-101d-440e-adc8-e64fbec84b42: created successfully
Jun 06 01:04:52 devstack sudo[90456]: quobyte : PWD=/ ; USER=root ; COMMAND=/opt/stack/data/venv/bin/cinder-rootwrap /etc/cinder/rootwrap.conf env LC_ALL=C qemu-img info -f qcow2 --output=json --force-share /opt/stack/data/cinder/mnt/26f76dec36e3350f284349e8ae4ed735/volume-56599a66-81c2-4376-95be-884d0d6916cd
Jun 06 01:04:52 devstack sudo[90456]: pam_unix(sudo:session): session opened for user root(uid=0) by (uid=1000)
Jun 06 01:04:52 devstack sudo[90456]: pam_unix(sudo:session): session closed for user root
Jun 06 01:04:52 devstack cinder-volume[86581]: DEBUG oslo_concurrency.processutils [req-81f9d159-92d0-4c42-9fd2-f8e9dd791226 req-a70ec0fa-32bd-47f9-97d1-18ceafc2253d tempest-ServerActionsTestOtherA-1623255764 None] CMD "/opt/stack/data/venv/bin/python3.12 -m oslo_concurrency.prlimit --as=1073741824 --cpu=60 -- sudo cinder-rootwrap /etc/cinder/rootwrap.conf env LC_ALL=C qemu-img info -f qcow2 --output=json --force-share /opt/stack/data/cinder/mnt/26f76dec36e3350f284349e8ae4ed735/volume-56599a66-81c2-4376-95be-884d0d6916cd" returned: 0 in 0.691s {{(pid=86581) execute /opt/stack/data/venv/lib/python3.12/site-packages/oslo_concurrency/processutils.py:468}}
Jun 06 01:04:52 devstack cinder-volume[86581]: DEBUG oslo_concurrency.lockutils [req-81f9d159-92d0-4c42-9fd2-f8e9dd791226 req-a70ec0fa-32bd-47f9-97d1-18ceafc2253d tempest-ServerActionsTestOtherA-1623255764 None] Lock "quobyte" "released" by "cinder.volume.drivers.quobyte.QuobyteDriver.initialize_connection" :: held 0.708s {{(pid=86581) inner /opt/stack/data/venv/lib/python3.12/site-packages/oslo_concurrency/lockutils.py:538}}
Jun 06 01:04:52 devstack cinder-volume[86581]: DEBUG cinder.volume.manager [req-81f9d159-92d0-4c42-9fd2-f8e9dd791226 req-a70ec0fa-32bd-47f9-97d1-18ceafc2253d tempest-ServerActionsTestOtherA-1623255764 None] Connection info returned from driver {'export': 'osci02.corp.quobyte.com/cinder-vol-592a9002-7025-4e29-a0f2-ae3320dd38ee', 'name': 'volume-56599a66-81c2-4376-95be-884d0d6916cd', 'options': None, 'format': 'qcow2', 'qos_specs': None, 'access_mode': 'rw', 'encrypted': False, 'cacheable': False, 'driver_volume_type': 'quobyte', 'mount_point_base': '/opt/stack/data/cinder/mnt', 'attachment_id': 'b4d2e292-51ec-4955-8e14-e98a1c6a5684', 'enforce_multipath': True} {{(pid=86581) _connection_create /opt/stack/cinder/cinder/volume/manager.py:4924}}
Jun 06 01:04:52 devstack cinder-volume[86581]: INFO cinder.volume.manager [req-81f9d159-92d0-4c42-9fd2-f8e9dd791226 req-a70ec0fa-32bd-47f9-97d1-18ceafc2253d tempest-ServerActionsTestOtherA-1623255764 None] attachment_update completed successfully.
Jun 06 01:04:53 devstack cinder-volume[86581]: INFO cinder.volume.manager [None req-ad3192f3-4369-4be3-b3c5-2de656344d9f tempest-GroupSnapshotsV319Test-282226390 None] group_snapshot 4dc60c19-101d-440e-adc8-e64fbec84b42: deleting
Jun 06 01:04:53 devstack cinder-volume[86581]: DEBUG cinder.volume.manager [None req-ad3192f3-4369-4be3-b3c5-2de656344d9f tempest-GroupSnapshotsV319Test-282226390 None] group_snapshot 4dc60c19-101d-440e-adc8-e64fbec84b42: deleting {{(pid=86581) delete_group_snapshot /opt/stack/cinder/cinder/volume/manager.py:4350}}
Jun 06 01:04:53 devstack cinder-volume[86581]: DEBUG cinder.coordination [None req-ad3192f3-4369-4be3-b3c5-2de656344d9f tempest-GroupSnapshotsV319Test-282226390 None] Acquiring lock "cinder-quobyte-ef7d8376-d309-4750-958b-4934dfaa7e53" by "delete_snapshot" {{(pid=86581) __acquire /opt/stack/cinder/cinder/coordination.py:138}}
Jun 06 01:04:53 devstack cinder-volume[86581]: DEBUG cinder.coordination [None req-ad3192f3-4369-4be3-b3c5-2de656344d9f tempest-GroupSnapshotsV319Test-282226390 None] Lock "cinder-quobyte-ef7d8376-d309-4750-958b-4934dfaa7e53" acquired by "delete_snapshot" :: waited 0.020s {{(pid=86581) __acquire /opt/stack/cinder/cinder/coordination.py:141}}
Jun 06 01:04:53 devstack cinder-volume[86581]: DEBUG cinder.coordination [None req-ad3192f3-4369-4be3-b3c5-2de656344d9f tempest-GroupSnapshotsV319Test-282226390 None] Acquiring lock "cinder-quobyte-2f3c2e22-7496-48c2-a00b-33fee69a66e2" by "_delete_snapshot" {{(pid=86581) __acquire /opt/stack/cinder/cinder/coordination.py:138}}
Jun 06 01:04:53 devstack cinder-volume[86581]: DEBUG cinder.coordination [None req-ad3192f3-4369-4be3-b3c5-2de656344d9f tempest-GroupSnapshotsV319Test-282226390 None] Lock "cinder-quobyte-2f3c2e22-7496-48c2-a00b-33fee69a66e2" acquired by "_delete_snapshot" :: waited 0.016s {{(pid=86581) __acquire /opt/stack/cinder/cinder/coordination.py:141}}
Jun 06 01:04:53 devstack cinder-volume[86581]: DEBUG cinder.volume.drivers.remotefs [None req-ad3192f3-4369-4be3-b3c5-2de656344d9f tempest-GroupSnapshotsV319Test-282226390 None] Deleting offline snapshot 2f3c2e22-7496-48c2-a00b-33fee69a66e2 of volume ef7d8376-d309-4750-958b-4934dfaa7e53 {{(pid=86581) _delete_snapshot /opt/stack/cinder/cinder/volume/drivers/remotefs.py:1288}}
Jun 06 01:04:53 devstack cinder-volume[86581]: DEBUG cinder.volume.drivers.remotefs [None req-ad3192f3-4369-4be3-b3c5-2de656344d9f tempest-GroupSnapshotsV319Test-282226390 None] snapshot_file for this snap is: volume-ef7d8376-d309-4750-958b-4934dfaa7e53.2f3c2e22-7496-48c2-a00b-33fee69a66e2 {{(pid=86581) _delete_snapshot /opt/stack/cinder/cinder/volume/drivers/remotefs.py:1317}}
Jun 06 01:04:53 devstack cinder-volume[86581]: DEBUG oslo.privsep.daemon [-] privsep: reply[28009cc6-5af9-4cfb-ac31-ae96c8375039]: (4, 'qcow2') {{(pid=87752) _call_back /opt/stack/data/venv/lib/python3.12/site-packages/oslo_privsep/daemon.py:573}}
Jun 06 01:04:53 devstack cinder-volume[86581]: DEBUG oslo_concurrency.processutils [None req-ad3192f3-4369-4be3-b3c5-2de656344d9f tempest-GroupSnapshotsV319Test-282226390 None] Running cmd (subprocess): /opt/stack/data/venv/bin/python3.12 -m oslo_concurrency.prlimit --as=1073741824 --cpu=60 -- sudo cinder-rootwrap /etc/cinder/rootwrap.conf env LC_ALL=C qemu-img info -f qcow2 --output=json --force-share /opt/stack/data/cinder/mnt/26f76dec36e3350f284349e8ae4ed735/volume-ef7d8376-d309-4750-958b-4934dfaa7e53.2f3c2e22-7496-48c2-a00b-33fee69a66e2 {{(pid=86581) execute /opt/stack/data/venv/lib/python3.12/site-packages/oslo_concurrency/processutils.py:440}}
Jun 06 01:04:53 devstack sudo[90465]: quobyte : PWD=/ ; USER=root ; COMMAND=/opt/stack/data/venv/bin/cinder-rootwrap /etc/cinder/rootwrap.conf env LC_ALL=C qemu-img info -f qcow2 --output=json --force-share /opt/stack/data/cinder/mnt/26f76dec36e3350f284349e8ae4ed735/volume-ef7d8376-d309-4750-958b-4934dfaa7e53.2f3c2e22-7496-48c2-a00b-33fee69a66e2
Jun 06 01:04:53 devstack sudo[90465]: pam_unix(sudo:session): session opened for user root(uid=0) by (uid=1000)
Jun 06 01:04:54 devstack sudo[90465]: pam_unix(sudo:session): session closed for user root
Jun 06 01:04:54 devstack cinder-volume[86581]: DEBUG oslo_concurrency.processutils [None req-ad3192f3-4369-4be3-b3c5-2de656344d9f tempest-GroupSnapshotsV319Test-282226390 None] CMD "/opt/stack/data/venv/bin/python3.12 -m oslo_concurrency.prlimit --as=1073741824 --cpu=60 -- sudo cinder-rootwrap /etc/cinder/rootwrap.conf env LC_ALL=C qemu-img info -f qcow2 --output=json --force-share /opt/stack/data/cinder/mnt/26f76dec36e3350f284349e8ae4ed735/volume-ef7d8376-d309-4750-958b-4934dfaa7e53.2f3c2e22-7496-48c2-a00b-33fee69a66e2" returned: 0 in 0.746s {{(pid=86581) execute /opt/stack/data/venv/lib/python3.12/site-packages/oslo_concurrency/processutils.py:468}}
Jun 06 01:04:54 devstack cinder-volume[86581]: DEBUG cinder.volume.drivers.remotefs [None req-ad3192f3-4369-4be3-b3c5-2de656344d9f tempest-GroupSnapshotsV319Test-282226390 None] Fetching qemu-img info with special backing_file_template: (/opt/stack/data/cinder/mnt/[0-9a-f]+/)?(volume-ef7d8376-d309-4750-958b-4934dfaa7e53(.(tmp-snap-)?[0-9a-f-]+)?|volume_from_snapshot_cache/(tmp-snap-)?[0-9a-f-]+(.(child-|parent-)[0-9a-f-]+)?)$ {{(pid=86581) _qemu_img_info_base /opt/stack/cinder/cinder/volume/drivers/remotefs.py:896}}
Jun 06 01:04:54 devstack cinder-volume[86581]: DEBUG oslo.privsep.daemon [-] privsep: reply[62045fec-5f8d-49a9-a846-2206a5d4400c]: (4, 'qcow2') {{(pid=87752) _call_back /opt/stack/data/venv/lib/python3.12/site-packages/oslo_privsep/daemon.py:573}}
Jun 06 01:04:54 devstack cinder-volume[86581]: DEBUG oslo_concurrency.processutils [None req-ad3192f3-4369-4be3-b3c5-2de656344d9f tempest-GroupSnapshotsV319Test-282226390 None] Running cmd (subprocess): /opt/stack/data/venv/bin/python3.12 -m oslo_concurrency.prlimit --as=1073741824 --cpu=60 -- sudo cinder-rootwrap /etc/cinder/rootwrap.conf env LC_ALL=C qemu-img info -f qcow2 --output=json --force-share /opt/stack/data/cinder/mnt/26f76dec36e3350f284349e8ae4ed735/volume-ef7d8376-d309-4750-958b-4934dfaa7e53 {{(pid=86581) execute /opt/stack/data/venv/lib/python3.12/site-packages/oslo_concurrency/processutils.py:440}}
Jun 06 01:04:54 devstack sudo[90757]: quobyte : PWD=/ ; USER=root ; COMMAND=/opt/stack/data/venv/bin/cinder-rootwrap /etc/cinder/rootwrap.conf env LC_ALL=C qemu-img info -f qcow2 --output=json --force-share /opt/stack/data/cinder/mnt/26f76dec36e3350f284349e8ae4ed735/volume-ef7d8376-d309-4750-958b-4934dfaa7e53
Jun 06 01:04:54 devstack sudo[90757]: pam_unix(sudo:session): session opened for user root(uid=0) by (uid=1000)
Jun 06 01:04:54 devstack sudo[90757]: pam_unix(sudo:session): session closed for user root
Jun 06 01:04:54 devstack cinder-volume[86581]: DEBUG oslo_concurrency.processutils [None req-ad3192f3-4369-4be3-b3c5-2de656344d9f tempest-GroupSnapshotsV319Test-282226390 None] CMD "/opt/stack/data/venv/bin/python3.12 -m oslo_concurrency.prlimit --as=1073741824 --cpu=60 -- sudo cinder-rootwrap /etc/cinder/rootwrap.conf env LC_ALL=C qemu-img info -f qcow2 --output=json --force-share /opt/stack/data/cinder/mnt/26f76dec36e3350f284349e8ae4ed735/volume-ef7d8376-d309-4750-958b-4934dfaa7e53" returned: 0 in 0.742s {{(pid=86581) execute /opt/stack/data/venv/lib/python3.12/site-packages/oslo_concurrency/processutils.py:468}}
Jun 06 01:04:54 devstack cinder-volume[86581]: DEBUG oslo_concurrency.processutils [None req-ad3192f3-4369-4be3-b3c5-2de656344d9f tempest-GroupSnapshotsV319Test-282226390 None] Running cmd (subprocess): sudo cinder-rootwrap /etc/cinder/rootwrap.conf qemu-img commit -d /opt/stack/data/cinder/mnt/26f76dec36e3350f284349e8ae4ed735/volume-ef7d8376-d309-4750-958b-4934dfaa7e53.2f3c2e22-7496-48c2-a00b-33fee69a66e2 {{(pid=86581) execute /opt/stack/data/venv/lib/python3.12/site-packages/oslo_concurrency/processutils.py:440}}
Jun 06 01:04:54 devstack sudo[90856]: quobyte : PWD=/ ; USER=root ; COMMAND=/opt/stack/data/venv/bin/cinder-rootwrap /etc/cinder/rootwrap.conf qemu-img commit -d /opt/stack/data/cinder/mnt/26f76dec36e3350f284349e8ae4ed735/volume-ef7d8376-d309-4750-958b-4934dfaa7e53.2f3c2e22-7496-48c2-a00b-33fee69a66e2
Jun 06 01:04:54 devstack sudo[90856]: pam_unix(sudo:session): session opened for user root(uid=0) by (uid=1000)
Jun 06 01:04:55 devstack sudo[90856]: pam_unix(sudo:session): session closed for user root
Jun 06 01:04:55 devstack cinder-volume[86581]: DEBUG oslo_concurrency.processutils [None req-ad3192f3-4369-4be3-b3c5-2de656344d9f tempest-GroupSnapshotsV319Test-282226390 None] CMD "sudo cinder-rootwrap /etc/cinder/rootwrap.conf qemu-img commit -d /opt/stack/data/cinder/mnt/26f76dec36e3350f284349e8ae4ed735/volume-ef7d8376-d309-4750-958b-4934dfaa7e53.2f3c2e22-7496-48c2-a00b-33fee69a66e2" returned: 0 in 0.686s {{(pid=86581) execute /opt/stack/data/venv/lib/python3.12/site-packages/oslo_concurrency/processutils.py:468}}
Jun 06 01:04:55 devstack cinder-volume[86581]: DEBUG oslo_concurrency.processutils [None req-ad3192f3-4369-4be3-b3c5-2de656344d9f tempest-GroupSnapshotsV319Test-282226390 None] Running cmd (subprocess): sudo cinder-rootwrap /etc/cinder/rootwrap.conf rm -f /opt/stack/data/cinder/mnt/26f76dec36e3350f284349e8ae4ed735/volume-ef7d8376-d309-4750-958b-4934dfaa7e53.2f3c2e22-7496-48c2-a00b-33fee69a66e2 {{(pid=86581) execute /opt/stack/data/venv/lib/python3.12/site-packages/oslo_concurrency/processutils.py:440}}
Jun 06 01:04:55 devstack sudo[90861]: quobyte : PWD=/ ; USER=root ; COMMAND=/opt/stack/data/venv/bin/cinder-rootwrap /etc/cinder/rootwrap.conf rm -f /opt/stack/data/cinder/mnt/26f76dec36e3350f284349e8ae4ed735/volume-ef7d8376-d309-4750-958b-4934dfaa7e53.2f3c2e22-7496-48c2-a00b-33fee69a66e2
Jun 06 01:04:55 devstack sudo[90861]: pam_unix(sudo:session): session opened for user root(uid=0) by (uid=1000)
Jun 06 01:04:56 devstack sudo[90861]: pam_unix(sudo:session): session closed for user root
Jun 06 01:04:56 devstack cinder-volume[86581]: DEBUG oslo_concurrency.processutils [None req-ad3192f3-4369-4be3-b3c5-2de656344d9f tempest-GroupSnapshotsV319Test-282226390 None] CMD "sudo cinder-rootwrap /etc/cinder/rootwrap.conf rm -f /opt/stack/data/cinder/mnt/26f76dec36e3350f284349e8ae4ed735/volume-ef7d8376-d309-4750-958b-4934dfaa7e53.2f3c2e22-7496-48c2-a00b-33fee69a66e2" returned: 0 in 0.595s {{(pid=86581) execute /opt/stack/data/venv/lib/python3.12/site-packages/oslo_concurrency/processutils.py:468}}
Jun 06 01:04:56 devstack cinder-volume[86581]: DEBUG cinder.coordination [None req-ad3192f3-4369-4be3-b3c5-2de656344d9f tempest-GroupSnapshotsV319Test-282226390 None] Lock "cinder-quobyte-2f3c2e22-7496-48c2-a00b-33fee69a66e2" released by "_delete_snapshot" :: held 2.891s {{(pid=86581) __release /opt/stack/cinder/cinder/coordination.py:152}}
Jun 06 01:04:56 devstack cinder-volume[86581]: DEBUG cinder.coordination [None req-ad3192f3-4369-4be3-b3c5-2de656344d9f tempest-GroupSnapshotsV319Test-282226390 None] Lock "cinder-quobyte-ef7d8376-d309-4750-958b-4934dfaa7e53" released by "delete_snapshot" :: held 2.916s {{(pid=86581) __release /opt/stack/cinder/cinder/coordination.py:152}}
Jun 06 01:04:56 devstack cinder-volume[86581]: WARNING cinder.quota [None req-ad3192f3-4369-4be3-b3c5-2de656344d9f tempest-GroupSnapshotsV319Test-282226390 None] Deprecated: Default quota for resource: gigabytes_tempest-GroupSnapshotsV319Test-volume-type-1590430229 is set by the default quota flag: quota_gigabytes_tempest-GroupSnapshotsV319Test-volume-type-1590430229, it is now deprecated. Please use the default quota class for default quota.
Jun 06 01:04:56 devstack cinder-volume[86581]: WARNING cinder.quota [None req-ad3192f3-4369-4be3-b3c5-2de656344d9f tempest-GroupSnapshotsV319Test-282226390 None] Deprecated: Default quota for resource: snapshots_tempest-GroupSnapshotsV319Test-volume-type-1590430229 is set by the default quota flag: quota_snapshots_tempest-GroupSnapshotsV319Test-volume-type-1590430229, it is now deprecated. Please use the default quota class for default quota.
Jun 06 01:04:56 devstack cinder-volume[86581]: DEBUG cinder.quota [None req-ad3192f3-4369-4be3-b3c5-2de656344d9f tempest-GroupSnapshotsV319Test-282226390 None] Created reservations ['24ac47db-ad57-4c59-9e7c-ad3fbe0de726', '59320fa1-7d92-476b-bee5-4dd9980e59dd', '907e431d-8409-4407-9e05-2521144d4f5e', '12f68b52-33b4-41a8-a49e-a8267e6f3ce9'] {{(pid=86581) reserve /opt/stack/cinder/cinder/quota.py:752}}
Jun 06 01:04:56 devstack cinder-volume[86581]: INFO cinder.volume.manager [None req-ad3192f3-4369-4be3-b3c5-2de656344d9f tempest-GroupSnapshotsV319Test-282226390 None] group_snapshot 4dc60c19-101d-440e-adc8-e64fbec84b42: deleted successfully
Jun 06 01:04:56 devstack cinder-volume[86581]: DEBUG cinder.coordination [None req-614c4301-77fd-4c16-a507-f5a4ada03818 tempest-GroupSnapshotsV319Test-282226390 None] Acquiring lock "cinder-quobyte-ef7d8376-d309-4750-958b-4934dfaa7e53" by "delete_volume" {{(pid=86581) __acquire /opt/stack/cinder/cinder/coordination.py:138}}
Jun 06 01:04:56 devstack cinder-volume[86581]: DEBUG cinder.coordination [None req-614c4301-77fd-4c16-a507-f5a4ada03818 tempest-GroupSnapshotsV319Test-282226390 None] Lock "cinder-quobyte-ef7d8376-d309-4750-958b-4934dfaa7e53" acquired by "delete_volume" :: waited 0.020s {{(pid=86581) __acquire /opt/stack/cinder/cinder/coordination.py:141}}
Jun 06 01:04:56 devstack cinder-volume[86581]: DEBUG oslo.privsep.daemon [-] privsep: reply[9a82ffb1-3053-4698-8b66-8af4337ce865]: (4, 'qcow2') {{(pid=87752) _call_back /opt/stack/data/venv/lib/python3.12/site-packages/oslo_privsep/daemon.py:573}}
Jun 06 01:04:56 devstack cinder-volume[86581]: DEBUG oslo_concurrency.processutils [None req-614c4301-77fd-4c16-a507-f5a4ada03818 tempest-GroupSnapshotsV319Test-282226390 None] Running cmd (subprocess): /opt/stack/data/venv/bin/python3.12 -m oslo_concurrency.prlimit --as=1073741824 --cpu=60 -- sudo cinder-rootwrap /etc/cinder/rootwrap.conf env LC_ALL=C qemu-img info -f qcow2 --output=json --force-share /opt/stack/data/cinder/mnt/26f76dec36e3350f284349e8ae4ed735/volume-ef7d8376-d309-4750-958b-4934dfaa7e53 {{(pid=86581) execute /opt/stack/data/venv/lib/python3.12/site-packages/oslo_concurrency/processutils.py:440}}
Jun 06 01:04:57 devstack sudo[90864]: quobyte : PWD=/ ; USER=root ; COMMAND=/opt/stack/data/venv/bin/cinder-rootwrap /etc/cinder/rootwrap.conf env LC_ALL=C qemu-img info -f qcow2 --output=json --force-share /opt/stack/data/cinder/mnt/26f76dec36e3350f284349e8ae4ed735/volume-ef7d8376-d309-4750-958b-4934dfaa7e53
Jun 06 01:04:57 devstack sudo[90864]: pam_unix(sudo:session): session opened for user root(uid=0) by (uid=1000)
Jun 06 01:04:57 devstack sudo[90864]: pam_unix(sudo:session): session closed for user root
Jun 06 01:04:57 devstack cinder-volume[86581]: DEBUG oslo_concurrency.processutils [None req-614c4301-77fd-4c16-a507-f5a4ada03818 tempest-GroupSnapshotsV319Test-282226390 None] CMD "/opt/stack/data/venv/bin/python3.12 -m oslo_concurrency.prlimit --as=1073741824 --cpu=60 -- sudo cinder-rootwrap /etc/cinder/rootwrap.conf env LC_ALL=C qemu-img info -f qcow2 --output=json --force-share /opt/stack/data/cinder/mnt/26f76dec36e3350f284349e8ae4ed735/volume-ef7d8376-d309-4750-958b-4934dfaa7e53" returned: 0 in 0.818s {{(pid=86581) execute /opt/stack/data/venv/lib/python3.12/site-packages/oslo_concurrency/processutils.py:468}}
Jun 06 01:04:57 devstack cinder-volume[86581]: DEBUG oslo_concurrency.processutils [None req-614c4301-77fd-4c16-a507-f5a4ada03818 tempest-GroupSnapshotsV319Test-282226390 None] Running cmd (subprocess): sudo cinder-rootwrap /etc/cinder/rootwrap.conf rm -f /opt/stack/data/cinder/mnt/26f76dec36e3350f284349e8ae4ed735/volume-ef7d8376-d309-4750-958b-4934dfaa7e53 {{(pid=86581) execute /opt/stack/data/venv/lib/python3.12/site-packages/oslo_concurrency/processutils.py:440}}
Jun 06 01:04:57 devstack sudo[90869]: quobyte : PWD=/ ; USER=root ; COMMAND=/opt/stack/data/venv/bin/cinder-rootwrap /etc/cinder/rootwrap.conf rm -f /opt/stack/data/cinder/mnt/26f76dec36e3350f284349e8ae4ed735/volume-ef7d8376-d309-4750-958b-4934dfaa7e53
Jun 06 01:04:57 devstack sudo[90869]: pam_unix(sudo:session): session opened for user root(uid=0) by (uid=1000)
Jun 06 01:04:58 devstack cinder-volume[86581]: DEBUG oslo_concurrency.lockutils [None req-f0680a55-1cf5-4684-ac92-b82acec85414 tempest-VolumesActionsTest-738214371 None] Acquiring lock "quobyte" by "cinder.volume.drivers.quobyte.QuobyteDriver.copy_volume_to_image" {{(pid=86581) inner /opt/stack/data/venv/lib/python3.12/site-packages/oslo_concurrency/lockutils.py:506}}
Jun 06 01:04:58 devstack cinder-volume[86581]: DEBUG oslo_concurrency.lockutils [None req-f0680a55-1cf5-4684-ac92-b82acec85414 tempest-VolumesActionsTest-738214371 None] Lock "quobyte" acquired by "cinder.volume.drivers.quobyte.QuobyteDriver.copy_volume_to_image" :: waited 0.001s {{(pid=86581) inner /opt/stack/data/venv/lib/python3.12/site-packages/oslo_concurrency/lockutils.py:519}}
Jun 06 01:04:58 devstack cinder-volume[86581]: DEBUG oslo.privsep.daemon [-] privsep: reply[43403f25-02db-4d2d-940c-81536e2c8a3e]: (4, 'qcow2') {{(pid=87752) _call_back /opt/stack/data/venv/lib/python3.12/site-packages/oslo_privsep/daemon.py:573}}
Jun 06 01:04:58 devstack cinder-volume[86581]: DEBUG oslo_concurrency.processutils [None req-f0680a55-1cf5-4684-ac92-b82acec85414 tempest-VolumesActionsTest-738214371 None] Running cmd (subprocess): /opt/stack/data/venv/bin/python3.12 -m oslo_concurrency.prlimit --as=1073741824 --cpu=60 -- sudo cinder-rootwrap /etc/cinder/rootwrap.conf env LC_ALL=C qemu-img info -f qcow2 --output=json --force-share /opt/stack/data/cinder/mnt/26f76dec36e3350f284349e8ae4ed735/volume-6bb6859f-4155-494b-bb80-a9ead3ab6696 {{(pid=86581) execute /opt/stack/data/venv/lib/python3.12/site-packages/oslo_concurrency/processutils.py:440}}
Jun 06 01:04:58 devstack sudo[90869]: pam_unix(sudo:session): session closed for user root
Jun 06 01:04:58 devstack cinder-volume[86581]: DEBUG oslo_concurrency.processutils [None req-614c4301-77fd-4c16-a507-f5a4ada03818 tempest-GroupSnapshotsV319Test-282226390 None] CMD "sudo cinder-rootwrap /etc/cinder/rootwrap.conf rm -f /opt/stack/data/cinder/mnt/26f76dec36e3350f284349e8ae4ed735/volume-ef7d8376-d309-4750-958b-4934dfaa7e53" returned: 0 in 0.633s {{(pid=86581) execute /opt/stack/data/venv/lib/python3.12/site-packages/oslo_concurrency/processutils.py:468}}
Jun 06 01:04:58 devstack cinder-volume[86581]: DEBUG cinder.coordination [None req-614c4301-77fd-4c16-a507-f5a4ada03818 tempest-GroupSnapshotsV319Test-282226390 None] Lock "cinder-quobyte-ef7d8376-d309-4750-958b-4934dfaa7e53" released by "delete_volume" :: held 1.546s {{(pid=86581) __release /opt/stack/cinder/cinder/coordination.py:152}}
Jun 06 01:04:58 devstack sudo[90873]: quobyte : PWD=/ ; USER=root ; COMMAND=/opt/stack/data/venv/bin/cinder-rootwrap /etc/cinder/rootwrap.conf env LC_ALL=C qemu-img info -f qcow2 --output=json --force-share /opt/stack/data/cinder/mnt/26f76dec36e3350f284349e8ae4ed735/volume-6bb6859f-4155-494b-bb80-a9ead3ab6696
Jun 06 01:04:58 devstack sudo[90873]: pam_unix(sudo:session): session opened for user root(uid=0) by (uid=1000)
Jun 06 01:04:58 devstack cinder-volume[86581]: DEBUG cinder.quota [None req-614c4301-77fd-4c16-a507-f5a4ada03818 tempest-GroupSnapshotsV319Test-282226390 None] Created reservations ['d44e91d5-013c-456a-9e05-451156396614'] {{(pid=86581) reserve /opt/stack/cinder/cinder/quota.py:752}}
Jun 06 01:04:58 devstack cinder-volume[86581]: WARNING cinder.quota [None req-614c4301-77fd-4c16-a507-f5a4ada03818 tempest-GroupSnapshotsV319Test-282226390 None] Deprecated: Default quota for resource: volumes_tempest-GroupSnapshotsV319Test-volume-type-1590430229 is set by the default quota flag: quota_volumes_tempest-GroupSnapshotsV319Test-volume-type-1590430229, it is now deprecated. Please use the default quota class for default quota.
Jun 06 01:04:58 devstack cinder-volume[86581]: DEBUG cinder.quota [None req-614c4301-77fd-4c16-a507-f5a4ada03818 tempest-GroupSnapshotsV319Test-282226390 None] Created reservations ['9efb5457-e14c-46cb-a7fd-1bf973b06307', '573a2b17-04e7-4566-a91f-bfb1a3eb2a94', '734510b4-c9e2-46e7-9227-12fc92d6f0ba', '20e1d8e4-c7d0-47fe-9042-290460f46beb'] {{(pid=86581) reserve /opt/stack/cinder/cinder/quota.py:752}}
Jun 06 01:04:58 devstack cinder-volume[86581]: DEBUG oslo_concurrency.lockutils [None req-614c4301-77fd-4c16-a507-f5a4ada03818 tempest-GroupSnapshotsV319Test-282226390 None] Acquiring lock "quobyte_ensure" by "cinder.volume.drivers.quobyte.QuobyteDriver._ensure_shares_mounted" {{(pid=86581) inner /opt/stack/data/venv/lib/python3.12/site-packages/oslo_concurrency/lockutils.py:506}}
Jun 06 01:04:58 devstack cinder-volume[86581]: DEBUG oslo_concurrency.lockutils [None req-614c4301-77fd-4c16-a507-f5a4ada03818 tempest-GroupSnapshotsV319Test-282226390 None] Lock "quobyte_ensure" acquired by "cinder.volume.drivers.quobyte.QuobyteDriver._ensure_shares_mounted" :: waited 0.001s {{(pid=86581) inner /opt/stack/data/venv/lib/python3.12/site-packages/oslo_concurrency/lockutils.py:519}}
Jun 06 01:04:58 devstack cinder-volume[86581]: DEBUG cinder.volume.drivers.quobyte [None req-614c4301-77fd-4c16-a507-f5a4ada03818 tempest-GroupSnapshotsV319Test-282226390 None] Quobyte Volume URL set to: {'osci02.corp.quobyte.com/cinder-vol-592a9002-7025-4e29-a0f2-ae3320dd38ee': None} {{(pid=86581) _load_shares_config /opt/stack/cinder/cinder/volume/drivers/quobyte.py:617}}
Jun 06 01:04:58 devstack cinder-volume[86581]: DEBUG cinder.volume.drivers.quobyte [None req-614c4301-77fd-4c16-a507-f5a4ada03818 tempest-GroupSnapshotsV319Test-282226390 None] Available shares ['osci02.corp.quobyte.com/cinder-vol-592a9002-7025-4e29-a0f2-ae3320dd38ee'] {{(pid=86581) _ensure_shares_mounted /opt/stack/cinder/cinder/volume/drivers/quobyte.py:647}}
Jun 06 01:04:58 devstack cinder-volume[86581]: DEBUG oslo_concurrency.lockutils [None req-614c4301-77fd-4c16-a507-f5a4ada03818 tempest-GroupSnapshotsV319Test-282226390 None] Lock "quobyte_ensure" "released" by "cinder.volume.drivers.quobyte.QuobyteDriver._ensure_shares_mounted" :: held 0.008s {{(pid=86581) inner /opt/stack/data/venv/lib/python3.12/site-packages/oslo_concurrency/lockutils.py:538}}
Jun 06 01:04:58 devstack cinder-volume[86581]: DEBUG oslo_concurrency.processutils [None req-614c4301-77fd-4c16-a507-f5a4ada03818 tempest-GroupSnapshotsV319Test-282226390 None] Running cmd (subprocess): sudo cinder-rootwrap /etc/cinder/rootwrap.conf df --portability --block-size 1 /opt/stack/data/cinder/mnt/26f76dec36e3350f284349e8ae4ed735 {{(pid=86581) execute /opt/stack/data/venv/lib/python3.12/site-packages/oslo_concurrency/processutils.py:440}}
Jun 06 01:04:58 devstack sudo[90875]: quobyte : PWD=/ ; USER=root ; COMMAND=/opt/stack/data/venv/bin/cinder-rootwrap /etc/cinder/rootwrap.conf df --portability --block-size 1 /opt/stack/data/cinder/mnt/26f76dec36e3350f284349e8ae4ed735
Jun 06 01:04:58 devstack sudo[90875]: pam_unix(sudo:session): session opened for user root(uid=0) by (uid=1000)
Jun 06 01:04:59 devstack sudo[90873]: pam_unix(sudo:session): session closed for user root
