Jun 06 01:02:33 devstack cinder-volume[86581]: DEBUG oslo_concurrency.processutils [None req-52c6296f-3b63-4ddc-aa43-70e9dc5c56c3 tempest-SnapshotsActionsTest-1195268298 None] CMD "sudo cinder-rootwrap /etc/cinder/rootwrap.conf qemu-img commit -d /opt/stack/data/cinder/mnt/26f76dec36e3350f284349e8ae4ed735/volume-86d24178-52ee-41bb-b265-9f04fc1ae1d5.7617340d-68d0-4855-a11e-47a1299569b1" returned: 0 in 0.776s {{(pid=86581) execute /opt/stack/data/venv/lib/python3.12/site-packages/oslo_concurrency/processutils.py:468}}
Jun 06 01:02:33 devstack cinder-volume[86581]: DEBUG oslo_concurrency.processutils [None req-52c6296f-3b63-4ddc-aa43-70e9dc5c56c3 tempest-SnapshotsActionsTest-1195268298 None] Running cmd (subprocess): sudo cinder-rootwrap /etc/cinder/rootwrap.conf rm -f /opt/stack/data/cinder/mnt/26f76dec36e3350f284349e8ae4ed735/volume-86d24178-52ee-41bb-b265-9f04fc1ae1d5.7617340d-68d0-4855-a11e-47a1299569b1 {{(pid=86581) execute /opt/stack/data/venv/lib/python3.12/site-packages/oslo_concurrency/processutils.py:440}}
Jun 06 01:02:33 devstack sudo[88365]: quobyte : PWD=/ ; USER=root ; COMMAND=/opt/stack/data/venv/bin/cinder-rootwrap /etc/cinder/rootwrap.conf rm -f /opt/stack/data/cinder/mnt/26f76dec36e3350f284349e8ae4ed735/volume-86d24178-52ee-41bb-b265-9f04fc1ae1d5.7617340d-68d0-4855-a11e-47a1299569b1
Jun 06 01:02:33 devstack sudo[88365]: pam_unix(sudo:session): session opened for user root(uid=0) by (uid=1000)
Jun 06 01:02:34 devstack sudo[88365]: pam_unix(sudo:session): session closed for user root
Jun 06 01:02:34 devstack cinder-volume[86581]: DEBUG oslo_concurrency.processutils [None req-52c6296f-3b63-4ddc-aa43-70e9dc5c56c3 tempest-SnapshotsActionsTest-1195268298 None] CMD "sudo cinder-rootwrap /etc/cinder/rootwrap.conf rm -f /opt/stack/data/cinder/mnt/26f76dec36e3350f284349e8ae4ed735/volume-86d24178-52ee-41bb-b265-9f04fc1ae1d5.7617340d-68d0-4855-a11e-47a1299569b1" returned: 0 in 0.630s {{(pid=86581) execute /opt/stack/data/venv/lib/python3.12/site-packages/oslo_concurrency/processutils.py:468}}
Jun 06 01:02:34 devstack cinder-volume[86581]: DEBUG cinder.coordination [None req-52c6296f-3b63-4ddc-aa43-70e9dc5c56c3 tempest-SnapshotsActionsTest-1195268298 None] Lock "cinder-quobyte-7617340d-68d0-4855-a11e-47a1299569b1" released by "_delete_snapshot" :: held 3.744s {{(pid=86581) __release /opt/stack/cinder/cinder/coordination.py:152}}
Jun 06 01:02:34 devstack cinder-volume[86581]: DEBUG cinder.coordination [None req-52c6296f-3b63-4ddc-aa43-70e9dc5c56c3 tempest-SnapshotsActionsTest-1195268298 None] Lock "cinder-quobyte-86d24178-52ee-41bb-b265-9f04fc1ae1d5" released by "delete_snapshot" :: held 3.783s {{(pid=86581) __release /opt/stack/cinder/cinder/coordination.py:152}}
Jun 06 01:02:34 devstack cinder-volume[86581]: WARNING cinder.quota [None req-52c6296f-3b63-4ddc-aa43-70e9dc5c56c3 tempest-SnapshotsActionsTest-1195268298 None] Deprecated: Default quota for resource: snapshots_QuobyteHD is set by the default quota flag: quota_snapshots_QuobyteHD, it is now deprecated. Please use the default quota class for default quota.
Jun 06 01:02:34 devstack cinder-volume[86581]: DEBUG cinder.quota [None req-52c6296f-3b63-4ddc-aa43-70e9dc5c56c3 tempest-SnapshotsActionsTest-1195268298 None] Created reservations ['c3e688f4-4e10-4e7c-b9d6-a38bf54e1d0c', 'c7e2b6e7-2073-461b-8d3e-4e4c6de21d71', '0f65845e-5ccf-48cd-a400-ede5d10fc3ce', '93f611df-9925-4035-a397-b00e7fb7ccc9'] {{(pid=86581) reserve /opt/stack/cinder/cinder/quota.py:752}}
Jun 06 01:02:34 devstack cinder-volume[86581]: INFO cinder.volume.manager [None req-52c6296f-3b63-4ddc-aa43-70e9dc5c56c3 tempest-SnapshotsActionsTest-1195268298 None] Delete snapshot completed successfully.
Jun 06 01:02:34 devstack cinder-volume[86581]: DEBUG cinder.coordination [None req-52c6296f-3b63-4ddc-aa43-70e9dc5c56c3 tempest-SnapshotsActionsTest-1195268298 None] Lock "cinder-7617340d-68d0-4855-a11e-47a1299569b1-delete_snapshot" released by "delete_snapshot" :: held 3.916s {{(pid=86581) __release /opt/stack/cinder/cinder/coordination.py:152}}
Jun 06 01:02:35 devstack cinder-volume[86581]: DEBUG oslo_concurrency.lockutils [None req-6815ce69-31d5-43df-81b4-3edf89254272 tempest-SnapshotsActionsTest-2018597254 None] Acquiring lock "quobyte" by "cinder.volume.drivers.quobyte.QuobyteDriver.create_snapshot" {{(pid=86581) inner /opt/stack/data/venv/lib/python3.12/site-packages/oslo_concurrency/lockutils.py:506}}
Jun 06 01:02:35 devstack cinder-volume[86581]: DEBUG oslo_concurrency.lockutils [None req-6815ce69-31d5-43df-81b4-3edf89254272 tempest-SnapshotsActionsTest-2018597254 None] Lock "quobyte" acquired by "cinder.volume.drivers.quobyte.QuobyteDriver.create_snapshot" :: waited 0.001s {{(pid=86581) inner /opt/stack/data/venv/lib/python3.12/site-packages/oslo_concurrency/lockutils.py:519}}
Jun 06 01:02:35 devstack cinder-volume[86581]: DEBUG cinder.volume.drivers.remotefs [None req-6815ce69-31d5-43df-81b4-3edf89254272 tempest-SnapshotsActionsTest-2018597254 None] Creating offline snapshot c9a1aeea-a189-4e3e-99a2-049e86971039 of volume 86d24178-52ee-41bb-b265-9f04fc1ae1d5 {{(pid=86581) _create_snapshot /opt/stack/cinder/cinder/volume/drivers/remotefs.py:1815}}
Jun 06 01:02:35 devstack cinder-volume[86581]: DEBUG oslo.privsep.daemon [-] privsep: reply[61216b56-5b11-473c-8900-e4b25e903bb4]: (4, 'qcow2') {{(pid=87752) _call_back /opt/stack/data/venv/lib/python3.12/site-packages/oslo_privsep/daemon.py:573}}
Jun 06 01:02:35 devstack cinder-volume[86581]: DEBUG oslo_concurrency.processutils [None req-6815ce69-31d5-43df-81b4-3edf89254272 tempest-SnapshotsActionsTest-2018597254 None] Running cmd (subprocess): /opt/stack/data/venv/bin/python3.12 -m oslo_concurrency.prlimit --as=1073741824 --cpu=60 -- sudo cinder-rootwrap /etc/cinder/rootwrap.conf env LC_ALL=C qemu-img info -f qcow2 --output=json --force-share /opt/stack/data/cinder/mnt/26f76dec36e3350f284349e8ae4ed735/volume-86d24178-52ee-41bb-b265-9f04fc1ae1d5.5dc388a8-7e03-4673-9a92-69d0ebd81974 {{(pid=86581) execute /opt/stack/data/venv/lib/python3.12/site-packages/oslo_concurrency/processutils.py:440}}
Jun 06 01:02:35 devstack sudo[88370]: quobyte : PWD=/ ; USER=root ; COMMAND=/opt/stack/data/venv/bin/cinder-rootwrap /etc/cinder/rootwrap.conf env LC_ALL=C qemu-img info -f qcow2 --output=json --force-share /opt/stack/data/cinder/mnt/26f76dec36e3350f284349e8ae4ed735/volume-86d24178-52ee-41bb-b265-9f04fc1ae1d5.5dc388a8-7e03-4673-9a92-69d0ebd81974
Jun 06 01:02:35 devstack sudo[88370]: pam_unix(sudo:session): session opened for user root(uid=0) by (uid=1000)
Jun 06 01:02:35 devstack sudo[88370]: pam_unix(sudo:session): session closed for user root
Jun 06 01:02:35 devstack cinder-volume[86581]: DEBUG oslo_concurrency.processutils [None req-6815ce69-31d5-43df-81b4-3edf89254272 tempest-SnapshotsActionsTest-2018597254 None] CMD "/opt/stack/data/venv/bin/python3.12 -m oslo_concurrency.prlimit --as=1073741824 --cpu=60 -- sudo cinder-rootwrap /etc/cinder/rootwrap.conf env LC_ALL=C qemu-img info -f qcow2 --output=json --force-share /opt/stack/data/cinder/mnt/26f76dec36e3350f284349e8ae4ed735/volume-86d24178-52ee-41bb-b265-9f04fc1ae1d5.5dc388a8-7e03-4673-9a92-69d0ebd81974" returned: 0 in 0.788s {{(pid=86581) execute /opt/stack/data/venv/lib/python3.12/site-packages/oslo_concurrency/processutils.py:468}}
Jun 06 01:02:35 devstack cinder-volume[86581]: DEBUG cinder.volume.drivers.remotefs [None req-6815ce69-31d5-43df-81b4-3edf89254272 tempest-SnapshotsActionsTest-2018597254 None] Fetching qemu-img info with special backing_file_template: (/opt/stack/data/cinder/mnt/[0-9a-f]+/)?(volume-86d24178-52ee-41bb-b265-9f04fc1ae1d5(.(tmp-snap-)?[0-9a-f-]+)?|volume_from_snapshot_cache/(tmp-snap-)?[0-9a-f-]+(.(child-|parent-)[0-9a-f-]+)?)$ {{(pid=86581) _qemu_img_info_base /opt/stack/cinder/cinder/volume/drivers/remotefs.py:896}}
Jun 06 01:02:35 devstack cinder-volume[86581]: DEBUG oslo_concurrency.processutils [None req-6815ce69-31d5-43df-81b4-3edf89254272 tempest-SnapshotsActionsTest-2018597254 None] Running cmd (subprocess): sudo cinder-rootwrap /etc/cinder/rootwrap.conf qemu-img create -f qcow2 -o backing_file=/opt/stack/data/cinder/mnt/26f76dec36e3350f284349e8ae4ed735/volume-86d24178-52ee-41bb-b265-9f04fc1ae1d5.5dc388a8-7e03-4673-9a92-69d0ebd81974,backing_fmt=qcow2 /opt/stack/data/cinder/mnt/26f76dec36e3350f284349e8ae4ed735/volume-86d24178-52ee-41bb-b265-9f04fc1ae1d5.c9a1aeea-a189-4e3e-99a2-049e86971039 1G {{(pid=86581) execute /opt/stack/data/venv/lib/python3.12/site-packages/oslo_concurrency/processutils.py:440}}
Jun 06 01:02:35 devstack sudo[88381]: quobyte : PWD=/ ; USER=root ; COMMAND=/opt/stack/data/venv/bin/cinder-rootwrap /etc/cinder/rootwrap.conf qemu-img create -f qcow2 -o backing_file=/opt/stack/data/cinder/mnt/26f76dec36e3350f284349e8ae4ed735/volume-86d24178-52ee-41bb-b265-9f04fc1ae1d5.5dc388a8-7e03-4673-9a92-69d0ebd81974,backing_fmt=qcow2 /opt/stack/data/cinder/mnt/26f76dec36e3350f284349e8ae4ed735/volume-86d24178-52ee-41bb-b265-9f04fc1ae1d5.c9a1aeea-a189-4e3e-99a2-049e86971039 1G
Jun 06 01:02:35 devstack sudo[88381]: pam_unix(sudo:session): session opened for user root(uid=0) by (uid=1000)
Jun 06 01:02:36 devstack sudo[88381]: pam_unix(sudo:session): session closed for user root
Jun 06 01:02:36 devstack cinder-volume[86581]: DEBUG oslo_concurrency.processutils [None req-6815ce69-31d5-43df-81b4-3edf89254272 tempest-SnapshotsActionsTest-2018597254 None] CMD "sudo cinder-rootwrap /etc/cinder/rootwrap.conf qemu-img create -f qcow2 -o backing_file=/opt/stack/data/cinder/mnt/26f76dec36e3350f284349e8ae4ed735/volume-86d24178-52ee-41bb-b265-9f04fc1ae1d5.5dc388a8-7e03-4673-9a92-69d0ebd81974,backing_fmt=qcow2 /opt/stack/data/cinder/mnt/26f76dec36e3350f284349e8ae4ed735/volume-86d24178-52ee-41bb-b265-9f04fc1ae1d5.c9a1aeea-a189-4e3e-99a2-049e86971039 1G" returned: 0 in 0.815s {{(pid=86581) execute /opt/stack/data/venv/lib/python3.12/site-packages/oslo_concurrency/processutils.py:468}}
Jun 06 01:02:36 devstack cinder-volume[86581]: DEBUG oslo_concurrency.processutils [None req-6815ce69-31d5-43df-81b4-3edf89254272 tempest-SnapshotsActionsTest-2018597254 None] Running cmd (subprocess): sudo cinder-rootwrap /etc/cinder/rootwrap.conf qemu-img rebase -u -b volume-86d24178-52ee-41bb-b265-9f04fc1ae1d5.5dc388a8-7e03-4673-9a92-69d0ebd81974 -F qcow2 /opt/stack/data/cinder/mnt/26f76dec36e3350f284349e8ae4ed735/volume-86d24178-52ee-41bb-b265-9f04fc1ae1d5.c9a1aeea-a189-4e3e-99a2-049e86971039 {{(pid=86581) execute /opt/stack/data/venv/lib/python3.12/site-packages/oslo_concurrency/processutils.py:440}}
Jun 06 01:02:36 devstack sudo[88387]: quobyte : PWD=/ ; USER=root ; COMMAND=/opt/stack/data/venv/bin/cinder-rootwrap /etc/cinder/rootwrap.conf qemu-img rebase -u -b volume-86d24178-52ee-41bb-b265-9f04fc1ae1d5.5dc388a8-7e03-4673-9a92-69d0ebd81974 -F qcow2 /opt/stack/data/cinder/mnt/26f76dec36e3350f284349e8ae4ed735/volume-86d24178-52ee-41bb-b265-9f04fc1ae1d5.c9a1aeea-a189-4e3e-99a2-049e86971039
Jun 06 01:02:36 devstack sudo[88387]: pam_unix(sudo:session): session opened for user root(uid=0) by (uid=1000)
Jun 06 01:02:37 devstack sudo[88387]: pam_unix(sudo:session): session closed for user root
Jun 06 01:02:37 devstack cinder-volume[86581]: DEBUG oslo_concurrency.processutils [None req-6815ce69-31d5-43df-81b4-3edf89254272 tempest-SnapshotsActionsTest-2018597254 None] CMD "sudo cinder-rootwrap /etc/cinder/rootwrap.conf qemu-img rebase -u -b volume-86d24178-52ee-41bb-b265-9f04fc1ae1d5.5dc388a8-7e03-4673-9a92-69d0ebd81974 -F qcow2 /opt/stack/data/cinder/mnt/26f76dec36e3350f284349e8ae4ed735/volume-86d24178-52ee-41bb-b265-9f04fc1ae1d5.c9a1aeea-a189-4e3e-99a2-049e86971039" returned: 0 in 0.732s {{(pid=86581) execute /opt/stack/data/venv/lib/python3.12/site-packages/oslo_concurrency/processutils.py:468}}
Jun 06 01:02:37 devstack cinder-volume[86581]: WARNING cinder.volume.drivers.remotefs [None req-6815ce69-31d5-43df-81b4-3edf89254272 tempest-SnapshotsActionsTest-2018597254 None] /opt/stack/data/cinder/mnt/26f76dec36e3350f284349e8ae4ed735/volume-86d24178-52ee-41bb-b265-9f04fc1ae1d5.c9a1aeea-a189-4e3e-99a2-049e86971039 is being set with open permissions: ugo+rw
Jun 06 01:02:37 devstack cinder-volume[86581]: DEBUG oslo_concurrency.processutils [None req-6815ce69-31d5-43df-81b4-3edf89254272 tempest-SnapshotsActionsTest-2018597254 None] Running cmd (subprocess): sudo cinder-rootwrap /etc/cinder/rootwrap.conf chmod ugo+rw /opt/stack/data/cinder/mnt/26f76dec36e3350f284349e8ae4ed735/volume-86d24178-52ee-41bb-b265-9f04fc1ae1d5.c9a1aeea-a189-4e3e-99a2-049e86971039 {{(pid=86581) execute /opt/stack/data/venv/lib/python3.12/site-packages/oslo_concurrency/processutils.py:440}}
Jun 06 01:02:37 devstack sudo[88408]: quobyte : PWD=/ ; USER=root ; COMMAND=/opt/stack/data/venv/bin/cinder-rootwrap /etc/cinder/rootwrap.conf chmod ugo+rw /opt/stack/data/cinder/mnt/26f76dec36e3350f284349e8ae4ed735/volume-86d24178-52ee-41bb-b265-9f04fc1ae1d5.c9a1aeea-a189-4e3e-99a2-049e86971039
Jun 06 01:02:37 devstack sudo[88408]: pam_unix(sudo:session): session opened for user root(uid=0) by (uid=1000)
Jun 06 01:02:38 devstack sudo[88408]: pam_unix(sudo:session): session closed for user root
Jun 06 01:02:38 devstack cinder-volume[86581]: DEBUG oslo_concurrency.processutils [None req-6815ce69-31d5-43df-81b4-3edf89254272 tempest-SnapshotsActionsTest-2018597254 None] CMD "sudo cinder-rootwrap /etc/cinder/rootwrap.conf chmod ugo+rw /opt/stack/data/cinder/mnt/26f76dec36e3350f284349e8ae4ed735/volume-86d24178-52ee-41bb-b265-9f04fc1ae1d5.c9a1aeea-a189-4e3e-99a2-049e86971039" returned: 0 in 0.626s {{(pid=86581) execute /opt/stack/data/venv/lib/python3.12/site-packages/oslo_concurrency/processutils.py:468}}
Jun 06 01:02:38 devstack cinder-volume[86581]: DEBUG oslo_concurrency.lockutils [None req-6815ce69-31d5-43df-81b4-3edf89254272 tempest-SnapshotsActionsTest-2018597254 None] Lock "quobyte" "released" by "cinder.volume.drivers.quobyte.QuobyteDriver.create_snapshot" :: held 3.077s {{(pid=86581) inner /opt/stack/data/venv/lib/python3.12/site-packages/oslo_concurrency/lockutils.py:538}}
Jun 06 01:02:38 devstack cinder-volume[86581]: INFO cinder.volume.manager [None req-6815ce69-31d5-43df-81b4-3edf89254272 tempest-SnapshotsActionsTest-2018597254 None] Create snapshot completed successfully
Jun 06 01:02:38 devstack cinder-volume[86581]: DEBUG cinder.coordination [None req-efa71667-5bce-4db1-977a-244f1c412b1e tempest-SnapshotsActionsTest-1195268298 None] Acquiring lock "cinder-c9a1aeea-a189-4e3e-99a2-049e86971039-delete_snapshot" by "delete_snapshot" {{(pid=86581) __acquire /opt/stack/cinder/cinder/coordination.py:138}}
Jun 06 01:02:38 devstack cinder-volume[86581]: DEBUG cinder.coordination [None req-efa71667-5bce-4db1-977a-244f1c412b1e tempest-SnapshotsActionsTest-1195268298 None] Lock "cinder-c9a1aeea-a189-4e3e-99a2-049e86971039-delete_snapshot" acquired by "delete_snapshot" :: waited 0.018s {{(pid=86581) __acquire /opt/stack/cinder/cinder/coordination.py:141}}
Jun 06 01:02:38 devstack cinder-volume[86581]: DEBUG cinder.coordination [None req-efa71667-5bce-4db1-977a-244f1c412b1e tempest-SnapshotsActionsTest-1195268298 None] Acquiring lock "cinder-quobyte-86d24178-52ee-41bb-b265-9f04fc1ae1d5" by "delete_snapshot" {{(pid=86581) __acquire /opt/stack/cinder/cinder/coordination.py:138}}
Jun 06 01:02:38 devstack cinder-volume[86581]: DEBUG cinder.coordination [None req-efa71667-5bce-4db1-977a-244f1c412b1e tempest-SnapshotsActionsTest-1195268298 None] Lock "cinder-quobyte-86d24178-52ee-41bb-b265-9f04fc1ae1d5" acquired by "delete_snapshot" :: waited 0.021s {{(pid=86581) __acquire /opt/stack/cinder/cinder/coordination.py:141}}
Jun 06 01:02:38 devstack cinder-volume[86581]: DEBUG cinder.coordination [None req-efa71667-5bce-4db1-977a-244f1c412b1e tempest-SnapshotsActionsTest-1195268298 None] Acquiring lock "cinder-quobyte-c9a1aeea-a189-4e3e-99a2-049e86971039" by "_delete_snapshot" {{(pid=86581) __acquire /opt/stack/cinder/cinder/coordination.py:138}}
Jun 06 01:02:38 devstack cinder-volume[86581]: DEBUG cinder.coordination [None req-efa71667-5bce-4db1-977a-244f1c412b1e tempest-SnapshotsActionsTest-1195268298 None] Lock "cinder-quobyte-c9a1aeea-a189-4e3e-99a2-049e86971039" acquired by "_delete_snapshot" :: waited 0.019s {{(pid=86581) __acquire /opt/stack/cinder/cinder/coordination.py:141}}
Jun 06 01:02:38 devstack cinder-volume[86581]: DEBUG cinder.volume.drivers.remotefs [None req-efa71667-5bce-4db1-977a-244f1c412b1e tempest-SnapshotsActionsTest-1195268298 None] Deleting offline snapshot c9a1aeea-a189-4e3e-99a2-049e86971039 of volume 86d24178-52ee-41bb-b265-9f04fc1ae1d5 {{(pid=86581) _delete_snapshot /opt/stack/cinder/cinder/volume/drivers/remotefs.py:1288}}
Jun 06 01:02:38 devstack cinder-volume[86581]: DEBUG cinder.volume.drivers.remotefs [None req-efa71667-5bce-4db1-977a-244f1c412b1e tempest-SnapshotsActionsTest-1195268298 None] snapshot_file for this snap is: volume-86d24178-52ee-41bb-b265-9f04fc1ae1d5.c9a1aeea-a189-4e3e-99a2-049e86971039 {{(pid=86581) _delete_snapshot /opt/stack/cinder/cinder/volume/drivers/remotefs.py:1317}}
Jun 06 01:02:38 devstack cinder-volume[86581]: DEBUG oslo.privsep.daemon [-] privsep: reply[a89b7af0-3bf1-4fcb-9869-e253944ff29d]: (4, 'qcow2') {{(pid=87752) _call_back /opt/stack/data/venv/lib/python3.12/site-packages/oslo_privsep/daemon.py:573}}
Jun 06 01:02:38 devstack cinder-volume[86581]: DEBUG oslo_concurrency.processutils [None req-efa71667-5bce-4db1-977a-244f1c412b1e tempest-SnapshotsActionsTest-1195268298 None] Running cmd (subprocess): /opt/stack/data/venv/bin/python3.12 -m oslo_concurrency.prlimit --as=1073741824 --cpu=60 -- sudo cinder-rootwrap /etc/cinder/rootwrap.conf env LC_ALL=C qemu-img info -f qcow2 --output=json --force-share /opt/stack/data/cinder/mnt/26f76dec36e3350f284349e8ae4ed735/volume-86d24178-52ee-41bb-b265-9f04fc1ae1d5.c9a1aeea-a189-4e3e-99a2-049e86971039 {{(pid=86581) execute /opt/stack/data/venv/lib/python3.12/site-packages/oslo_concurrency/processutils.py:440}}
Jun 06 01:02:38 devstack sudo[88413]: quobyte : PWD=/ ; USER=root ; COMMAND=/opt/stack/data/venv/bin/cinder-rootwrap /etc/cinder/rootwrap.conf env LC_ALL=C qemu-img info -f qcow2 --output=json --force-share /opt/stack/data/cinder/mnt/26f76dec36e3350f284349e8ae4ed735/volume-86d24178-52ee-41bb-b265-9f04fc1ae1d5.c9a1aeea-a189-4e3e-99a2-049e86971039
Jun 06 01:02:38 devstack sudo[88413]: pam_unix(sudo:session): session opened for user root(uid=0) by (uid=1000)
Jun 06 01:02:39 devstack sudo[88413]: pam_unix(sudo:session): session closed for user root
Jun 06 01:02:39 devstack cinder-volume[86581]: DEBUG oslo_concurrency.processutils [None req-efa71667-5bce-4db1-977a-244f1c412b1e tempest-SnapshotsActionsTest-1195268298 None] CMD "/opt/stack/data/venv/bin/python3.12 -m oslo_concurrency.prlimit --as=1073741824 --cpu=60 -- sudo cinder-rootwrap /etc/cinder/rootwrap.conf env LC_ALL=C qemu-img info -f qcow2 --output=json --force-share /opt/stack/data/cinder/mnt/26f76dec36e3350f284349e8ae4ed735/volume-86d24178-52ee-41bb-b265-9f04fc1ae1d5.c9a1aeea-a189-4e3e-99a2-049e86971039" returned: 0 in 1.039s {{(pid=86581) execute /opt/stack/data/venv/lib/python3.12/site-packages/oslo_concurrency/processutils.py:468}}
Jun 06 01:02:39 devstack cinder-volume[86581]: DEBUG cinder.volume.drivers.remotefs [None req-efa71667-5bce-4db1-977a-244f1c412b1e tempest-SnapshotsActionsTest-1195268298 None] Fetching qemu-img info with special backing_file_template: (/opt/stack/data/cinder/mnt/[0-9a-f]+/)?(volume-86d24178-52ee-41bb-b265-9f04fc1ae1d5(.(tmp-snap-)?[0-9a-f-]+)?|volume_from_snapshot_cache/(tmp-snap-)?[0-9a-f-]+(.(child-|parent-)[0-9a-f-]+)?)$ {{(pid=86581) _qemu_img_info_base /opt/stack/cinder/cinder/volume/drivers/remotefs.py:896}}
Jun 06 01:02:39 devstack cinder-volume[86581]: DEBUG oslo.privsep.daemon [-] privsep: reply[e7cc9a3a-27f6-4641-a6cd-503586c0bd61]: (4, 'qcow2') {{(pid=87752) _call_back /opt/stack/data/venv/lib/python3.12/site-packages/oslo_privsep/daemon.py:573}}
Jun 06 01:02:39 devstack cinder-volume[86581]: DEBUG oslo_concurrency.processutils [None req-efa71667-5bce-4db1-977a-244f1c412b1e tempest-SnapshotsActionsTest-1195268298 None] Running cmd (subprocess): /opt/stack/data/venv/bin/python3.12 -m oslo_concurrency.prlimit --as=1073741824 --cpu=60 -- sudo cinder-rootwrap /etc/cinder/rootwrap.conf env LC_ALL=C qemu-img info -f qcow2 --output=json --force-share /opt/stack/data/cinder/mnt/26f76dec36e3350f284349e8ae4ed735/volume-86d24178-52ee-41bb-b265-9f04fc1ae1d5.5dc388a8-7e03-4673-9a92-69d0ebd81974 {{(pid=86581) execute /opt/stack/data/venv/lib/python3.12/site-packages/oslo_concurrency/processutils.py:440}}
Jun 06 01:02:39 devstack sudo[88457]: quobyte : PWD=/ ; USER=root ; COMMAND=/opt/stack/data/venv/bin/cinder-rootwrap /etc/cinder/rootwrap.conf env LC_ALL=C qemu-img info -f qcow2 --output=json --force-share /opt/stack/data/cinder/mnt/26f76dec36e3350f284349e8ae4ed735/volume-86d24178-52ee-41bb-b265-9f04fc1ae1d5.5dc388a8-7e03-4673-9a92-69d0ebd81974
Jun 06 01:02:39 devstack sudo[88457]: pam_unix(sudo:session): session opened for user root(uid=0) by (uid=1000)
Jun 06 01:02:40 devstack sudo[88457]: pam_unix(sudo:session): session closed for user root
Jun 06 01:02:40 devstack cinder-volume[86581]: DEBUG oslo_concurrency.processutils [None req-efa71667-5bce-4db1-977a-244f1c412b1e tempest-SnapshotsActionsTest-1195268298 None] CMD "/opt/stack/data/venv/bin/python3.12 -m oslo_concurrency.prlimit --as=1073741824 --cpu=60 -- sudo cinder-rootwrap /etc/cinder/rootwrap.conf env LC_ALL=C qemu-img info -f qcow2 --output=json --force-share /opt/stack/data/cinder/mnt/26f76dec36e3350f284349e8ae4ed735/volume-86d24178-52ee-41bb-b265-9f04fc1ae1d5.5dc388a8-7e03-4673-9a92-69d0ebd81974" returned: 0 in 0.873s {{(pid=86581) execute /opt/stack/data/venv/lib/python3.12/site-packages/oslo_concurrency/processutils.py:468}}
Jun 06 01:02:40 devstack cinder-volume[86581]: DEBUG cinder.volume.drivers.remotefs [None req-efa71667-5bce-4db1-977a-244f1c412b1e tempest-SnapshotsActionsTest-1195268298 None] Fetching qemu-img info with special backing_file_template: (/opt/stack/data/cinder/mnt/[0-9a-f]+/)?(volume-86d24178-52ee-41bb-b265-9f04fc1ae1d5(.(tmp-snap-)?[0-9a-f-]+)?|volume_from_snapshot_cache/(tmp-snap-)?[0-9a-f-]+(.(child-|parent-)[0-9a-f-]+)?)$ {{(pid=86581) _qemu_img_info_base /opt/stack/cinder/cinder/volume/drivers/remotefs.py:896}}
Jun 06 01:02:40 devstack cinder-volume[86581]: DEBUG oslo_concurrency.processutils [None req-efa71667-5bce-4db1-977a-244f1c412b1e tempest-SnapshotsActionsTest-1195268298 None] Running cmd (subprocess): sudo cinder-rootwrap /etc/cinder/rootwrap.conf qemu-img commit -d /opt/stack/data/cinder/mnt/26f76dec36e3350f284349e8ae4ed735/volume-86d24178-52ee-41bb-b265-9f04fc1ae1d5.c9a1aeea-a189-4e3e-99a2-049e86971039 {{(pid=86581) execute /opt/stack/data/venv/lib/python3.12/site-packages/oslo_concurrency/processutils.py:440}}
Jun 06 01:02:40 devstack sudo[88489]: quobyte : PWD=/ ; USER=root ; COMMAND=/opt/stack/data/venv/bin/cinder-rootwrap /etc/cinder/rootwrap.conf qemu-img commit -d /opt/stack/data/cinder/mnt/26f76dec36e3350f284349e8ae4ed735/volume-86d24178-52ee-41bb-b265-9f04fc1ae1d5.c9a1aeea-a189-4e3e-99a2-049e86971039
Jun 06 01:02:40 devstack sudo[88489]: pam_unix(sudo:session): session opened for user root(uid=0) by (uid=1000)
Jun 06 01:02:41 devstack sudo[88489]: pam_unix(sudo:session): session closed for user root
Jun 06 01:02:41 devstack cinder-volume[86581]: DEBUG oslo_concurrency.processutils [None req-efa71667-5bce-4db1-977a-244f1c412b1e tempest-SnapshotsActionsTest-1195268298 None] CMD "sudo cinder-rootwrap /etc/cinder/rootwrap.conf qemu-img commit -d /opt/stack/data/cinder/mnt/26f76dec36e3350f284349e8ae4ed735/volume-86d24178-52ee-41bb-b265-9f04fc1ae1d5.c9a1aeea-a189-4e3e-99a2-049e86971039" returned: 0 in 0.813s {{(pid=86581) execute /opt/stack/data/venv/lib/python3.12/site-packages/oslo_concurrency/processutils.py:468}}
Jun 06 01:02:41 devstack cinder-volume[86581]: DEBUG oslo_concurrency.processutils [None req-efa71667-5bce-4db1-977a-244f1c412b1e tempest-SnapshotsActionsTest-1195268298 None] Running cmd (subprocess): sudo cinder-rootwrap /etc/cinder/rootwrap.conf rm -f /opt/stack/data/cinder/mnt/26f76dec36e3350f284349e8ae4ed735/volume-86d24178-52ee-41bb-b265-9f04fc1ae1d5.c9a1aeea-a189-4e3e-99a2-049e86971039 {{(pid=86581) execute /opt/stack/data/venv/lib/python3.12/site-packages/oslo_concurrency/processutils.py:440}}
Jun 06 01:02:41 devstack sudo[88497]: quobyte : PWD=/ ; USER=root ; COMMAND=/opt/stack/data/venv/bin/cinder-rootwrap /etc/cinder/rootwrap.conf rm -f /opt/stack/data/cinder/mnt/26f76dec36e3350f284349e8ae4ed735/volume-86d24178-52ee-41bb-b265-9f04fc1ae1d5.c9a1aeea-a189-4e3e-99a2-049e86971039
Jun 06 01:02:41 devstack sudo[88497]: pam_unix(sudo:session): session opened for user root(uid=0) by (uid=1000)
Jun 06 01:02:41 devstack sudo[88497]: pam_unix(sudo:session): session closed for user root
Jun 06 01:02:41 devstack cinder-volume[86581]: DEBUG oslo_concurrency.processutils [None req-efa71667-5bce-4db1-977a-244f1c412b1e tempest-SnapshotsActionsTest-1195268298 None] CMD "sudo cinder-rootwrap /etc/cinder/rootwrap.conf rm -f /opt/stack/data/cinder/mnt/26f76dec36e3350f284349e8ae4ed735/volume-86d24178-52ee-41bb-b265-9f04fc1ae1d5.c9a1aeea-a189-4e3e-99a2-049e86971039" returned: 0 in 0.598s {{(pid=86581) execute /opt/stack/data/venv/lib/python3.12/site-packages/oslo_concurrency/processutils.py:468}}
Jun 06 01:02:41 devstack cinder-volume[86581]: DEBUG cinder.coordination [None req-efa71667-5bce-4db1-977a-244f1c412b1e tempest-SnapshotsActionsTest-1195268298 None] Lock "cinder-quobyte-c9a1aeea-a189-4e3e-99a2-049e86971039" released by "_delete_snapshot" :: held 3.434s {{(pid=86581) __release /opt/stack/cinder/cinder/coordination.py:152}}
Jun 06 01:02:41 devstack cinder-volume[86581]: DEBUG cinder.coordination [None req-efa71667-5bce-4db1-977a-244f1c412b1e tempest-SnapshotsActionsTest-1195268298 None] Lock "cinder-quobyte-86d24178-52ee-41bb-b265-9f04fc1ae1d5" released by "delete_snapshot" :: held 3.465s {{(pid=86581) __release /opt/stack/cinder/cinder/coordination.py:152}}
Jun 06 01:02:41 devstack cinder-volume[86581]: INFO cinder.volume.manager [req-7071ef94-13ab-4acc-b047-b45b9385a440 req-59823d51-2253-444d-8c5e-1d92ddf7e691 tempest-DeleteServersTestJSON-1287173930 None] Terminate volume connection completed successfully.
Jun 06 01:02:41 devstack cinder-volume[86581]: DEBUG cinder.volume.manager [req-7071ef94-13ab-4acc-b047-b45b9385a440 req-59823d51-2253-444d-8c5e-1d92ddf7e691 tempest-DeleteServersTestJSON-1287173930 None] Deleting attachment 6dced05c-ef07-4fb2-8e5f-581305685077. {{(pid=86581) attachment_delete /opt/stack/cinder/cinder/volume/manager.py:5055}}
Jun 06 01:02:42 devstack cinder-volume[86581]: DEBUG cinder.quota [None req-efa71667-5bce-4db1-977a-244f1c412b1e tempest-SnapshotsActionsTest-1195268298 None] Created reservations ['4bd37dfa-c121-49c4-9cc8-0c39d2df618f', '2b88a0f0-6d7d-4b38-bf43-1b5f870e022a', 'de620ffa-6ec9-4317-9448-fcd8961cf62f', 'c1a93943-1a73-4750-a739-135acb95b7bc'] {{(pid=86581) reserve /opt/stack/cinder/cinder/quota.py:752}}
Jun 06 01:02:42 devstack cinder-volume[86581]: INFO cinder.volume.manager [None req-efa71667-5bce-4db1-977a-244f1c412b1e tempest-SnapshotsActionsTest-1195268298 None] Delete snapshot completed successfully.
Jun 06 01:02:42 devstack cinder-volume[86581]: DEBUG cinder.coordination [None req-efa71667-5bce-4db1-977a-244f1c412b1e tempest-SnapshotsActionsTest-1195268298 None] Lock "cinder-c9a1aeea-a189-4e3e-99a2-049e86971039-delete_snapshot" released by "delete_snapshot" :: held 3.656s {{(pid=86581) __release /opt/stack/cinder/cinder/coordination.py:152}}
Jun 06 01:02:42 devstack cinder-volume[86581]: DEBUG oslo_concurrency.lockutils [None req-d293c818-f847-479b-a9eb-700acd91a57a tempest-SnapshotsActionsTest-2018597254 None] Acquiring lock "quobyte" by "cinder.volume.drivers.quobyte.QuobyteDriver.create_snapshot" {{(pid=86581) inner /opt/stack/data/venv/lib/python3.12/site-packages/oslo_concurrency/lockutils.py:506}}
Jun 06 01:02:42 devstack cinder-volume[86581]: DEBUG oslo_concurrency.lockutils [None req-d293c818-f847-479b-a9eb-700acd91a57a tempest-SnapshotsActionsTest-2018597254 None] Lock "quobyte" acquired by "cinder.volume.drivers.quobyte.QuobyteDriver.create_snapshot" :: waited 0.001s {{(pid=86581) inner /opt/stack/data/venv/lib/python3.12/site-packages/oslo_concurrency/lockutils.py:519}}
Jun 06 01:02:42 devstack cinder-volume[86581]: DEBUG cinder.volume.drivers.remotefs [None req-d293c818-f847-479b-a9eb-700acd91a57a tempest-SnapshotsActionsTest-2018597254 None] Creating offline snapshot 50918836-f1de-488f-852c-9a80b40c72d9 of volume 86d24178-52ee-41bb-b265-9f04fc1ae1d5 {{(pid=86581) _create_snapshot /opt/stack/cinder/cinder/volume/drivers/remotefs.py:1815}}
Jun 06 01:02:43 devstack cinder-volume[86581]: DEBUG oslo.privsep.daemon [-] privsep: reply[67205033-9980-4bef-a181-71104d19b380]: (4, 'qcow2') {{(pid=87752) _call_back /opt/stack/data/venv/lib/python3.12/site-packages/oslo_privsep/daemon.py:573}}
Jun 06 01:02:43 devstack cinder-volume[86581]: DEBUG oslo_concurrency.processutils [None req-d293c818-f847-479b-a9eb-700acd91a57a tempest-SnapshotsActionsTest-2018597254 None] Running cmd (subprocess): /opt/stack/data/venv/bin/python3.12 -m oslo_concurrency.prlimit --as=1073741824 --cpu=60 -- sudo cinder-rootwrap /etc/cinder/rootwrap.conf env LC_ALL=C qemu-img info -f qcow2 --output=json --force-share /opt/stack/data/cinder/mnt/26f76dec36e3350f284349e8ae4ed735/volume-86d24178-52ee-41bb-b265-9f04fc1ae1d5.5dc388a8-7e03-4673-9a92-69d0ebd81974 {{(pid=86581) execute /opt/stack/data/venv/lib/python3.12/site-packages/oslo_concurrency/processutils.py:440}}
Jun 06 01:02:43 devstack sudo[88503]: quobyte : PWD=/ ; USER=root ; COMMAND=/opt/stack/data/venv/bin/cinder-rootwrap /etc/cinder/rootwrap.conf env LC_ALL=C qemu-img info -f qcow2 --output=json --force-share /opt/stack/data/cinder/mnt/26f76dec36e3350f284349e8ae4ed735/volume-86d24178-52ee-41bb-b265-9f04fc1ae1d5.5dc388a8-7e03-4673-9a92-69d0ebd81974
Jun 06 01:02:43 devstack sudo[88503]: pam_unix(sudo:session): session opened for user root(uid=0) by (uid=1000)
Jun 06 01:02:43 devstack sudo[88503]: pam_unix(sudo:session): session closed for user root
Jun 06 01:02:43 devstack cinder-volume[86581]: DEBUG oslo_concurrency.processutils [None req-d293c818-f847-479b-a9eb-700acd91a57a tempest-SnapshotsActionsTest-2018597254 None] CMD "/opt/stack/data/venv/bin/python3.12 -m oslo_concurrency.prlimit --as=1073741824 --cpu=60 -- sudo cinder-rootwrap /etc/cinder/rootwrap.conf env LC_ALL=C qemu-img info -f qcow2 --output=json --force-share /opt/stack/data/cinder/mnt/26f76dec36e3350f284349e8ae4ed735/volume-86d24178-52ee-41bb-b265-9f04fc1ae1d5.5dc388a8-7e03-4673-9a92-69d0ebd81974" returned: 0 in 0.733s {{(pid=86581) execute /opt/stack/data/venv/lib/python3.12/site-packages/oslo_concurrency/processutils.py:468}}
Jun 06 01:02:43 devstack cinder-volume[86581]: DEBUG cinder.volume.drivers.remotefs [None req-d293c818-f847-479b-a9eb-700acd91a57a tempest-SnapshotsActionsTest-2018597254 None] Fetching qemu-img info with special backing_file_template: (/opt/stack/data/cinder/mnt/[0-9a-f]+/)?(volume-86d24178-52ee-41bb-b265-9f04fc1ae1d5(.(tmp-snap-)?[0-9a-f-]+)?|volume_from_snapshot_cache/(tmp-snap-)?[0-9a-f-]+(.(child-|parent-)[0-9a-f-]+)?)$ {{(pid=86581) _qemu_img_info_base /opt/stack/cinder/cinder/volume/drivers/remotefs.py:896}}
Jun 06 01:02:43 devstack cinder-volume[86581]: DEBUG oslo_concurrency.processutils [None req-d293c818-f847-479b-a9eb-700acd91a57a tempest-SnapshotsActionsTest-2018597254 None] Running cmd (subprocess): sudo cinder-rootwrap /etc/cinder/rootwrap.conf qemu-img create -f qcow2 -o backing_file=/opt/stack/data/cinder/mnt/26f76dec36e3350f284349e8ae4ed735/volume-86d24178-52ee-41bb-b265-9f04fc1ae1d5.5dc388a8-7e03-4673-9a92-69d0ebd81974,backing_fmt=qcow2 /opt/stack/data/cinder/mnt/26f76dec36e3350f284349e8ae4ed735/volume-86d24178-52ee-41bb-b265-9f04fc1ae1d5.50918836-f1de-488f-852c-9a80b40c72d9 1G {{(pid=86581) execute /opt/stack/data/venv/lib/python3.12/site-packages/oslo_concurrency/processutils.py:440}}
Jun 06 01:02:43 devstack sudo[88508]: quobyte : PWD=/ ; USER=root ; COMMAND=/opt/stack/data/venv/bin/cinder-rootwrap /etc/cinder/rootwrap.conf qemu-img create -f qcow2 -o backing_file=/opt/stack/data/cinder/mnt/26f76dec36e3350f284349e8ae4ed735/volume-86d24178-52ee-41bb-b265-9f04fc1ae1d5.5dc388a8-7e03-4673-9a92-69d0ebd81974,backing_fmt=qcow2 /opt/stack/data/cinder/mnt/26f76dec36e3350f284349e8ae4ed735/volume-86d24178-52ee-41bb-b265-9f04fc1ae1d5.50918836-f1de-488f-852c-9a80b40c72d9 1G
Jun 06 01:02:43 devstack sudo[88508]: pam_unix(sudo:session): session opened for user root(uid=0) by (uid=1000)
Jun 06 01:02:44 devstack sudo[88508]: pam_unix(sudo:session): session closed for user root
Jun 06 01:02:44 devstack cinder-volume[86581]: DEBUG oslo_concurrency.processutils [None req-d293c818-f847-479b-a9eb-700acd91a57a tempest-SnapshotsActionsTest-2018597254 None] CMD "sudo cinder-rootwrap /etc/cinder/rootwrap.conf qemu-img create -f qcow2 -o backing_file=/opt/stack/data/cinder/mnt/26f76dec36e3350f284349e8ae4ed735/volume-86d24178-52ee-41bb-b265-9f04fc1ae1d5.5dc388a8-7e03-4673-9a92-69d0ebd81974,backing_fmt=qcow2 /opt/stack/data/cinder/mnt/26f76dec36e3350f284349e8ae4ed735/volume-86d24178-52ee-41bb-b265-9f04fc1ae1d5.50918836-f1de-488f-852c-9a80b40c72d9 1G" returned: 0 in 0.864s {{(pid=86581) execute /opt/stack/data/venv/lib/python3.12/site-packages/oslo_concurrency/processutils.py:468}}
Jun 06 01:02:44 devstack cinder-volume[86581]: DEBUG oslo_concurrency.processutils [None req-d293c818-f847-479b-a9eb-700acd91a57a tempest-SnapshotsActionsTest-2018597254 None] Running cmd (subprocess): sudo cinder-rootwrap /etc/cinder/rootwrap.conf qemu-img rebase -u -b volume-86d24178-52ee-41bb-b265-9f04fc1ae1d5.5dc388a8-7e03-4673-9a92-69d0ebd81974 -F qcow2 /opt/stack/data/cinder/mnt/26f76dec36e3350f284349e8ae4ed735/volume-86d24178-52ee-41bb-b265-9f04fc1ae1d5.50918836-f1de-488f-852c-9a80b40c72d9 {{(pid=86581) execute /opt/stack/data/venv/lib/python3.12/site-packages/oslo_concurrency/processutils.py:440}}
Jun 06 01:02:44 devstack sudo[88514]: quobyte : PWD=/ ; USER=root ; COMMAND=/opt/stack/data/venv/bin/cinder-rootwrap /etc/cinder/rootwrap.conf qemu-img rebase -u -b volume-86d24178-52ee-41bb-b265-9f04fc1ae1d5.5dc388a8-7e03-4673-9a92-69d0ebd81974 -F qcow2 /opt/stack/data/cinder/mnt/26f76dec36e3350f284349e8ae4ed735/volume-86d24178-52ee-41bb-b265-9f04fc1ae1d5.50918836-f1de-488f-852c-9a80b40c72d9
Jun 06 01:02:44 devstack sudo[88514]: pam_unix(sudo:session): session opened for user root(uid=0) by (uid=1000)
Jun 06 01:02:45 devstack sudo[88514]: pam_unix(sudo:session): session closed for user root
Jun 06 01:02:45 devstack cinder-volume[86581]: DEBUG oslo_concurrency.processutils [None req-d293c818-f847-479b-a9eb-700acd91a57a tempest-SnapshotsActionsTest-2018597254 None] CMD "sudo cinder-rootwrap /etc/cinder/rootwrap.conf qemu-img rebase -u -b volume-86d24178-52ee-41bb-b265-9f04fc1ae1d5.5dc388a8-7e03-4673-9a92-69d0ebd81974 -F qcow2 /opt/stack/data/cinder/mnt/26f76dec36e3350f284349e8ae4ed735/volume-86d24178-52ee-41bb-b265-9f04fc1ae1d5.50918836-f1de-488f-852c-9a80b40c72d9" returned: 0 in 0.698s {{(pid=86581) execute /opt/stack/data/venv/lib/python3.12/site-packages/oslo_concurrency/processutils.py:468}}
Jun 06 01:02:45 devstack cinder-volume[86581]: WARNING cinder.volume.drivers.remotefs [None req-d293c818-f847-479b-a9eb-700acd91a57a tempest-SnapshotsActionsTest-2018597254 None] /opt/stack/data/cinder/mnt/26f76dec36e3350f284349e8ae4ed735/volume-86d24178-52ee-41bb-b265-9f04fc1ae1d5.50918836-f1de-488f-852c-9a80b40c72d9 is being set with open permissions: ugo+rw
Jun 06 01:02:45 devstack cinder-volume[86581]: DEBUG oslo_concurrency.processutils [None req-d293c818-f847-479b-a9eb-700acd91a57a tempest-SnapshotsActionsTest-2018597254 None] Running cmd (subprocess): sudo cinder-rootwrap /etc/cinder/rootwrap.conf chmod ugo+rw /opt/stack/data/cinder/mnt/26f76dec36e3350f284349e8ae4ed735/volume-86d24178-52ee-41bb-b265-9f04fc1ae1d5.50918836-f1de-488f-852c-9a80b40c72d9 {{(pid=86581) execute /opt/stack/data/venv/lib/python3.12/site-packages/oslo_concurrency/processutils.py:440}}
Jun 06 01:02:45 devstack sudo[88520]: quobyte : PWD=/ ; USER=root ; COMMAND=/opt/stack/data/venv/bin/cinder-rootwrap /etc/cinder/rootwrap.conf chmod ugo+rw /opt/stack/data/cinder/mnt/26f76dec36e3350f284349e8ae4ed735/volume-86d24178-52ee-41bb-b265-9f04fc1ae1d5.50918836-f1de-488f-852c-9a80b40c72d9
Jun 06 01:02:45 devstack sudo[88520]: pam_unix(sudo:session): session opened for user root(uid=0) by (uid=1000)
Jun 06 01:02:45 devstack cinder-volume[86581]: DEBUG cinder.coordination [None req-01750798-aac3-4669-8858-d87653594f35 tempest-DeleteServersTestJSON-1287173930 None] Acquiring lock "cinder-38bdb9c6-19b0-4422-b67b-e90aba035bf6-delete_volume" by "delete_volume" {{(pid=86581) __acquire /opt/stack/cinder/cinder/coordination.py:138}}
Jun 06 01:02:45 devstack cinder-volume[86581]: DEBUG cinder.coordination [None req-01750798-aac3-4669-8858-d87653594f35 tempest-DeleteServersTestJSON-1287173930 None] Lock "cinder-38bdb9c6-19b0-4422-b67b-e90aba035bf6-delete_volume" acquired by "delete_volume" :: waited 0.022s {{(pid=86581) __acquire /opt/stack/cinder/cinder/coordination.py:141}}
Jun 06 01:02:45 devstack cinder-volume[86581]: DEBUG cinder.coordination [None req-01750798-aac3-4669-8858-d87653594f35 tempest-DeleteServersTestJSON-1287173930 None] Acquiring lock "cinder-quobyte-38bdb9c6-19b0-4422-b67b-e90aba035bf6" by "delete_volume" {{(pid=86581) __acquire /opt/stack/cinder/cinder/coordination.py:138}}
Jun 06 01:02:45 devstack cinder-volume[86581]: DEBUG cinder.coordination [None req-01750798-aac3-4669-8858-d87653594f35 tempest-DeleteServersTestJSON-1287173930 None] Lock "cinder-quobyte-38bdb9c6-19b0-4422-b67b-e90aba035bf6" acquired by "delete_volume" :: waited 0.027s {{(pid=86581) __acquire /opt/stack/cinder/cinder/coordination.py:141}}
Jun 06 01:02:45 devstack sudo[88520]: pam_unix(sudo:session): session closed for user root
Jun 06 01:02:45 devstack cinder-volume[86581]: DEBUG oslo_concurrency.processutils [None req-d293c818-f847-479b-a9eb-700acd91a57a tempest-SnapshotsActionsTest-2018597254 None] CMD "sudo cinder-rootwrap /etc/cinder/rootwrap.conf chmod ugo+rw /opt/stack/data/cinder/mnt/26f76dec36e3350f284349e8ae4ed735/volume-86d24178-52ee-41bb-b265-9f04fc1ae1d5.50918836-f1de-488f-852c-9a80b40c72d9" returned: 0 in 0.623s {{(pid=86581) execute /opt/stack/data/venv/lib/python3.12/site-packages/oslo_concurrency/processutils.py:468}}
Jun 06 01:02:45 devstack cinder-volume[86581]: DEBUG oslo.privsep.daemon [-] privsep: reply[497180e2-69b1-4662-b564-123c2ac30c08]: (4, 'qcow2') {{(pid=87752) _call_back /opt/stack/data/venv/lib/python3.12/site-packages/oslo_privsep/daemon.py:573}}
Jun 06 01:02:45 devstack cinder-volume[86581]: DEBUG oslo_concurrency.processutils [None req-01750798-aac3-4669-8858-d87653594f35 tempest-DeleteServersTestJSON-1287173930 None] Running cmd (subprocess): /opt/stack/data/venv/bin/python3.12 -m oslo_concurrency.prlimit --as=1073741824 --cpu=60 -- sudo cinder-rootwrap /etc/cinder/rootwrap.conf env LC_ALL=C qemu-img info -f qcow2 --output=json --force-share /opt/stack/data/cinder/mnt/26f76dec36e3350f284349e8ae4ed735/volume-38bdb9c6-19b0-4422-b67b-e90aba035bf6 {{(pid=86581) execute /opt/stack/data/venv/lib/python3.12/site-packages/oslo_concurrency/processutils.py:440}}
Jun 06 01:02:46 devstack cinder-volume[86581]: DEBUG oslo_concurrency.lockutils [None req-d293c818-f847-479b-a9eb-700acd91a57a tempest-SnapshotsActionsTest-2018597254 None] Lock "quobyte" "released" by "cinder.volume.drivers.quobyte.QuobyteDriver.create_snapshot" :: held 3.025s {{(pid=86581) inner /opt/stack/data/venv/lib/python3.12/site-packages/oslo_concurrency/lockutils.py:538}}
Jun 06 01:02:46 devstack cinder-volume[86581]: INFO cinder.volume.manager [None req-d293c818-f847-479b-a9eb-700acd91a57a tempest-SnapshotsActionsTest-2018597254 None] Create snapshot completed successfully
Jun 06 01:02:46 devstack sudo[88523]: quobyte : PWD=/ ; USER=root ; COMMAND=/opt/stack/data/venv/bin/cinder-rootwrap /etc/cinder/rootwrap.conf env LC_ALL=C qemu-img info -f qcow2 --output=json --force-share /opt/stack/data/cinder/mnt/26f76dec36e3350f284349e8ae4ed735/volume-38bdb9c6-19b0-4422-b67b-e90aba035bf6
Jun 06 01:02:46 devstack sudo[88523]: pam_unix(sudo:session): session opened for user root(uid=0) by (uid=1000)
Jun 06 01:02:46 devstack cinder-volume[86581]: DEBUG cinder.coordination [None req-565f3db8-5959-4349-ba4a-c042a45f3761 tempest-SnapshotsActionsTest-1195268298 None] Acquiring lock "cinder-50918836-f1de-488f-852c-9a80b40c72d9-delete_snapshot" by "delete_snapshot" {{(pid=86581) __acquire /opt/stack/cinder/cinder/coordination.py:138}}
Jun 06 01:02:46 devstack cinder-volume[86581]: DEBUG cinder.coordination [None req-565f3db8-5959-4349-ba4a-c042a45f3761 tempest-SnapshotsActionsTest-1195268298 None] Lock "cinder-50918836-f1de-488f-852c-9a80b40c72d9-delete_snapshot" acquired by "delete_snapshot" :: waited 0.028s {{(pid=86581) __acquire /opt/stack/cinder/cinder/coordination.py:141}}
Jun 06 01:02:46 devstack cinder-volume[86581]: DEBUG cinder.coordination [None req-565f3db8-5959-4349-ba4a-c042a45f3761 tempest-SnapshotsActionsTest-1195268298 None] Acquiring lock "cinder-quobyte-86d24178-52ee-41bb-b265-9f04fc1ae1d5" by "delete_snapshot" {{(pid=86581) __acquire /opt/stack/cinder/cinder/coordination.py:138}}
Jun 06 01:02:46 devstack cinder-volume[86581]: DEBUG cinder.coordination [None req-565f3db8-5959-4349-ba4a-c042a45f3761 tempest-SnapshotsActionsTest-1195268298 None] Lock "cinder-quobyte-86d24178-52ee-41bb-b265-9f04fc1ae1d5" acquired by "delete_snapshot" :: waited 0.017s {{(pid=86581) __acquire /opt/stack/cinder/cinder/coordination.py:141}}
Jun 06 01:02:46 devstack cinder-volume[86581]: DEBUG cinder.coordination [None req-565f3db8-5959-4349-ba4a-c042a45f3761 tempest-SnapshotsActionsTest-1195268298 None] Acquiring lock "cinder-quobyte-50918836-f1de-488f-852c-9a80b40c72d9" by "_delete_snapshot" {{(pid=86581) __acquire /opt/stack/cinder/cinder/coordination.py:138}}
Jun 06 01:02:46 devstack cinder-volume[86581]: DEBUG cinder.coordination [None req-565f3db8-5959-4349-ba4a-c042a45f3761 tempest-SnapshotsActionsTest-1195268298 None] Lock "cinder-quobyte-50918836-f1de-488f-852c-9a80b40c72d9" acquired by "_delete_snapshot" :: waited 0.014s {{(pid=86581) __acquire /opt/stack/cinder/cinder/coordination.py:141}}
Jun 06 01:02:46 devstack cinder-volume[86581]: DEBUG cinder.volume.drivers.remotefs [None req-565f3db8-5959-4349-ba4a-c042a45f3761 tempest-SnapshotsActionsTest-1195268298 None] Deleting offline snapshot 50918836-f1de-488f-852c-9a80b40c72d9 of volume 86d24178-52ee-41bb-b265-9f04fc1ae1d5 {{(pid=86581) _delete_snapshot /opt/stack/cinder/cinder/volume/drivers/remotefs.py:1288}}
Jun 06 01:02:46 devstack cinder-volume[86581]: DEBUG cinder.volume.drivers.remotefs [None req-565f3db8-5959-4349-ba4a-c042a45f3761 tempest-SnapshotsActionsTest-1195268298 None] snapshot_file for this snap is: volume-86d24178-52ee-41bb-b265-9f04fc1ae1d5.50918836-f1de-488f-852c-9a80b40c72d9 {{(pid=86581) _delete_snapshot /opt/stack/cinder/cinder/volume/drivers/remotefs.py:1317}}
Jun 06 01:02:46 devstack cinder-volume[86581]: DEBUG oslo.privsep.daemon [-] privsep: reply[18a70d28-facc-4b0e-8e9b-9909defe3eee]: (4, 'qcow2') {{(pid=87752) _call_back /opt/stack/data/venv/lib/python3.12/site-packages/oslo_privsep/daemon.py:573}}
Jun 06 01:02:46 devstack cinder-volume[86581]: DEBUG oslo_concurrency.processutils [None req-565f3db8-5959-4349-ba4a-c042a45f3761 tempest-SnapshotsActionsTest-1195268298 None] Running cmd (subprocess): /opt/stack/data/venv/bin/python3.12 -m oslo_concurrency.prlimit --as=1073741824 --cpu=60 -- sudo cinder-rootwrap /etc/cinder/rootwrap.conf env LC_ALL=C qemu-img info -f qcow2 --output=json --force-share /opt/stack/data/cinder/mnt/26f76dec36e3350f284349e8ae4ed735/volume-86d24178-52ee-41bb-b265-9f04fc1ae1d5.50918836-f1de-488f-852c-9a80b40c72d9 {{(pid=86581) execute /opt/stack/data/venv/lib/python3.12/site-packages/oslo_concurrency/processutils.py:440}}
Jun 06 01:02:46 devstack sudo[88526]: quobyte : PWD=/ ; USER=root ; COMMAND=/opt/stack/data/venv/bin/cinder-rootwrap /etc/cinder/rootwrap.conf env LC_ALL=C qemu-img info -f qcow2 --output=json --force-share /opt/stack/data/cinder/mnt/26f76dec36e3350f284349e8ae4ed735/volume-86d24178-52ee-41bb-b265-9f04fc1ae1d5.50918836-f1de-488f-852c-9a80b40c72d9
Jun 06 01:02:46 devstack sudo[88526]: pam_unix(sudo:session): session opened for user root(uid=0) by (uid=1000)
Jun 06 01:02:46 devstack sudo[88523]: pam_unix(sudo:session): session closed for user root
Jun 06 01:02:46 devstack cinder-volume[86581]: DEBUG oslo_concurrency.processutils [None req-01750798-aac3-4669-8858-d87653594f35 tempest-DeleteServersTestJSON-1287173930 None] CMD "/opt/stack/data/venv/bin/python3.12 -m oslo_concurrency.prlimit --as=1073741824 --cpu=60 -- sudo cinder-rootwrap /etc/cinder/rootwrap.conf env LC_ALL=C qemu-img info -f qcow2 --output=json --force-share /opt/stack/data/cinder/mnt/26f76dec36e3350f284349e8ae4ed735/volume-38bdb9c6-19b0-4422-b67b-e90aba035bf6" returned: 0 in 0.835s {{(pid=86581) execute /opt/stack/data/venv/lib/python3.12/site-packages/oslo_concurrency/processutils.py:468}}
Jun 06 01:02:46 devstack cinder-volume[86581]: DEBUG oslo_concurrency.processutils [None req-01750798-aac3-4669-8858-d87653594f35 tempest-DeleteServersTestJSON-1287173930 None] Running cmd (subprocess): sudo cinder-rootwrap /etc/cinder/rootwrap.conf rm -f /opt/stack/data/cinder/mnt/26f76dec36e3350f284349e8ae4ed735/volume-38bdb9c6-19b0-4422-b67b-e90aba035bf6 {{(pid=86581) execute /opt/stack/data/venv/lib/python3.12/site-packages/oslo_concurrency/processutils.py:440}}
Jun 06 01:02:46 devstack sudo[88532]: quobyte : PWD=/ ; USER=root ; COMMAND=/opt/stack/data/venv/bin/cinder-rootwrap /etc/cinder/rootwrap.conf rm -f /opt/stack/data/cinder/mnt/26f76dec36e3350f284349e8ae4ed735/volume-38bdb9c6-19b0-4422-b67b-e90aba035bf6
Jun 06 01:02:46 devstack sudo[88532]: pam_unix(sudo:session): session opened for user root(uid=0) by (uid=1000)
Jun 06 01:02:47 devstack sudo[88526]: pam_unix(sudo:session): session closed for user root
Jun 06 01:02:47 devstack cinder-volume[86581]: DEBUG oslo_concurrency.processutils [None req-565f3db8-5959-4349-ba4a-c042a45f3761 tempest-SnapshotsActionsTest-1195268298 None] CMD "/opt/stack/data/venv/bin/python3.12 -m oslo_concurrency.prlimit --as=1073741824 --cpu=60 -- sudo cinder-rootwrap /etc/cinder/rootwrap.conf env LC_ALL=C qemu-img info -f qcow2 --output=json --force-share /opt/stack/data/cinder/mnt/26f76dec36e3350f284349e8ae4ed735/volume-86d24178-52ee-41bb-b265-9f04fc1ae1d5.50918836-f1de-488f-852c-9a80b40c72d9" returned: 0 in 0.758s {{(pid=86581) execute /opt/stack/data/venv/lib/python3.12/site-packages/oslo_concurrency/processutils.py:468}}
Jun 06 01:02:47 devstack cinder-volume[86581]: DEBUG cinder.volume.drivers.remotefs [None req-565f3db8-5959-4349-ba4a-c042a45f3761 tempest-SnapshotsActionsTest-1195268298 None] Fetching qemu-img info with special backing_file_template: (/opt/stack/data/cinder/mnt/[0-9a-f]+/)?(volume-86d24178-52ee-41bb-b265-9f04fc1ae1d5(.(tmp-snap-)?[0-9a-f-]+)?|volume_from_snapshot_cache/(tmp-snap-)?[0-9a-f-]+(.(child-|parent-)[0-9a-f-]+)?)$ {{(pid=86581) _qemu_img_info_base /opt/stack/cinder/cinder/volume/drivers/remotefs.py:896}}
Jun 06 01:02:47 devstack cinder-volume[86581]: DEBUG oslo.privsep.daemon [-] privsep: reply[fc44ab7a-5c84-419f-8953-161648c0d962]: (4, 'qcow2') {{(pid=87752) _call_back /opt/stack/data/venv/lib/python3.12/site-packages/oslo_privsep/daemon.py:573}}
Jun 06 01:02:47 devstack cinder-volume[86581]: DEBUG oslo_concurrency.processutils [None req-565f3db8-5959-4349-ba4a-c042a45f3761 tempest-SnapshotsActionsTest-1195268298 None] Running cmd (subprocess): /opt/stack/data/venv/bin/python3.12 -m oslo_concurrency.prlimit --as=1073741824 --cpu=60 -- sudo cinder-rootwrap /etc/cinder/rootwrap.conf env LC_ALL=C qemu-img info -f qcow2 --output=json --force-share /opt/stack/data/cinder/mnt/26f76dec36e3350f284349e8ae4ed735/volume-86d24178-52ee-41bb-b265-9f04fc1ae1d5.5dc388a8-7e03-4673-9a92-69d0ebd81974 {{(pid=86581) execute /opt/stack/data/venv/lib/python3.12/site-packages/oslo_concurrency/processutils.py:440}}
Jun 06 01:02:47 devstack sudo[88537]: quobyte : PWD=/ ; USER=root ; COMMAND=/opt/stack/data/venv/bin/cinder-rootwrap /etc/cinder/rootwrap.conf env LC_ALL=C qemu-img info -f qcow2 --output=json --force-share /opt/stack/data/cinder/mnt/26f76dec36e3350f284349e8ae4ed735/volume-86d24178-52ee-41bb-b265-9f04fc1ae1d5.5dc388a8-7e03-4673-9a92-69d0ebd81974
Jun 06 01:02:47 devstack sudo[88537]: pam_unix(sudo:session): session opened for user root(uid=0) by (uid=1000)
Jun 06 01:02:47 devstack sudo[88532]: pam_unix(sudo:session): session closed for user root
Jun 06 01:02:47 devstack cinder-volume[86581]: DEBUG oslo_concurrency.processutils [None req-01750798-aac3-4669-8858-d87653594f35 tempest-DeleteServersTestJSON-1287173930 None] CMD "sudo cinder-rootwrap /etc/cinder/rootwrap.conf rm -f /opt/stack/data/cinder/mnt/26f76dec36e3350f284349e8ae4ed735/volume-38bdb9c6-19b0-4422-b67b-e90aba035bf6" returned: 0 in 0.666s {{(pid=86581) execute /opt/stack/data/venv/lib/python3.12/site-packages/oslo_concurrency/processutils.py:468}}
Jun 06 01:02:47 devstack cinder-volume[86581]: DEBUG cinder.coordination [None req-01750798-aac3-4669-8858-d87653594f35 tempest-DeleteServersTestJSON-1287173930 None] Lock "cinder-quobyte-38bdb9c6-19b0-4422-b67b-e90aba035bf6" released by "delete_volume" :: held 1.552s {{(pid=86581) __release /opt/stack/cinder/cinder/coordination.py:152}}
