Jun 03 14:45:49 devstack sudo[91485]: pam_unix(sudo:session): session closed for user root
Jun 03 14:45:49 devstack cinder-volume[86614]: DEBUG oslo_concurrency.processutils [None req-ce000fa0-2106-490a-bdaf-81cd85af734d tempest-VolumesDeleteCascade-419599363 None] CMD "/opt/stack/data/venv/bin/python3.12 -m oslo_concurrency.prlimit --as=1073741824 --cpu=60 -- sudo cinder-rootwrap /etc/cinder/rootwrap.conf env LC_ALL=C qemu-img info -f qcow2 --output=json --force-share /opt/stack/data/cinder/mnt/3bb8912aca7b9e0a4f2fb72d844e3a99/volume-4c61526f-6ac6-4a8d-9ccd-8393c3418300" returned: 0 in 0.682s {{(pid=86614) execute /opt/stack/data/venv/lib/python3.12/site-packages/oslo_concurrency/processutils.py:468}}
Jun 03 14:45:49 devstack cinder-volume[86614]: DEBUG oslo_concurrency.processutils [None req-ce000fa0-2106-490a-bdaf-81cd85af734d tempest-VolumesDeleteCascade-419599363 None] Running cmd (subprocess): sudo cinder-rootwrap /etc/cinder/rootwrap.conf qemu-img create -f qcow2 -o backing_file=/opt/stack/data/cinder/mnt/3bb8912aca7b9e0a4f2fb72d844e3a99/volume-4c61526f-6ac6-4a8d-9ccd-8393c3418300,backing_fmt=qcow2 /opt/stack/data/cinder/mnt/3bb8912aca7b9e0a4f2fb72d844e3a99/volume-4c61526f-6ac6-4a8d-9ccd-8393c3418300.9a26a945-a1de-4715-9acc-787b7c25f069 1G {{(pid=86614) execute /opt/stack/data/venv/lib/python3.12/site-packages/oslo_concurrency/processutils.py:440}}
Jun 03 14:45:49 devstack sudo[91491]: quobyte : PWD=/ ; USER=root ; COMMAND=/opt/stack/data/venv/bin/cinder-rootwrap /etc/cinder/rootwrap.conf qemu-img create -f qcow2 -o backing_file=/opt/stack/data/cinder/mnt/3bb8912aca7b9e0a4f2fb72d844e3a99/volume-4c61526f-6ac6-4a8d-9ccd-8393c3418300,backing_fmt=qcow2 /opt/stack/data/cinder/mnt/3bb8912aca7b9e0a4f2fb72d844e3a99/volume-4c61526f-6ac6-4a8d-9ccd-8393c3418300.9a26a945-a1de-4715-9acc-787b7c25f069 1G
Jun 03 14:45:49 devstack sudo[91491]: pam_unix(sudo:session): session opened for user root(uid=0) by (uid=1000)
Jun 03 14:45:49 devstack cinder-volume[86614]: DEBUG oslo_concurrency.lockutils [None req-ca9cf412-108d-430b-ada6-04d176332bfe tempest-VolumesSnapshotTestJSON-297675284 None] Acquiring lock "quobyte" by "cinder.volume.drivers.quobyte.QuobyteDriver.create_snapshot" {{(pid=86614) inner /opt/stack/data/venv/lib/python3.12/site-packages/oslo_concurrency/lockutils.py:506}}
Jun 03 14:45:50 devstack sudo[91491]: pam_unix(sudo:session): session closed for user root
Jun 03 14:45:50 devstack cinder-volume[86614]: DEBUG oslo_concurrency.processutils [None req-ce000fa0-2106-490a-bdaf-81cd85af734d tempest-VolumesDeleteCascade-419599363 None] CMD "sudo cinder-rootwrap /etc/cinder/rootwrap.conf qemu-img create -f qcow2 -o backing_file=/opt/stack/data/cinder/mnt/3bb8912aca7b9e0a4f2fb72d844e3a99/volume-4c61526f-6ac6-4a8d-9ccd-8393c3418300,backing_fmt=qcow2 /opt/stack/data/cinder/mnt/3bb8912aca7b9e0a4f2fb72d844e3a99/volume-4c61526f-6ac6-4a8d-9ccd-8393c3418300.9a26a945-a1de-4715-9acc-787b7c25f069 1G" returned: 0 in 0.745s {{(pid=86614) execute /opt/stack/data/venv/lib/python3.12/site-packages/oslo_concurrency/processutils.py:468}}
Jun 03 14:45:50 devstack cinder-volume[86614]: DEBUG oslo_concurrency.processutils [None req-ce000fa0-2106-490a-bdaf-81cd85af734d tempest-VolumesDeleteCascade-419599363 None] Running cmd (subprocess): sudo cinder-rootwrap /etc/cinder/rootwrap.conf qemu-img rebase -u -b volume-4c61526f-6ac6-4a8d-9ccd-8393c3418300 -F qcow2 /opt/stack/data/cinder/mnt/3bb8912aca7b9e0a4f2fb72d844e3a99/volume-4c61526f-6ac6-4a8d-9ccd-8393c3418300.9a26a945-a1de-4715-9acc-787b7c25f069 {{(pid=86614) execute /opt/stack/data/venv/lib/python3.12/site-packages/oslo_concurrency/processutils.py:440}}
Jun 03 14:45:50 devstack sudo[91497]: quobyte : PWD=/ ; USER=root ; COMMAND=/opt/stack/data/venv/bin/cinder-rootwrap /etc/cinder/rootwrap.conf qemu-img rebase -u -b volume-4c61526f-6ac6-4a8d-9ccd-8393c3418300 -F qcow2 /opt/stack/data/cinder/mnt/3bb8912aca7b9e0a4f2fb72d844e3a99/volume-4c61526f-6ac6-4a8d-9ccd-8393c3418300.9a26a945-a1de-4715-9acc-787b7c25f069
Jun 03 14:45:50 devstack sudo[91497]: pam_unix(sudo:session): session opened for user root(uid=0) by (uid=1000)
Jun 03 14:45:50 devstack sudo[91497]: pam_unix(sudo:session): session closed for user root
Jun 03 14:45:50 devstack cinder-volume[86614]: DEBUG oslo_concurrency.processutils [None req-ce000fa0-2106-490a-bdaf-81cd85af734d tempest-VolumesDeleteCascade-419599363 None] CMD "sudo cinder-rootwrap /etc/cinder/rootwrap.conf qemu-img rebase -u -b volume-4c61526f-6ac6-4a8d-9ccd-8393c3418300 -F qcow2 /opt/stack/data/cinder/mnt/3bb8912aca7b9e0a4f2fb72d844e3a99/volume-4c61526f-6ac6-4a8d-9ccd-8393c3418300.9a26a945-a1de-4715-9acc-787b7c25f069" returned: 0 in 0.635s {{(pid=86614) execute /opt/stack/data/venv/lib/python3.12/site-packages/oslo_concurrency/processutils.py:468}}
Jun 03 14:45:50 devstack cinder-volume[86614]: WARNING cinder.volume.drivers.remotefs [None req-ce000fa0-2106-490a-bdaf-81cd85af734d tempest-VolumesDeleteCascade-419599363 None] /opt/stack/data/cinder/mnt/3bb8912aca7b9e0a4f2fb72d844e3a99/volume-4c61526f-6ac6-4a8d-9ccd-8393c3418300.9a26a945-a1de-4715-9acc-787b7c25f069 is being set with open permissions: ugo+rw
Jun 03 14:45:50 devstack cinder-volume[86614]: DEBUG oslo_concurrency.processutils [None req-ce000fa0-2106-490a-bdaf-81cd85af734d tempest-VolumesDeleteCascade-419599363 None] Running cmd (subprocess): sudo cinder-rootwrap /etc/cinder/rootwrap.conf chmod ugo+rw /opt/stack/data/cinder/mnt/3bb8912aca7b9e0a4f2fb72d844e3a99/volume-4c61526f-6ac6-4a8d-9ccd-8393c3418300.9a26a945-a1de-4715-9acc-787b7c25f069 {{(pid=86614) execute /opt/stack/data/venv/lib/python3.12/site-packages/oslo_concurrency/processutils.py:440}}
Jun 03 14:45:50 devstack sudo[91502]: quobyte : PWD=/ ; USER=root ; COMMAND=/opt/stack/data/venv/bin/cinder-rootwrap /etc/cinder/rootwrap.conf chmod ugo+rw /opt/stack/data/cinder/mnt/3bb8912aca7b9e0a4f2fb72d844e3a99/volume-4c61526f-6ac6-4a8d-9ccd-8393c3418300.9a26a945-a1de-4715-9acc-787b7c25f069
Jun 03 14:45:50 devstack sudo[91502]: pam_unix(sudo:session): session opened for user root(uid=0) by (uid=1000)
Jun 03 14:45:51 devstack sudo[91502]: pam_unix(sudo:session): session closed for user root
Jun 03 14:45:51 devstack cinder-volume[86614]: DEBUG oslo_concurrency.processutils [None req-ce000fa0-2106-490a-bdaf-81cd85af734d tempest-VolumesDeleteCascade-419599363 None] CMD "sudo cinder-rootwrap /etc/cinder/rootwrap.conf chmod ugo+rw /opt/stack/data/cinder/mnt/3bb8912aca7b9e0a4f2fb72d844e3a99/volume-4c61526f-6ac6-4a8d-9ccd-8393c3418300.9a26a945-a1de-4715-9acc-787b7c25f069" returned: 0 in 0.591s {{(pid=86614) execute /opt/stack/data/venv/lib/python3.12/site-packages/oslo_concurrency/processutils.py:468}}
Jun 03 14:45:51 devstack cinder-volume[86614]: DEBUG oslo_concurrency.processutils [None req-ce000fa0-2106-490a-bdaf-81cd85af734d tempest-VolumesDeleteCascade-419599363 None] Running cmd (subprocess): sudo cinder-rootwrap /etc/cinder/rootwrap.conf truncate -s0 /opt/stack/data/cinder/mnt/3bb8912aca7b9e0a4f2fb72d844e3a99/volume-4c61526f-6ac6-4a8d-9ccd-8393c3418300.info {{(pid=86614) execute /opt/stack/data/venv/lib/python3.12/site-packages/oslo_concurrency/processutils.py:440}}
Jun 03 14:45:51 devstack sudo[91505]: quobyte : PWD=/ ; USER=root ; COMMAND=/opt/stack/data/venv/bin/cinder-rootwrap /etc/cinder/rootwrap.conf truncate -s0 /opt/stack/data/cinder/mnt/3bb8912aca7b9e0a4f2fb72d844e3a99/volume-4c61526f-6ac6-4a8d-9ccd-8393c3418300.info
Jun 03 14:45:51 devstack sudo[91505]: pam_unix(sudo:session): session opened for user root(uid=0) by (uid=1000)
Jun 03 14:45:52 devstack sudo[91505]: pam_unix(sudo:session): session closed for user root
Jun 03 14:45:52 devstack cinder-volume[86614]: DEBUG oslo_concurrency.processutils [None req-ce000fa0-2106-490a-bdaf-81cd85af734d tempest-VolumesDeleteCascade-419599363 None] CMD "sudo cinder-rootwrap /etc/cinder/rootwrap.conf truncate -s0 /opt/stack/data/cinder/mnt/3bb8912aca7b9e0a4f2fb72d844e3a99/volume-4c61526f-6ac6-4a8d-9ccd-8393c3418300.info" returned: 0 in 0.632s {{(pid=86614) execute /opt/stack/data/venv/lib/python3.12/site-packages/oslo_concurrency/processutils.py:468}}
Jun 03 14:45:52 devstack cinder-volume[86614]: WARNING cinder.volume.drivers.remotefs [None req-ce000fa0-2106-490a-bdaf-81cd85af734d tempest-VolumesDeleteCascade-419599363 None] /opt/stack/data/cinder/mnt/3bb8912aca7b9e0a4f2fb72d844e3a99/volume-4c61526f-6ac6-4a8d-9ccd-8393c3418300.info is being set with open permissions: ugo+rw
Jun 03 14:45:52 devstack cinder-volume[86614]: DEBUG oslo_concurrency.processutils [None req-ce000fa0-2106-490a-bdaf-81cd85af734d tempest-VolumesDeleteCascade-419599363 None] Running cmd (subprocess): sudo cinder-rootwrap /etc/cinder/rootwrap.conf chmod ugo+rw /opt/stack/data/cinder/mnt/3bb8912aca7b9e0a4f2fb72d844e3a99/volume-4c61526f-6ac6-4a8d-9ccd-8393c3418300.info {{(pid=86614) execute /opt/stack/data/venv/lib/python3.12/site-packages/oslo_concurrency/processutils.py:440}}
Jun 03 14:45:52 devstack sudo[91544]: quobyte : PWD=/ ; USER=root ; COMMAND=/opt/stack/data/venv/bin/cinder-rootwrap /etc/cinder/rootwrap.conf chmod ugo+rw /opt/stack/data/cinder/mnt/3bb8912aca7b9e0a4f2fb72d844e3a99/volume-4c61526f-6ac6-4a8d-9ccd-8393c3418300.info
Jun 03 14:45:52 devstack sudo[91544]: pam_unix(sudo:session): session opened for user root(uid=0) by (uid=1000)
Jun 03 14:45:52 devstack sudo[91544]: pam_unix(sudo:session): session closed for user root
Jun 03 14:45:52 devstack cinder-volume[86614]: DEBUG oslo_concurrency.processutils [None req-ce000fa0-2106-490a-bdaf-81cd85af734d tempest-VolumesDeleteCascade-419599363 None] CMD "sudo cinder-rootwrap /etc/cinder/rootwrap.conf chmod ugo+rw /opt/stack/data/cinder/mnt/3bb8912aca7b9e0a4f2fb72d844e3a99/volume-4c61526f-6ac6-4a8d-9ccd-8393c3418300.info" returned: 0 in 0.594s {{(pid=86614) execute /opt/stack/data/venv/lib/python3.12/site-packages/oslo_concurrency/processutils.py:468}}
Jun 03 14:45:52 devstack cinder-volume[86614]: DEBUG oslo_concurrency.lockutils [None req-ce000fa0-2106-490a-bdaf-81cd85af734d tempest-VolumesDeleteCascade-419599363 None] Lock "quobyte" "released" by "cinder.volume.drivers.quobyte.QuobyteDriver.create_snapshot" :: held 3.971s {{(pid=86614) inner /opt/stack/data/venv/lib/python3.12/site-packages/oslo_concurrency/lockutils.py:538}}
Jun 03 14:45:52 devstack cinder-volume[86614]: DEBUG oslo_concurrency.lockutils [req-3d2df350-7380-4ae6-a42d-9b086e8d5c4d req-99d660a8-e1d9-40e6-9c5e-bc486fb7b463 tempest-ServerActionsTestOtherA-1711625355 None] Lock "quobyte" acquired by "cinder.volume.drivers.quobyte.QuobyteDriver.initialize_connection" :: waited 4.332s {{(pid=86614) inner /opt/stack/data/venv/lib/python3.12/site-packages/oslo_concurrency/lockutils.py:519}}
Jun 03 14:45:52 devstack cinder-volume[86614]: DEBUG oslo.privsep.daemon [-] privsep: reply[d79dc0de-ab8d-4862-8895-25eb76cb90a8]: (4, 'qcow2') {{(pid=87576) _call_back /opt/stack/data/venv/lib/python3.12/site-packages/oslo_privsep/daemon.py:573}}
Jun 03 14:45:52 devstack cinder-volume[86614]: DEBUG oslo_concurrency.processutils [req-3d2df350-7380-4ae6-a42d-9b086e8d5c4d req-99d660a8-e1d9-40e6-9c5e-bc486fb7b463 tempest-ServerActionsTestOtherA-1711625355 None] Running cmd (subprocess): /opt/stack/data/venv/bin/python3.12 -m oslo_concurrency.prlimit --as=1073741824 --cpu=60 -- sudo cinder-rootwrap /etc/cinder/rootwrap.conf env LC_ALL=C qemu-img info -f qcow2 --output=json --force-share /opt/stack/data/cinder/mnt/3bb8912aca7b9e0a4f2fb72d844e3a99/volume-f983f0b7-8990-4258-986c-60a8061767f8 {{(pid=86614) execute /opt/stack/data/venv/lib/python3.12/site-packages/oslo_concurrency/processutils.py:440}}
Jun 03 14:45:52 devstack cinder-volume[86614]: INFO cinder.volume.manager [None req-ce000fa0-2106-490a-bdaf-81cd85af734d tempest-VolumesDeleteCascade-419599363 None] Create snapshot completed successfully
Jun 03 14:45:52 devstack sudo[91547]: quobyte : PWD=/ ; USER=root ; COMMAND=/opt/stack/data/venv/bin/cinder-rootwrap /etc/cinder/rootwrap.conf env LC_ALL=C qemu-img info -f qcow2 --output=json --force-share /opt/stack/data/cinder/mnt/3bb8912aca7b9e0a4f2fb72d844e3a99/volume-f983f0b7-8990-4258-986c-60a8061767f8
Jun 03 14:45:52 devstack sudo[91547]: pam_unix(sudo:session): session opened for user root(uid=0) by (uid=1000)
Jun 03 14:45:53 devstack cinder-volume[86614]: DEBUG oslo_concurrency.lockutils [None req-ce5a3847-7aa0-45fa-831b-0c58448fb82c tempest-VolumesDeleteCascade-419599363 None] Acquiring lock "quobyte" by "cinder.volume.drivers.quobyte.QuobyteDriver.create_snapshot" {{(pid=86614) inner /opt/stack/data/venv/lib/python3.12/site-packages/oslo_concurrency/lockutils.py:506}}
Jun 03 14:45:53 devstack sudo[91547]: pam_unix(sudo:session): session closed for user root
Jun 03 14:45:53 devstack cinder-volume[86614]: DEBUG oslo_concurrency.processutils [req-3d2df350-7380-4ae6-a42d-9b086e8d5c4d req-99d660a8-e1d9-40e6-9c5e-bc486fb7b463 tempest-ServerActionsTestOtherA-1711625355 None] CMD "/opt/stack/data/venv/bin/python3.12 -m oslo_concurrency.prlimit --as=1073741824 --cpu=60 -- sudo cinder-rootwrap /etc/cinder/rootwrap.conf env LC_ALL=C qemu-img info -f qcow2 --output=json --force-share /opt/stack/data/cinder/mnt/3bb8912aca7b9e0a4f2fb72d844e3a99/volume-f983f0b7-8990-4258-986c-60a8061767f8" returned: 0 in 0.743s {{(pid=86614) execute /opt/stack/data/venv/lib/python3.12/site-packages/oslo_concurrency/processutils.py:468}}
Jun 03 14:45:53 devstack cinder-volume[86614]: DEBUG oslo_concurrency.lockutils [req-3d2df350-7380-4ae6-a42d-9b086e8d5c4d req-99d660a8-e1d9-40e6-9c5e-bc486fb7b463 tempest-ServerActionsTestOtherA-1711625355 None] Lock "quobyte" "released" by "cinder.volume.drivers.quobyte.QuobyteDriver.initialize_connection" :: held 0.766s {{(pid=86614) inner /opt/stack/data/venv/lib/python3.12/site-packages/oslo_concurrency/lockutils.py:538}}
Jun 03 14:45:53 devstack cinder-volume[86614]: DEBUG oslo_concurrency.lockutils [None req-ca9cf412-108d-430b-ada6-04d176332bfe tempest-VolumesSnapshotTestJSON-297675284 None] Lock "quobyte" acquired by "cinder.volume.drivers.quobyte.QuobyteDriver.create_snapshot" :: waited 3.734s {{(pid=86614) inner /opt/stack/data/venv/lib/python3.12/site-packages/oslo_concurrency/lockutils.py:519}}
Jun 03 14:45:53 devstack cinder-volume[86614]: DEBUG cinder.volume.drivers.remotefs [None req-ca9cf412-108d-430b-ada6-04d176332bfe tempest-VolumesSnapshotTestJSON-297675284 None] Creating offline snapshot 793cd4b2-6873-43da-9d97-93b9ebd6f103 of volume d8f3bb72-696f-4b92-93f2-96470fd1ce7b {{(pid=86614) _create_snapshot /opt/stack/cinder/cinder/volume/drivers/remotefs.py:1816}}
Jun 03 14:45:53 devstack cinder-volume[86614]: DEBUG oslo.privsep.daemon [-] privsep: reply[4585cb7d-4db3-4909-b209-c382c912c607]: (4, 'qcow2') {{(pid=87576) _call_back /opt/stack/data/venv/lib/python3.12/site-packages/oslo_privsep/daemon.py:573}}
Jun 03 14:45:53 devstack cinder-volume[86614]: DEBUG oslo_concurrency.processutils [None req-ca9cf412-108d-430b-ada6-04d176332bfe tempest-VolumesSnapshotTestJSON-297675284 None] Running cmd (subprocess): /opt/stack/data/venv/bin/python3.12 -m oslo_concurrency.prlimit --as=1073741824 --cpu=60 -- sudo cinder-rootwrap /etc/cinder/rootwrap.conf env LC_ALL=C qemu-img info -f qcow2 --output=json --force-share /opt/stack/data/cinder/mnt/3bb8912aca7b9e0a4f2fb72d844e3a99/volume-d8f3bb72-696f-4b92-93f2-96470fd1ce7b {{(pid=86614) execute /opt/stack/data/venv/lib/python3.12/site-packages/oslo_concurrency/processutils.py:440}}
Jun 03 14:45:53 devstack cinder-volume[86614]: DEBUG oslo_service.periodic_task [None req-e100eb7d-6f92-40eb-99d3-bc7890fdfc76 None None] Running periodic task VolumeManager.publish_service_capabilities {{(pid=86614) run_periodic_tasks /opt/stack/data/venv/lib/python3.12/site-packages/oslo_service/periodic_task.py:210}}
Jun 03 14:45:53 devstack cinder-volume[86614]: DEBUG oslo_concurrency.lockutils [None req-e100eb7d-6f92-40eb-99d3-bc7890fdfc76 None None] Acquiring lock "quobyte_ensure" by "cinder.volume.drivers.quobyte.QuobyteDriver._ensure_shares_mounted" {{(pid=86614) inner /opt/stack/data/venv/lib/python3.12/site-packages/oslo_concurrency/lockutils.py:506}}
Jun 03 14:45:53 devstack cinder-volume[86614]: DEBUG oslo_concurrency.lockutils [None req-e100eb7d-6f92-40eb-99d3-bc7890fdfc76 None None] Lock "quobyte_ensure" acquired by "cinder.volume.drivers.quobyte.QuobyteDriver._ensure_shares_mounted" :: waited 0.001s {{(pid=86614) inner /opt/stack/data/venv/lib/python3.12/site-packages/oslo_concurrency/lockutils.py:519}}
Jun 03 14:45:53 devstack cinder-volume[86614]: DEBUG cinder.volume.drivers.quobyte [None req-e100eb7d-6f92-40eb-99d3-bc7890fdfc76 None None] Quobyte Volume URL set to: {'osci02.corp.quobyte.com/cinder-vol-22777cad-e293-4486-b4e3-a9b316848d33': None} {{(pid=86614) _load_shares_config /opt/stack/cinder/cinder/volume/drivers/quobyte.py:617}}
Jun 03 14:45:53 devstack cinder-volume[86614]: DEBUG cinder.volume.drivers.quobyte [None req-e100eb7d-6f92-40eb-99d3-bc7890fdfc76 None None] Available shares ['osci02.corp.quobyte.com/cinder-vol-22777cad-e293-4486-b4e3-a9b316848d33'] {{(pid=86614) _ensure_shares_mounted /opt/stack/cinder/cinder/volume/drivers/quobyte.py:647}}
Jun 03 14:45:53 devstack cinder-volume[86614]: DEBUG oslo_concurrency.lockutils [None req-e100eb7d-6f92-40eb-99d3-bc7890fdfc76 None None] Lock "quobyte_ensure" "released" by "cinder.volume.drivers.quobyte.QuobyteDriver._ensure_shares_mounted" :: held 0.009s {{(pid=86614) inner /opt/stack/data/venv/lib/python3.12/site-packages/oslo_concurrency/lockutils.py:538}}
Jun 03 14:45:53 devstack cinder-volume[86614]: DEBUG oslo_concurrency.processutils [None req-e100eb7d-6f92-40eb-99d3-bc7890fdfc76 None None] Running cmd (subprocess): sudo cinder-rootwrap /etc/cinder/rootwrap.conf df --portability --block-size 1 /opt/stack/data/cinder/mnt/3bb8912aca7b9e0a4f2fb72d844e3a99 {{(pid=86614) execute /opt/stack/data/venv/lib/python3.12/site-packages/oslo_concurrency/processutils.py:440}}
Jun 03 14:45:53 devstack cinder-volume[86614]: DEBUG cinder.volume.manager [req-3d2df350-7380-4ae6-a42d-9b086e8d5c4d req-99d660a8-e1d9-40e6-9c5e-bc486fb7b463 tempest-ServerActionsTestOtherA-1711625355 None] Connection info returned from driver {'export': 'osci02.corp.quobyte.com/cinder-vol-22777cad-e293-4486-b4e3-a9b316848d33', 'name': 'volume-f983f0b7-8990-4258-986c-60a8061767f8', 'options': None, 'format': 'qcow2', 'qos_specs': None, 'access_mode': 'rw', 'encrypted': False, 'cacheable': False, 'driver_volume_type': 'quobyte', 'mount_point_base': '/opt/stack/data/cinder/mnt', 'attachment_id': '53c3eb64-57d2-476e-8cd8-f14e038cc8dc', 'enforce_multipath': True} {{(pid=86614) _connection_create /opt/stack/cinder/cinder/volume/manager.py:4925}}
Jun 03 14:45:53 devstack sudo[91553]: quobyte : PWD=/ ; USER=root ; COMMAND=/opt/stack/data/venv/bin/cinder-rootwrap /etc/cinder/rootwrap.conf df --portability --block-size 1 /opt/stack/data/cinder/mnt/3bb8912aca7b9e0a4f2fb72d844e3a99
Jun 03 14:45:53 devstack sudo[91553]: pam_unix(sudo:session): session opened for user root(uid=0) by (uid=1000)
Jun 03 14:45:53 devstack cinder-volume[86614]: INFO cinder.volume.manager [req-3d2df350-7380-4ae6-a42d-9b086e8d5c4d req-99d660a8-e1d9-40e6-9c5e-bc486fb7b463 tempest-ServerActionsTestOtherA-1711625355 None] attachment_update completed successfully.
Jun 03 14:45:53 devstack sudo[91552]: quobyte : PWD=/ ; USER=root ; COMMAND=/opt/stack/data/venv/bin/cinder-rootwrap /etc/cinder/rootwrap.conf env LC_ALL=C qemu-img info -f qcow2 --output=json --force-share /opt/stack/data/cinder/mnt/3bb8912aca7b9e0a4f2fb72d844e3a99/volume-d8f3bb72-696f-4b92-93f2-96470fd1ce7b
Jun 03 14:45:53 devstack sudo[91552]: pam_unix(sudo:session): session opened for user root(uid=0) by (uid=1000)
Jun 03 14:45:54 devstack sudo[91553]: pam_unix(sudo:session): session closed for user root
Jun 03 14:45:54 devstack cinder-volume[86614]: DEBUG oslo_concurrency.processutils [None req-e100eb7d-6f92-40eb-99d3-bc7890fdfc76 None None] CMD "sudo cinder-rootwrap /etc/cinder/rootwrap.conf df --portability --block-size 1 /opt/stack/data/cinder/mnt/3bb8912aca7b9e0a4f2fb72d844e3a99" returned: 0 in 0.620s {{(pid=86614) execute /opt/stack/data/venv/lib/python3.12/site-packages/oslo_concurrency/processutils.py:468}}
Jun 03 14:45:54 devstack cinder-volume[86614]: DEBUG cinder.manager [None req-e100eb7d-6f92-40eb-99d3-bc7890fdfc76 None None] Notifying Schedulers of capabilities ... {{(pid=86614) _publish_service_capabilities /opt/stack/cinder/cinder/manager.py:219}}
Jun 03 14:45:54 devstack cinder-volume[86614]: DEBUG oslo_service.periodic_task [None req-e100eb7d-6f92-40eb-99d3-bc7890fdfc76 None None] Running periodic task VolumeManager._thread_info {{(pid=86614) run_periodic_tasks /opt/stack/data/venv/lib/python3.12/site-packages/oslo_service/periodic_task.py:210}}
Jun 03 14:45:54 devstack cinder-volume[86614]: DEBUG cinder.volume.manager [None req-e100eb7d-6f92-40eb-99d3-bc7890fdfc76 None None] thread count: 8 {{(pid=86614) _thread_info /opt/stack/cinder/cinder/volume/manager.py:5473}}
Jun 03 14:45:54 devstack cinder-volume[86614]: DEBUG cinder.volume.manager [None req-e100eb7d-6f92-40eb-99d3-bc7890fdfc76 None None] thread info: [<_MainThread(MainThread, started 135003918086272)>, , , , , , , ] {{(pid=86614) _thread_info /opt/stack/cinder/cinder/volume/manager.py:5474}}
Jun 03 14:45:54 devstack sudo[91552]: pam_unix(sudo:session): session closed for user root
Jun 03 14:45:54 devstack cinder-volume[86614]: DEBUG oslo_concurrency.processutils [None req-ca9cf412-108d-430b-ada6-04d176332bfe tempest-VolumesSnapshotTestJSON-297675284 None] CMD "/opt/stack/data/venv/bin/python3.12 -m oslo_concurrency.prlimit --as=1073741824 --cpu=60 -- sudo cinder-rootwrap /etc/cinder/rootwrap.conf env LC_ALL=C qemu-img info -f qcow2 --output=json --force-share /opt/stack/data/cinder/mnt/3bb8912aca7b9e0a4f2fb72d844e3a99/volume-d8f3bb72-696f-4b92-93f2-96470fd1ce7b" returned: 0 in 0.699s {{(pid=86614) execute /opt/stack/data/venv/lib/python3.12/site-packages/oslo_concurrency/processutils.py:468}}
Jun 03 14:45:54 devstack cinder-volume[86614]: DEBUG oslo_concurrency.processutils [None req-ca9cf412-108d-430b-ada6-04d176332bfe tempest-VolumesSnapshotTestJSON-297675284 None] Running cmd (subprocess): sudo cinder-rootwrap /etc/cinder/rootwrap.conf qemu-img create -f qcow2 -o backing_file=/opt/stack/data/cinder/mnt/3bb8912aca7b9e0a4f2fb72d844e3a99/volume-d8f3bb72-696f-4b92-93f2-96470fd1ce7b,backing_fmt=qcow2 /opt/stack/data/cinder/mnt/3bb8912aca7b9e0a4f2fb72d844e3a99/volume-d8f3bb72-696f-4b92-93f2-96470fd1ce7b.793cd4b2-6873-43da-9d97-93b9ebd6f103 1G {{(pid=86614) execute /opt/stack/data/venv/lib/python3.12/site-packages/oslo_concurrency/processutils.py:440}}
Jun 03 14:45:54 devstack sudo[91560]: quobyte : PWD=/ ; USER=root ; COMMAND=/opt/stack/data/venv/bin/cinder-rootwrap /etc/cinder/rootwrap.conf qemu-img create -f qcow2 -o backing_file=/opt/stack/data/cinder/mnt/3bb8912aca7b9e0a4f2fb72d844e3a99/volume-d8f3bb72-696f-4b92-93f2-96470fd1ce7b,backing_fmt=qcow2 /opt/stack/data/cinder/mnt/3bb8912aca7b9e0a4f2fb72d844e3a99/volume-d8f3bb72-696f-4b92-93f2-96470fd1ce7b.793cd4b2-6873-43da-9d97-93b9ebd6f103 1G
Jun 03 14:45:54 devstack sudo[91560]: pam_unix(sudo:session): session opened for user root(uid=0) by (uid=1000)
Jun 03 14:45:55 devstack sudo[91560]: pam_unix(sudo:session): session closed for user root
Jun 03 14:45:55 devstack cinder-volume[86614]: DEBUG oslo_concurrency.processutils [None req-ca9cf412-108d-430b-ada6-04d176332bfe tempest-VolumesSnapshotTestJSON-297675284 None] CMD "sudo cinder-rootwrap /etc/cinder/rootwrap.conf qemu-img create -f qcow2 -o backing_file=/opt/stack/data/cinder/mnt/3bb8912aca7b9e0a4f2fb72d844e3a99/volume-d8f3bb72-696f-4b92-93f2-96470fd1ce7b,backing_fmt=qcow2 /opt/stack/data/cinder/mnt/3bb8912aca7b9e0a4f2fb72d844e3a99/volume-d8f3bb72-696f-4b92-93f2-96470fd1ce7b.793cd4b2-6873-43da-9d97-93b9ebd6f103 1G" returned: 0 in 0.752s {{(pid=86614) execute /opt/stack/data/venv/lib/python3.12/site-packages/oslo_concurrency/processutils.py:468}}
Jun 03 14:45:55 devstack cinder-volume[86614]: DEBUG oslo_concurrency.processutils [None req-ca9cf412-108d-430b-ada6-04d176332bfe tempest-VolumesSnapshotTestJSON-297675284 None] Running cmd (subprocess): sudo cinder-rootwrap /etc/cinder/rootwrap.conf qemu-img rebase -u -b volume-d8f3bb72-696f-4b92-93f2-96470fd1ce7b -F qcow2 /opt/stack/data/cinder/mnt/3bb8912aca7b9e0a4f2fb72d844e3a99/volume-d8f3bb72-696f-4b92-93f2-96470fd1ce7b.793cd4b2-6873-43da-9d97-93b9ebd6f103 {{(pid=86614) execute /opt/stack/data/venv/lib/python3.12/site-packages/oslo_concurrency/processutils.py:440}}
Jun 03 14:45:55 devstack sudo[91566]: quobyte : PWD=/ ; USER=root ; COMMAND=/opt/stack/data/venv/bin/cinder-rootwrap /etc/cinder/rootwrap.conf qemu-img rebase -u -b volume-d8f3bb72-696f-4b92-93f2-96470fd1ce7b -F qcow2 /opt/stack/data/cinder/mnt/3bb8912aca7b9e0a4f2fb72d844e3a99/volume-d8f3bb72-696f-4b92-93f2-96470fd1ce7b.793cd4b2-6873-43da-9d97-93b9ebd6f103
Jun 03 14:45:55 devstack sudo[91566]: pam_unix(sudo:session): session opened for user root(uid=0) by (uid=1000)
Jun 03 14:45:55 devstack sudo[91566]: pam_unix(sudo:session): session closed for user root
Jun 03 14:45:55 devstack cinder-volume[86614]: DEBUG oslo_concurrency.processutils [None req-ca9cf412-108d-430b-ada6-04d176332bfe tempest-VolumesSnapshotTestJSON-297675284 None] CMD "sudo cinder-rootwrap /etc/cinder/rootwrap.conf qemu-img rebase -u -b volume-d8f3bb72-696f-4b92-93f2-96470fd1ce7b -F qcow2 /opt/stack/data/cinder/mnt/3bb8912aca7b9e0a4f2fb72d844e3a99/volume-d8f3bb72-696f-4b92-93f2-96470fd1ce7b.793cd4b2-6873-43da-9d97-93b9ebd6f103" returned: 0 in 0.632s {{(pid=86614) execute /opt/stack/data/venv/lib/python3.12/site-packages/oslo_concurrency/processutils.py:468}}
Jun 03 14:45:55 devstack cinder-volume[86614]: WARNING cinder.volume.drivers.remotefs [None req-ca9cf412-108d-430b-ada6-04d176332bfe tempest-VolumesSnapshotTestJSON-297675284 None] /opt/stack/data/cinder/mnt/3bb8912aca7b9e0a4f2fb72d844e3a99/volume-d8f3bb72-696f-4b92-93f2-96470fd1ce7b.793cd4b2-6873-43da-9d97-93b9ebd6f103 is being set with open permissions: ugo+rw
Jun 03 14:45:55 devstack cinder-volume[86614]: DEBUG oslo_concurrency.processutils [None req-ca9cf412-108d-430b-ada6-04d176332bfe tempest-VolumesSnapshotTestJSON-297675284 None] Running cmd (subprocess): sudo cinder-rootwrap /etc/cinder/rootwrap.conf chmod ugo+rw /opt/stack/data/cinder/mnt/3bb8912aca7b9e0a4f2fb72d844e3a99/volume-d8f3bb72-696f-4b92-93f2-96470fd1ce7b.793cd4b2-6873-43da-9d97-93b9ebd6f103 {{(pid=86614) execute /opt/stack/data/venv/lib/python3.12/site-packages/oslo_concurrency/processutils.py:440}}
Jun 03 14:45:55 devstack sudo[91572]: quobyte : PWD=/ ; USER=root ; COMMAND=/opt/stack/data/venv/bin/cinder-rootwrap /etc/cinder/rootwrap.conf chmod ugo+rw /opt/stack/data/cinder/mnt/3bb8912aca7b9e0a4f2fb72d844e3a99/volume-d8f3bb72-696f-4b92-93f2-96470fd1ce7b.793cd4b2-6873-43da-9d97-93b9ebd6f103
Jun 03 14:45:55 devstack sudo[91572]: pam_unix(sudo:session): session opened for user root(uid=0) by (uid=1000)
Jun 03 14:45:56 devstack sudo[91572]: pam_unix(sudo:session): session closed for user root
Jun 03 14:45:56 devstack cinder-volume[86614]: DEBUG oslo_concurrency.processutils [None req-ca9cf412-108d-430b-ada6-04d176332bfe tempest-VolumesSnapshotTestJSON-297675284 None] CMD "sudo cinder-rootwrap /etc/cinder/rootwrap.conf chmod ugo+rw /opt/stack/data/cinder/mnt/3bb8912aca7b9e0a4f2fb72d844e3a99/volume-d8f3bb72-696f-4b92-93f2-96470fd1ce7b.793cd4b2-6873-43da-9d97-93b9ebd6f103" returned: 0 in 0.620s {{(pid=86614) execute /opt/stack/data/venv/lib/python3.12/site-packages/oslo_concurrency/processutils.py:468}}
Jun 03 14:45:56 devstack cinder-volume[86614]: DEBUG dbcounter [-] [86614] Writing DB stats cinder:SELECT=100,cinder:UPDATE=90,cinder:INSERT=21,cinder:DELETE=8 {{(pid=86614) stat_writer /opt/stack/data/venv/lib/python3.12/site-packages/dbcounter.py:115}}
Jun 03 14:45:56 devstack cinder-volume[86614]: DEBUG dbcounter [-] [86614] Writing DB stats cinder:SELECT=83,cinder:UPDATE=98,cinder:INSERT=22,cinder:DELETE=10 {{(pid=86614) stat_writer /opt/stack/data/venv/lib/python3.12/site-packages/dbcounter.py:115}}
Jun 03 14:45:56 devstack cinder-volume[86614]: DEBUG oslo_concurrency.processutils [None req-ca9cf412-108d-430b-ada6-04d176332bfe tempest-VolumesSnapshotTestJSON-297675284 None] Running cmd (subprocess): sudo cinder-rootwrap /etc/cinder/rootwrap.conf truncate -s0 /opt/stack/data/cinder/mnt/3bb8912aca7b9e0a4f2fb72d844e3a99/volume-d8f3bb72-696f-4b92-93f2-96470fd1ce7b.info {{(pid=86614) execute /opt/stack/data/venv/lib/python3.12/site-packages/oslo_concurrency/processutils.py:440}}
Jun 03 14:45:56 devstack sudo[91592]: quobyte : PWD=/ ; USER=root ; COMMAND=/opt/stack/data/venv/bin/cinder-rootwrap /etc/cinder/rootwrap.conf truncate -s0 /opt/stack/data/cinder/mnt/3bb8912aca7b9e0a4f2fb72d844e3a99/volume-d8f3bb72-696f-4b92-93f2-96470fd1ce7b.info
Jun 03 14:45:56 devstack sudo[91592]: pam_unix(sudo:session): session opened for user root(uid=0) by (uid=1000)
Jun 03 14:45:56 devstack cinder-volume[86614]: DEBUG cinder.volume.flows.manager.create_volume [None req-ccf9a03d-0b04-4f90-bb66-601b6beac24d tempest-AttachVolumeNegativeTest-1795286255 None] Volume reschedule parameters: True retry: {'num_attempts': 1, 'backends': ['devstack@QuobyteHD#QuobyteHD'], 'hosts': ['devstack@QuobyteHD#QuobyteHD']} {{(pid=86614) get_flow /opt/stack/cinder/cinder/volume/flows/manager/create_volume.py:1395}}
Jun 03 14:45:56 devstack cinder-volume[86614]: DEBUG cinder.volume.manager [None req-ccf9a03d-0b04-4f90-bb66-601b6beac24d tempest-AttachVolumeNegativeTest-1795286255 None] Flow 'volume_create_manager' (67f45585-9ee2-43b8-bd08-84bff11af992) transitioned into state 'RUNNING' from state 'PENDING' {{(pid=86614) _flow_receiver /opt/stack/data/venv/lib/python3.12/site-packages/taskflow/listeners/logging.py:145}}
Jun 03 14:45:56 devstack cinder-volume[86614]: DEBUG cinder.volume.manager [None req-ccf9a03d-0b04-4f90-bb66-601b6beac24d tempest-AttachVolumeNegativeTest-1795286255 None] Task 'cinder.volume.flows.manager.create_volume.ExtractVolumeRefTask;volume:create' (f12e6c9b-2ffc-4fa3-a1d3-64e40cd4f4b9) transitioned into state 'RUNNING' from state 'PENDING' {{(pid=86614) _task_receiver /opt/stack/data/venv/lib/python3.12/site-packages/taskflow/listeners/logging.py:194}}
Jun 03 14:45:56 devstack cinder-volume[86614]: DEBUG cinder.volume.manager [None req-ccf9a03d-0b04-4f90-bb66-601b6beac24d tempest-AttachVolumeNegativeTest-1795286255 None] Task 'cinder.volume.flows.manager.create_volume.ExtractVolumeRefTask;volume:create' (f12e6c9b-2ffc-4fa3-a1d3-64e40cd4f4b9) transitioned into state 'SUCCESS' from state 'RUNNING' with result 'Volume(_name_id=None,admin_metadata=,attach_status='detached',availability_zone='nova',bootable=False,cluster=,cluster_name=None,consistencygroup=,consistencygroup_id=None,created_at=2026-06-03T12:45:56Z,deleted=False,deleted_at=None,display_description=None,display_name='tempest-AttachVolumeNegativeTest-volume-19693545',ec2_id=None,encryption_key_id=None,glance_metadata=,group=,group_id=None,host='devstack@QuobyteHD#QuobyteHD',id=4ec5cf22-51c7-4d9f-8248-1af711b2d420,launched_at=None,metadata={},migration_status=None,multiattach=False,previous_status=None,project_id='0fd4fbd50ac34e36be18dbbc4f840b46',provider_auth=None,provider_geometry=None,provider_id=None,provider_location=None,replication_driver_data=None,replication_extended_status=None,replication_status=None,scheduled_at=2026-06-03T12:45:56Z,service_uuid=None,shared_targets=True,size=1,snapshot_id=None,snapshots=,source_volid=None,status='creating',terminated_at=None,updated_at=2026-06-03T12:45:56Z,use_quota=True,user_id='90641535c0cb4ae8ba381609722ca799',volume_attachment=VolumeAttachmentList,volume_type=VolumeType(11b1e525-ca93-4b02-b8b3-3cf09ba98aa0),volume_type_id=11b1e525-ca93-4b02-b8b3-3cf09ba98aa0)' {{(pid=86614) _task_receiver /opt/stack/data/venv/lib/python3.12/site-packages/taskflow/listeners/logging.py:182}}
Jun 03 14:45:56 devstack cinder-volume[86614]: DEBUG cinder.volume.manager [None req-ccf9a03d-0b04-4f90-bb66-601b6beac24d tempest-AttachVolumeNegativeTest-1795286255 None] Task 'cinder.volume.flows.manager.create_volume.OnFailureRescheduleTask;volume:create' (a74f4c3c-f24b-4f92-b7ea-e1a14fc80d49) transitioned into state 'RUNNING' from state 'PENDING' {{(pid=86614) _task_receiver /opt/stack/data/venv/lib/python3.12/site-packages/taskflow/listeners/logging.py:194}}
Jun 03 14:45:56 devstack cinder-volume[86614]: DEBUG cinder.volume.manager [None req-ccf9a03d-0b04-4f90-bb66-601b6beac24d tempest-AttachVolumeNegativeTest-1795286255 None] Task 'cinder.volume.flows.manager.create_volume.OnFailureRescheduleTask;volume:create' (a74f4c3c-f24b-4f92-b7ea-e1a14fc80d49) transitioned into state 'SUCCESS' from state 'RUNNING' with result 'None' {{(pid=86614) _task_receiver /opt/stack/data/venv/lib/python3.12/site-packages/taskflow/listeners/logging.py:182}}
Jun 03 14:45:56 devstack cinder-volume[86614]: DEBUG cinder.volume.manager [None req-ccf9a03d-0b04-4f90-bb66-601b6beac24d tempest-AttachVolumeNegativeTest-1795286255 None] Task 'cinder.volume.flows.manager.create_volume.ExtractVolumeSpecTask;volume:create' (c5cacb7f-9ade-490a-b7bf-be736809e857) transitioned into state 'RUNNING' from state 'PENDING' {{(pid=86614) _task_receiver /opt/stack/data/venv/lib/python3.12/site-packages/taskflow/listeners/logging.py:194}}
Jun 03 14:45:56 devstack cinder-volume[86614]: DEBUG cinder.volume.manager [None req-ccf9a03d-0b04-4f90-bb66-601b6beac24d tempest-AttachVolumeNegativeTest-1795286255 None] Task 'cinder.volume.flows.manager.create_volume.ExtractVolumeSpecTask;volume:create' (c5cacb7f-9ade-490a-b7bf-be736809e857) transitioned into state 'SUCCESS' from state 'RUNNING' with result '{'status': 'creating', 'type': 'raw', 'volume_id': '4ec5cf22-51c7-4d9f-8248-1af711b2d420', 'volume_name': 'volume-4ec5cf22-51c7-4d9f-8248-1af711b2d420', 'volume_size': 1}' {{(pid=86614) _task_receiver /opt/stack/data/venv/lib/python3.12/site-packages/taskflow/listeners/logging.py:182}}
Jun 03 14:45:56 devstack cinder-volume[86614]: DEBUG cinder.volume.manager [None req-ccf9a03d-0b04-4f90-bb66-601b6beac24d tempest-AttachVolumeNegativeTest-1795286255 None] Task 'cinder.volume.flows.manager.create_volume.NotifyVolumeActionTask;volume:create, create.start' (3fbf51ba-344a-4ed4-a21d-abc96e0c565b) transitioned into state 'RUNNING' from state 'PENDING' {{(pid=86614) _task_receiver /opt/stack/data/venv/lib/python3.12/site-packages/taskflow/listeners/logging.py:194}}
Jun 03 14:45:56 devstack cinder-volume[86614]: DEBUG cinder.volume.manager [None req-ccf9a03d-0b04-4f90-bb66-601b6beac24d tempest-AttachVolumeNegativeTest-1795286255 None] Task 'cinder.volume.flows.manager.create_volume.NotifyVolumeActionTask;volume:create, create.start' (3fbf51ba-344a-4ed4-a21d-abc96e0c565b) transitioned into state 'SUCCESS' from state 'RUNNING' with result 'None' {{(pid=86614) _task_receiver /opt/stack/data/venv/lib/python3.12/site-packages/taskflow/listeners/logging.py:182}}
Jun 03 14:45:56 devstack cinder-volume[86614]: DEBUG cinder.volume.manager [None req-ccf9a03d-0b04-4f90-bb66-601b6beac24d tempest-AttachVolumeNegativeTest-1795286255 None] Task 'cinder.volume.flows.manager.create_volume.CreateVolumeFromSpecTask;volume:create' (e18fcc77-cbbf-4446-9bdd-df562d331b1e) transitioned into state 'RUNNING' from state 'PENDING' {{(pid=86614) _task_receiver /opt/stack/data/venv/lib/python3.12/site-packages/taskflow/listeners/logging.py:194}}
Jun 03 14:45:56 devstack cinder-volume[86614]: INFO cinder.volume.flows.manager.create_volume [None req-ccf9a03d-0b04-4f90-bb66-601b6beac24d tempest-AttachVolumeNegativeTest-1795286255 None] Volume 4ec5cf22-51c7-4d9f-8248-1af711b2d420: being created as raw with specification: {'status': 'creating', 'volume_name': 'volume-4ec5cf22-51c7-4d9f-8248-1af711b2d420', 'volume_size': 1}
Jun 03 14:45:56 devstack cinder-volume[86614]: DEBUG oslo_concurrency.lockutils [None req-ccf9a03d-0b04-4f90-bb66-601b6beac24d tempest-AttachVolumeNegativeTest-1795286255 None] Acquiring lock "quobyte" by "cinder.volume.drivers.quobyte.QuobyteDriver.create_volume" {{(pid=86614) inner /opt/stack/data/venv/lib/python3.12/site-packages/oslo_concurrency/lockutils.py:506}}
Jun 03 14:45:56 devstack sudo[91592]: pam_unix(sudo:session): session closed for user root
Jun 03 14:45:56 devstack cinder-volume[86614]: DEBUG oslo_concurrency.processutils [None req-ca9cf412-108d-430b-ada6-04d176332bfe tempest-VolumesSnapshotTestJSON-297675284 None] CMD "sudo cinder-rootwrap /etc/cinder/rootwrap.conf truncate -s0 /opt/stack/data/cinder/mnt/3bb8912aca7b9e0a4f2fb72d844e3a99/volume-d8f3bb72-696f-4b92-93f2-96470fd1ce7b.info" returned: 0 in 0.636s {{(pid=86614) execute /opt/stack/data/venv/lib/python3.12/site-packages/oslo_concurrency/processutils.py:468}}
Jun 03 14:45:56 devstack cinder-volume[86614]: WARNING cinder.volume.drivers.remotefs [None req-ca9cf412-108d-430b-ada6-04d176332bfe tempest-VolumesSnapshotTestJSON-297675284 None] /opt/stack/data/cinder/mnt/3bb8912aca7b9e0a4f2fb72d844e3a99/volume-d8f3bb72-696f-4b92-93f2-96470fd1ce7b.info is being set with open permissions: ugo+rw
Jun 03 14:45:56 devstack cinder-volume[86614]: DEBUG oslo_concurrency.processutils [None req-ca9cf412-108d-430b-ada6-04d176332bfe tempest-VolumesSnapshotTestJSON-297675284 None] Running cmd (subprocess): sudo cinder-rootwrap /etc/cinder/rootwrap.conf chmod ugo+rw /opt/stack/data/cinder/mnt/3bb8912aca7b9e0a4f2fb72d844e3a99/volume-d8f3bb72-696f-4b92-93f2-96470fd1ce7b.info {{(pid=86614) execute /opt/stack/data/venv/lib/python3.12/site-packages/oslo_concurrency/processutils.py:440}}
Jun 03 14:45:57 devstack sudo[91663]: quobyte : PWD=/ ; USER=root ; COMMAND=/opt/stack/data/venv/bin/cinder-rootwrap /etc/cinder/rootwrap.conf chmod ugo+rw /opt/stack/data/cinder/mnt/3bb8912aca7b9e0a4f2fb72d844e3a99/volume-d8f3bb72-696f-4b92-93f2-96470fd1ce7b.info
Jun 03 14:45:57 devstack sudo[91663]: pam_unix(sudo:session): session opened for user root(uid=0) by (uid=1000)
Jun 03 14:45:57 devstack sudo[91663]: pam_unix(sudo:session): session closed for user root
Jun 03 14:45:57 devstack cinder-volume[86614]: DEBUG oslo_concurrency.processutils [None req-ca9cf412-108d-430b-ada6-04d176332bfe tempest-VolumesSnapshotTestJSON-297675284 None] CMD "sudo cinder-rootwrap /etc/cinder/rootwrap.conf chmod ugo+rw /opt/stack/data/cinder/mnt/3bb8912aca7b9e0a4f2fb72d844e3a99/volume-d8f3bb72-696f-4b92-93f2-96470fd1ce7b.info" returned: 0 in 0.595s {{(pid=86614) execute /opt/stack/data/venv/lib/python3.12/site-packages/oslo_concurrency/processutils.py:468}}
Jun 03 14:45:57 devstack cinder-volume[86614]: DEBUG oslo_concurrency.lockutils [None req-ca9cf412-108d-430b-ada6-04d176332bfe tempest-VolumesSnapshotTestJSON-297675284 None] Lock "quobyte" "released" by "cinder.volume.drivers.quobyte.QuobyteDriver.create_snapshot" :: held 4.028s {{(pid=86614) inner /opt/stack/data/venv/lib/python3.12/site-packages/oslo_concurrency/lockutils.py:538}}
Jun 03 14:45:57 devstack cinder-volume[86614]: DEBUG oslo_concurrency.lockutils [None req-ce5a3847-7aa0-45fa-831b-0c58448fb82c tempest-VolumesDeleteCascade-419599363 None] Lock "quobyte" acquired by "cinder.volume.drivers.quobyte.QuobyteDriver.create_snapshot" :: waited 4.390s {{(pid=86614) inner /opt/stack/data/venv/lib/python3.12/site-packages/oslo_concurrency/lockutils.py:519}}
Jun 03 14:45:57 devstack cinder-volume[86614]: DEBUG cinder.volume.drivers.remotefs [None req-ce5a3847-7aa0-45fa-831b-0c58448fb82c tempest-VolumesDeleteCascade-419599363 None] Creating offline snapshot 819b3ce0-cf93-4d7f-8613-86943486a66f of volume 4c61526f-6ac6-4a8d-9ccd-8393c3418300 {{(pid=86614) _create_snapshot /opt/stack/cinder/cinder/volume/drivers/remotefs.py:1816}}
Jun 03 14:45:57 devstack cinder-volume[86614]: INFO cinder.volume.manager [None req-ca9cf412-108d-430b-ada6-04d176332bfe tempest-VolumesSnapshotTestJSON-297675284 None] Create snapshot completed successfully
Jun 03 14:45:57 devstack cinder-volume[86614]: DEBUG oslo.privsep.daemon [-] privsep: reply[db029524-29b9-4cba-b05c-34ec16143b33]: (4, 'qcow2') {{(pid=87576) _call_back /opt/stack/data/venv/lib/python3.12/site-packages/oslo_privsep/daemon.py:573}}
Jun 03 14:45:57 devstack cinder-volume[86614]: DEBUG oslo_concurrency.processutils [None req-ce5a3847-7aa0-45fa-831b-0c58448fb82c tempest-VolumesDeleteCascade-419599363 None] Running cmd (subprocess): /opt/stack/data/venv/bin/python3.12 -m oslo_concurrency.prlimit --as=1073741824 --cpu=60 -- sudo cinder-rootwrap /etc/cinder/rootwrap.conf env LC_ALL=C qemu-img info -f qcow2 --output=json --force-share /opt/stack/data/cinder/mnt/3bb8912aca7b9e0a4f2fb72d844e3a99/volume-4c61526f-6ac6-4a8d-9ccd-8393c3418300.9a26a945-a1de-4715-9acc-787b7c25f069 {{(pid=86614) execute /opt/stack/data/venv/lib/python3.12/site-packages/oslo_concurrency/processutils.py:440}}
Jun 03 14:45:57 devstack sudo[91669]: quobyte : PWD=/ ; USER=root ; COMMAND=/opt/stack/data/venv/bin/cinder-rootwrap /etc/cinder/rootwrap.conf env LC_ALL=C qemu-img info -f qcow2 --output=json --force-share /opt/stack/data/cinder/mnt/3bb8912aca7b9e0a4f2fb72d844e3a99/volume-4c61526f-6ac6-4a8d-9ccd-8393c3418300.9a26a945-a1de-4715-9acc-787b7c25f069
Jun 03 14:45:57 devstack sudo[91669]: pam_unix(sudo:session): session opened for user root(uid=0) by (uid=1000)
Jun 03 14:45:58 devstack sudo[91669]: pam_unix(sudo:session): session closed for user root
Jun 03 14:45:58 devstack cinder-volume[86614]: DEBUG oslo_concurrency.processutils [None req-ce5a3847-7aa0-45fa-831b-0c58448fb82c tempest-VolumesDeleteCascade-419599363 None] CMD "/opt/stack/data/venv/bin/python3.12 -m oslo_concurrency.prlimit --as=1073741824 --cpu=60 -- sudo cinder-rootwrap /etc/cinder/rootwrap.conf env LC_ALL=C qemu-img info -f qcow2 --output=json --force-share /opt/stack/data/cinder/mnt/3bb8912aca7b9e0a4f2fb72d844e3a99/volume-4c61526f-6ac6-4a8d-9ccd-8393c3418300.9a26a945-a1de-4715-9acc-787b7c25f069" returned: 0 in 0.720s {{(pid=86614) execute /opt/stack/data/venv/lib/python3.12/site-packages/oslo_concurrency/processutils.py:468}}
Jun 03 14:45:58 devstack cinder-volume[86614]: DEBUG cinder.volume.drivers.remotefs [None req-ce5a3847-7aa0-45fa-831b-0c58448fb82c tempest-VolumesDeleteCascade-419599363 None] Fetching qemu-img info with special backing_file_template: (/opt/stack/data/cinder/mnt/[0-9a-f]+/)?(volume-4c61526f-6ac6-4a8d-9ccd-8393c3418300(.(tmp-snap-)?[0-9a-f-]+)?|volume_from_snapshot_cache/(tmp-snap-)?[0-9a-f-]+(.(child-|parent-)[0-9a-f-]+)?)$ {{(pid=86614) _qemu_img_info_base /opt/stack/cinder/cinder/volume/drivers/remotefs.py:896}}
Jun 03 14:45:58 devstack cinder-volume[86614]: DEBUG oslo_concurrency.processutils [None req-ce5a3847-7aa0-45fa-831b-0c58448fb82c tempest-VolumesDeleteCascade-419599363 None] Running cmd (subprocess): sudo cinder-rootwrap /etc/cinder/rootwrap.conf qemu-img create -f qcow2 -o backing_file=/opt/stack/data/cinder/mnt/3bb8912aca7b9e0a4f2fb72d844e3a99/volume-4c61526f-6ac6-4a8d-9ccd-8393c3418300.9a26a945-a1de-4715-9acc-787b7c25f069,backing_fmt=qcow2 /opt/stack/data/cinder/mnt/3bb8912aca7b9e0a4f2fb72d844e3a99/volume-4c61526f-6ac6-4a8d-9ccd-8393c3418300.819b3ce0-cf93-4d7f-8613-86943486a66f 1G {{(pid=86614) execute /opt/stack/data/venv/lib/python3.12/site-packages/oslo_concurrency/processutils.py:440}}
Jun 03 14:45:58 devstack sudo[91674]: quobyte : PWD=/ ; USER=root ; COMMAND=/opt/stack/data/venv/bin/cinder-rootwrap /etc/cinder/rootwrap.conf qemu-img create -f qcow2 -o backing_file=/opt/stack/data/cinder/mnt/3bb8912aca7b9e0a4f2fb72d844e3a99/volume-4c61526f-6ac6-4a8d-9ccd-8393c3418300.9a26a945-a1de-4715-9acc-787b7c25f069,backing_fmt=qcow2 /opt/stack/data/cinder/mnt/3bb8912aca7b9e0a4f2fb72d844e3a99/volume-4c61526f-6ac6-4a8d-9ccd-8393c3418300.819b3ce0-cf93-4d7f-8613-86943486a66f 1G
Jun 03 14:45:58 devstack sudo[91674]: pam_unix(sudo:session): session opened for user root(uid=0) by (uid=1000)
Jun 03 14:45:58 devstack cinder-volume[86614]: DEBUG cinder.volume.flows.manager.create_volume [None req-a2af1452-7dad-462f-88cb-02703178683b tempest-VolumesSnapshotTestJSON-297675284 None] Volume reschedule parameters: True retry: {'num_attempts': 1, 'backends': ['devstack@QuobyteHD#QuobyteHD'], 'hosts': ['devstack@QuobyteHD#QuobyteHD']} {{(pid=86614) get_flow /opt/stack/cinder/cinder/volume/flows/manager/create_volume.py:1395}}
Jun 03 14:45:58 devstack cinder-volume[86614]: DEBUG cinder.volume.manager [None req-a2af1452-7dad-462f-88cb-02703178683b tempest-VolumesSnapshotTestJSON-297675284 None] Flow 'volume_create_manager' (dbc857ed-3ac6-4437-84a5-b9d47e80367b) transitioned into state 'RUNNING' from state 'PENDING' {{(pid=86614) _flow_receiver /opt/stack/data/venv/lib/python3.12/site-packages/taskflow/listeners/logging.py:145}}
Jun 03 14:45:58 devstack cinder-volume[86614]: DEBUG cinder.volume.manager [None req-a2af1452-7dad-462f-88cb-02703178683b tempest-VolumesSnapshotTestJSON-297675284 None] Task 'cinder.volume.flows.manager.create_volume.ExtractVolumeRefTask;volume:create' (89876592-1307-4d4e-931b-3a80d07e5ddf) transitioned into state 'RUNNING' from state 'PENDING' {{(pid=86614) _task_receiver /opt/stack/data/venv/lib/python3.12/site-packages/taskflow/listeners/logging.py:194}}
Jun 03 14:45:58 devstack cinder-volume[86614]: DEBUG cinder.volume.manager [None req-a2af1452-7dad-462f-88cb-02703178683b tempest-VolumesSnapshotTestJSON-297675284 None] Task 'cinder.volume.flows.manager.create_volume.ExtractVolumeRefTask;volume:create' (89876592-1307-4d4e-931b-3a80d07e5ddf) transitioned into state 'SUCCESS' from state 'RUNNING' with result 'Volume(_name_id=None,admin_metadata=,attach_status='detached',availability_zone='nova',bootable=False,cluster=,cluster_name=None,consistencygroup=,consistencygroup_id=None,created_at=2026-06-03T12:45:58Z,deleted=False,deleted_at=None,display_description=None,display_name='tempest-VolumesSnapshotTestJSON-Volume-1954661355',ec2_id=None,encryption_key_id=None,glance_metadata=,group=,group_id=None,host='devstack@QuobyteHD#QuobyteHD',id=e609bcb2-81e0-4113-af47-e53997ab79fb,launched_at=None,metadata={},migration_status=None,multiattach=False,previous_status=None,project_id='70a45dbf9aa94c6c957be78a9d8c50d7',provider_auth=None,provider_geometry=None,provider_id=None,provider_location=None,replication_driver_data=None,replication_extended_status=None,replication_status=None,scheduled_at=2026-06-03T12:45:59Z,service_uuid=None,shared_targets=True,size=1,snapshot_id=793cd4b2-6873-43da-9d97-93b9ebd6f103,snapshots=,source_volid=None,status='creating',terminated_at=None,updated_at=2026-06-03T12:45:59Z,use_quota=True,user_id='5d6257d7e44e42ed885ec3781728ec4b',volume_attachment=VolumeAttachmentList,volume_type=VolumeType(11b1e525-ca93-4b02-b8b3-3cf09ba98aa0),volume_type_id=11b1e525-ca93-4b02-b8b3-3cf09ba98aa0)' {{(pid=86614) _task_receiver /opt/stack/data/venv/lib/python3.12/site-packages/taskflow/listeners/logging.py:182}}
Jun 03 14:45:58 devstack cinder-volume[86614]: DEBUG cinder.volume.manager [None req-a2af1452-7dad-462f-88cb-02703178683b tempest-VolumesSnapshotTestJSON-297675284 None] Task 'cinder.volume.flows.manager.create_volume.OnFailureRescheduleTask;volume:create' (525174ca-abf4-41d1-8886-9c0a852d10a2) transitioned into state 'RUNNING' from state 'PENDING' {{(pid=86614) _task_receiver /opt/stack/data/venv/lib/python3.12/site-packages/taskflow/listeners/logging.py:194}}
Jun 03 14:45:58 devstack cinder-volume[86614]: DEBUG cinder.volume.manager [None req-a2af1452-7dad-462f-88cb-02703178683b tempest-VolumesSnapshotTestJSON-297675284 None] Task 'cinder.volume.flows.manager.create_volume.OnFailureRescheduleTask;volume:create' (525174ca-abf4-41d1-8886-9c0a852d10a2) transitioned into state 'SUCCESS' from state 'RUNNING' with result 'None' {{(pid=86614) _task_receiver /opt/stack/data/venv/lib/python3.12/site-packages/taskflow/listeners/logging.py:182}}
Jun 03 14:45:58 devstack cinder-volume[86614]: DEBUG cinder.volume.manager [None req-a2af1452-7dad-462f-88cb-02703178683b tempest-VolumesSnapshotTestJSON-297675284 None] Task 'cinder.volume.flows.manager.create_volume.ExtractVolumeSpecTask;volume:create' (302152eb-a1a4-45c3-9e1f-bd29f19274aa) transitioned into state 'RUNNING' from state 'PENDING' {{(pid=86614) _task_receiver /opt/stack/data/venv/lib/python3.12/site-packages/taskflow/listeners/logging.py:194}}
Jun 03 14:45:58 devstack cinder-volume[86614]: DEBUG cinder.volume.manager [None req-a2af1452-7dad-462f-88cb-02703178683b tempest-VolumesSnapshotTestJSON-297675284 None] Task 'cinder.volume.flows.manager.create_volume.ExtractVolumeSpecTask;volume:create' (302152eb-a1a4-45c3-9e1f-bd29f19274aa) transitioned into state 'SUCCESS' from state 'RUNNING' with result '{'status': 'creating', 'type': 'snap', 'volume_id': 'e609bcb2-81e0-4113-af47-e53997ab79fb', 'volume_name': 'volume-e609bcb2-81e0-4113-af47-e53997ab79fb', 'volume_size': 1, 'snapshot_id': '793cd4b2-6873-43da-9d97-93b9ebd6f103'}' {{(pid=86614) _task_receiver /opt/stack/data/venv/lib/python3.12/site-packages/taskflow/listeners/logging.py:182}}
Jun 03 14:45:58 devstack cinder-volume[86614]: DEBUG cinder.volume.manager [None req-a2af1452-7dad-462f-88cb-02703178683b tempest-VolumesSnapshotTestJSON-297675284 None] Task 'cinder.volume.flows.manager.create_volume.NotifyVolumeActionTask;volume:create, create.start' (b882fa87-b9db-4810-9095-2cc0be975a31) transitioned into state 'RUNNING' from state 'PENDING' {{(pid=86614) _task_receiver /opt/stack/data/venv/lib/python3.12/site-packages/taskflow/listeners/logging.py:194}}
Jun 03 14:45:58 devstack cinder-volume[86614]: DEBUG cinder.volume.manager [None req-a2af1452-7dad-462f-88cb-02703178683b tempest-VolumesSnapshotTestJSON-297675284 None] Task 'cinder.volume.flows.manager.create_volume.NotifyVolumeActionTask;volume:create, create.start' (b882fa87-b9db-4810-9095-2cc0be975a31) transitioned into state 'SUCCESS' from state 'RUNNING' with result 'None' {{(pid=86614) _task_receiver /opt/stack/data/venv/lib/python3.12/site-packages/taskflow/listeners/logging.py:182}}
