Jun 17 05:43:36 devstack cinder-volume[92083]: INFO cinder.volume.flows.manager.create_volume [None req-829a3afc-3e1b-485b-bd57-9ee5a485f807 tempest-VolumesListTestJSON-164431907 None] Volume 3fc272c7-3c7b-4571-83d0-1ccdf46bc2c9: being created as raw with specification: {'status': 'creating', 'volume_name': 'volume-3fc272c7-3c7b-4571-83d0-1ccdf46bc2c9', 'volume_size': 1}
Jun 17 05:43:36 devstack cinder-volume[92083]: DEBUG oslo_concurrency.lockutils [None req-829a3afc-3e1b-485b-bd57-9ee5a485f807 tempest-VolumesListTestJSON-164431907 None] Acquiring lock "quobyte" by "cinder.volume.drivers.quobyte.QuobyteDriver.create_volume" {{(pid=92083) inner /opt/stack/data/venv/lib/python3.12/site-packages/oslo_concurrency/lockutils.py:506}}
Jun 17 05:43:36 devstack sudo[98297]: pam_unix(sudo:session): session closed for user root
Jun 17 05:43:36 devstack cinder-volume[92083]: DEBUG oslo_concurrency.processutils [None req-7b279b41-93ff-42d7-a1f7-dcc46a0f151e tempest-GroupSnapshotsTest-649875217 None] CMD "sudo cinder-rootwrap /etc/cinder/rootwrap.conf qemu-img create -f qcow2 -o backing_file=/opt/stack/data/cinder/mnt/79011e3549e7401e5bf5735ea72b5af7/volume-779051a0-8c71-438a-876c-0063f6feaa63,backing_fmt=qcow2 /opt/stack/data/cinder/mnt/79011e3549e7401e5bf5735ea72b5af7/volume-779051a0-8c71-438a-876c-0063f6feaa63.28d2cd82-1e75-4c83-958c-60ef9cfd64a7 1G" returned: 0 in 0.764s {{(pid=92083) execute /opt/stack/data/venv/lib/python3.12/site-packages/oslo_concurrency/processutils.py:468}}
Jun 17 05:43:36 devstack cinder-volume[92083]: DEBUG oslo_concurrency.processutils [None req-7b279b41-93ff-42d7-a1f7-dcc46a0f151e tempest-GroupSnapshotsTest-649875217 None] Running cmd (subprocess): sudo cinder-rootwrap /etc/cinder/rootwrap.conf qemu-img rebase -u -b volume-779051a0-8c71-438a-876c-0063f6feaa63 -F qcow2 /opt/stack/data/cinder/mnt/79011e3549e7401e5bf5735ea72b5af7/volume-779051a0-8c71-438a-876c-0063f6feaa63.28d2cd82-1e75-4c83-958c-60ef9cfd64a7 {{(pid=92083) execute /opt/stack/data/venv/lib/python3.12/site-packages/oslo_concurrency/processutils.py:440}}
Jun 17 05:43:36 devstack sudo[98304]: quobyte : PWD=/ ; USER=root ; COMMAND=/opt/stack/data/venv/bin/cinder-rootwrap /etc/cinder/rootwrap.conf qemu-img rebase -u -b volume-779051a0-8c71-438a-876c-0063f6feaa63 -F qcow2 /opt/stack/data/cinder/mnt/79011e3549e7401e5bf5735ea72b5af7/volume-779051a0-8c71-438a-876c-0063f6feaa63.28d2cd82-1e75-4c83-958c-60ef9cfd64a7
Jun 17 05:43:36 devstack sudo[98304]: pam_unix(sudo:session): session opened for user root(uid=0) by (uid=1000)
Jun 17 05:43:37 devstack sudo[98304]: pam_unix(sudo:session): session closed for user root
Jun 17 05:43:37 devstack cinder-volume[92083]: DEBUG oslo_concurrency.processutils [None req-7b279b41-93ff-42d7-a1f7-dcc46a0f151e tempest-GroupSnapshotsTest-649875217 None] CMD "sudo cinder-rootwrap /etc/cinder/rootwrap.conf qemu-img rebase -u -b volume-779051a0-8c71-438a-876c-0063f6feaa63 -F qcow2 /opt/stack/data/cinder/mnt/79011e3549e7401e5bf5735ea72b5af7/volume-779051a0-8c71-438a-876c-0063f6feaa63.28d2cd82-1e75-4c83-958c-60ef9cfd64a7" returned: 0 in 0.748s {{(pid=92083) execute /opt/stack/data/venv/lib/python3.12/site-packages/oslo_concurrency/processutils.py:468}}
Jun 17 05:43:37 devstack cinder-volume[92083]: WARNING cinder.volume.drivers.remotefs [None req-7b279b41-93ff-42d7-a1f7-dcc46a0f151e tempest-GroupSnapshotsTest-649875217 None] /opt/stack/data/cinder/mnt/79011e3549e7401e5bf5735ea72b5af7/volume-779051a0-8c71-438a-876c-0063f6feaa63.28d2cd82-1e75-4c83-958c-60ef9cfd64a7 is being set with open permissions: ugo+rw: NotImplementedError
Jun 17 05:43:37 devstack cinder-volume[92083]: DEBUG oslo_concurrency.processutils [None req-7b279b41-93ff-42d7-a1f7-dcc46a0f151e tempest-GroupSnapshotsTest-649875217 None] Running cmd (subprocess): sudo cinder-rootwrap /etc/cinder/rootwrap.conf chmod ugo+rw /opt/stack/data/cinder/mnt/79011e3549e7401e5bf5735ea72b5af7/volume-779051a0-8c71-438a-876c-0063f6feaa63.28d2cd82-1e75-4c83-958c-60ef9cfd64a7 {{(pid=92083) execute /opt/stack/data/venv/lib/python3.12/site-packages/oslo_concurrency/processutils.py:440}}
Jun 17 05:43:37 devstack sudo[98310]: quobyte : PWD=/ ; USER=root ; COMMAND=/opt/stack/data/venv/bin/cinder-rootwrap /etc/cinder/rootwrap.conf chmod ugo+rw /opt/stack/data/cinder/mnt/79011e3549e7401e5bf5735ea72b5af7/volume-779051a0-8c71-438a-876c-0063f6feaa63.28d2cd82-1e75-4c83-958c-60ef9cfd64a7
Jun 17 05:43:37 devstack sudo[98310]: pam_unix(sudo:session): session opened for user root(uid=0) by (uid=1000)
Jun 17 05:43:37 devstack sudo[98310]: pam_unix(sudo:session): session closed for user root
Jun 17 05:43:37 devstack cinder-volume[92083]: DEBUG oslo_concurrency.processutils [None req-7b279b41-93ff-42d7-a1f7-dcc46a0f151e tempest-GroupSnapshotsTest-649875217 None] CMD "sudo cinder-rootwrap /etc/cinder/rootwrap.conf chmod ugo+rw /opt/stack/data/cinder/mnt/79011e3549e7401e5bf5735ea72b5af7/volume-779051a0-8c71-438a-876c-0063f6feaa63.28d2cd82-1e75-4c83-958c-60ef9cfd64a7" returned: 0 in 0.608s {{(pid=92083) execute /opt/stack/data/venv/lib/python3.12/site-packages/oslo_concurrency/processutils.py:468}}
Jun 17 05:43:37 devstack cinder-volume[92083]: DEBUG oslo_concurrency.processutils [None req-7b279b41-93ff-42d7-a1f7-dcc46a0f151e tempest-GroupSnapshotsTest-649875217 None] Running cmd (subprocess): sudo cinder-rootwrap /etc/cinder/rootwrap.conf truncate -s0 /opt/stack/data/cinder/mnt/79011e3549e7401e5bf5735ea72b5af7/volume-779051a0-8c71-438a-876c-0063f6feaa63.info {{(pid=92083) execute /opt/stack/data/venv/lib/python3.12/site-packages/oslo_concurrency/processutils.py:440}}
Jun 17 05:43:37 devstack sudo[98313]: quobyte : PWD=/ ; USER=root ; COMMAND=/opt/stack/data/venv/bin/cinder-rootwrap /etc/cinder/rootwrap.conf truncate -s0 /opt/stack/data/cinder/mnt/79011e3549e7401e5bf5735ea72b5af7/volume-779051a0-8c71-438a-876c-0063f6feaa63.info
Jun 17 05:43:37 devstack sudo[98313]: pam_unix(sudo:session): session opened for user root(uid=0) by (uid=1000)
Jun 17 05:43:38 devstack cinder-volume[92083]: INFO cinder.volume.manager [req-f7c8a3bd-8b04-484f-a3ab-41c699e9f67d req-3f367e2d-b013-46c7-88b5-592676ae8fbe tempest-AttachVolumeTestJSON-1295992640 None] Terminate volume connection completed successfully.
Jun 17 05:43:38 devstack cinder-volume[92083]: DEBUG cinder.volume.manager [req-f7c8a3bd-8b04-484f-a3ab-41c699e9f67d req-3f367e2d-b013-46c7-88b5-592676ae8fbe tempest-AttachVolumeTestJSON-1295992640 None] Deleting attachment 6047d598-bb30-4833-abf0-5604915bc7a3. {{(pid=92083) attachment_delete /opt/stack/cinder/cinder/volume/manager.py:5055}}
Jun 17 05:43:38 devstack sudo[98313]: pam_unix(sudo:session): session closed for user root
Jun 17 05:43:38 devstack cinder-volume[92083]: DEBUG oslo_concurrency.processutils [None req-7b279b41-93ff-42d7-a1f7-dcc46a0f151e tempest-GroupSnapshotsTest-649875217 None] CMD "sudo cinder-rootwrap /etc/cinder/rootwrap.conf truncate -s0 /opt/stack/data/cinder/mnt/79011e3549e7401e5bf5735ea72b5af7/volume-779051a0-8c71-438a-876c-0063f6feaa63.info" returned: 0 in 0.678s {{(pid=92083) execute /opt/stack/data/venv/lib/python3.12/site-packages/oslo_concurrency/processutils.py:468}}
Jun 17 05:43:38 devstack cinder-volume[92083]: WARNING cinder.volume.drivers.remotefs [None req-7b279b41-93ff-42d7-a1f7-dcc46a0f151e tempest-GroupSnapshotsTest-649875217 None] /opt/stack/data/cinder/mnt/79011e3549e7401e5bf5735ea72b5af7/volume-779051a0-8c71-438a-876c-0063f6feaa63.info is being set with open permissions: ugo+rw: NotImplementedError
Jun 17 05:43:38 devstack cinder-volume[92083]: DEBUG oslo_concurrency.processutils [None req-7b279b41-93ff-42d7-a1f7-dcc46a0f151e tempest-GroupSnapshotsTest-649875217 None] Running cmd (subprocess): sudo cinder-rootwrap /etc/cinder/rootwrap.conf chmod ugo+rw /opt/stack/data/cinder/mnt/79011e3549e7401e5bf5735ea72b5af7/volume-779051a0-8c71-438a-876c-0063f6feaa63.info {{(pid=92083) execute /opt/stack/data/venv/lib/python3.12/site-packages/oslo_concurrency/processutils.py:440}}
Jun 17 05:43:38 devstack sudo[98320]: quobyte : PWD=/ ; USER=root ; COMMAND=/opt/stack/data/venv/bin/cinder-rootwrap /etc/cinder/rootwrap.conf chmod ugo+rw /opt/stack/data/cinder/mnt/79011e3549e7401e5bf5735ea72b5af7/volume-779051a0-8c71-438a-876c-0063f6feaa63.info
Jun 17 05:43:38 devstack sudo[98320]: pam_unix(sudo:session): session opened for user root(uid=0) by (uid=1000)
Jun 17 05:43:39 devstack sudo[98320]: pam_unix(sudo:session): session closed for user root
Jun 17 05:43:39 devstack cinder-volume[92083]: DEBUG oslo_concurrency.processutils [None req-7b279b41-93ff-42d7-a1f7-dcc46a0f151e tempest-GroupSnapshotsTest-649875217 None] CMD "sudo cinder-rootwrap /etc/cinder/rootwrap.conf chmod ugo+rw /opt/stack/data/cinder/mnt/79011e3549e7401e5bf5735ea72b5af7/volume-779051a0-8c71-438a-876c-0063f6feaa63.info" returned: 0 in 0.627s {{(pid=92083) execute /opt/stack/data/venv/lib/python3.12/site-packages/oslo_concurrency/processutils.py:468}}
Jun 17 05:43:39 devstack cinder-volume[92083]: DEBUG oslo_concurrency.lockutils [None req-7b279b41-93ff-42d7-a1f7-dcc46a0f151e tempest-GroupSnapshotsTest-649875217 None] Lock "quobyte" "released" by "cinder.volume.drivers.quobyte.QuobyteDriver.create_snapshot" :: held 4.266s {{(pid=92083) inner /opt/stack/data/venv/lib/python3.12/site-packages/oslo_concurrency/lockutils.py:538}}
Jun 17 05:43:39 devstack cinder-volume[92083]: DEBUG oslo_concurrency.lockutils [None req-7b279b41-93ff-42d7-a1f7-dcc46a0f151e tempest-GroupSnapshotsTest-649875217 None] Acquiring lock "quobyte" by "cinder.volume.drivers.quobyte.QuobyteDriver.create_snapshot" {{(pid=92083) inner /opt/stack/data/venv/lib/python3.12/site-packages/oslo_concurrency/lockutils.py:506}}
Jun 17 05:43:39 devstack cinder-volume[92083]: DEBUG oslo_concurrency.lockutils [None req-7b279b41-93ff-42d7-a1f7-dcc46a0f151e tempest-GroupSnapshotsTest-649875217 None] Lock "quobyte" acquired by "cinder.volume.drivers.quobyte.QuobyteDriver.create_snapshot" :: waited 0.000s {{(pid=92083) inner /opt/stack/data/venv/lib/python3.12/site-packages/oslo_concurrency/lockutils.py:519}}
Jun 17 05:43:39 devstack cinder-volume[92083]: DEBUG cinder.volume.drivers.remotefs [None req-7b279b41-93ff-42d7-a1f7-dcc46a0f151e tempest-GroupSnapshotsTest-649875217 None] Creating offline snapshot c6119329-72d1-4d6e-9cdd-026355695821 of volume ade49af7-bcc7-450a-ba66-8f76865d8211 {{(pid=92083) _create_snapshot /opt/stack/cinder/cinder/volume/drivers/remotefs.py:1816}}
Jun 17 05:43:39 devstack cinder-volume[92083]: DEBUG oslo.privsep.daemon [-] privsep: reply[1185da73-2fa1-468b-b21b-5169e2ad573e]: (4, 'qcow2') {{(pid=92963) _call_back /opt/stack/data/venv/lib/python3.12/site-packages/oslo_privsep/daemon.py:573}}
Jun 17 05:43:39 devstack cinder-volume[92083]: DEBUG oslo_concurrency.processutils [None req-7b279b41-93ff-42d7-a1f7-dcc46a0f151e tempest-GroupSnapshotsTest-649875217 None] Running cmd (subprocess): /opt/stack/data/venv/bin/python3.12 -m oslo_concurrency.prlimit --as=1073741824 --cpu=60 -- sudo cinder-rootwrap /etc/cinder/rootwrap.conf env LC_ALL=C qemu-img info -f qcow2 --output=json --force-share /opt/stack/data/cinder/mnt/79011e3549e7401e5bf5735ea72b5af7/volume-ade49af7-bcc7-450a-ba66-8f76865d8211 {{(pid=92083) execute /opt/stack/data/venv/lib/python3.12/site-packages/oslo_concurrency/processutils.py:440}}
Jun 17 05:43:39 devstack sudo[98324]: quobyte : PWD=/ ; USER=root ; COMMAND=/opt/stack/data/venv/bin/cinder-rootwrap /etc/cinder/rootwrap.conf env LC_ALL=C qemu-img info -f qcow2 --output=json --force-share /opt/stack/data/cinder/mnt/79011e3549e7401e5bf5735ea72b5af7/volume-ade49af7-bcc7-450a-ba66-8f76865d8211
Jun 17 05:43:39 devstack sudo[98324]: pam_unix(sudo:session): session opened for user root(uid=0) by (uid=1000)
Jun 17 05:43:39 devstack sudo[98324]: pam_unix(sudo:session): session closed for user root
Jun 17 05:43:39 devstack cinder-volume[92083]: DEBUG oslo_concurrency.processutils [None req-7b279b41-93ff-42d7-a1f7-dcc46a0f151e tempest-GroupSnapshotsTest-649875217 None] CMD "/opt/stack/data/venv/bin/python3.12 -m oslo_concurrency.prlimit --as=1073741824 --cpu=60 -- sudo cinder-rootwrap /etc/cinder/rootwrap.conf env LC_ALL=C qemu-img info -f qcow2 --output=json --force-share /opt/stack/data/cinder/mnt/79011e3549e7401e5bf5735ea72b5af7/volume-ade49af7-bcc7-450a-ba66-8f76865d8211" returned: 0 in 0.706s {{(pid=92083) execute /opt/stack/data/venv/lib/python3.12/site-packages/oslo_concurrency/processutils.py:468}}
Jun 17 05:43:39 devstack cinder-volume[92083]: DEBUG oslo_concurrency.processutils [None req-7b279b41-93ff-42d7-a1f7-dcc46a0f151e tempest-GroupSnapshotsTest-649875217 None] Running cmd (subprocess): sudo cinder-rootwrap /etc/cinder/rootwrap.conf qemu-img create -f qcow2 -o backing_file=/opt/stack/data/cinder/mnt/79011e3549e7401e5bf5735ea72b5af7/volume-ade49af7-bcc7-450a-ba66-8f76865d8211,backing_fmt=qcow2 /opt/stack/data/cinder/mnt/79011e3549e7401e5bf5735ea72b5af7/volume-ade49af7-bcc7-450a-ba66-8f76865d8211.c6119329-72d1-4d6e-9cdd-026355695821 1G {{(pid=92083) execute /opt/stack/data/venv/lib/python3.12/site-packages/oslo_concurrency/processutils.py:440}}
Jun 17 05:43:39 devstack sudo[98330]: quobyte : PWD=/ ; USER=root ; COMMAND=/opt/stack/data/venv/bin/cinder-rootwrap /etc/cinder/rootwrap.conf qemu-img create -f qcow2 -o backing_file=/opt/stack/data/cinder/mnt/79011e3549e7401e5bf5735ea72b5af7/volume-ade49af7-bcc7-450a-ba66-8f76865d8211,backing_fmt=qcow2 /opt/stack/data/cinder/mnt/79011e3549e7401e5bf5735ea72b5af7/volume-ade49af7-bcc7-450a-ba66-8f76865d8211.c6119329-72d1-4d6e-9cdd-026355695821 1G
Jun 17 05:43:39 devstack sudo[98330]: pam_unix(sudo:session): session opened for user root(uid=0) by (uid=1000)
Jun 17 05:43:40 devstack cinder-volume[92083]: INFO cinder.volume.manager [req-b5b0b9cd-3d6a-4e61-a495-4b4f80cc7766 req-4981a980-c1c8-4d51-9caf-6b6370cb3d3e tempest-AttachVolumeShelveTestJSON-18917466 None] Terminate volume connection completed successfully.
Jun 17 05:43:40 devstack cinder-volume[92083]: DEBUG cinder.volume.manager [req-b5b0b9cd-3d6a-4e61-a495-4b4f80cc7766 req-4981a980-c1c8-4d51-9caf-6b6370cb3d3e tempest-AttachVolumeShelveTestJSON-18917466 None] Deleting attachment 1d187682-0e20-4dd1-99c2-4c4a3fc01b24. {{(pid=92083) attachment_delete /opt/stack/cinder/cinder/volume/manager.py:5055}}
Jun 17 05:43:40 devstack sudo[98330]: pam_unix(sudo:session): session closed for user root
Jun 17 05:43:40 devstack cinder-volume[92083]: DEBUG oslo_concurrency.processutils [None req-7b279b41-93ff-42d7-a1f7-dcc46a0f151e tempest-GroupSnapshotsTest-649875217 None] CMD "sudo cinder-rootwrap /etc/cinder/rootwrap.conf qemu-img create -f qcow2 -o backing_file=/opt/stack/data/cinder/mnt/79011e3549e7401e5bf5735ea72b5af7/volume-ade49af7-bcc7-450a-ba66-8f76865d8211,backing_fmt=qcow2 /opt/stack/data/cinder/mnt/79011e3549e7401e5bf5735ea72b5af7/volume-ade49af7-bcc7-450a-ba66-8f76865d8211.c6119329-72d1-4d6e-9cdd-026355695821 1G" returned: 0 in 0.892s {{(pid=92083) execute /opt/stack/data/venv/lib/python3.12/site-packages/oslo_concurrency/processutils.py:468}}
Jun 17 05:43:40 devstack cinder-volume[92083]: DEBUG oslo_concurrency.processutils [None req-7b279b41-93ff-42d7-a1f7-dcc46a0f151e tempest-GroupSnapshotsTest-649875217 None] Running cmd (subprocess): sudo cinder-rootwrap /etc/cinder/rootwrap.conf qemu-img rebase -u -b volume-ade49af7-bcc7-450a-ba66-8f76865d8211 -F qcow2 /opt/stack/data/cinder/mnt/79011e3549e7401e5bf5735ea72b5af7/volume-ade49af7-bcc7-450a-ba66-8f76865d8211.c6119329-72d1-4d6e-9cdd-026355695821 {{(pid=92083) execute /opt/stack/data/venv/lib/python3.12/site-packages/oslo_concurrency/processutils.py:440}}
Jun 17 05:43:40 devstack sudo[98339]: quobyte : PWD=/ ; USER=root ; COMMAND=/opt/stack/data/venv/bin/cinder-rootwrap /etc/cinder/rootwrap.conf qemu-img rebase -u -b volume-ade49af7-bcc7-450a-ba66-8f76865d8211 -F qcow2 /opt/stack/data/cinder/mnt/79011e3549e7401e5bf5735ea72b5af7/volume-ade49af7-bcc7-450a-ba66-8f76865d8211.c6119329-72d1-4d6e-9cdd-026355695821
Jun 17 05:43:40 devstack sudo[98339]: pam_unix(sudo:session): session opened for user root(uid=0) by (uid=1000)
Jun 17 05:43:41 devstack sudo[98339]: pam_unix(sudo:session): session closed for user root
Jun 17 05:43:41 devstack cinder-volume[92083]: DEBUG oslo_concurrency.processutils [None req-7b279b41-93ff-42d7-a1f7-dcc46a0f151e tempest-GroupSnapshotsTest-649875217 None] CMD "sudo cinder-rootwrap /etc/cinder/rootwrap.conf qemu-img rebase -u -b volume-ade49af7-bcc7-450a-ba66-8f76865d8211 -F qcow2 /opt/stack/data/cinder/mnt/79011e3549e7401e5bf5735ea72b5af7/volume-ade49af7-bcc7-450a-ba66-8f76865d8211.c6119329-72d1-4d6e-9cdd-026355695821" returned: 0 in 0.650s {{(pid=92083) execute /opt/stack/data/venv/lib/python3.12/site-packages/oslo_concurrency/processutils.py:468}}
Jun 17 05:43:41 devstack cinder-volume[92083]: WARNING cinder.volume.drivers.remotefs [None req-7b279b41-93ff-42d7-a1f7-dcc46a0f151e tempest-GroupSnapshotsTest-649875217 None] /opt/stack/data/cinder/mnt/79011e3549e7401e5bf5735ea72b5af7/volume-ade49af7-bcc7-450a-ba66-8f76865d8211.c6119329-72d1-4d6e-9cdd-026355695821 is being set with open permissions: ugo+rw: NotImplementedError
Jun 17 05:43:41 devstack cinder-volume[92083]: DEBUG oslo_concurrency.processutils [None req-7b279b41-93ff-42d7-a1f7-dcc46a0f151e tempest-GroupSnapshotsTest-649875217 None] Running cmd (subprocess): sudo cinder-rootwrap /etc/cinder/rootwrap.conf chmod ugo+rw /opt/stack/data/cinder/mnt/79011e3549e7401e5bf5735ea72b5af7/volume-ade49af7-bcc7-450a-ba66-8f76865d8211.c6119329-72d1-4d6e-9cdd-026355695821 {{(pid=92083) execute /opt/stack/data/venv/lib/python3.12/site-packages/oslo_concurrency/processutils.py:440}}
Jun 17 05:43:41 devstack sudo[98345]: quobyte : PWD=/ ; USER=root ; COMMAND=/opt/stack/data/venv/bin/cinder-rootwrap /etc/cinder/rootwrap.conf chmod ugo+rw /opt/stack/data/cinder/mnt/79011e3549e7401e5bf5735ea72b5af7/volume-ade49af7-bcc7-450a-ba66-8f76865d8211.c6119329-72d1-4d6e-9cdd-026355695821
Jun 17 05:43:41 devstack sudo[98345]: pam_unix(sudo:session): session opened for user root(uid=0) by (uid=1000)
Jun 17 05:43:42 devstack sudo[98345]: pam_unix(sudo:session): session closed for user root
Jun 17 05:43:42 devstack cinder-volume[92083]: DEBUG oslo_concurrency.processutils [None req-7b279b41-93ff-42d7-a1f7-dcc46a0f151e tempest-GroupSnapshotsTest-649875217 None] CMD "sudo cinder-rootwrap /etc/cinder/rootwrap.conf chmod ugo+rw /opt/stack/data/cinder/mnt/79011e3549e7401e5bf5735ea72b5af7/volume-ade49af7-bcc7-450a-ba66-8f76865d8211.c6119329-72d1-4d6e-9cdd-026355695821" returned: 0 in 0.712s {{(pid=92083) execute /opt/stack/data/venv/lib/python3.12/site-packages/oslo_concurrency/processutils.py:468}}
Jun 17 05:43:42 devstack cinder-volume[92083]: DEBUG oslo_concurrency.processutils [None req-7b279b41-93ff-42d7-a1f7-dcc46a0f151e tempest-GroupSnapshotsTest-649875217 None] Running cmd (subprocess): sudo cinder-rootwrap /etc/cinder/rootwrap.conf truncate -s0 /opt/stack/data/cinder/mnt/79011e3549e7401e5bf5735ea72b5af7/volume-ade49af7-bcc7-450a-ba66-8f76865d8211.info {{(pid=92083) execute /opt/stack/data/venv/lib/python3.12/site-packages/oslo_concurrency/processutils.py:440}}
Jun 17 05:43:42 devstack sudo[98383]: quobyte : PWD=/ ; USER=root ; COMMAND=/opt/stack/data/venv/bin/cinder-rootwrap /etc/cinder/rootwrap.conf truncate -s0 /opt/stack/data/cinder/mnt/79011e3549e7401e5bf5735ea72b5af7/volume-ade49af7-bcc7-450a-ba66-8f76865d8211.info
Jun 17 05:43:42 devstack sudo[98383]: pam_unix(sudo:session): session opened for user root(uid=0) by (uid=1000)
Jun 17 05:43:42 devstack sudo[98383]: pam_unix(sudo:session): session closed for user root
Jun 17 05:43:42 devstack cinder-volume[92083]: DEBUG oslo_concurrency.processutils [None req-7b279b41-93ff-42d7-a1f7-dcc46a0f151e tempest-GroupSnapshotsTest-649875217 None] CMD "sudo cinder-rootwrap /etc/cinder/rootwrap.conf truncate -s0 /opt/stack/data/cinder/mnt/79011e3549e7401e5bf5735ea72b5af7/volume-ade49af7-bcc7-450a-ba66-8f76865d8211.info" returned: 0 in 0.732s {{(pid=92083) execute /opt/stack/data/venv/lib/python3.12/site-packages/oslo_concurrency/processutils.py:468}}
Jun 17 05:43:42 devstack cinder-volume[92083]: WARNING cinder.volume.drivers.remotefs [None req-7b279b41-93ff-42d7-a1f7-dcc46a0f151e tempest-GroupSnapshotsTest-649875217 None] /opt/stack/data/cinder/mnt/79011e3549e7401e5bf5735ea72b5af7/volume-ade49af7-bcc7-450a-ba66-8f76865d8211.info is being set with open permissions: ugo+rw: NotImplementedError
Jun 17 05:43:42 devstack cinder-volume[92083]: DEBUG oslo_concurrency.processutils [None req-7b279b41-93ff-42d7-a1f7-dcc46a0f151e tempest-GroupSnapshotsTest-649875217 None] Running cmd (subprocess): sudo cinder-rootwrap /etc/cinder/rootwrap.conf chmod ugo+rw /opt/stack/data/cinder/mnt/79011e3549e7401e5bf5735ea72b5af7/volume-ade49af7-bcc7-450a-ba66-8f76865d8211.info {{(pid=92083) execute /opt/stack/data/venv/lib/python3.12/site-packages/oslo_concurrency/processutils.py:440}}
Jun 17 05:43:42 devstack sudo[98387]: quobyte : PWD=/ ; USER=root ; COMMAND=/opt/stack/data/venv/bin/cinder-rootwrap /etc/cinder/rootwrap.conf chmod ugo+rw /opt/stack/data/cinder/mnt/79011e3549e7401e5bf5735ea72b5af7/volume-ade49af7-bcc7-450a-ba66-8f76865d8211.info
Jun 17 05:43:42 devstack sudo[98387]: pam_unix(sudo:session): session opened for user root(uid=0) by (uid=1000)
Jun 17 05:43:43 devstack sudo[98387]: pam_unix(sudo:session): session closed for user root
Jun 17 05:43:43 devstack cinder-volume[92083]: DEBUG oslo_concurrency.processutils [None req-7b279b41-93ff-42d7-a1f7-dcc46a0f151e tempest-GroupSnapshotsTest-649875217 None] CMD "sudo cinder-rootwrap /etc/cinder/rootwrap.conf chmod ugo+rw /opt/stack/data/cinder/mnt/79011e3549e7401e5bf5735ea72b5af7/volume-ade49af7-bcc7-450a-ba66-8f76865d8211.info" returned: 0 in 0.715s {{(pid=92083) execute /opt/stack/data/venv/lib/python3.12/site-packages/oslo_concurrency/processutils.py:468}}
Jun 17 05:43:43 devstack cinder-volume[92083]: DEBUG oslo_concurrency.lockutils [None req-7b279b41-93ff-42d7-a1f7-dcc46a0f151e tempest-GroupSnapshotsTest-649875217 None] Lock "quobyte" "released" by "cinder.volume.drivers.quobyte.QuobyteDriver.create_snapshot" :: held 4.507s {{(pid=92083) inner /opt/stack/data/venv/lib/python3.12/site-packages/oslo_concurrency/lockutils.py:538}}
Jun 17 05:43:43 devstack cinder-volume[92083]: DEBUG oslo_concurrency.lockutils [None req-829a3afc-3e1b-485b-bd57-9ee5a485f807 tempest-VolumesListTestJSON-164431907 None] Lock "quobyte" acquired by "cinder.volume.drivers.quobyte.QuobyteDriver.create_volume" :: waited 7.644s {{(pid=92083) inner /opt/stack/data/venv/lib/python3.12/site-packages/oslo_concurrency/lockutils.py:519}}
Jun 17 05:43:43 devstack cinder-volume[92083]: DEBUG cinder.volume.drivers.quobyte [None req-829a3afc-3e1b-485b-bd57-9ee5a485f807 tempest-VolumesListTestJSON-164431907 None] ==> create_volume: call "{'self': , 'volume': Volume(_name_id=None,admin_metadata=,attach_status='detached',availability_zone='nova',bootable=False,cluster=,cluster_name=None,consistencygroup=,consistencygroup_id=None,created_at=2026-06-17T03:43:36Z,deleted=False,deleted_at=None,display_description=None,display_name='tempest-VolumesListTestJSON-Volume-602756284',ec2_id=None,encryption_key_id=None,glance_metadata=,group=,group_id=None,host='devstack@QuobyteHD#QuobyteHD',id=3fc272c7-3c7b-4571-83d0-1ccdf46bc2c9,launched_at=None,metadata={Type='work'},migration_status=None,multiattach=False,previous_status=None,project_id='d5938efa289046d38753542ceb58b875',provider_auth=None,provider_geometry=None,provider_id=None,provider_location=None,replication_driver_data=None,replication_extended_status=None,replication_status=None,scheduled_at=2026-06-17T03:43:36Z,service_uuid=None,shared_targets=True,size=1,snapshot_id=None,snapshots=,source_volid=None,status='creating',terminated_at=None,updated_at=2026-06-17T03:43:36Z,use_quota=True,user_id='e4f0fc5802e9485c90372c4aaf831796',volume_attachment=VolumeAttachmentList,volume_type=VolumeType(f6e6ae74-908b-4b29-919c-987d8839d7e9),volume_type_id=f6e6ae74-908b-4b29-919c-987d8839d7e9)}" {{(pid=92083) trace_logging_wrapper /opt/stack/cinder/cinder/volume/volume_utils.py:1497}}
Jun 17 05:43:43 devstack cinder-volume[92083]: DEBUG cinder.volume.drivers.remotefs [None req-829a3afc-3e1b-485b-bd57-9ee5a485f807 tempest-VolumesListTestJSON-164431907 None] Creating volume 3fc272c7-3c7b-4571-83d0-1ccdf46bc2c9 {{(pid=92083) create_volume /opt/stack/cinder/cinder/volume/drivers/remotefs.py:292}}
Jun 17 05:43:43 devstack cinder-volume[92083]: DEBUG oslo_concurrency.lockutils [None req-829a3afc-3e1b-485b-bd57-9ee5a485f807 tempest-VolumesListTestJSON-164431907 None] Acquiring lock "quobyte_ensure" by "cinder.volume.drivers.quobyte.QuobyteDriver._ensure_shares_mounted" {{(pid=92083) inner /opt/stack/data/venv/lib/python3.12/site-packages/oslo_concurrency/lockutils.py:506}}
Jun 17 05:43:43 devstack cinder-volume[92083]: DEBUG oslo_concurrency.lockutils [None req-829a3afc-3e1b-485b-bd57-9ee5a485f807 tempest-VolumesListTestJSON-164431907 None] Lock "quobyte_ensure" acquired by "cinder.volume.drivers.quobyte.QuobyteDriver._ensure_shares_mounted" :: waited 0.000s {{(pid=92083) inner /opt/stack/data/venv/lib/python3.12/site-packages/oslo_concurrency/lockutils.py:519}}
Jun 17 05:43:43 devstack cinder-volume[92083]: DEBUG cinder.volume.drivers.quobyte [None req-829a3afc-3e1b-485b-bd57-9ee5a485f807 tempest-VolumesListTestJSON-164431907 None] Quobyte Volume URL set to: {'osci02.corp.quobyte.com/cinder-vol-ab5b2642-3b0a-4ce7-9002-fd9d9f9d5a0f': None} {{(pid=92083) _load_shares_config /opt/stack/cinder/cinder/volume/drivers/quobyte.py:617}}
Jun 17 05:43:43 devstack cinder-volume[92083]: DEBUG cinder.volume.drivers.quobyte [None req-829a3afc-3e1b-485b-bd57-9ee5a485f807 tempest-VolumesListTestJSON-164431907 None] Available shares ['osci02.corp.quobyte.com/cinder-vol-ab5b2642-3b0a-4ce7-9002-fd9d9f9d5a0f'] {{(pid=92083) _ensure_shares_mounted /opt/stack/cinder/cinder/volume/drivers/quobyte.py:647}}
Jun 17 05:43:43 devstack cinder-volume[92083]: DEBUG oslo_concurrency.lockutils [None req-829a3afc-3e1b-485b-bd57-9ee5a485f807 tempest-VolumesListTestJSON-164431907 None] Lock "quobyte_ensure" "released" by "cinder.volume.drivers.quobyte.QuobyteDriver._ensure_shares_mounted" :: held 0.009s {{(pid=92083) inner /opt/stack/data/venv/lib/python3.12/site-packages/oslo_concurrency/lockutils.py:538}}
Jun 17 05:43:43 devstack cinder-volume[92083]: DEBUG cinder.volume.drivers.quobyte [None req-829a3afc-3e1b-485b-bd57-9ee5a485f807 tempest-VolumesListTestJSON-164431907 None] Selected osci02.corp.quobyte.com/cinder-vol-ab5b2642-3b0a-4ce7-9002-fd9d9f9d5a0f as target Quobyte volume. {{(pid=92083) _find_share /opt/stack/cinder/cinder/volume/drivers/quobyte.py:668}}
Jun 17 05:43:43 devstack cinder-volume[92083]: INFO cinder.volume.drivers.remotefs [None req-829a3afc-3e1b-485b-bd57-9ee5a485f807 tempest-VolumesListTestJSON-164431907 None] casted to osci02.corp.quobyte.com/cinder-vol-ab5b2642-3b0a-4ce7-9002-fd9d9f9d5a0f
Jun 17 05:43:43 devstack cinder-volume[92083]: DEBUG oslo_concurrency.processutils [None req-829a3afc-3e1b-485b-bd57-9ee5a485f807 tempest-VolumesListTestJSON-164431907 None] Running cmd (subprocess): sudo cinder-rootwrap /etc/cinder/rootwrap.conf qemu-img create -f qcow2 -o preallocation=metadata /opt/stack/data/cinder/mnt/79011e3549e7401e5bf5735ea72b5af7/volume-3fc272c7-3c7b-4571-83d0-1ccdf46bc2c9 1073741824 {{(pid=92083) execute /opt/stack/data/venv/lib/python3.12/site-packages/oslo_concurrency/processutils.py:440}}
Jun 17 05:43:43 devstack sudo[98426]: quobyte : PWD=/ ; USER=root ; COMMAND=/opt/stack/data/venv/bin/cinder-rootwrap /etc/cinder/rootwrap.conf qemu-img create -f qcow2 -o preallocation=metadata /opt/stack/data/cinder/mnt/79011e3549e7401e5bf5735ea72b5af7/volume-3fc272c7-3c7b-4571-83d0-1ccdf46bc2c9 1073741824
Jun 17 05:43:43 devstack sudo[98426]: pam_unix(sudo:session): session opened for user root(uid=0) by (uid=1000)
Jun 17 05:43:43 devstack cinder-volume[92083]: INFO cinder.volume.manager [None req-7b279b41-93ff-42d7-a1f7-dcc46a0f151e tempest-GroupSnapshotsTest-649875217 None] group_snapshot f3216112-7bf7-4fda-956d-afa485bec383: created successfully
Jun 17 05:43:44 devstack sudo[98426]: pam_unix(sudo:session): session closed for user root
Jun 17 05:43:44 devstack cinder-volume[92083]: DEBUG oslo_concurrency.processutils [None req-829a3afc-3e1b-485b-bd57-9ee5a485f807 tempest-VolumesListTestJSON-164431907 None] CMD "sudo cinder-rootwrap /etc/cinder/rootwrap.conf qemu-img create -f qcow2 -o preallocation=metadata /opt/stack/data/cinder/mnt/79011e3549e7401e5bf5735ea72b5af7/volume-3fc272c7-3c7b-4571-83d0-1ccdf46bc2c9 1073741824" returned: 0 in 1.026s {{(pid=92083) execute /opt/stack/data/venv/lib/python3.12/site-packages/oslo_concurrency/processutils.py:468}}
Jun 17 05:43:44 devstack cinder-volume[92083]: INFO cinder.volume.manager [None req-e55b52e9-e891-4361-936a-4e5c0e7c8e1a tempest-GroupSnapshotsTest-649875217 None] group_snapshot f3216112-7bf7-4fda-956d-afa485bec383: deleting
Jun 17 05:43:44 devstack cinder-volume[92083]: DEBUG cinder.volume.manager [None req-e55b52e9-e891-4361-936a-4e5c0e7c8e1a tempest-GroupSnapshotsTest-649875217 None] group_snapshot f3216112-7bf7-4fda-956d-afa485bec383: deleting {{(pid=92083) delete_group_snapshot /opt/stack/cinder/cinder/volume/manager.py:4350}}
Jun 17 05:43:44 devstack cinder-volume[92083]: DEBUG oslo_concurrency.processutils [None req-829a3afc-3e1b-485b-bd57-9ee5a485f807 tempest-VolumesListTestJSON-164431907 None] Running cmd (subprocess): sudo cinder-rootwrap /etc/cinder/rootwrap.conf chmod ugo+rw /opt/stack/data/cinder/mnt/79011e3549e7401e5bf5735ea72b5af7/volume-3fc272c7-3c7b-4571-83d0-1ccdf46bc2c9 {{(pid=92083) execute /opt/stack/data/venv/lib/python3.12/site-packages/oslo_concurrency/processutils.py:440}}
Jun 17 05:43:44 devstack cinder-volume[92083]: DEBUG cinder.coordination [None req-e55b52e9-e891-4361-936a-4e5c0e7c8e1a tempest-GroupSnapshotsTest-649875217 None] Acquiring lock "cinder-quobyte-779051a0-8c71-438a-876c-0063f6feaa63" by "delete_snapshot" {{(pid=92083) __acquire /opt/stack/cinder/cinder/coordination.py:138}}
Jun 17 05:43:44 devstack sudo[98436]: quobyte : PWD=/ ; USER=root ; COMMAND=/opt/stack/data/venv/bin/cinder-rootwrap /etc/cinder/rootwrap.conf chmod ugo+rw /opt/stack/data/cinder/mnt/79011e3549e7401e5bf5735ea72b5af7/volume-3fc272c7-3c7b-4571-83d0-1ccdf46bc2c9
Jun 17 05:43:44 devstack sudo[98436]: pam_unix(sudo:session): session opened for user root(uid=0) by (uid=1000)
Jun 17 05:43:44 devstack cinder-volume[92083]: DEBUG cinder.coordination [None req-e55b52e9-e891-4361-936a-4e5c0e7c8e1a tempest-GroupSnapshotsTest-649875217 None] Lock "cinder-quobyte-779051a0-8c71-438a-876c-0063f6feaa63" acquired by "delete_snapshot" :: waited 0.029s {{(pid=92083) __acquire /opt/stack/cinder/cinder/coordination.py:141}}
Jun 17 05:43:44 devstack cinder-volume[92083]: DEBUG cinder.coordination [None req-e55b52e9-e891-4361-936a-4e5c0e7c8e1a tempest-GroupSnapshotsTest-649875217 None] Acquiring lock "cinder-quobyte-28d2cd82-1e75-4c83-958c-60ef9cfd64a7" by "_delete_snapshot" {{(pid=92083) __acquire /opt/stack/cinder/cinder/coordination.py:138}}
Jun 17 05:43:44 devstack cinder-volume[92083]: DEBUG cinder.coordination [None req-e55b52e9-e891-4361-936a-4e5c0e7c8e1a tempest-GroupSnapshotsTest-649875217 None] Lock "cinder-quobyte-28d2cd82-1e75-4c83-958c-60ef9cfd64a7" acquired by "_delete_snapshot" :: waited 0.027s {{(pid=92083) __acquire /opt/stack/cinder/cinder/coordination.py:141}}
Jun 17 05:43:44 devstack cinder-volume[92083]: DEBUG cinder.volume.drivers.remotefs [None req-e55b52e9-e891-4361-936a-4e5c0e7c8e1a tempest-GroupSnapshotsTest-649875217 None] Deleting offline snapshot 28d2cd82-1e75-4c83-958c-60ef9cfd64a7 of volume 779051a0-8c71-438a-876c-0063f6feaa63 {{(pid=92083) _delete_snapshot /opt/stack/cinder/cinder/volume/drivers/remotefs.py:1288}}
Jun 17 05:43:44 devstack cinder-volume[92083]: DEBUG cinder.volume.drivers.remotefs [None req-e55b52e9-e891-4361-936a-4e5c0e7c8e1a tempest-GroupSnapshotsTest-649875217 None] snapshot_file for this snap is: volume-779051a0-8c71-438a-876c-0063f6feaa63.28d2cd82-1e75-4c83-958c-60ef9cfd64a7 {{(pid=92083) _delete_snapshot /opt/stack/cinder/cinder/volume/drivers/remotefs.py:1317}}
Jun 17 05:43:44 devstack cinder-volume[92083]: DEBUG oslo.privsep.daemon [-] privsep: reply[e04c3a14-c722-40cc-a965-f99b6c19c281]: (4, 'qcow2') {{(pid=92963) _call_back /opt/stack/data/venv/lib/python3.12/site-packages/oslo_privsep/daemon.py:573}}
Jun 17 05:43:44 devstack cinder-volume[92083]: DEBUG oslo_concurrency.processutils [None req-e55b52e9-e891-4361-936a-4e5c0e7c8e1a tempest-GroupSnapshotsTest-649875217 None] Running cmd (subprocess): /opt/stack/data/venv/bin/python3.12 -m oslo_concurrency.prlimit --as=1073741824 --cpu=60 -- sudo cinder-rootwrap /etc/cinder/rootwrap.conf env LC_ALL=C qemu-img info -f qcow2 --output=json --force-share /opt/stack/data/cinder/mnt/79011e3549e7401e5bf5735ea72b5af7/volume-779051a0-8c71-438a-876c-0063f6feaa63.28d2cd82-1e75-4c83-958c-60ef9cfd64a7 {{(pid=92083) execute /opt/stack/data/venv/lib/python3.12/site-packages/oslo_concurrency/processutils.py:440}}
Jun 17 05:43:45 devstack sudo[98438]: quobyte : PWD=/ ; USER=root ; COMMAND=/opt/stack/data/venv/bin/cinder-rootwrap /etc/cinder/rootwrap.conf env LC_ALL=C qemu-img info -f qcow2 --output=json --force-share /opt/stack/data/cinder/mnt/79011e3549e7401e5bf5735ea72b5af7/volume-779051a0-8c71-438a-876c-0063f6feaa63.28d2cd82-1e75-4c83-958c-60ef9cfd64a7
Jun 17 05:43:45 devstack sudo[98438]: pam_unix(sudo:session): session opened for user root(uid=0) by (uid=1000)
Jun 17 05:43:45 devstack sudo[98436]: pam_unix(sudo:session): session closed for user root
Jun 17 05:43:45 devstack cinder-volume[92083]: DEBUG oslo_concurrency.processutils [None req-829a3afc-3e1b-485b-bd57-9ee5a485f807 tempest-VolumesListTestJSON-164431907 None] CMD "sudo cinder-rootwrap /etc/cinder/rootwrap.conf chmod ugo+rw /opt/stack/data/cinder/mnt/79011e3549e7401e5bf5735ea72b5af7/volume-3fc272c7-3c7b-4571-83d0-1ccdf46bc2c9" returned: 0 in 0.804s {{(pid=92083) execute /opt/stack/data/venv/lib/python3.12/site-packages/oslo_concurrency/processutils.py:468}}
Jun 17 05:43:45 devstack cinder-volume[92083]: DEBUG cinder.volume.drivers.quobyte [None req-829a3afc-3e1b-485b-bd57-9ee5a485f807 tempest-VolumesListTestJSON-164431907 None] <== create_volume: return (1908ms) {'provider_location': 'osci02.corp.quobyte.com/cinder-vol-ab5b2642-3b0a-4ce7-9002-fd9d9f9d5a0f'} {{(pid=92083) trace_logging_wrapper /opt/stack/cinder/cinder/volume/volume_utils.py:1522}}
Jun 17 05:43:45 devstack cinder-volume[92083]: DEBUG oslo_concurrency.lockutils [None req-829a3afc-3e1b-485b-bd57-9ee5a485f807 tempest-VolumesListTestJSON-164431907 None] Lock "quobyte" "released" by "cinder.volume.drivers.quobyte.QuobyteDriver.create_volume" :: held 1.911s {{(pid=92083) inner /opt/stack/data/venv/lib/python3.12/site-packages/oslo_concurrency/lockutils.py:538}}
Jun 17 05:43:45 devstack cinder-volume[92083]: DEBUG cinder.volume.manager [None req-829a3afc-3e1b-485b-bd57-9ee5a485f807 tempest-VolumesListTestJSON-164431907 None] Task 'cinder.volume.flows.manager.create_volume.CreateVolumeFromSpecTask;volume:create' (34bad99f-1431-4c3c-b3b3-6eda85c2ac5d) transitioned into state 'SUCCESS' from state 'RUNNING' with result '{'status': 'creating', 'volume_name': 'volume-3fc272c7-3c7b-4571-83d0-1ccdf46bc2c9', 'volume_size': 1}' {{(pid=92083) _task_receiver /opt/stack/data/venv/lib/python3.12/site-packages/taskflow/listeners/logging.py:182}}
Jun 17 05:43:45 devstack cinder-volume[92083]: DEBUG cinder.volume.manager [None req-829a3afc-3e1b-485b-bd57-9ee5a485f807 tempest-VolumesListTestJSON-164431907 None] Task 'cinder.volume.flows.manager.create_volume.CreateVolumeOnFinishTask;volume:create, create.end' (90add0f9-ae42-4f7c-b56f-23b66f26e4cb) transitioned into state 'RUNNING' from state 'PENDING' {{(pid=92083) _task_receiver /opt/stack/data/venv/lib/python3.12/site-packages/taskflow/listeners/logging.py:194}}
Jun 17 05:43:45 devstack cinder-volume[92083]: INFO cinder.volume.flows.manager.create_volume [None req-829a3afc-3e1b-485b-bd57-9ee5a485f807 tempest-VolumesListTestJSON-164431907 None] Volume volume-3fc272c7-3c7b-4571-83d0-1ccdf46bc2c9 (3fc272c7-3c7b-4571-83d0-1ccdf46bc2c9): created successfully
Jun 17 05:43:45 devstack cinder-volume[92083]: DEBUG cinder.volume.manager [None req-829a3afc-3e1b-485b-bd57-9ee5a485f807 tempest-VolumesListTestJSON-164431907 None] Task 'cinder.volume.flows.manager.create_volume.CreateVolumeOnFinishTask;volume:create, create.end' (90add0f9-ae42-4f7c-b56f-23b66f26e4cb) transitioned into state 'SUCCESS' from state 'RUNNING' with result 'None' {{(pid=92083) _task_receiver /opt/stack/data/venv/lib/python3.12/site-packages/taskflow/listeners/logging.py:182}}
Jun 17 05:43:45 devstack cinder-volume[92083]: DEBUG cinder.volume.manager [None req-829a3afc-3e1b-485b-bd57-9ee5a485f807 tempest-VolumesListTestJSON-164431907 None] Flow 'volume_create_manager' (92612ba5-a03f-4667-8815-21244c89cb88) transitioned into state 'SUCCESS' from state 'RUNNING' {{(pid=92083) _flow_receiver /opt/stack/data/venv/lib/python3.12/site-packages/taskflow/listeners/logging.py:145}}
Jun 17 05:43:45 devstack cinder-volume[92083]: INFO cinder.volume.manager [None req-829a3afc-3e1b-485b-bd57-9ee5a485f807 tempest-VolumesListTestJSON-164431907 None] Created volume successfully.
Jun 17 05:43:45 devstack sudo[98438]: pam_unix(sudo:session): session closed for user root
Jun 17 05:43:45 devstack cinder-volume[92083]: DEBUG oslo_concurrency.processutils [None req-e55b52e9-e891-4361-936a-4e5c0e7c8e1a tempest-GroupSnapshotsTest-649875217 None] CMD "/opt/stack/data/venv/bin/python3.12 -m oslo_concurrency.prlimit --as=1073741824 --cpu=60 -- sudo cinder-rootwrap /etc/cinder/rootwrap.conf env LC_ALL=C qemu-img info -f qcow2 --output=json --force-share /opt/stack/data/cinder/mnt/79011e3549e7401e5bf5735ea72b5af7/volume-779051a0-8c71-438a-876c-0063f6feaa63.28d2cd82-1e75-4c83-958c-60ef9cfd64a7" returned: 0 in 1.021s {{(pid=92083) execute /opt/stack/data/venv/lib/python3.12/site-packages/oslo_concurrency/processutils.py:468}}
Jun 17 05:43:45 devstack cinder-volume[92083]: DEBUG cinder.volume.drivers.remotefs [None req-e55b52e9-e891-4361-936a-4e5c0e7c8e1a tempest-GroupSnapshotsTest-649875217 None] Fetching qemu-img info with special backing_file_template: (/opt/stack/data/cinder/mnt/[0-9a-f]+/)?(volume-779051a0-8c71-438a-876c-0063f6feaa63(.(tmp-snap-)?[0-9a-f-]+)?|volume_from_snapshot_cache/(tmp-snap-)?[0-9a-f-]+(.(child-|parent-)[0-9a-f-]+)?)$ {{(pid=92083) _qemu_img_info_base /opt/stack/cinder/cinder/volume/drivers/remotefs.py:896}}
Jun 17 05:43:46 devstack cinder-volume[92083]: DEBUG oslo.privsep.daemon [-] privsep: reply[78e66c3a-2c76-4383-983d-710a4eeba31e]: (4, 'qcow2') {{(pid=92963) _call_back /opt/stack/data/venv/lib/python3.12/site-packages/oslo_privsep/daemon.py:573}}
Jun 17 05:43:46 devstack cinder-volume[92083]: DEBUG oslo_concurrency.processutils [None req-e55b52e9-e891-4361-936a-4e5c0e7c8e1a tempest-GroupSnapshotsTest-649875217 None] Running cmd (subprocess): /opt/stack/data/venv/bin/python3.12 -m oslo_concurrency.prlimit --as=1073741824 --cpu=60 -- sudo cinder-rootwrap /etc/cinder/rootwrap.conf env LC_ALL=C qemu-img info -f qcow2 --output=json --force-share /opt/stack/data/cinder/mnt/79011e3549e7401e5bf5735ea72b5af7/volume-779051a0-8c71-438a-876c-0063f6feaa63 {{(pid=92083) execute /opt/stack/data/venv/lib/python3.12/site-packages/oslo_concurrency/processutils.py:440}}
Jun 17 05:43:46 devstack sudo[98447]: quobyte : PWD=/ ; USER=root ; COMMAND=/opt/stack/data/venv/bin/cinder-rootwrap /etc/cinder/rootwrap.conf env LC_ALL=C qemu-img info -f qcow2 --output=json --force-share /opt/stack/data/cinder/mnt/79011e3549e7401e5bf5735ea72b5af7/volume-779051a0-8c71-438a-876c-0063f6feaa63
Jun 17 05:43:46 devstack sudo[98447]: pam_unix(sudo:session): session opened for user root(uid=0) by (uid=1000)
Jun 17 05:43:46 devstack sudo[98447]: pam_unix(sudo:session): session closed for user root
Jun 17 05:43:46 devstack cinder-volume[92083]: DEBUG oslo_concurrency.processutils [None req-e55b52e9-e891-4361-936a-4e5c0e7c8e1a tempest-GroupSnapshotsTest-649875217 None] CMD "/opt/stack/data/venv/bin/python3.12 -m oslo_concurrency.prlimit --as=1073741824 --cpu=60 -- sudo cinder-rootwrap /etc/cinder/rootwrap.conf env LC_ALL=C qemu-img info -f qcow2 --output=json --force-share /opt/stack/data/cinder/mnt/79011e3549e7401e5bf5735ea72b5af7/volume-779051a0-8c71-438a-876c-0063f6feaa63" returned: 0 in 0.769s {{(pid=92083) execute /opt/stack/data/venv/lib/python3.12/site-packages/oslo_concurrency/processutils.py:468}}
Jun 17 05:43:46 devstack cinder-volume[92083]: DEBUG oslo_concurrency.processutils [None req-e55b52e9-e891-4361-936a-4e5c0e7c8e1a tempest-GroupSnapshotsTest-649875217 None] Running cmd (subprocess): sudo cinder-rootwrap /etc/cinder/rootwrap.conf qemu-img commit -d /opt/stack/data/cinder/mnt/79011e3549e7401e5bf5735ea72b5af7/volume-779051a0-8c71-438a-876c-0063f6feaa63.28d2cd82-1e75-4c83-958c-60ef9cfd64a7 {{(pid=92083) execute /opt/stack/data/venv/lib/python3.12/site-packages/oslo_concurrency/processutils.py:440}}
Jun 17 05:43:46 devstack sudo[98452]: quobyte : PWD=/ ; USER=root ; COMMAND=/opt/stack/data/venv/bin/cinder-rootwrap /etc/cinder/rootwrap.conf qemu-img commit -d /opt/stack/data/cinder/mnt/79011e3549e7401e5bf5735ea72b5af7/volume-779051a0-8c71-438a-876c-0063f6feaa63.28d2cd82-1e75-4c83-958c-60ef9cfd64a7
Jun 17 05:43:46 devstack sudo[98452]: pam_unix(sudo:session): session opened for user root(uid=0) by (uid=1000)
Jun 17 05:43:47 devstack sudo[98452]: pam_unix(sudo:session): session closed for user root
Jun 17 05:43:47 devstack cinder-volume[92083]: DEBUG oslo_concurrency.processutils [None req-e55b52e9-e891-4361-936a-4e5c0e7c8e1a tempest-GroupSnapshotsTest-649875217 None] CMD "sudo cinder-rootwrap /etc/cinder/rootwrap.conf qemu-img commit -d /opt/stack/data/cinder/mnt/79011e3549e7401e5bf5735ea72b5af7/volume-779051a0-8c71-438a-876c-0063f6feaa63.28d2cd82-1e75-4c83-958c-60ef9cfd64a7" returned: 0 in 0.765s {{(pid=92083) execute /opt/stack/data/venv/lib/python3.12/site-packages/oslo_concurrency/processutils.py:468}}
Jun 17 05:43:47 devstack cinder-volume[92083]: DEBUG oslo_concurrency.processutils [None req-e55b52e9-e891-4361-936a-4e5c0e7c8e1a tempest-GroupSnapshotsTest-649875217 None] Running cmd (subprocess): sudo cinder-rootwrap /etc/cinder/rootwrap.conf rm -f /opt/stack/data/cinder/mnt/79011e3549e7401e5bf5735ea72b5af7/volume-779051a0-8c71-438a-876c-0063f6feaa63.28d2cd82-1e75-4c83-958c-60ef9cfd64a7 {{(pid=92083) execute /opt/stack/data/venv/lib/python3.12/site-packages/oslo_concurrency/processutils.py:440}}
Jun 17 05:43:47 devstack sudo[98458]: quobyte : PWD=/ ; USER=root ; COMMAND=/opt/stack/data/venv/bin/cinder-rootwrap /etc/cinder/rootwrap.conf rm -f /opt/stack/data/cinder/mnt/79011e3549e7401e5bf5735ea72b5af7/volume-779051a0-8c71-438a-876c-0063f6feaa63.28d2cd82-1e75-4c83-958c-60ef9cfd64a7
Jun 17 05:43:47 devstack sudo[98458]: pam_unix(sudo:session): session opened for user root(uid=0) by (uid=1000)
Jun 17 05:43:48 devstack sudo[98458]: pam_unix(sudo:session): session closed for user root
Jun 17 05:43:48 devstack cinder-volume[92083]: DEBUG oslo_concurrency.processutils [None req-e55b52e9-e891-4361-936a-4e5c0e7c8e1a tempest-GroupSnapshotsTest-649875217 None] CMD "sudo cinder-rootwrap /etc/cinder/rootwrap.conf rm -f /opt/stack/data/cinder/mnt/79011e3549e7401e5bf5735ea72b5af7/volume-779051a0-8c71-438a-876c-0063f6feaa63.28d2cd82-1e75-4c83-958c-60ef9cfd64a7" returned: 0 in 0.629s {{(pid=92083) execute /opt/stack/data/venv/lib/python3.12/site-packages/oslo_concurrency/processutils.py:468}}
Jun 17 05:43:48 devstack cinder-volume[92083]: DEBUG cinder.coordination [None req-e55b52e9-e891-4361-936a-4e5c0e7c8e1a tempest-GroupSnapshotsTest-649875217 None] Lock "cinder-quobyte-28d2cd82-1e75-4c83-958c-60ef9cfd64a7" released by "_delete_snapshot" :: held 3.320s {{(pid=92083) __release /opt/stack/cinder/cinder/coordination.py:152}}
Jun 17 05:43:48 devstack cinder-volume[92083]: DEBUG cinder.coordination [None req-e55b52e9-e891-4361-936a-4e5c0e7c8e1a tempest-GroupSnapshotsTest-649875217 None] Lock "cinder-quobyte-779051a0-8c71-438a-876c-0063f6feaa63" released by "delete_snapshot" :: held 3.355s {{(pid=92083) __release /opt/stack/cinder/cinder/coordination.py:152}}
Jun 17 05:43:48 devstack cinder-volume[92083]: DEBUG cinder.coordination [None req-e55b52e9-e891-4361-936a-4e5c0e7c8e1a tempest-GroupSnapshotsTest-649875217 None] Acquiring lock "cinder-quobyte-ade49af7-bcc7-450a-ba66-8f76865d8211" by "delete_snapshot" {{(pid=92083) __acquire /opt/stack/cinder/cinder/coordination.py:138}}
Jun 17 05:43:48 devstack cinder-volume[92083]: DEBUG cinder.coordination [None req-e55b52e9-e891-4361-936a-4e5c0e7c8e1a tempest-GroupSnapshotsTest-649875217 None] Lock "cinder-quobyte-ade49af7-bcc7-450a-ba66-8f76865d8211" acquired by "delete_snapshot" :: waited 0.015s {{(pid=92083) __acquire /opt/stack/cinder/cinder/coordination.py:141}}
Jun 17 05:43:48 devstack cinder-volume[92083]: DEBUG cinder.coordination [None req-e55b52e9-e891-4361-936a-4e5c0e7c8e1a tempest-GroupSnapshotsTest-649875217 None] Acquiring lock "cinder-quobyte-c6119329-72d1-4d6e-9cdd-026355695821" by "_delete_snapshot" {{(pid=92083) __acquire /opt/stack/cinder/cinder/coordination.py:138}}
Jun 17 05:43:48 devstack cinder-volume[92083]: DEBUG cinder.coordination [None req-e55b52e9-e891-4361-936a-4e5c0e7c8e1a tempest-GroupSnapshotsTest-649875217 None] Lock "cinder-quobyte-c6119329-72d1-4d6e-9cdd-026355695821" acquired by "_delete_snapshot" :: waited 0.016s {{(pid=92083) __acquire /opt/stack/cinder/cinder/coordination.py:141}}
Jun 17 05:43:48 devstack cinder-volume[92083]: DEBUG cinder.volume.drivers.remotefs [None req-e55b52e9-e891-4361-936a-4e5c0e7c8e1a tempest-GroupSnapshotsTest-649875217 None] Deleting offline snapshot c6119329-72d1-4d6e-9cdd-026355695821 of volume ade49af7-bcc7-450a-ba66-8f76865d8211 {{(pid=92083) _delete_snapshot /opt/stack/cinder/cinder/volume/drivers/remotefs.py:1288}}
Jun 17 05:43:48 devstack cinder-volume[92083]: DEBUG cinder.volume.drivers.remotefs [None req-e55b52e9-e891-4361-936a-4e5c0e7c8e1a tempest-GroupSnapshotsTest-649875217 None] snapshot_file for this snap is: volume-ade49af7-bcc7-450a-ba66-8f76865d8211.c6119329-72d1-4d6e-9cdd-026355695821 {{(pid=92083) _delete_snapshot /opt/stack/cinder/cinder/volume/drivers/remotefs.py:1317}}
Jun 17 05:43:48 devstack cinder-volume[92083]: DEBUG cinder.coordination [None req-2a95fd12-6c6a-4735-8135-3481118f1611 tempest-VolumesListTestJSON-164431907 None] Acquiring lock "cinder-3fc272c7-3c7b-4571-83d0-1ccdf46bc2c9-delete_volume" by "delete_volume" {{(pid=92083) __acquire /opt/stack/cinder/cinder/coordination.py:138}}
Jun 17 05:43:48 devstack cinder-volume[92083]: DEBUG oslo.privsep.daemon [-] privsep: reply[348b8fcf-a9e9-441c-98e8-2264d6a1dbeb]: (4, 'qcow2') {{(pid=92963) _call_back /opt/stack/data/venv/lib/python3.12/site-packages/oslo_privsep/daemon.py:573}}
Jun 17 05:43:48 devstack cinder-volume[92083]: DEBUG oslo_concurrency.processutils [None req-e55b52e9-e891-4361-936a-4e5c0e7c8e1a tempest-GroupSnapshotsTest-649875217 None] Running cmd (subprocess): /opt/stack/data/venv/bin/python3.12 -m oslo_concurrency.prlimit --as=1073741824 --cpu=60 -- sudo cinder-rootwrap /etc/cinder/rootwrap.conf env LC_ALL=C qemu-img info -f qcow2 --output=json --force-share /opt/stack/data/cinder/mnt/79011e3549e7401e5bf5735ea72b5af7/volume-ade49af7-bcc7-450a-ba66-8f76865d8211.c6119329-72d1-4d6e-9cdd-026355695821 {{(pid=92083) execute /opt/stack/data/venv/lib/python3.12/site-packages/oslo_concurrency/processutils.py:440}}
Jun 17 05:43:48 devstack cinder-volume[92083]: DEBUG cinder.coordination [None req-2a95fd12-6c6a-4735-8135-3481118f1611 tempest-VolumesListTestJSON-164431907 None] Lock "cinder-3fc272c7-3c7b-4571-83d0-1ccdf46bc2c9-delete_volume" acquired by "delete_volume" :: waited 0.024s {{(pid=92083) __acquire /opt/stack/cinder/cinder/coordination.py:141}}
Jun 17 05:43:48 devstack cinder-volume[92083]: DEBUG cinder.coordination [None req-2a95fd12-6c6a-4735-8135-3481118f1611 tempest-VolumesListTestJSON-164431907 None] Acquiring lock "cinder-quobyte-3fc272c7-3c7b-4571-83d0-1ccdf46bc2c9" by "delete_volume" {{(pid=92083) __acquire /opt/stack/cinder/cinder/coordination.py:138}}
Jun 17 05:43:48 devstack cinder-volume[92083]: DEBUG cinder.coordination [None req-2a95fd12-6c6a-4735-8135-3481118f1611 tempest-VolumesListTestJSON-164431907 None] Lock "cinder-quobyte-3fc272c7-3c7b-4571-83d0-1ccdf46bc2c9" acquired by "delete_volume" :: waited 0.018s {{(pid=92083) __acquire /opt/stack/cinder/cinder/coordination.py:141}}
Jun 17 05:43:48 devstack cinder-volume[92083]: DEBUG oslo.privsep.daemon [-] privsep: reply[8604e3bb-f145-4c68-a80b-514e694b0f3b]: (4, 'qcow2') {{(pid=92963) _call_back /opt/stack/data/venv/lib/python3.12/site-packages/oslo_privsep/daemon.py:573}}
Jun 17 05:43:48 devstack cinder-volume[92083]: DEBUG oslo_concurrency.processutils [None req-2a95fd12-6c6a-4735-8135-3481118f1611 tempest-VolumesListTestJSON-164431907 None] Running cmd (subprocess): /opt/stack/data/venv/bin/python3.12 -m oslo_concurrency.prlimit --as=1073741824 --cpu=60 -- sudo cinder-rootwrap /etc/cinder/rootwrap.conf env LC_ALL=C qemu-img info -f qcow2 --output=json --force-share /opt/stack/data/cinder/mnt/79011e3549e7401e5bf5735ea72b5af7/volume-3fc272c7-3c7b-4571-83d0-1ccdf46bc2c9 {{(pid=92083) execute /opt/stack/data/venv/lib/python3.12/site-packages/oslo_concurrency/processutils.py:440}}
Jun 17 05:43:48 devstack sudo[98461]: quobyte : PWD=/ ; USER=root ; COMMAND=/opt/stack/data/venv/bin/cinder-rootwrap /etc/cinder/rootwrap.conf env LC_ALL=C qemu-img info -f qcow2 --output=json --force-share /opt/stack/data/cinder/mnt/79011e3549e7401e5bf5735ea72b5af7/volume-ade49af7-bcc7-450a-ba66-8f76865d8211.c6119329-72d1-4d6e-9cdd-026355695821
Jun 17 05:43:48 devstack sudo[98461]: pam_unix(sudo:session): session opened for user root(uid=0) by (uid=1000)
