Jun 24 00:20:48 devstack cinder-volume[94163]: DEBUG oslo_concurrency.processutils [None req-c9309123-a902-465f-bf08-afcb0778c8f4 tempest-GroupSnapshotsTest-2126248613 None] Running cmd (subprocess): sudo cinder-rootwrap /etc/cinder/rootwrap.conf qemu-img create -f qcow2 -o preallocation=metadata /opt/stack/data/cinder/mnt/b8084150eac6be4c1c7ca4d7c0fc739e/volume-80975647-6d9d-43e8-b901-ec4c9d141720 1073741824 {{(pid=94163) execute /opt/stack/data/venv/lib/python3.12/site-packages/oslo_concurrency/processutils.py:440}}
Jun 24 00:20:48 devstack sudo[100731]: quobyte : PWD=/ ; USER=root ; COMMAND=/opt/stack/data/venv/bin/cinder-rootwrap /etc/cinder/rootwrap.conf qemu-img create -f qcow2 -o preallocation=metadata /opt/stack/data/cinder/mnt/b8084150eac6be4c1c7ca4d7c0fc739e/volume-80975647-6d9d-43e8-b901-ec4c9d141720 1073741824
Jun 24 00:20:48 devstack sudo[100731]: pam_unix(sudo:session): session opened for user root(uid=0) by (uid=1000)
Jun 24 00:20:49 devstack sudo[100731]: pam_unix(sudo:session): session closed for user root
Jun 24 00:20:49 devstack cinder-volume[94163]: DEBUG oslo_concurrency.processutils [None req-c9309123-a902-465f-bf08-afcb0778c8f4 tempest-GroupSnapshotsTest-2126248613 None] CMD "sudo cinder-rootwrap /etc/cinder/rootwrap.conf qemu-img create -f qcow2 -o preallocation=metadata /opt/stack/data/cinder/mnt/b8084150eac6be4c1c7ca4d7c0fc739e/volume-80975647-6d9d-43e8-b901-ec4c9d141720 1073741824" returned: 0 in 1.547s {{(pid=94163) execute /opt/stack/data/venv/lib/python3.12/site-packages/oslo_concurrency/processutils.py:468}}
Jun 24 00:20:49 devstack cinder-volume[94163]: DEBUG oslo_concurrency.processutils [None req-c9309123-a902-465f-bf08-afcb0778c8f4 tempest-GroupSnapshotsTest-2126248613 None] Running cmd (subprocess): sudo cinder-rootwrap /etc/cinder/rootwrap.conf chmod ugo+rw /opt/stack/data/cinder/mnt/b8084150eac6be4c1c7ca4d7c0fc739e/volume-80975647-6d9d-43e8-b901-ec4c9d141720 {{(pid=94163) execute /opt/stack/data/venv/lib/python3.12/site-packages/oslo_concurrency/processutils.py:440}}
Jun 24 00:20:49 devstack sudo[100737]: quobyte : PWD=/ ; USER=root ; COMMAND=/opt/stack/data/venv/bin/cinder-rootwrap /etc/cinder/rootwrap.conf chmod ugo+rw /opt/stack/data/cinder/mnt/b8084150eac6be4c1c7ca4d7c0fc739e/volume-80975647-6d9d-43e8-b901-ec4c9d141720
Jun 24 00:20:49 devstack sudo[100737]: pam_unix(sudo:session): session opened for user root(uid=0) by (uid=1000)
Jun 24 00:20:50 devstack sudo[100737]: pam_unix(sudo:session): session closed for user root
Jun 24 00:20:50 devstack cinder-volume[94163]: DEBUG oslo_concurrency.processutils [None req-c9309123-a902-465f-bf08-afcb0778c8f4 tempest-GroupSnapshotsTest-2126248613 None] CMD "sudo cinder-rootwrap /etc/cinder/rootwrap.conf chmod ugo+rw /opt/stack/data/cinder/mnt/b8084150eac6be4c1c7ca4d7c0fc739e/volume-80975647-6d9d-43e8-b901-ec4c9d141720" returned: 0 in 0.969s {{(pid=94163) execute /opt/stack/data/venv/lib/python3.12/site-packages/oslo_concurrency/processutils.py:468}}
Jun 24 00:20:50 devstack cinder-volume[94163]: DEBUG cinder.volume.drivers.quobyte [None req-c9309123-a902-465f-bf08-afcb0778c8f4 tempest-GroupSnapshotsTest-2126248613 None] <== create_volume: return (2584ms) {'provider_location': 'osci02.corp.quobyte.com/cinder-vol-57e451ad-76ca-4a80-b902-9308cbf531a3'} {{(pid=94163) trace_logging_wrapper /opt/stack/cinder/cinder/volume/volume_utils.py:1522}}
Jun 24 00:20:50 devstack cinder-volume[94163]: DEBUG oslo_concurrency.lockutils [None req-c9309123-a902-465f-bf08-afcb0778c8f4 tempest-GroupSnapshotsTest-2126248613 None] Lock "quobyte" "released" by "cinder.volume.drivers.quobyte.QuobyteDriver.create_volume" :: held 2.587s {{(pid=94163) inner /opt/stack/data/venv/lib/python3.12/site-packages/oslo_concurrency/lockutils.py:543}}
Jun 24 00:20:50 devstack cinder-volume[94163]: DEBUG cinder.volume.manager [None req-c9309123-a902-465f-bf08-afcb0778c8f4 tempest-GroupSnapshotsTest-2126248613 None] Task 'cinder.volume.flows.manager.create_volume.CreateVolumeFromSpecTask;volume:create' (df144b11-e71a-414e-a402-92959813bbab) transitioned into state 'SUCCESS' from state 'RUNNING' with result '{'status': 'creating', 'volume_name': 'volume-80975647-6d9d-43e8-b901-ec4c9d141720', 'volume_size': 1}' {{(pid=94163) _task_receiver /opt/stack/data/venv/lib/python3.12/site-packages/taskflow/listeners/logging.py:218}}
Jun 24 00:20:50 devstack cinder-volume[94163]: DEBUG cinder.volume.manager [None req-c9309123-a902-465f-bf08-afcb0778c8f4 tempest-GroupSnapshotsTest-2126248613 None] Task 'cinder.volume.flows.manager.create_volume.CreateVolumeOnFinishTask;volume:create, create.end' (71cfc46a-4606-4a94-90f4-a1ab78023111) transitioned into state 'RUNNING' from state 'PENDING' {{(pid=94163) _task_receiver /opt/stack/data/venv/lib/python3.12/site-packages/taskflow/listeners/logging.py:242}}
Jun 24 00:20:50 devstack cinder-volume[94163]: INFO cinder.volume.flows.manager.create_volume [None req-c9309123-a902-465f-bf08-afcb0778c8f4 tempest-GroupSnapshotsTest-2126248613 None] Volume volume-80975647-6d9d-43e8-b901-ec4c9d141720 (80975647-6d9d-43e8-b901-ec4c9d141720): created successfully
Jun 24 00:20:50 devstack cinder-volume[94163]: DEBUG cinder.volume.manager [None req-c9309123-a902-465f-bf08-afcb0778c8f4 tempest-GroupSnapshotsTest-2126248613 None] Task 'cinder.volume.flows.manager.create_volume.CreateVolumeOnFinishTask;volume:create, create.end' (71cfc46a-4606-4a94-90f4-a1ab78023111) transitioned into state 'SUCCESS' from state 'RUNNING' with result 'None' {{(pid=94163) _task_receiver /opt/stack/data/venv/lib/python3.12/site-packages/taskflow/listeners/logging.py:218}}
Jun 24 00:20:50 devstack cinder-volume[94163]: DEBUG cinder.volume.manager [None req-c9309123-a902-465f-bf08-afcb0778c8f4 tempest-GroupSnapshotsTest-2126248613 None] Flow 'volume_create_manager' (4d4c25f8-c4b5-40de-bd9f-5646876c4da0) transitioned into state 'SUCCESS' from state 'RUNNING' {{(pid=94163) _flow_receiver /opt/stack/data/venv/lib/python3.12/site-packages/taskflow/listeners/logging.py:160}}
Jun 24 00:20:50 devstack cinder-volume[94163]: INFO cinder.volume.manager [None req-c9309123-a902-465f-bf08-afcb0778c8f4 tempest-GroupSnapshotsTest-2126248613 None] Created volume successfully.
Jun 24 00:20:51 devstack cinder-volume[94163]: INFO cinder.volume.manager [None req-c6f10ded-f229-484b-82ea-0479f3cb161c tempest-GroupSnapshotsTest-2126248613 None] Update group completed successfully.
Jun 24 00:20:53 devstack cinder-volume[94163]: INFO cinder.volume.manager [None req-223416f9-268c-4428-9450-b49eb66f49a2 tempest-GroupSnapshotsTest-2126248613 None] Update group completed successfully.
Jun 24 00:20:54 devstack cinder-volume[94163]: INFO cinder.volume.manager [None req-acef31f9-7097-4dce-a025-1b040ce50b97 tempest-GroupSnapshotsTest-2126248613 None] Update group completed successfully.
Jun 24 00:20:55 devstack cinder-volume[94163]: INFO cinder.volume.manager [None req-2b25e9bf-881a-447e-a699-224c5d94582d tempest-GroupSnapshotsTest-2126248613 None] Update group completed successfully.
Jun 24 00:20:57 devstack cinder-volume[94163]: INFO cinder.volume.manager [None req-370f2d53-edd4-4995-a2d6-d1ad3f31d9d8 tempest-GroupSnapshotsTest-2126248613 None] GroupSnapshot c68f787c-2850-46a7-8776-554f0f436123: creating.
Jun 24 00:20:57 devstack cinder-volume[94163]: DEBUG cinder.volume.manager [None req-370f2d53-edd4-4995-a2d6-d1ad3f31d9d8 tempest-GroupSnapshotsTest-2126248613 None] Group snapshot c68f787c-2850-46a7-8776-554f0f436123: creating. {{(pid=94163) create_group_snapshot /opt/stack/cinder/cinder/volume/manager.py:4175}}
Jun 24 00:20:57 devstack cinder-volume[94163]: DEBUG oslo_concurrency.lockutils [None req-370f2d53-edd4-4995-a2d6-d1ad3f31d9d8 tempest-GroupSnapshotsTest-2126248613 None] Acquiring lock "quobyte" by "cinder.volume.drivers.quobyte.QuobyteDriver.create_snapshot" {{(pid=94163) inner /opt/stack/data/venv/lib/python3.12/site-packages/oslo_concurrency/lockutils.py:511}}
Jun 24 00:20:57 devstack cinder-volume[94163]: DEBUG oslo_concurrency.lockutils [None req-370f2d53-edd4-4995-a2d6-d1ad3f31d9d8 tempest-GroupSnapshotsTest-2126248613 None] Lock "quobyte" acquired by "cinder.volume.drivers.quobyte.QuobyteDriver.create_snapshot" :: waited 0.001s {{(pid=94163) inner /opt/stack/data/venv/lib/python3.12/site-packages/oslo_concurrency/lockutils.py:524}}
Jun 24 00:20:57 devstack cinder-volume[94163]: DEBUG cinder.volume.drivers.remotefs [None req-370f2d53-edd4-4995-a2d6-d1ad3f31d9d8 tempest-GroupSnapshotsTest-2126248613 None] Creating offline snapshot 06e63032-5055-434b-b883-8d7572a026e6 of volume 80975647-6d9d-43e8-b901-ec4c9d141720 {{(pid=94163) _create_snapshot /opt/stack/cinder/cinder/volume/drivers/remotefs.py:1816}}
Jun 24 00:20:57 devstack cinder-volume[94163]: DEBUG oslo.privsep.daemon [-] privsep: reply[76217cf9-1ac8-4901-bad0-f61229d6a9c9]: (4, 'qcow2') {{(pid=95934) _call_back /opt/stack/data/venv/lib/python3.12/site-packages/oslo_privsep/daemon.py:580}}
Jun 24 00:20:57 devstack cinder-volume[94163]: DEBUG oslo_concurrency.processutils [None req-370f2d53-edd4-4995-a2d6-d1ad3f31d9d8 tempest-GroupSnapshotsTest-2126248613 None] Running cmd (subprocess): /opt/stack/data/venv/bin/python3.12 -m oslo_concurrency.prlimit --as=1073741824 --cpu=60 -- sudo cinder-rootwrap /etc/cinder/rootwrap.conf env LC_ALL=C qemu-img info -f qcow2 --output=json --force-share /opt/stack/data/cinder/mnt/b8084150eac6be4c1c7ca4d7c0fc739e/volume-80975647-6d9d-43e8-b901-ec4c9d141720 {{(pid=94163) execute /opt/stack/data/venv/lib/python3.12/site-packages/oslo_concurrency/processutils.py:440}}
Jun 24 00:20:57 devstack sudo[100753]: quobyte : PWD=/ ; USER=root ; COMMAND=/opt/stack/data/venv/bin/cinder-rootwrap /etc/cinder/rootwrap.conf env LC_ALL=C qemu-img info -f qcow2 --output=json --force-share /opt/stack/data/cinder/mnt/b8084150eac6be4c1c7ca4d7c0fc739e/volume-80975647-6d9d-43e8-b901-ec4c9d141720
Jun 24 00:20:57 devstack sudo[100753]: pam_unix(sudo:session): session opened for user root(uid=0) by (uid=1000)
Jun 24 00:20:58 devstack sudo[100753]: pam_unix(sudo:session): session closed for user root
Jun 24 00:20:58 devstack cinder-volume[94163]: DEBUG oslo_concurrency.processutils [None req-370f2d53-edd4-4995-a2d6-d1ad3f31d9d8 tempest-GroupSnapshotsTest-2126248613 None] CMD "/opt/stack/data/venv/bin/python3.12 -m oslo_concurrency.prlimit --as=1073741824 --cpu=60 -- sudo cinder-rootwrap /etc/cinder/rootwrap.conf env LC_ALL=C qemu-img info -f qcow2 --output=json --force-share /opt/stack/data/cinder/mnt/b8084150eac6be4c1c7ca4d7c0fc739e/volume-80975647-6d9d-43e8-b901-ec4c9d141720" returned: 0 in 0.945s {{(pid=94163) execute /opt/stack/data/venv/lib/python3.12/site-packages/oslo_concurrency/processutils.py:468}}
Jun 24 00:20:58 devstack cinder-volume[94163]: DEBUG oslo_concurrency.processutils [None req-370f2d53-edd4-4995-a2d6-d1ad3f31d9d8 tempest-GroupSnapshotsTest-2126248613 None] Running cmd (subprocess): sudo cinder-rootwrap /etc/cinder/rootwrap.conf qemu-img create -f qcow2 -o backing_file=/opt/stack/data/cinder/mnt/b8084150eac6be4c1c7ca4d7c0fc739e/volume-80975647-6d9d-43e8-b901-ec4c9d141720,backing_fmt=qcow2 /opt/stack/data/cinder/mnt/b8084150eac6be4c1c7ca4d7c0fc739e/volume-80975647-6d9d-43e8-b901-ec4c9d141720.06e63032-5055-434b-b883-8d7572a026e6 1G {{(pid=94163) execute /opt/stack/data/venv/lib/python3.12/site-packages/oslo_concurrency/processutils.py:440}}
Jun 24 00:20:58 devstack sudo[100759]: quobyte : PWD=/ ; USER=root ; COMMAND=/opt/stack/data/venv/bin/cinder-rootwrap /etc/cinder/rootwrap.conf qemu-img create -f qcow2 -o backing_file=/opt/stack/data/cinder/mnt/b8084150eac6be4c1c7ca4d7c0fc739e/volume-80975647-6d9d-43e8-b901-ec4c9d141720,backing_fmt=qcow2 /opt/stack/data/cinder/mnt/b8084150eac6be4c1c7ca4d7c0fc739e/volume-80975647-6d9d-43e8-b901-ec4c9d141720.06e63032-5055-434b-b883-8d7572a026e6 1G
Jun 24 00:20:58 devstack sudo[100759]: pam_unix(sudo:session): session opened for user root(uid=0) by (uid=1000)
Jun 24 00:20:59 devstack sudo[100759]: pam_unix(sudo:session): session closed for user root
Jun 24 00:20:59 devstack cinder-volume[94163]: DEBUG oslo_concurrency.processutils [None req-370f2d53-edd4-4995-a2d6-d1ad3f31d9d8 tempest-GroupSnapshotsTest-2126248613 None] CMD "sudo cinder-rootwrap /etc/cinder/rootwrap.conf qemu-img create -f qcow2 -o backing_file=/opt/stack/data/cinder/mnt/b8084150eac6be4c1c7ca4d7c0fc739e/volume-80975647-6d9d-43e8-b901-ec4c9d141720,backing_fmt=qcow2 /opt/stack/data/cinder/mnt/b8084150eac6be4c1c7ca4d7c0fc739e/volume-80975647-6d9d-43e8-b901-ec4c9d141720.06e63032-5055-434b-b883-8d7572a026e6 1G" returned: 0 in 1.003s {{(pid=94163) execute /opt/stack/data/venv/lib/python3.12/site-packages/oslo_concurrency/processutils.py:468}}
Jun 24 00:20:59 devstack cinder-volume[94163]: DEBUG oslo_concurrency.processutils [None req-370f2d53-edd4-4995-a2d6-d1ad3f31d9d8 tempest-GroupSnapshotsTest-2126248613 None] Running cmd (subprocess): sudo cinder-rootwrap /etc/cinder/rootwrap.conf qemu-img rebase -u -b volume-80975647-6d9d-43e8-b901-ec4c9d141720 -F qcow2 /opt/stack/data/cinder/mnt/b8084150eac6be4c1c7ca4d7c0fc739e/volume-80975647-6d9d-43e8-b901-ec4c9d141720.06e63032-5055-434b-b883-8d7572a026e6 {{(pid=94163) execute /opt/stack/data/venv/lib/python3.12/site-packages/oslo_concurrency/processutils.py:440}}
Jun 24 00:20:59 devstack sudo[100769]: quobyte : PWD=/ ; USER=root ; COMMAND=/opt/stack/data/venv/bin/cinder-rootwrap /etc/cinder/rootwrap.conf qemu-img rebase -u -b volume-80975647-6d9d-43e8-b901-ec4c9d141720 -F qcow2 /opt/stack/data/cinder/mnt/b8084150eac6be4c1c7ca4d7c0fc739e/volume-80975647-6d9d-43e8-b901-ec4c9d141720.06e63032-5055-434b-b883-8d7572a026e6
Jun 24 00:20:59 devstack sudo[100769]: pam_unix(sudo:session): session opened for user root(uid=0) by (uid=1000)
Jun 24 00:21:00 devstack sudo[100769]: pam_unix(sudo:session): session closed for user root
Jun 24 00:21:00 devstack cinder-volume[94163]: DEBUG oslo_concurrency.processutils [None req-370f2d53-edd4-4995-a2d6-d1ad3f31d9d8 tempest-GroupSnapshotsTest-2126248613 None] CMD "sudo cinder-rootwrap /etc/cinder/rootwrap.conf qemu-img rebase -u -b volume-80975647-6d9d-43e8-b901-ec4c9d141720 -F qcow2 /opt/stack/data/cinder/mnt/b8084150eac6be4c1c7ca4d7c0fc739e/volume-80975647-6d9d-43e8-b901-ec4c9d141720.06e63032-5055-434b-b883-8d7572a026e6" returned: 0 in 1.544s {{(pid=94163) execute /opt/stack/data/venv/lib/python3.12/site-packages/oslo_concurrency/processutils.py:468}}
Jun 24 00:21:00 devstack cinder-volume[94163]: WARNING cinder.volume.drivers.remotefs [None req-370f2d53-edd4-4995-a2d6-d1ad3f31d9d8 tempest-GroupSnapshotsTest-2126248613 None] /opt/stack/data/cinder/mnt/b8084150eac6be4c1c7ca4d7c0fc739e/volume-80975647-6d9d-43e8-b901-ec4c9d141720.06e63032-5055-434b-b883-8d7572a026e6 is being set with open permissions: ugo+rw: NotImplementedError
Jun 24 00:21:00 devstack cinder-volume[94163]: DEBUG oslo_concurrency.processutils [None req-370f2d53-edd4-4995-a2d6-d1ad3f31d9d8 tempest-GroupSnapshotsTest-2126248613 None] Running cmd (subprocess): sudo cinder-rootwrap /etc/cinder/rootwrap.conf chmod ugo+rw /opt/stack/data/cinder/mnt/b8084150eac6be4c1c7ca4d7c0fc739e/volume-80975647-6d9d-43e8-b901-ec4c9d141720.06e63032-5055-434b-b883-8d7572a026e6 {{(pid=94163) execute /opt/stack/data/venv/lib/python3.12/site-packages/oslo_concurrency/processutils.py:440}}
Jun 24 00:21:00 devstack sudo[100814]: quobyte : PWD=/ ; USER=root ; COMMAND=/opt/stack/data/venv/bin/cinder-rootwrap /etc/cinder/rootwrap.conf chmod ugo+rw /opt/stack/data/cinder/mnt/b8084150eac6be4c1c7ca4d7c0fc739e/volume-80975647-6d9d-43e8-b901-ec4c9d141720.06e63032-5055-434b-b883-8d7572a026e6
Jun 24 00:21:00 devstack sudo[100814]: pam_unix(sudo:session): session opened for user root(uid=0) by (uid=1000)
Jun 24 00:21:01 devstack cinder-volume[94163]: DEBUG oslo_concurrency.processutils [None req-370f2d53-edd4-4995-a2d6-d1ad3f31d9d8 tempest-GroupSnapshotsTest-2126248613 None] CMD "sudo cinder-rootwrap /etc/cinder/rootwrap.conf chmod ugo+rw /opt/stack/data/cinder/mnt/b8084150eac6be4c1c7ca4d7c0fc739e/volume-80975647-6d9d-43e8-b901-ec4c9d141720.06e63032-5055-434b-b883-8d7572a026e6" returned: 0 in 0.834s {{(pid=94163) execute /opt/stack/data/venv/lib/python3.12/site-packages/oslo_concurrency/processutils.py:468}}
Jun 24 00:21:01 devstack sudo[100814]: pam_unix(sudo:session): session closed for user root
Jun 24 00:21:01 devstack cinder-volume[94163]: DEBUG dbcounter [-] [94163] Writing DB stats cinder:SELECT=65,cinder:UPDATE=51,cinder:DELETE=2,cinder:INSERT=11 {{(pid=94163) stat_writer /opt/stack/data/venv/lib/python3.12/site-packages/dbcounter.py:115}}
Jun 24 00:21:01 devstack cinder-volume[94163]: DEBUG oslo_concurrency.processutils [None req-370f2d53-edd4-4995-a2d6-d1ad3f31d9d8 tempest-GroupSnapshotsTest-2126248613 None] Running cmd (subprocess): sudo cinder-rootwrap /etc/cinder/rootwrap.conf truncate -s0 /opt/stack/data/cinder/mnt/b8084150eac6be4c1c7ca4d7c0fc739e/volume-80975647-6d9d-43e8-b901-ec4c9d141720.info {{(pid=94163) execute /opt/stack/data/venv/lib/python3.12/site-packages/oslo_concurrency/processutils.py:440}}
Jun 24 00:21:01 devstack sudo[100827]: quobyte : PWD=/ ; USER=root ; COMMAND=/opt/stack/data/venv/bin/cinder-rootwrap /etc/cinder/rootwrap.conf truncate -s0 /opt/stack/data/cinder/mnt/b8084150eac6be4c1c7ca4d7c0fc739e/volume-80975647-6d9d-43e8-b901-ec4c9d141720.info
Jun 24 00:21:01 devstack sudo[100827]: pam_unix(sudo:session): session opened for user root(uid=0) by (uid=1000)
Jun 24 00:21:02 devstack sudo[100827]: pam_unix(sudo:session): session closed for user root
Jun 24 00:21:02 devstack cinder-volume[94163]: DEBUG oslo_concurrency.processutils [None req-370f2d53-edd4-4995-a2d6-d1ad3f31d9d8 tempest-GroupSnapshotsTest-2126248613 None] CMD "sudo cinder-rootwrap /etc/cinder/rootwrap.conf truncate -s0 /opt/stack/data/cinder/mnt/b8084150eac6be4c1c7ca4d7c0fc739e/volume-80975647-6d9d-43e8-b901-ec4c9d141720.info" returned: 0 in 0.969s {{(pid=94163) execute /opt/stack/data/venv/lib/python3.12/site-packages/oslo_concurrency/processutils.py:468}}
Jun 24 00:21:02 devstack cinder-volume[94163]: WARNING cinder.volume.drivers.remotefs [None req-370f2d53-edd4-4995-a2d6-d1ad3f31d9d8 tempest-GroupSnapshotsTest-2126248613 None] /opt/stack/data/cinder/mnt/b8084150eac6be4c1c7ca4d7c0fc739e/volume-80975647-6d9d-43e8-b901-ec4c9d141720.info is being set with open permissions: ugo+rw: NotImplementedError
Jun 24 00:21:02 devstack cinder-volume[94163]: DEBUG oslo_concurrency.processutils [None req-370f2d53-edd4-4995-a2d6-d1ad3f31d9d8 tempest-GroupSnapshotsTest-2126248613 None] Running cmd (subprocess): sudo cinder-rootwrap /etc/cinder/rootwrap.conf chmod ugo+rw /opt/stack/data/cinder/mnt/b8084150eac6be4c1c7ca4d7c0fc739e/volume-80975647-6d9d-43e8-b901-ec4c9d141720.info {{(pid=94163) execute /opt/stack/data/venv/lib/python3.12/site-packages/oslo_concurrency/processutils.py:440}}
Jun 24 00:21:02 devstack sudo[100844]: quobyte : PWD=/ ; USER=root ; COMMAND=/opt/stack/data/venv/bin/cinder-rootwrap /etc/cinder/rootwrap.conf chmod ugo+rw /opt/stack/data/cinder/mnt/b8084150eac6be4c1c7ca4d7c0fc739e/volume-80975647-6d9d-43e8-b901-ec4c9d141720.info
Jun 24 00:21:02 devstack sudo[100844]: pam_unix(sudo:session): session opened for user root(uid=0) by (uid=1000)
Jun 24 00:21:03 devstack sudo[100844]: pam_unix(sudo:session): session closed for user root
Jun 24 00:21:03 devstack cinder-volume[94163]: DEBUG oslo_concurrency.processutils [None req-370f2d53-edd4-4995-a2d6-d1ad3f31d9d8 tempest-GroupSnapshotsTest-2126248613 None] CMD "sudo cinder-rootwrap /etc/cinder/rootwrap.conf chmod ugo+rw /opt/stack/data/cinder/mnt/b8084150eac6be4c1c7ca4d7c0fc739e/volume-80975647-6d9d-43e8-b901-ec4c9d141720.info" returned: 0 in 0.724s {{(pid=94163) execute /opt/stack/data/venv/lib/python3.12/site-packages/oslo_concurrency/processutils.py:468}}
Jun 24 00:21:03 devstack cinder-volume[94163]: DEBUG oslo_concurrency.lockutils [None req-370f2d53-edd4-4995-a2d6-d1ad3f31d9d8 tempest-GroupSnapshotsTest-2126248613 None] Lock "quobyte" "released" by "cinder.volume.drivers.quobyte.QuobyteDriver.create_snapshot" :: held 6.149s {{(pid=94163) inner /opt/stack/data/venv/lib/python3.12/site-packages/oslo_concurrency/lockutils.py:543}}
Jun 24 00:21:03 devstack cinder-volume[94163]: DEBUG oslo_concurrency.lockutils [None req-370f2d53-edd4-4995-a2d6-d1ad3f31d9d8 tempest-GroupSnapshotsTest-2126248613 None] Acquiring lock "quobyte" by "cinder.volume.drivers.quobyte.QuobyteDriver.create_snapshot" {{(pid=94163) inner /opt/stack/data/venv/lib/python3.12/site-packages/oslo_concurrency/lockutils.py:511}}
Jun 24 00:21:03 devstack cinder-volume[94163]: DEBUG oslo_concurrency.lockutils [None req-370f2d53-edd4-4995-a2d6-d1ad3f31d9d8 tempest-GroupSnapshotsTest-2126248613 None] Lock "quobyte" acquired by "cinder.volume.drivers.quobyte.QuobyteDriver.create_snapshot" :: waited 0.000s {{(pid=94163) inner /opt/stack/data/venv/lib/python3.12/site-packages/oslo_concurrency/lockutils.py:524}}
Jun 24 00:21:03 devstack cinder-volume[94163]: DEBUG cinder.volume.drivers.remotefs [None req-370f2d53-edd4-4995-a2d6-d1ad3f31d9d8 tempest-GroupSnapshotsTest-2126248613 None] Creating offline snapshot 8a403ed6-920a-47dc-a4b8-78b6cde52855 of volume 9acd74be-425e-4fff-995f-641cc4676880 {{(pid=94163) _create_snapshot /opt/stack/cinder/cinder/volume/drivers/remotefs.py:1816}}
Jun 24 00:21:03 devstack cinder-volume[94163]: DEBUG oslo.privsep.daemon [-] privsep: reply[7cb26c1b-74d7-4f81-bdfa-33b5d3c422ee]: (4, 'qcow2') {{(pid=95934) _call_back /opt/stack/data/venv/lib/python3.12/site-packages/oslo_privsep/daemon.py:580}}
Jun 24 00:21:03 devstack cinder-volume[94163]: DEBUG oslo_concurrency.processutils [None req-370f2d53-edd4-4995-a2d6-d1ad3f31d9d8 tempest-GroupSnapshotsTest-2126248613 None] Running cmd (subprocess): /opt/stack/data/venv/bin/python3.12 -m oslo_concurrency.prlimit --as=1073741824 --cpu=60 -- sudo cinder-rootwrap /etc/cinder/rootwrap.conf env LC_ALL=C qemu-img info -f qcow2 --output=json --force-share /opt/stack/data/cinder/mnt/b8084150eac6be4c1c7ca4d7c0fc739e/volume-9acd74be-425e-4fff-995f-641cc4676880 {{(pid=94163) execute /opt/stack/data/venv/lib/python3.12/site-packages/oslo_concurrency/processutils.py:440}}
Jun 24 00:21:03 devstack sudo[100849]: quobyte : PWD=/ ; USER=root ; COMMAND=/opt/stack/data/venv/bin/cinder-rootwrap /etc/cinder/rootwrap.conf env LC_ALL=C qemu-img info -f qcow2 --output=json --force-share /opt/stack/data/cinder/mnt/b8084150eac6be4c1c7ca4d7c0fc739e/volume-9acd74be-425e-4fff-995f-641cc4676880
Jun 24 00:21:03 devstack sudo[100849]: pam_unix(sudo:session): session opened for user root(uid=0) by (uid=1000)
Jun 24 00:21:04 devstack sudo[100849]: pam_unix(sudo:session): session closed for user root
Jun 24 00:21:04 devstack cinder-volume[94163]: DEBUG oslo_concurrency.processutils [None req-370f2d53-edd4-4995-a2d6-d1ad3f31d9d8 tempest-GroupSnapshotsTest-2126248613 None] CMD "/opt/stack/data/venv/bin/python3.12 -m oslo_concurrency.prlimit --as=1073741824 --cpu=60 -- sudo cinder-rootwrap /etc/cinder/rootwrap.conf env LC_ALL=C qemu-img info -f qcow2 --output=json --force-share /opt/stack/data/cinder/mnt/b8084150eac6be4c1c7ca4d7c0fc739e/volume-9acd74be-425e-4fff-995f-641cc4676880" returned: 0 in 1.027s {{(pid=94163) execute /opt/stack/data/venv/lib/python3.12/site-packages/oslo_concurrency/processutils.py:468}}
Jun 24 00:21:04 devstack cinder-volume[94163]: DEBUG oslo_concurrency.processutils [None req-370f2d53-edd4-4995-a2d6-d1ad3f31d9d8 tempest-GroupSnapshotsTest-2126248613 None] Running cmd (subprocess): sudo cinder-rootwrap /etc/cinder/rootwrap.conf qemu-img create -f qcow2 -o backing_file=/opt/stack/data/cinder/mnt/b8084150eac6be4c1c7ca4d7c0fc739e/volume-9acd74be-425e-4fff-995f-641cc4676880,backing_fmt=qcow2 /opt/stack/data/cinder/mnt/b8084150eac6be4c1c7ca4d7c0fc739e/volume-9acd74be-425e-4fff-995f-641cc4676880.8a403ed6-920a-47dc-a4b8-78b6cde52855 1G {{(pid=94163) execute /opt/stack/data/venv/lib/python3.12/site-packages/oslo_concurrency/processutils.py:440}}
Jun 24 00:21:04 devstack sudo[100870]: quobyte : PWD=/ ; USER=root ; COMMAND=/opt/stack/data/venv/bin/cinder-rootwrap /etc/cinder/rootwrap.conf qemu-img create -f qcow2 -o backing_file=/opt/stack/data/cinder/mnt/b8084150eac6be4c1c7ca4d7c0fc739e/volume-9acd74be-425e-4fff-995f-641cc4676880,backing_fmt=qcow2 /opt/stack/data/cinder/mnt/b8084150eac6be4c1c7ca4d7c0fc739e/volume-9acd74be-425e-4fff-995f-641cc4676880.8a403ed6-920a-47dc-a4b8-78b6cde52855 1G
Jun 24 00:21:04 devstack sudo[100870]: pam_unix(sudo:session): session opened for user root(uid=0) by (uid=1000)
Jun 24 00:21:05 devstack sudo[100870]: pam_unix(sudo:session): session closed for user root
Jun 24 00:21:05 devstack cinder-volume[94163]: DEBUG oslo_concurrency.processutils [None req-370f2d53-edd4-4995-a2d6-d1ad3f31d9d8 tempest-GroupSnapshotsTest-2126248613 None] CMD "sudo cinder-rootwrap /etc/cinder/rootwrap.conf qemu-img create -f qcow2 -o backing_file=/opt/stack/data/cinder/mnt/b8084150eac6be4c1c7ca4d7c0fc739e/volume-9acd74be-425e-4fff-995f-641cc4676880,backing_fmt=qcow2 /opt/stack/data/cinder/mnt/b8084150eac6be4c1c7ca4d7c0fc739e/volume-9acd74be-425e-4fff-995f-641cc4676880.8a403ed6-920a-47dc-a4b8-78b6cde52855 1G" returned: 0 in 0.976s {{(pid=94163) execute /opt/stack/data/venv/lib/python3.12/site-packages/oslo_concurrency/processutils.py:468}}
Jun 24 00:21:05 devstack cinder-volume[94163]: DEBUG oslo_concurrency.processutils [None req-370f2d53-edd4-4995-a2d6-d1ad3f31d9d8 tempest-GroupSnapshotsTest-2126248613 None] Running cmd (subprocess): sudo cinder-rootwrap /etc/cinder/rootwrap.conf qemu-img rebase -u -b volume-9acd74be-425e-4fff-995f-641cc4676880 -F qcow2 /opt/stack/data/cinder/mnt/b8084150eac6be4c1c7ca4d7c0fc739e/volume-9acd74be-425e-4fff-995f-641cc4676880.8a403ed6-920a-47dc-a4b8-78b6cde52855 {{(pid=94163) execute /opt/stack/data/venv/lib/python3.12/site-packages/oslo_concurrency/processutils.py:440}}
Jun 24 00:21:05 devstack sudo[100887]: quobyte : PWD=/ ; USER=root ; COMMAND=/opt/stack/data/venv/bin/cinder-rootwrap /etc/cinder/rootwrap.conf qemu-img rebase -u -b volume-9acd74be-425e-4fff-995f-641cc4676880 -F qcow2 /opt/stack/data/cinder/mnt/b8084150eac6be4c1c7ca4d7c0fc739e/volume-9acd74be-425e-4fff-995f-641cc4676880.8a403ed6-920a-47dc-a4b8-78b6cde52855
Jun 24 00:21:05 devstack sudo[100887]: pam_unix(sudo:session): session opened for user root(uid=0) by (uid=1000)
Jun 24 00:21:06 devstack sudo[100887]: pam_unix(sudo:session): session closed for user root
Jun 24 00:21:06 devstack cinder-volume[94163]: DEBUG oslo_concurrency.processutils [None req-370f2d53-edd4-4995-a2d6-d1ad3f31d9d8 tempest-GroupSnapshotsTest-2126248613 None] CMD "sudo cinder-rootwrap /etc/cinder/rootwrap.conf qemu-img rebase -u -b volume-9acd74be-425e-4fff-995f-641cc4676880 -F qcow2 /opt/stack/data/cinder/mnt/b8084150eac6be4c1c7ca4d7c0fc739e/volume-9acd74be-425e-4fff-995f-641cc4676880.8a403ed6-920a-47dc-a4b8-78b6cde52855" returned: 0 in 0.872s {{(pid=94163) execute /opt/stack/data/venv/lib/python3.12/site-packages/oslo_concurrency/processutils.py:468}}
Jun 24 00:21:06 devstack cinder-volume[94163]: WARNING cinder.volume.drivers.remotefs [None req-370f2d53-edd4-4995-a2d6-d1ad3f31d9d8 tempest-GroupSnapshotsTest-2126248613 None] /opt/stack/data/cinder/mnt/b8084150eac6be4c1c7ca4d7c0fc739e/volume-9acd74be-425e-4fff-995f-641cc4676880.8a403ed6-920a-47dc-a4b8-78b6cde52855 is being set with open permissions: ugo+rw: NotImplementedError
Jun 24 00:21:06 devstack cinder-volume[94163]: DEBUG oslo_concurrency.processutils [None req-370f2d53-edd4-4995-a2d6-d1ad3f31d9d8 tempest-GroupSnapshotsTest-2126248613 None] Running cmd (subprocess): sudo cinder-rootwrap /etc/cinder/rootwrap.conf chmod ugo+rw /opt/stack/data/cinder/mnt/b8084150eac6be4c1c7ca4d7c0fc739e/volume-9acd74be-425e-4fff-995f-641cc4676880.8a403ed6-920a-47dc-a4b8-78b6cde52855 {{(pid=94163) execute /opt/stack/data/venv/lib/python3.12/site-packages/oslo_concurrency/processutils.py:440}}
Jun 24 00:21:06 devstack sudo[100895]: quobyte : PWD=/ ; USER=root ; COMMAND=/opt/stack/data/venv/bin/cinder-rootwrap /etc/cinder/rootwrap.conf chmod ugo+rw /opt/stack/data/cinder/mnt/b8084150eac6be4c1c7ca4d7c0fc739e/volume-9acd74be-425e-4fff-995f-641cc4676880.8a403ed6-920a-47dc-a4b8-78b6cde52855
Jun 24 00:21:06 devstack sudo[100895]: pam_unix(sudo:session): session opened for user root(uid=0) by (uid=1000)
Jun 24 00:21:07 devstack sudo[100895]: pam_unix(sudo:session): session closed for user root
Jun 24 00:21:07 devstack cinder-volume[94163]: DEBUG oslo_concurrency.processutils [None req-370f2d53-edd4-4995-a2d6-d1ad3f31d9d8 tempest-GroupSnapshotsTest-2126248613 None] CMD "sudo cinder-rootwrap /etc/cinder/rootwrap.conf chmod ugo+rw /opt/stack/data/cinder/mnt/b8084150eac6be4c1c7ca4d7c0fc739e/volume-9acd74be-425e-4fff-995f-641cc4676880.8a403ed6-920a-47dc-a4b8-78b6cde52855" returned: 0 in 0.721s {{(pid=94163) execute /opt/stack/data/venv/lib/python3.12/site-packages/oslo_concurrency/processutils.py:468}}
Jun 24 00:21:07 devstack cinder-volume[94163]: DEBUG oslo_concurrency.processutils [None req-370f2d53-edd4-4995-a2d6-d1ad3f31d9d8 tempest-GroupSnapshotsTest-2126248613 None] Running cmd (subprocess): sudo cinder-rootwrap /etc/cinder/rootwrap.conf truncate -s0 /opt/stack/data/cinder/mnt/b8084150eac6be4c1c7ca4d7c0fc739e/volume-9acd74be-425e-4fff-995f-641cc4676880.info {{(pid=94163) execute /opt/stack/data/venv/lib/python3.12/site-packages/oslo_concurrency/processutils.py:440}}
Jun 24 00:21:07 devstack sudo[100905]: quobyte : PWD=/ ; USER=root ; COMMAND=/opt/stack/data/venv/bin/cinder-rootwrap /etc/cinder/rootwrap.conf truncate -s0 /opt/stack/data/cinder/mnt/b8084150eac6be4c1c7ca4d7c0fc739e/volume-9acd74be-425e-4fff-995f-641cc4676880.info
Jun 24 00:21:07 devstack sudo[100905]: pam_unix(sudo:session): session opened for user root(uid=0) by (uid=1000)
Jun 24 00:21:07 devstack sudo[100905]: pam_unix(sudo:session): session closed for user root
Jun 24 00:21:07 devstack cinder-volume[94163]: DEBUG oslo_concurrency.processutils [None req-370f2d53-edd4-4995-a2d6-d1ad3f31d9d8 tempest-GroupSnapshotsTest-2126248613 None] CMD "sudo cinder-rootwrap /etc/cinder/rootwrap.conf truncate -s0 /opt/stack/data/cinder/mnt/b8084150eac6be4c1c7ca4d7c0fc739e/volume-9acd74be-425e-4fff-995f-641cc4676880.info" returned: 0 in 0.677s {{(pid=94163) execute /opt/stack/data/venv/lib/python3.12/site-packages/oslo_concurrency/processutils.py:468}}
Jun 24 00:21:07 devstack cinder-volume[94163]: WARNING cinder.volume.drivers.remotefs [None req-370f2d53-edd4-4995-a2d6-d1ad3f31d9d8 tempest-GroupSnapshotsTest-2126248613 None] /opt/stack/data/cinder/mnt/b8084150eac6be4c1c7ca4d7c0fc739e/volume-9acd74be-425e-4fff-995f-641cc4676880.info is being set with open permissions: ugo+rw: NotImplementedError
Jun 24 00:21:07 devstack cinder-volume[94163]: DEBUG oslo_concurrency.processutils [None req-370f2d53-edd4-4995-a2d6-d1ad3f31d9d8 tempest-GroupSnapshotsTest-2126248613 None] Running cmd (subprocess): sudo cinder-rootwrap /etc/cinder/rootwrap.conf chmod ugo+rw /opt/stack/data/cinder/mnt/b8084150eac6be4c1c7ca4d7c0fc739e/volume-9acd74be-425e-4fff-995f-641cc4676880.info {{(pid=94163) execute /opt/stack/data/venv/lib/python3.12/site-packages/oslo_concurrency/processutils.py:440}}
Jun 24 00:21:07 devstack sudo[100918]: quobyte : PWD=/ ; USER=root ; COMMAND=/opt/stack/data/venv/bin/cinder-rootwrap /etc/cinder/rootwrap.conf chmod ugo+rw /opt/stack/data/cinder/mnt/b8084150eac6be4c1c7ca4d7c0fc739e/volume-9acd74be-425e-4fff-995f-641cc4676880.info
Jun 24 00:21:07 devstack sudo[100918]: pam_unix(sudo:session): session opened for user root(uid=0) by (uid=1000)
Jun 24 00:21:09 devstack sudo[100918]: pam_unix(sudo:session): session closed for user root
Jun 24 00:21:09 devstack cinder-volume[94163]: DEBUG oslo_concurrency.processutils [None req-370f2d53-edd4-4995-a2d6-d1ad3f31d9d8 tempest-GroupSnapshotsTest-2126248613 None] CMD "sudo cinder-rootwrap /etc/cinder/rootwrap.conf chmod ugo+rw /opt/stack/data/cinder/mnt/b8084150eac6be4c1c7ca4d7c0fc739e/volume-9acd74be-425e-4fff-995f-641cc4676880.info" returned: 0 in 1.292s {{(pid=94163) execute /opt/stack/data/venv/lib/python3.12/site-packages/oslo_concurrency/processutils.py:468}}
Jun 24 00:21:09 devstack cinder-volume[94163]: DEBUG oslo_concurrency.lockutils [None req-370f2d53-edd4-4995-a2d6-d1ad3f31d9d8 tempest-GroupSnapshotsTest-2126248613 None] Lock "quobyte" "released" by "cinder.volume.drivers.quobyte.QuobyteDriver.create_snapshot" :: held 5.712s {{(pid=94163) inner /opt/stack/data/venv/lib/python3.12/site-packages/oslo_concurrency/lockutils.py:543}}
Jun 24 00:21:09 devstack cinder-volume[94163]: INFO cinder.volume.manager [None req-370f2d53-edd4-4995-a2d6-d1ad3f31d9d8 tempest-GroupSnapshotsTest-2126248613 None] group_snapshot c68f787c-2850-46a7-8776-554f0f436123: created successfully
Jun 24 00:21:10 devstack cinder-volume[94163]: INFO cinder.volume.manager [None req-16e4347b-3756-4274-9785-3356bea738a3 tempest-GroupSnapshotsTest-2126248613 None] group_snapshot c68f787c-2850-46a7-8776-554f0f436123: deleting
Jun 24 00:21:10 devstack cinder-volume[94163]: DEBUG cinder.volume.manager [None req-16e4347b-3756-4274-9785-3356bea738a3 tempest-GroupSnapshotsTest-2126248613 None] group_snapshot c68f787c-2850-46a7-8776-554f0f436123: deleting {{(pid=94163) delete_group_snapshot /opt/stack/cinder/cinder/volume/manager.py:4350}}
Jun 24 00:21:10 devstack cinder-volume[94163]: DEBUG cinder.coordination [None req-16e4347b-3756-4274-9785-3356bea738a3 tempest-GroupSnapshotsTest-2126248613 None] Acquiring lock "cinder-quobyte-80975647-6d9d-43e8-b901-ec4c9d141720" by "delete_snapshot" {{(pid=94163) __acquire /opt/stack/cinder/cinder/coordination.py:138}}
Jun 24 00:21:10 devstack cinder-volume[94163]: DEBUG cinder.coordination [None req-16e4347b-3756-4274-9785-3356bea738a3 tempest-GroupSnapshotsTest-2126248613 None] Lock "cinder-quobyte-80975647-6d9d-43e8-b901-ec4c9d141720" acquired by "delete_snapshot" :: waited 0.048s {{(pid=94163) __acquire /opt/stack/cinder/cinder/coordination.py:141}}
Jun 24 00:21:10 devstack cinder-volume[94163]: DEBUG cinder.coordination [None req-16e4347b-3756-4274-9785-3356bea738a3 tempest-GroupSnapshotsTest-2126248613 None] Acquiring lock "cinder-quobyte-06e63032-5055-434b-b883-8d7572a026e6" by "_delete_snapshot" {{(pid=94163) __acquire /opt/stack/cinder/cinder/coordination.py:138}}
Jun 24 00:21:10 devstack cinder-volume[94163]: DEBUG cinder.coordination [None req-16e4347b-3756-4274-9785-3356bea738a3 tempest-GroupSnapshotsTest-2126248613 None] Lock "cinder-quobyte-06e63032-5055-434b-b883-8d7572a026e6" acquired by "_delete_snapshot" :: waited 0.018s {{(pid=94163) __acquire /opt/stack/cinder/cinder/coordination.py:141}}
Jun 24 00:21:10 devstack cinder-volume[94163]: DEBUG cinder.volume.drivers.remotefs [None req-16e4347b-3756-4274-9785-3356bea738a3 tempest-GroupSnapshotsTest-2126248613 None] Deleting offline snapshot 06e63032-5055-434b-b883-8d7572a026e6 of volume 80975647-6d9d-43e8-b901-ec4c9d141720 {{(pid=94163) _delete_snapshot /opt/stack/cinder/cinder/volume/drivers/remotefs.py:1288}}
Jun 24 00:21:10 devstack cinder-volume[94163]: DEBUG cinder.volume.drivers.remotefs [None req-16e4347b-3756-4274-9785-3356bea738a3 tempest-GroupSnapshotsTest-2126248613 None] snapshot_file for this snap is: volume-80975647-6d9d-43e8-b901-ec4c9d141720.06e63032-5055-434b-b883-8d7572a026e6 {{(pid=94163) _delete_snapshot /opt/stack/cinder/cinder/volume/drivers/remotefs.py:1317}}
Jun 24 00:21:10 devstack cinder-volume[94163]: DEBUG oslo.privsep.daemon [-] privsep: reply[eeb6456f-acf9-4cf8-91ac-c67d1c52b587]: (4, 'qcow2') {{(pid=95934) _call_back /opt/stack/data/venv/lib/python3.12/site-packages/oslo_privsep/daemon.py:580}}
Jun 24 00:21:10 devstack cinder-volume[94163]: DEBUG oslo_concurrency.processutils [None req-16e4347b-3756-4274-9785-3356bea738a3 tempest-GroupSnapshotsTest-2126248613 None] Running cmd (subprocess): /opt/stack/data/venv/bin/python3.12 -m oslo_concurrency.prlimit --as=1073741824 --cpu=60 -- sudo cinder-rootwrap /etc/cinder/rootwrap.conf env LC_ALL=C qemu-img info -f qcow2 --output=json --force-share /opt/stack/data/cinder/mnt/b8084150eac6be4c1c7ca4d7c0fc739e/volume-80975647-6d9d-43e8-b901-ec4c9d141720.06e63032-5055-434b-b883-8d7572a026e6 {{(pid=94163) execute /opt/stack/data/venv/lib/python3.12/site-packages/oslo_concurrency/processutils.py:440}}
Jun 24 00:21:11 devstack sudo[101080]: quobyte : PWD=/ ; USER=root ; COMMAND=/opt/stack/data/venv/bin/cinder-rootwrap /etc/cinder/rootwrap.conf env LC_ALL=C qemu-img info -f qcow2 --output=json --force-share /opt/stack/data/cinder/mnt/b8084150eac6be4c1c7ca4d7c0fc739e/volume-80975647-6d9d-43e8-b901-ec4c9d141720.06e63032-5055-434b-b883-8d7572a026e6
Jun 24 00:21:11 devstack sudo[101080]: pam_unix(sudo:session): session opened for user root(uid=0) by (uid=1000)
Jun 24 00:21:12 devstack sudo[101080]: pam_unix(sudo:session): session closed for user root
Jun 24 00:21:12 devstack cinder-volume[94163]: DEBUG oslo_concurrency.processutils [None req-16e4347b-3756-4274-9785-3356bea738a3 tempest-GroupSnapshotsTest-2126248613 None] CMD "/opt/stack/data/venv/bin/python3.12 -m oslo_concurrency.prlimit --as=1073741824 --cpu=60 -- sudo cinder-rootwrap /etc/cinder/rootwrap.conf env LC_ALL=C qemu-img info -f qcow2 --output=json --force-share /opt/stack/data/cinder/mnt/b8084150eac6be4c1c7ca4d7c0fc739e/volume-80975647-6d9d-43e8-b901-ec4c9d141720.06e63032-5055-434b-b883-8d7572a026e6" returned: 0 in 1.303s {{(pid=94163) execute /opt/stack/data/venv/lib/python3.12/site-packages/oslo_concurrency/processutils.py:468}}
Jun 24 00:21:12 devstack cinder-volume[94163]: DEBUG cinder.volume.drivers.remotefs [None req-16e4347b-3756-4274-9785-3356bea738a3 tempest-GroupSnapshotsTest-2126248613 None] Fetching qemu-img info with special backing_file_template: (/opt/stack/data/cinder/mnt/[0-9a-f]+/)?(volume-80975647-6d9d-43e8-b901-ec4c9d141720(.(tmp-snap-)?[0-9a-f-]+)?|volume_from_snapshot_cache/(tmp-snap-)?[0-9a-f-]+(.(child-|parent-)[0-9a-f-]+)?)$ {{(pid=94163) _qemu_img_info_base /opt/stack/cinder/cinder/volume/drivers/remotefs.py:896}}
Jun 24 00:21:12 devstack cinder-volume[94163]: DEBUG cinder.coordination [None req-f1799b0b-1737-4d4b-a91e-66d89b23b5ae tempest-AttachVolumeShelveTestJSON-574577708 None] Acquiring lock "cinder-b3aa9d71-7cb2-496d-b0f4-a809178d27a6-delete_volume" by "delete_volume" {{(pid=94163) __acquire /opt/stack/cinder/cinder/coordination.py:138}}
Jun 24 00:21:12 devstack cinder-volume[94163]: DEBUG oslo.privsep.daemon [-] privsep: reply[961669cb-7f98-4129-bf66-b3cdda0fad92]: (4, 'qcow2') {{(pid=95934) _call_back /opt/stack/data/venv/lib/python3.12/site-packages/oslo_privsep/daemon.py:580}}
Jun 24 00:21:12 devstack cinder-volume[94163]: DEBUG oslo_concurrency.processutils [None req-16e4347b-3756-4274-9785-3356bea738a3 tempest-GroupSnapshotsTest-2126248613 None] Running cmd (subprocess): /opt/stack/data/venv/bin/python3.12 -m oslo_concurrency.prlimit --as=1073741824 --cpu=60 -- sudo cinder-rootwrap /etc/cinder/rootwrap.conf env LC_ALL=C qemu-img info -f qcow2 --output=json --force-share /opt/stack/data/cinder/mnt/b8084150eac6be4c1c7ca4d7c0fc739e/volume-80975647-6d9d-43e8-b901-ec4c9d141720 {{(pid=94163) execute /opt/stack/data/venv/lib/python3.12/site-packages/oslo_concurrency/processutils.py:440}}
Jun 24 00:21:12 devstack cinder-volume[94163]: DEBUG cinder.coordination [None req-f1799b0b-1737-4d4b-a91e-66d89b23b5ae tempest-AttachVolumeShelveTestJSON-574577708 None] Lock "cinder-b3aa9d71-7cb2-496d-b0f4-a809178d27a6-delete_volume" acquired by "delete_volume" :: waited 0.157s {{(pid=94163) __acquire /opt/stack/cinder/cinder/coordination.py:141}}
Jun 24 00:21:12 devstack cinder-volume[94163]: DEBUG cinder.coordination [None req-f1799b0b-1737-4d4b-a91e-66d89b23b5ae tempest-AttachVolumeShelveTestJSON-574577708 None] Acquiring lock "cinder-quobyte-b3aa9d71-7cb2-496d-b0f4-a809178d27a6" by "delete_volume" {{(pid=94163) __acquire /opt/stack/cinder/cinder/coordination.py:138}}
Jun 24 00:21:12 devstack sudo[101107]: quobyte : PWD=/ ; USER=root ; COMMAND=/opt/stack/data/venv/bin/cinder-rootwrap /etc/cinder/rootwrap.conf env LC_ALL=C qemu-img info -f qcow2 --output=json --force-share /opt/stack/data/cinder/mnt/b8084150eac6be4c1c7ca4d7c0fc739e/volume-80975647-6d9d-43e8-b901-ec4c9d141720
Jun 24 00:21:12 devstack sudo[101107]: pam_unix(sudo:session): session opened for user root(uid=0) by (uid=1000)
Jun 24 00:21:12 devstack cinder-volume[94163]: DEBUG cinder.coordination [None req-f1799b0b-1737-4d4b-a91e-66d89b23b5ae tempest-AttachVolumeShelveTestJSON-574577708 None] Lock "cinder-quobyte-b3aa9d71-7cb2-496d-b0f4-a809178d27a6" acquired by "delete_volume" :: waited 0.111s {{(pid=94163) __acquire /opt/stack/cinder/cinder/coordination.py:141}}
Jun 24 00:21:12 devstack cinder-volume[94163]: DEBUG oslo.privsep.daemon [-] privsep: reply[2cc42979-1f09-4353-a797-9ec2114f7fcf]: (4, 'qcow2') {{(pid=95934) _call_back /opt/stack/data/venv/lib/python3.12/site-packages/oslo_privsep/daemon.py:580}}
Jun 24 00:21:12 devstack cinder-volume[94163]: DEBUG oslo_concurrency.processutils [None req-f1799b0b-1737-4d4b-a91e-66d89b23b5ae tempest-AttachVolumeShelveTestJSON-574577708 None] Running cmd (subprocess): /opt/stack/data/venv/bin/python3.12 -m oslo_concurrency.prlimit --as=1073741824 --cpu=60 -- sudo cinder-rootwrap /etc/cinder/rootwrap.conf env LC_ALL=C qemu-img info -f qcow2 --output=json --force-share /opt/stack/data/cinder/mnt/b8084150eac6be4c1c7ca4d7c0fc739e/volume-b3aa9d71-7cb2-496d-b0f4-a809178d27a6 {{(pid=94163) execute /opt/stack/data/venv/lib/python3.12/site-packages/oslo_concurrency/processutils.py:440}}
Jun 24 00:21:13 devstack sudo[101129]: quobyte : PWD=/ ; USER=root ; COMMAND=/opt/stack/data/venv/bin/cinder-rootwrap /etc/cinder/rootwrap.conf env LC_ALL=C qemu-img info -f qcow2 --output=json --force-share /opt/stack/data/cinder/mnt/b8084150eac6be4c1c7ca4d7c0fc739e/volume-b3aa9d71-7cb2-496d-b0f4-a809178d27a6
Jun 24 00:21:13 devstack sudo[101129]: pam_unix(sudo:session): session opened for user root(uid=0) by (uid=1000)
Jun 24 00:21:14 devstack sudo[101107]: pam_unix(sudo:session): session closed for user root
Jun 24 00:21:14 devstack cinder-volume[94163]: DEBUG oslo_concurrency.processutils [None req-16e4347b-3756-4274-9785-3356bea738a3 tempest-GroupSnapshotsTest-2126248613 None] CMD "/opt/stack/data/venv/bin/python3.12 -m oslo_concurrency.prlimit --as=1073741824 --cpu=60 -- sudo cinder-rootwrap /etc/cinder/rootwrap.conf env LC_ALL=C qemu-img info -f qcow2 --output=json --force-share /opt/stack/data/cinder/mnt/b8084150eac6be4c1c7ca4d7c0fc739e/volume-80975647-6d9d-43e8-b901-ec4c9d141720" returned: 0 in 2.069s {{(pid=94163) execute /opt/stack/data/venv/lib/python3.12/site-packages/oslo_concurrency/processutils.py:468}}
Jun 24 00:21:14 devstack cinder-volume[94163]: DEBUG oslo_concurrency.processutils [None req-16e4347b-3756-4274-9785-3356bea738a3 tempest-GroupSnapshotsTest-2126248613 None] Running cmd (subprocess): sudo cinder-rootwrap /etc/cinder/rootwrap.conf qemu-img commit -d /opt/stack/data/cinder/mnt/b8084150eac6be4c1c7ca4d7c0fc739e/volume-80975647-6d9d-43e8-b901-ec4c9d141720.06e63032-5055-434b-b883-8d7572a026e6 {{(pid=94163) execute /opt/stack/data/venv/lib/python3.12/site-packages/oslo_concurrency/processutils.py:440}}
Jun 24 00:21:14 devstack sudo[101138]: quobyte : PWD=/ ; USER=root ; COMMAND=/opt/stack/data/venv/bin/cinder-rootwrap /etc/cinder/rootwrap.conf qemu-img commit -d /opt/stack/data/cinder/mnt/b8084150eac6be4c1c7ca4d7c0fc739e/volume-80975647-6d9d-43e8-b901-ec4c9d141720.06e63032-5055-434b-b883-8d7572a026e6
Jun 24 00:21:14 devstack sudo[101138]: pam_unix(sudo:session): session opened for user root(uid=0) by (uid=1000)
Jun 24 00:21:15 devstack sudo[101129]: pam_unix(sudo:session): session closed for user root
Jun 24 00:21:15 devstack cinder-volume[94163]: DEBUG oslo_concurrency.processutils [None req-f1799b0b-1737-4d4b-a91e-66d89b23b5ae tempest-AttachVolumeShelveTestJSON-574577708 None] CMD "/opt/stack/data/venv/bin/python3.12 -m oslo_concurrency.prlimit --as=1073741824 --cpu=60 -- sudo cinder-rootwrap /etc/cinder/rootwrap.conf env LC_ALL=C qemu-img info -f qcow2 --output=json --force-share /opt/stack/data/cinder/mnt/b8084150eac6be4c1c7ca4d7c0fc739e/volume-b3aa9d71-7cb2-496d-b0f4-a809178d27a6" returned: 0 in 2.354s {{(pid=94163) execute /opt/stack/data/venv/lib/python3.12/site-packages/oslo_concurrency/processutils.py:468}}
Jun 24 00:21:15 devstack cinder-volume[94163]: DEBUG oslo_concurrency.processutils [None req-f1799b0b-1737-4d4b-a91e-66d89b23b5ae tempest-AttachVolumeShelveTestJSON-574577708 None] Running cmd (subprocess): sudo cinder-rootwrap /etc/cinder/rootwrap.conf rm -f /opt/stack/data/cinder/mnt/b8084150eac6be4c1c7ca4d7c0fc739e/volume-b3aa9d71-7cb2-496d-b0f4-a809178d27a6 {{(pid=94163) execute /opt/stack/data/venv/lib/python3.12/site-packages/oslo_concurrency/processutils.py:440}}
Jun 24 00:21:15 devstack sudo[101145]: quobyte : PWD=/ ; USER=root ; COMMAND=/opt/stack/data/venv/bin/cinder-rootwrap /etc/cinder/rootwrap.conf rm -f /opt/stack/data/cinder/mnt/b8084150eac6be4c1c7ca4d7c0fc739e/volume-b3aa9d71-7cb2-496d-b0f4-a809178d27a6
Jun 24 00:21:15 devstack sudo[101145]: pam_unix(sudo:session): session opened for user root(uid=0) by (uid=1000)
Jun 24 00:21:16 devstack sudo[101138]: pam_unix(sudo:session): session closed for user root
Jun 24 00:21:16 devstack cinder-volume[94163]: DEBUG oslo_concurrency.processutils [None req-16e4347b-3756-4274-9785-3356bea738a3 tempest-GroupSnapshotsTest-2126248613 None] CMD "sudo cinder-rootwrap /etc/cinder/rootwrap.conf qemu-img commit -d /opt/stack/data/cinder/mnt/b8084150eac6be4c1c7ca4d7c0fc739e/volume-80975647-6d9d-43e8-b901-ec4c9d141720.06e63032-5055-434b-b883-8d7572a026e6" returned: 0 in 2.015s {{(pid=94163) execute /opt/stack/data/venv/lib/python3.12/site-packages/oslo_concurrency/processutils.py:468}}
Jun 24 00:21:16 devstack cinder-volume[94163]: DEBUG oslo_concurrency.processutils [None req-16e4347b-3756-4274-9785-3356bea738a3 tempest-GroupSnapshotsTest-2126248613 None] Running cmd (subprocess): sudo cinder-rootwrap /etc/cinder/rootwrap.conf rm -f /opt/stack/data/cinder/mnt/b8084150eac6be4c1c7ca4d7c0fc739e/volume-80975647-6d9d-43e8-b901-ec4c9d141720.06e63032-5055-434b-b883-8d7572a026e6 {{(pid=94163) execute /opt/stack/data/venv/lib/python3.12/site-packages/oslo_concurrency/processutils.py:440}}
Jun 24 00:21:16 devstack sudo[101153]: quobyte : PWD=/ ; USER=root ; COMMAND=/opt/stack/data/venv/bin/cinder-rootwrap /etc/cinder/rootwrap.conf rm -f /opt/stack/data/cinder/mnt/b8084150eac6be4c1c7ca4d7c0fc739e/volume-80975647-6d9d-43e8-b901-ec4c9d141720.06e63032-5055-434b-b883-8d7572a026e6
Jun 24 00:21:16 devstack sudo[101153]: pam_unix(sudo:session): session opened for user root(uid=0) by (uid=1000)
Jun 24 00:21:16 devstack sudo[101145]: pam_unix(sudo:session): session closed for user root
Jun 24 00:21:16 devstack cinder-volume[94163]: DEBUG oslo_concurrency.processutils [None req-f1799b0b-1737-4d4b-a91e-66d89b23b5ae tempest-AttachVolumeShelveTestJSON-574577708 None] CMD "sudo cinder-rootwrap /etc/cinder/rootwrap.conf rm -f /opt/stack/data/cinder/mnt/b8084150eac6be4c1c7ca4d7c0fc739e/volume-b3aa9d71-7cb2-496d-b0f4-a809178d27a6" returned: 0 in 1.444s {{(pid=94163) execute /opt/stack/data/venv/lib/python3.12/site-packages/oslo_concurrency/processutils.py:468}}
Jun 24 00:21:16 devstack cinder-volume[94163]: DEBUG cinder.coordination [None req-f1799b0b-1737-4d4b-a91e-66d89b23b5ae tempest-AttachVolumeShelveTestJSON-574577708 None] Lock "cinder-quobyte-b3aa9d71-7cb2-496d-b0f4-a809178d27a6" released by "delete_volume" :: held 4.003s {{(pid=94163) __release /opt/stack/cinder/cinder/coordination.py:152}}
Jun 24 00:21:16 devstack cinder-volume[94163]: DEBUG cinder.quota [None req-f1799b0b-1737-4d4b-a91e-66d89b23b5ae tempest-AttachVolumeShelveTestJSON-574577708 None] Created reservations ['2c54fed4-9b2d-42b8-a3cc-a74c18c9cc6c', '97306d33-ef94-4dd4-aa30-fe073aba20de', '12488ee9-d9c1-4704-b9d8-27f643bd3e6c', 'c4d3ec60-b58e-4101-a6c1-619b23ea6b43'] {{(pid=94163) reserve /opt/stack/cinder/cinder/quota.py:752}}
Jun 24 00:21:17 devstack cinder-volume[94163]: DEBUG oslo_concurrency.lockutils [None req-f1799b0b-1737-4d4b-a91e-66d89b23b5ae tempest-AttachVolumeShelveTestJSON-574577708 None] Acquiring lock "quobyte_ensure" by "cinder.volume.drivers.quobyte.QuobyteDriver._ensure_shares_mounted" {{(pid=94163) inner /opt/stack/data/venv/lib/python3.12/site-packages/oslo_concurrency/lockutils.py:511}}
Jun 24 00:21:17 devstack cinder-volume[94163]: DEBUG oslo_concurrency.lockutils [None req-f1799b0b-1737-4d4b-a91e-66d89b23b5ae tempest-AttachVolumeShelveTestJSON-574577708 None] Lock "quobyte_ensure" acquired by "cinder.volume.drivers.quobyte.QuobyteDriver._ensure_shares_mounted" :: waited 0.003s {{(pid=94163) inner /opt/stack/data/venv/lib/python3.12/site-packages/oslo_concurrency/lockutils.py:524}}
Jun 24 00:21:17 devstack cinder-volume[94163]: DEBUG cinder.volume.drivers.quobyte [None req-f1799b0b-1737-4d4b-a91e-66d89b23b5ae tempest-AttachVolumeShelveTestJSON-574577708 None] Quobyte Volume URL set to: {'osci02.corp.quobyte.com/cinder-vol-57e451ad-76ca-4a80-b902-9308cbf531a3': None} {{(pid=94163) _load_shares_config /opt/stack/cinder/cinder/volume/drivers/quobyte.py:617}}
Jun 24 00:21:17 devstack cinder-volume[94163]: DEBUG cinder.volume.drivers.quobyte [None req-f1799b0b-1737-4d4b-a91e-66d89b23b5ae tempest-AttachVolumeShelveTestJSON-574577708 None] Available shares ['osci02.corp.quobyte.com/cinder-vol-57e451ad-76ca-4a80-b902-9308cbf531a3'] {{(pid=94163) _ensure_shares_mounted /opt/stack/cinder/cinder/volume/drivers/quobyte.py:647}}
Jun 24 00:21:17 devstack cinder-volume[94163]: DEBUG oslo_concurrency.lockutils [None req-f1799b0b-1737-4d4b-a91e-66d89b23b5ae tempest-AttachVolumeShelveTestJSON-574577708 None] Lock "quobyte_ensure" "released" by "cinder.volume.drivers.quobyte.QuobyteDriver._ensure_shares_mounted" :: held 0.015s {{(pid=94163) inner /opt/stack/data/venv/lib/python3.12/site-packages/oslo_concurrency/lockutils.py:543}}
