Jun 04 17:53:30 devstack cinder-volume[86411]: DEBUG oslo_concurrency.processutils [None req-8ae9ed0f-9692-43b2-bca0-763027279472 tempest-GroupsV314Test-655874678 None] CMD "sudo cinder-rootwrap /etc/cinder/rootwrap.conf qemu-img create -f qcow2 -o preallocation=metadata /opt/stack/data/cinder/mnt/7d7ebbc8dbbe1a701357a3f6a92fd1b2/volume-22b7a750-e242-4636-8996-ae65d2693523 1073741824" returned: 0 in 1.146s {{(pid=86411) execute /opt/stack/data/venv/lib/python3.12/site-packages/oslo_concurrency/processutils.py:468}}
Jun 04 17:53:31 devstack cinder-volume[86411]: DEBUG oslo_concurrency.processutils [None req-8ae9ed0f-9692-43b2-bca0-763027279472 tempest-GroupsV314Test-655874678 None] Running cmd (subprocess): sudo cinder-rootwrap /etc/cinder/rootwrap.conf chmod ugo+rw /opt/stack/data/cinder/mnt/7d7ebbc8dbbe1a701357a3f6a92fd1b2/volume-22b7a750-e242-4636-8996-ae65d2693523 {{(pid=86411) execute /opt/stack/data/venv/lib/python3.12/site-packages/oslo_concurrency/processutils.py:440}}
Jun 04 17:53:31 devstack sudo[91652]: quobyte : PWD=/ ; USER=root ; COMMAND=/opt/stack/data/venv/bin/cinder-rootwrap /etc/cinder/rootwrap.conf chmod ugo+rw /opt/stack/data/cinder/mnt/7d7ebbc8dbbe1a701357a3f6a92fd1b2/volume-22b7a750-e242-4636-8996-ae65d2693523
Jun 04 17:53:31 devstack sudo[91652]: pam_unix(sudo:session): session opened for user root(uid=0) by (uid=1000)
Jun 04 17:53:32 devstack sudo[91652]: pam_unix(sudo:session): session closed for user root
Jun 04 17:53:32 devstack cinder-volume[86411]: DEBUG oslo_concurrency.processutils [None req-8ae9ed0f-9692-43b2-bca0-763027279472 tempest-GroupsV314Test-655874678 None] CMD "sudo cinder-rootwrap /etc/cinder/rootwrap.conf chmod ugo+rw /opt/stack/data/cinder/mnt/7d7ebbc8dbbe1a701357a3f6a92fd1b2/volume-22b7a750-e242-4636-8996-ae65d2693523" returned: 0 in 1.134s {{(pid=86411) execute /opt/stack/data/venv/lib/python3.12/site-packages/oslo_concurrency/processutils.py:468}}
Jun 04 17:53:32 devstack cinder-volume[86411]: DEBUG cinder.volume.drivers.quobyte [None req-8ae9ed0f-9692-43b2-bca0-763027279472 tempest-GroupsV314Test-655874678 None] <== create_volume: return (2339ms) {'provider_location': 'osci02.corp.quobyte.com/cinder-vol-3fe56b7b-462c-45fa-9e89-716a22336af0'} {{(pid=86411) trace_logging_wrapper /opt/stack/cinder/cinder/volume/volume_utils.py:1522}}
Jun 04 17:53:32 devstack cinder-volume[86411]: DEBUG oslo_concurrency.lockutils [None req-8ae9ed0f-9692-43b2-bca0-763027279472 tempest-GroupsV314Test-655874678 None] Lock "quobyte" "released" by "cinder.volume.drivers.quobyte.QuobyteDriver.create_volume" :: held 2.344s {{(pid=86411) inner /opt/stack/data/venv/lib/python3.12/site-packages/oslo_concurrency/lockutils.py:538}}
Jun 04 17:53:32 devstack cinder-volume[86411]: DEBUG cinder.volume.manager [None req-8ae9ed0f-9692-43b2-bca0-763027279472 tempest-GroupsV314Test-655874678 None] Task 'cinder.volume.flows.manager.create_volume.CreateVolumeFromSpecTask;volume:create' (11fcdc0e-5fa0-428c-aaf8-2080285ce141) transitioned into state 'SUCCESS' from state 'RUNNING' with result '{'status': 'creating', 'volume_name': 'volume-22b7a750-e242-4636-8996-ae65d2693523', 'volume_size': 1}' {{(pid=86411) _task_receiver /opt/stack/data/venv/lib/python3.12/site-packages/taskflow/listeners/logging.py:182}}
Jun 04 17:53:32 devstack cinder-volume[86411]: DEBUG cinder.volume.manager [None req-8ae9ed0f-9692-43b2-bca0-763027279472 tempest-GroupsV314Test-655874678 None] Task 'cinder.volume.flows.manager.create_volume.CreateVolumeOnFinishTask;volume:create, create.end' (b10840da-c482-42dc-86aa-42ecebbc9716) transitioned into state 'RUNNING' from state 'PENDING' {{(pid=86411) _task_receiver /opt/stack/data/venv/lib/python3.12/site-packages/taskflow/listeners/logging.py:194}}
Jun 04 17:53:32 devstack cinder-volume[86411]: INFO cinder.volume.flows.manager.create_volume [None req-8ae9ed0f-9692-43b2-bca0-763027279472 tempest-GroupsV314Test-655874678 None] Volume volume-22b7a750-e242-4636-8996-ae65d2693523 (22b7a750-e242-4636-8996-ae65d2693523): created successfully
Jun 04 17:53:32 devstack cinder-volume[86411]: DEBUG cinder.volume.manager [None req-8ae9ed0f-9692-43b2-bca0-763027279472 tempest-GroupsV314Test-655874678 None] Task 'cinder.volume.flows.manager.create_volume.CreateVolumeOnFinishTask;volume:create, create.end' (b10840da-c482-42dc-86aa-42ecebbc9716) transitioned into state 'SUCCESS' from state 'RUNNING' with result 'None' {{(pid=86411) _task_receiver /opt/stack/data/venv/lib/python3.12/site-packages/taskflow/listeners/logging.py:182}}
Jun 04 17:53:32 devstack cinder-volume[86411]: DEBUG cinder.volume.manager [None req-8ae9ed0f-9692-43b2-bca0-763027279472 tempest-GroupsV314Test-655874678 None] Flow 'volume_create_manager' (6d926466-c922-4bb9-b5e7-91f470406abc) transitioned into state 'SUCCESS' from state 'RUNNING' {{(pid=86411) _flow_receiver /opt/stack/data/venv/lib/python3.12/site-packages/taskflow/listeners/logging.py:145}}
Jun 04 17:53:32 devstack cinder-volume[86411]: INFO cinder.volume.manager [None req-8ae9ed0f-9692-43b2-bca0-763027279472 tempest-GroupsV314Test-655874678 None] Created volume successfully.
Jun 04 17:53:34 devstack cinder-volume[86411]: DEBUG oslo_concurrency.lockutils [None req-2952872f-870b-4f1d-877c-1711030f51e3 tempest-GroupsV314Test-655874678 None] Acquiring lock "quobyte" by "cinder.volume.drivers.quobyte.QuobyteDriver.create_cloned_volume" {{(pid=86411) inner /opt/stack/data/venv/lib/python3.12/site-packages/oslo_concurrency/lockutils.py:506}}
Jun 04 17:53:34 devstack cinder-volume[86411]: DEBUG oslo_concurrency.lockutils [None req-2952872f-870b-4f1d-877c-1711030f51e3 tempest-GroupsV314Test-655874678 None] Lock "quobyte" acquired by "cinder.volume.drivers.quobyte.QuobyteDriver.create_cloned_volume" :: waited 0.001s {{(pid=86411) inner /opt/stack/data/venv/lib/python3.12/site-packages/oslo_concurrency/lockutils.py:519}}
Jun 04 17:53:34 devstack cinder-volume[86411]: INFO cinder.volume.drivers.remotefs [None req-2952872f-870b-4f1d-877c-1711030f51e3 tempest-GroupsV314Test-655874678 None] Cloning volume 22b7a750-e242-4636-8996-ae65d2693523 to volume 54063732-b3fb-49c2-a19f-d5cdd1398200
Jun 04 17:53:34 devstack cinder-volume[86411]: DEBUG cinder.volume.drivers.remotefs [None req-2952872f-870b-4f1d-877c-1711030f51e3 tempest-GroupsV314Test-655874678 None] Creating offline snapshot 227e0480-9fe6-4a7e-a43f-f25aa36fb667 of volume 22b7a750-e242-4636-8996-ae65d2693523 {{(pid=86411) _create_snapshot /opt/stack/cinder/cinder/volume/drivers/remotefs.py:1816}}
Jun 04 17:53:34 devstack cinder-volume[86411]: DEBUG oslo.privsep.daemon [-] privsep: reply[b2b419ad-1020-42fb-bb0b-0afe8a6af4bf]: (4, 'qcow2') {{(pid=87570) _call_back /opt/stack/data/venv/lib/python3.12/site-packages/oslo_privsep/daemon.py:573}}
Jun 04 17:53:34 devstack cinder-volume[86411]: DEBUG oslo_concurrency.processutils [None req-2952872f-870b-4f1d-877c-1711030f51e3 tempest-GroupsV314Test-655874678 None] Running cmd (subprocess): /opt/stack/data/venv/bin/python3.12 -m oslo_concurrency.prlimit --as=1073741824 --cpu=60 -- sudo cinder-rootwrap /etc/cinder/rootwrap.conf env LC_ALL=C qemu-img info -f qcow2 --output=json --force-share /opt/stack/data/cinder/mnt/7d7ebbc8dbbe1a701357a3f6a92fd1b2/volume-22b7a750-e242-4636-8996-ae65d2693523 {{(pid=86411) execute /opt/stack/data/venv/lib/python3.12/site-packages/oslo_concurrency/processutils.py:440}}
Jun 04 17:53:35 devstack sudo[92116]: quobyte : PWD=/ ; USER=root ; COMMAND=/opt/stack/data/venv/bin/cinder-rootwrap /etc/cinder/rootwrap.conf env LC_ALL=C qemu-img info -f qcow2 --output=json --force-share /opt/stack/data/cinder/mnt/7d7ebbc8dbbe1a701357a3f6a92fd1b2/volume-22b7a750-e242-4636-8996-ae65d2693523
Jun 04 17:53:35 devstack sudo[92116]: pam_unix(sudo:session): session opened for user root(uid=0) by (uid=1000)
Jun 04 17:53:35 devstack sudo[92116]: pam_unix(sudo:session): session closed for user root
Jun 04 17:53:35 devstack cinder-volume[86411]: DEBUG oslo_concurrency.processutils [None req-2952872f-870b-4f1d-877c-1711030f51e3 tempest-GroupsV314Test-655874678 None] CMD "/opt/stack/data/venv/bin/python3.12 -m oslo_concurrency.prlimit --as=1073741824 --cpu=60 -- sudo cinder-rootwrap /etc/cinder/rootwrap.conf env LC_ALL=C qemu-img info -f qcow2 --output=json --force-share /opt/stack/data/cinder/mnt/7d7ebbc8dbbe1a701357a3f6a92fd1b2/volume-22b7a750-e242-4636-8996-ae65d2693523" returned: 0 in 1.233s {{(pid=86411) execute /opt/stack/data/venv/lib/python3.12/site-packages/oslo_concurrency/processutils.py:468}}
Jun 04 17:53:35 devstack cinder-volume[86411]: DEBUG oslo_concurrency.processutils [None req-2952872f-870b-4f1d-877c-1711030f51e3 tempest-GroupsV314Test-655874678 None] Running cmd (subprocess): sudo cinder-rootwrap /etc/cinder/rootwrap.conf qemu-img create -f qcow2 -o backing_file=/opt/stack/data/cinder/mnt/7d7ebbc8dbbe1a701357a3f6a92fd1b2/volume-22b7a750-e242-4636-8996-ae65d2693523,backing_fmt=qcow2 /opt/stack/data/cinder/mnt/7d7ebbc8dbbe1a701357a3f6a92fd1b2/volume-22b7a750-e242-4636-8996-ae65d2693523.227e0480-9fe6-4a7e-a43f-f25aa36fb667 1G {{(pid=86411) execute /opt/stack/data/venv/lib/python3.12/site-packages/oslo_concurrency/processutils.py:440}}
Jun 04 17:53:35 devstack sudo[92149]: quobyte : PWD=/ ; USER=root ; COMMAND=/opt/stack/data/venv/bin/cinder-rootwrap /etc/cinder/rootwrap.conf qemu-img create -f qcow2 -o backing_file=/opt/stack/data/cinder/mnt/7d7ebbc8dbbe1a701357a3f6a92fd1b2/volume-22b7a750-e242-4636-8996-ae65d2693523,backing_fmt=qcow2 /opt/stack/data/cinder/mnt/7d7ebbc8dbbe1a701357a3f6a92fd1b2/volume-22b7a750-e242-4636-8996-ae65d2693523.227e0480-9fe6-4a7e-a43f-f25aa36fb667 1G
Jun 04 17:53:35 devstack sudo[92149]: pam_unix(sudo:session): session opened for user root(uid=0) by (uid=1000)
Jun 04 17:53:38 devstack sudo[92149]: pam_unix(sudo:session): session closed for user root
Jun 04 17:53:38 devstack cinder-volume[86411]: DEBUG oslo_concurrency.processutils [None req-2952872f-870b-4f1d-877c-1711030f51e3 tempest-GroupsV314Test-655874678 None] CMD "sudo cinder-rootwrap /etc/cinder/rootwrap.conf qemu-img create -f qcow2 -o backing_file=/opt/stack/data/cinder/mnt/7d7ebbc8dbbe1a701357a3f6a92fd1b2/volume-22b7a750-e242-4636-8996-ae65d2693523,backing_fmt=qcow2 /opt/stack/data/cinder/mnt/7d7ebbc8dbbe1a701357a3f6a92fd1b2/volume-22b7a750-e242-4636-8996-ae65d2693523.227e0480-9fe6-4a7e-a43f-f25aa36fb667 1G" returned: 0 in 2.135s {{(pid=86411) execute /opt/stack/data/venv/lib/python3.12/site-packages/oslo_concurrency/processutils.py:468}}
Jun 04 17:53:38 devstack cinder-volume[86411]: DEBUG oslo_concurrency.processutils [None req-2952872f-870b-4f1d-877c-1711030f51e3 tempest-GroupsV314Test-655874678 None] Running cmd (subprocess): sudo cinder-rootwrap /etc/cinder/rootwrap.conf qemu-img rebase -u -b volume-22b7a750-e242-4636-8996-ae65d2693523 -F qcow2 /opt/stack/data/cinder/mnt/7d7ebbc8dbbe1a701357a3f6a92fd1b2/volume-22b7a750-e242-4636-8996-ae65d2693523.227e0480-9fe6-4a7e-a43f-f25aa36fb667 {{(pid=86411) execute /opt/stack/data/venv/lib/python3.12/site-packages/oslo_concurrency/processutils.py:440}}
Jun 04 17:53:38 devstack sudo[92163]: quobyte : PWD=/ ; USER=root ; COMMAND=/opt/stack/data/venv/bin/cinder-rootwrap /etc/cinder/rootwrap.conf qemu-img rebase -u -b volume-22b7a750-e242-4636-8996-ae65d2693523 -F qcow2 /opt/stack/data/cinder/mnt/7d7ebbc8dbbe1a701357a3f6a92fd1b2/volume-22b7a750-e242-4636-8996-ae65d2693523.227e0480-9fe6-4a7e-a43f-f25aa36fb667
Jun 04 17:53:38 devstack sudo[92163]: pam_unix(sudo:session): session opened for user root(uid=0) by (uid=1000)
Jun 04 17:53:39 devstack sudo[92163]: pam_unix(sudo:session): session closed for user root
Jun 04 17:53:39 devstack cinder-volume[86411]: DEBUG oslo_concurrency.processutils [None req-2952872f-870b-4f1d-877c-1711030f51e3 tempest-GroupsV314Test-655874678 None] CMD "sudo cinder-rootwrap /etc/cinder/rootwrap.conf qemu-img rebase -u -b volume-22b7a750-e242-4636-8996-ae65d2693523 -F qcow2 /opt/stack/data/cinder/mnt/7d7ebbc8dbbe1a701357a3f6a92fd1b2/volume-22b7a750-e242-4636-8996-ae65d2693523.227e0480-9fe6-4a7e-a43f-f25aa36fb667" returned: 0 in 1.758s {{(pid=86411) execute /opt/stack/data/venv/lib/python3.12/site-packages/oslo_concurrency/processutils.py:468}}
Jun 04 17:53:39 devstack cinder-volume[86411]: WARNING cinder.volume.drivers.remotefs [None req-2952872f-870b-4f1d-877c-1711030f51e3 tempest-GroupsV314Test-655874678 None] /opt/stack/data/cinder/mnt/7d7ebbc8dbbe1a701357a3f6a92fd1b2/volume-22b7a750-e242-4636-8996-ae65d2693523.227e0480-9fe6-4a7e-a43f-f25aa36fb667 is being set with open permissions: ugo+rw: NotImplementedError
Jun 04 17:53:39 devstack cinder-volume[86411]: DEBUG oslo_concurrency.processutils [None req-2952872f-870b-4f1d-877c-1711030f51e3 tempest-GroupsV314Test-655874678 None] Running cmd (subprocess): sudo cinder-rootwrap /etc/cinder/rootwrap.conf chmod ugo+rw /opt/stack/data/cinder/mnt/7d7ebbc8dbbe1a701357a3f6a92fd1b2/volume-22b7a750-e242-4636-8996-ae65d2693523.227e0480-9fe6-4a7e-a43f-f25aa36fb667 {{(pid=86411) execute /opt/stack/data/venv/lib/python3.12/site-packages/oslo_concurrency/processutils.py:440}}
Jun 04 17:53:39 devstack sudo[92180]: quobyte : PWD=/ ; USER=root ; COMMAND=/opt/stack/data/venv/bin/cinder-rootwrap /etc/cinder/rootwrap.conf chmod ugo+rw /opt/stack/data/cinder/mnt/7d7ebbc8dbbe1a701357a3f6a92fd1b2/volume-22b7a750-e242-4636-8996-ae65d2693523.227e0480-9fe6-4a7e-a43f-f25aa36fb667
Jun 04 17:53:39 devstack sudo[92180]: pam_unix(sudo:session): session opened for user root(uid=0) by (uid=1000)
Jun 04 17:53:40 devstack sudo[92180]: pam_unix(sudo:session): session closed for user root
Jun 04 17:53:40 devstack cinder-volume[86411]: DEBUG oslo_concurrency.processutils [None req-2952872f-870b-4f1d-877c-1711030f51e3 tempest-GroupsV314Test-655874678 None] CMD "sudo cinder-rootwrap /etc/cinder/rootwrap.conf chmod ugo+rw /opt/stack/data/cinder/mnt/7d7ebbc8dbbe1a701357a3f6a92fd1b2/volume-22b7a750-e242-4636-8996-ae65d2693523.227e0480-9fe6-4a7e-a43f-f25aa36fb667" returned: 0 in 1.127s {{(pid=86411) execute /opt/stack/data/venv/lib/python3.12/site-packages/oslo_concurrency/processutils.py:468}}
Jun 04 17:53:41 devstack cinder-volume[86411]: DEBUG oslo_concurrency.processutils [None req-2952872f-870b-4f1d-877c-1711030f51e3 tempest-GroupsV314Test-655874678 None] Running cmd (subprocess): sudo cinder-rootwrap /etc/cinder/rootwrap.conf truncate -s0 /opt/stack/data/cinder/mnt/7d7ebbc8dbbe1a701357a3f6a92fd1b2/volume-22b7a750-e242-4636-8996-ae65d2693523.info {{(pid=86411) execute /opt/stack/data/venv/lib/python3.12/site-packages/oslo_concurrency/processutils.py:440}}
Jun 04 17:53:41 devstack sudo[92183]: quobyte : PWD=/ ; USER=root ; COMMAND=/opt/stack/data/venv/bin/cinder-rootwrap /etc/cinder/rootwrap.conf truncate -s0 /opt/stack/data/cinder/mnt/7d7ebbc8dbbe1a701357a3f6a92fd1b2/volume-22b7a750-e242-4636-8996-ae65d2693523.info
Jun 04 17:53:41 devstack sudo[92183]: pam_unix(sudo:session): session opened for user root(uid=0) by (uid=1000)
Jun 04 17:53:41 devstack sudo[92183]: pam_unix(sudo:session): session closed for user root
Jun 04 17:53:41 devstack cinder-volume[86411]: DEBUG oslo_concurrency.processutils [None req-2952872f-870b-4f1d-877c-1711030f51e3 tempest-GroupsV314Test-655874678 None] CMD "sudo cinder-rootwrap /etc/cinder/rootwrap.conf truncate -s0 /opt/stack/data/cinder/mnt/7d7ebbc8dbbe1a701357a3f6a92fd1b2/volume-22b7a750-e242-4636-8996-ae65d2693523.info" returned: 0 in 0.832s {{(pid=86411) execute /opt/stack/data/venv/lib/python3.12/site-packages/oslo_concurrency/processutils.py:468}}
Jun 04 17:53:41 devstack cinder-volume[86411]: WARNING cinder.volume.drivers.remotefs [None req-2952872f-870b-4f1d-877c-1711030f51e3 tempest-GroupsV314Test-655874678 None] /opt/stack/data/cinder/mnt/7d7ebbc8dbbe1a701357a3f6a92fd1b2/volume-22b7a750-e242-4636-8996-ae65d2693523.info is being set with open permissions: ugo+rw: NotImplementedError
Jun 04 17:53:41 devstack cinder-volume[86411]: DEBUG oslo_concurrency.processutils [None req-2952872f-870b-4f1d-877c-1711030f51e3 tempest-GroupsV314Test-655874678 None] Running cmd (subprocess): sudo cinder-rootwrap /etc/cinder/rootwrap.conf chmod ugo+rw /opt/stack/data/cinder/mnt/7d7ebbc8dbbe1a701357a3f6a92fd1b2/volume-22b7a750-e242-4636-8996-ae65d2693523.info {{(pid=86411) execute /opt/stack/data/venv/lib/python3.12/site-packages/oslo_concurrency/processutils.py:440}}
Jun 04 17:53:41 devstack sudo[92187]: quobyte : PWD=/ ; USER=root ; COMMAND=/opt/stack/data/venv/bin/cinder-rootwrap /etc/cinder/rootwrap.conf chmod ugo+rw /opt/stack/data/cinder/mnt/7d7ebbc8dbbe1a701357a3f6a92fd1b2/volume-22b7a750-e242-4636-8996-ae65d2693523.info
Jun 04 17:53:41 devstack sudo[92187]: pam_unix(sudo:session): session opened for user root(uid=0) by (uid=1000)
Jun 04 17:53:42 devstack sudo[92187]: pam_unix(sudo:session): session closed for user root
Jun 04 17:53:42 devstack cinder-volume[86411]: DEBUG oslo_concurrency.processutils [None req-2952872f-870b-4f1d-877c-1711030f51e3 tempest-GroupsV314Test-655874678 None] CMD "sudo cinder-rootwrap /etc/cinder/rootwrap.conf chmod ugo+rw /opt/stack/data/cinder/mnt/7d7ebbc8dbbe1a701357a3f6a92fd1b2/volume-22b7a750-e242-4636-8996-ae65d2693523.info" returned: 0 in 0.626s {{(pid=86411) execute /opt/stack/data/venv/lib/python3.12/site-packages/oslo_concurrency/processutils.py:468}}
Jun 04 17:53:42 devstack cinder-volume[86411]: DEBUG cinder.coordination [None req-2952872f-870b-4f1d-877c-1711030f51e3 tempest-GroupsV314Test-655874678 None] Acquiring lock "cinder-quobyte-54063732-b3fb-49c2-a19f-d5cdd1398200" by "_copy_volume_from_snapshot" {{(pid=86411) __acquire /opt/stack/cinder/cinder/coordination.py:138}}
Jun 04 17:53:42 devstack cinder-volume[86411]: DEBUG cinder.coordination [None req-2952872f-870b-4f1d-877c-1711030f51e3 tempest-GroupsV314Test-655874678 None] Lock "cinder-quobyte-54063732-b3fb-49c2-a19f-d5cdd1398200" acquired by "_copy_volume_from_snapshot" :: waited 0.025s {{(pid=86411) __acquire /opt/stack/cinder/cinder/coordination.py:141}}
Jun 04 17:53:42 devstack cinder-volume[86411]: DEBUG cinder.volume.drivers.quobyte [None req-2952872f-870b-4f1d-877c-1711030f51e3 tempest-GroupsV314Test-655874678 None] snapshot: 227e0480-9fe6-4a7e-a43f-f25aa36fb667, volume: 54063732-b3fb-49c2-a19f-d5cdd1398200, {{(pid=86411) _copy_volume_from_snapshot /opt/stack/cinder/cinder/volume/drivers/quobyte.py:401}}
Jun 04 17:53:42 devstack cinder-volume[86411]: DEBUG oslo_concurrency.lockutils [None req-2952872f-870b-4f1d-877c-1711030f51e3 tempest-GroupsV314Test-655874678 None] Acquiring lock "quobyte_ensure" by "cinder.volume.drivers.quobyte.QuobyteDriver._ensure_shares_mounted" {{(pid=86411) inner /opt/stack/data/venv/lib/python3.12/site-packages/oslo_concurrency/lockutils.py:506}}
Jun 04 17:53:42 devstack cinder-volume[86411]: DEBUG oslo_concurrency.lockutils [None req-2952872f-870b-4f1d-877c-1711030f51e3 tempest-GroupsV314Test-655874678 None] Lock "quobyte_ensure" acquired by "cinder.volume.drivers.quobyte.QuobyteDriver._ensure_shares_mounted" :: waited 0.001s {{(pid=86411) inner /opt/stack/data/venv/lib/python3.12/site-packages/oslo_concurrency/lockutils.py:519}}
Jun 04 17:53:42 devstack cinder-volume[86411]: DEBUG cinder.volume.drivers.quobyte [None req-2952872f-870b-4f1d-877c-1711030f51e3 tempest-GroupsV314Test-655874678 None] Quobyte Volume URL set to: {'osci02.corp.quobyte.com/cinder-vol-3fe56b7b-462c-45fa-9e89-716a22336af0': None} {{(pid=86411) _load_shares_config /opt/stack/cinder/cinder/volume/drivers/quobyte.py:617}}
Jun 04 17:53:42 devstack cinder-volume[86411]: DEBUG cinder.volume.drivers.quobyte [None req-2952872f-870b-4f1d-877c-1711030f51e3 tempest-GroupsV314Test-655874678 None] Available shares ['osci02.corp.quobyte.com/cinder-vol-3fe56b7b-462c-45fa-9e89-716a22336af0'] {{(pid=86411) _ensure_shares_mounted /opt/stack/cinder/cinder/volume/drivers/quobyte.py:647}}
Jun 04 17:53:42 devstack cinder-volume[86411]: DEBUG oslo_concurrency.lockutils [None req-2952872f-870b-4f1d-877c-1711030f51e3 tempest-GroupsV314Test-655874678 None] Lock "quobyte_ensure" "released" by "cinder.volume.drivers.quobyte.QuobyteDriver._ensure_shares_mounted" :: held 0.009s {{(pid=86411) inner /opt/stack/data/venv/lib/python3.12/site-packages/oslo_concurrency/lockutils.py:538}}
Jun 04 17:53:42 devstack cinder-volume[86411]: DEBUG oslo.privsep.daemon [-] privsep: reply[c83dba6d-7e26-480a-a48d-3e082e15940c]: (4, 'qcow2') {{(pid=87570) _call_back /opt/stack/data/venv/lib/python3.12/site-packages/oslo_privsep/daemon.py:573}}
Jun 04 17:53:42 devstack cinder-volume[86411]: DEBUG oslo_concurrency.processutils [None req-2952872f-870b-4f1d-877c-1711030f51e3 tempest-GroupsV314Test-655874678 None] Running cmd (subprocess): /opt/stack/data/venv/bin/python3.12 -m oslo_concurrency.prlimit --as=1073741824 --cpu=60 -- sudo cinder-rootwrap /etc/cinder/rootwrap.conf env LC_ALL=C qemu-img info -f qcow2 --output=json --force-share /opt/stack/data/cinder/mnt/7d7ebbc8dbbe1a701357a3f6a92fd1b2/volume-22b7a750-e242-4636-8996-ae65d2693523.227e0480-9fe6-4a7e-a43f-f25aa36fb667 {{(pid=86411) execute /opt/stack/data/venv/lib/python3.12/site-packages/oslo_concurrency/processutils.py:440}}
Jun 04 17:53:42 devstack sudo[92190]: quobyte : PWD=/ ; USER=root ; COMMAND=/opt/stack/data/venv/bin/cinder-rootwrap /etc/cinder/rootwrap.conf env LC_ALL=C qemu-img info -f qcow2 --output=json --force-share /opt/stack/data/cinder/mnt/7d7ebbc8dbbe1a701357a3f6a92fd1b2/volume-22b7a750-e242-4636-8996-ae65d2693523.227e0480-9fe6-4a7e-a43f-f25aa36fb667
Jun 04 17:53:42 devstack sudo[92190]: pam_unix(sudo:session): session opened for user root(uid=0) by (uid=1000)
Jun 04 17:53:43 devstack sudo[92190]: pam_unix(sudo:session): session closed for user root
Jun 04 17:53:43 devstack cinder-volume[86411]: DEBUG oslo_concurrency.processutils [None req-2952872f-870b-4f1d-877c-1711030f51e3 tempest-GroupsV314Test-655874678 None] CMD "/opt/stack/data/venv/bin/python3.12 -m oslo_concurrency.prlimit --as=1073741824 --cpu=60 -- sudo cinder-rootwrap /etc/cinder/rootwrap.conf env LC_ALL=C qemu-img info -f qcow2 --output=json --force-share /opt/stack/data/cinder/mnt/7d7ebbc8dbbe1a701357a3f6a92fd1b2/volume-22b7a750-e242-4636-8996-ae65d2693523.227e0480-9fe6-4a7e-a43f-f25aa36fb667" returned: 0 in 0.835s {{(pid=86411) execute /opt/stack/data/venv/lib/python3.12/site-packages/oslo_concurrency/processutils.py:468}}
Jun 04 17:53:43 devstack cinder-volume[86411]: DEBUG cinder.volume.drivers.remotefs [None req-2952872f-870b-4f1d-877c-1711030f51e3 tempest-GroupsV314Test-655874678 None] Fetching qemu-img info with special backing_file_template: (/opt/stack/data/cinder/mnt/[0-9a-f]+/)?(volume-22b7a750-e242-4636-8996-ae65d2693523(.(tmp-snap-)?[0-9a-f-]+)?|volume_from_snapshot_cache/(tmp-snap-)?[0-9a-f-]+(.(child-|parent-)[0-9a-f-]+)?)$ {{(pid=86411) _qemu_img_info_base /opt/stack/cinder/cinder/volume/drivers/remotefs.py:896}}
Jun 04 17:53:43 devstack cinder-volume[86411]: DEBUG cinder.volume.drivers.quobyte [None req-2952872f-870b-4f1d-877c-1711030f51e3 tempest-GroupsV314Test-655874678 None] will copy from snapshot at /opt/stack/data/cinder/mnt/7d7ebbc8dbbe1a701357a3f6a92fd1b2/volume-22b7a750-e242-4636-8996-ae65d2693523 {{(pid=86411) _copy_volume_from_snapshot /opt/stack/cinder/cinder/volume/drivers/quobyte.py:420}}
Jun 04 17:53:43 devstack cinder-volume[86411]: DEBUG cinder.volume.drivers.quobyte [None req-2952872f-870b-4f1d-877c-1711030f51e3 tempest-GroupsV314Test-655874678 None] Creating direct copy from snapshot {{(pid=86411) _copy_volume_from_snapshot /opt/stack/cinder/cinder/volume/drivers/quobyte.py:428}}
Jun 04 17:53:43 devstack cinder-volume[86411]: DEBUG oslo.privsep.daemon [-] privsep: reply[fbd87ce3-31f0-4083-8ee1-99ecc4578d29]: (4, 'qcow2') {{(pid=87570) _call_back /opt/stack/data/venv/lib/python3.12/site-packages/oslo_privsep/daemon.py:573}}
Jun 04 17:53:43 devstack cinder-volume[86411]: DEBUG oslo_concurrency.processutils [None req-2952872f-870b-4f1d-877c-1711030f51e3 tempest-GroupsV314Test-655874678 None] Running cmd (subprocess): /opt/stack/data/venv/bin/python3.12 -m oslo_concurrency.prlimit --as=1073741824 --cpu=60 -- sudo cinder-rootwrap /etc/cinder/rootwrap.conf env LC_ALL=C qemu-img info -f qcow2 --output=json /opt/stack/data/cinder/mnt/7d7ebbc8dbbe1a701357a3f6a92fd1b2/volume-22b7a750-e242-4636-8996-ae65d2693523 {{(pid=86411) execute /opt/stack/data/venv/lib/python3.12/site-packages/oslo_concurrency/processutils.py:440}}
Jun 04 17:53:43 devstack sudo[92196]: quobyte : PWD=/ ; USER=root ; COMMAND=/opt/stack/data/venv/bin/cinder-rootwrap /etc/cinder/rootwrap.conf env LC_ALL=C qemu-img info -f qcow2 --output=json /opt/stack/data/cinder/mnt/7d7ebbc8dbbe1a701357a3f6a92fd1b2/volume-22b7a750-e242-4636-8996-ae65d2693523
Jun 04 17:53:43 devstack sudo[92196]: pam_unix(sudo:session): session opened for user root(uid=0) by (uid=1000)
Jun 04 17:53:44 devstack sudo[92196]: pam_unix(sudo:session): session closed for user root
Jun 04 17:53:44 devstack cinder-volume[86411]: DEBUG oslo_concurrency.processutils [None req-2952872f-870b-4f1d-877c-1711030f51e3 tempest-GroupsV314Test-655874678 None] CMD "/opt/stack/data/venv/bin/python3.12 -m oslo_concurrency.prlimit --as=1073741824 --cpu=60 -- sudo cinder-rootwrap /etc/cinder/rootwrap.conf env LC_ALL=C qemu-img info -f qcow2 --output=json /opt/stack/data/cinder/mnt/7d7ebbc8dbbe1a701357a3f6a92fd1b2/volume-22b7a750-e242-4636-8996-ae65d2693523" returned: 0 in 0.885s {{(pid=86411) execute /opt/stack/data/venv/lib/python3.12/site-packages/oslo_concurrency/processutils.py:468}}
Jun 04 17:53:44 devstack cinder-volume[86411]: DEBUG cinder.utils [None req-2952872f-870b-4f1d-877c-1711030f51e3 tempest-GroupsV314Test-655874678 None] Path /opt/stack/data/cinder/mnt/7d7ebbc8dbbe1a701357a3f6a92fd1b2/volume-54063732-b3fb-49c2-a19f-d5cdd1398200 not found in is_blk_device check {{(pid=86411) is_blk_device /opt/stack/cinder/cinder/utils.py:615}}
Jun 04 17:53:44 devstack cinder-volume[86411]: DEBUG oslo_concurrency.processutils [None req-2952872f-870b-4f1d-877c-1711030f51e3 tempest-GroupsV314Test-655874678 None] Running cmd (subprocess): sudo cinder-rootwrap /etc/cinder/rootwrap.conf qemu-img convert -O qcow2 /opt/stack/data/cinder/mnt/7d7ebbc8dbbe1a701357a3f6a92fd1b2/volume-22b7a750-e242-4636-8996-ae65d2693523 /opt/stack/data/cinder/mnt/7d7ebbc8dbbe1a701357a3f6a92fd1b2/volume-54063732-b3fb-49c2-a19f-d5cdd1398200 {{(pid=86411) execute /opt/stack/data/venv/lib/python3.12/site-packages/oslo_concurrency/processutils.py:440}}
Jun 04 17:53:44 devstack sudo[92201]: quobyte : PWD=/ ; USER=root ; COMMAND=/opt/stack/data/venv/bin/cinder-rootwrap /etc/cinder/rootwrap.conf qemu-img convert -O qcow2 /opt/stack/data/cinder/mnt/7d7ebbc8dbbe1a701357a3f6a92fd1b2/volume-22b7a750-e242-4636-8996-ae65d2693523 /opt/stack/data/cinder/mnt/7d7ebbc8dbbe1a701357a3f6a92fd1b2/volume-54063732-b3fb-49c2-a19f-d5cdd1398200
Jun 04 17:53:44 devstack sudo[92201]: pam_unix(sudo:session): session opened for user root(uid=0) by (uid=1000)
Jun 04 17:53:51 devstack cinder-volume[86411]: DEBUG dbcounter [-] [86411] Writing DB stats cinder:UPDATE=53,cinder:SELECT=48,cinder:INSERT=11,cinder:DELETE=4 {{(pid=86411) stat_writer /opt/stack/data/venv/lib/python3.12/site-packages/dbcounter.py:115}}
Jun 04 17:53:51 devstack cinder-volume[86411]: DEBUG dbcounter [-] [86411] Writing DB stats cinder:SELECT=68,cinder:INSERT=12,cinder:UPDATE=46,cinder:DELETE=4 {{(pid=86411) stat_writer /opt/stack/data/venv/lib/python3.12/site-packages/dbcounter.py:115}}
Jun 04 17:53:53 devstack sudo[92201]: pam_unix(sudo:session): session closed for user root
Jun 04 17:53:53 devstack cinder-volume[86411]: DEBUG oslo_concurrency.processutils [None req-2952872f-870b-4f1d-877c-1711030f51e3 tempest-GroupsV314Test-655874678 None] CMD "sudo cinder-rootwrap /etc/cinder/rootwrap.conf qemu-img convert -O qcow2 /opt/stack/data/cinder/mnt/7d7ebbc8dbbe1a701357a3f6a92fd1b2/volume-22b7a750-e242-4636-8996-ae65d2693523 /opt/stack/data/cinder/mnt/7d7ebbc8dbbe1a701357a3f6a92fd1b2/volume-54063732-b3fb-49c2-a19f-d5cdd1398200" returned: 0 in 8.948s {{(pid=86411) execute /opt/stack/data/venv/lib/python3.12/site-packages/oslo_concurrency/processutils.py:468}}
Jun 04 17:53:53 devstack cinder-volume[86411]: DEBUG oslo.privsep.daemon [-] privsep: reply[dfb08d21-672d-491f-a347-bf980c1f6528]: (4, 'qcow2') {{(pid=87570) _call_back /opt/stack/data/venv/lib/python3.12/site-packages/oslo_privsep/daemon.py:573}}
Jun 04 17:53:53 devstack cinder-volume[86411]: DEBUG oslo_concurrency.processutils [None req-2952872f-870b-4f1d-877c-1711030f51e3 tempest-GroupsV314Test-655874678 None] Running cmd (subprocess): /opt/stack/data/venv/bin/python3.12 -m oslo_concurrency.prlimit --as=1073741824 --cpu=60 -- sudo cinder-rootwrap /etc/cinder/rootwrap.conf env LC_ALL=C qemu-img info -f qcow2 --output=json /opt/stack/data/cinder/mnt/7d7ebbc8dbbe1a701357a3f6a92fd1b2/volume-22b7a750-e242-4636-8996-ae65d2693523 {{(pid=86411) execute /opt/stack/data/venv/lib/python3.12/site-packages/oslo_concurrency/processutils.py:440}}
Jun 04 17:53:53 devstack sudo[92388]: quobyte : PWD=/ ; USER=root ; COMMAND=/opt/stack/data/venv/bin/cinder-rootwrap /etc/cinder/rootwrap.conf env LC_ALL=C qemu-img info -f qcow2 --output=json /opt/stack/data/cinder/mnt/7d7ebbc8dbbe1a701357a3f6a92fd1b2/volume-22b7a750-e242-4636-8996-ae65d2693523
Jun 04 17:53:53 devstack sudo[92388]: pam_unix(sudo:session): session opened for user root(uid=0) by (uid=1000)
Jun 04 17:53:54 devstack sudo[92388]: pam_unix(sudo:session): session closed for user root
Jun 04 17:53:54 devstack cinder-volume[86411]: DEBUG oslo_concurrency.processutils [None req-2952872f-870b-4f1d-877c-1711030f51e3 tempest-GroupsV314Test-655874678 None] CMD "/opt/stack/data/venv/bin/python3.12 -m oslo_concurrency.prlimit --as=1073741824 --cpu=60 -- sudo cinder-rootwrap /etc/cinder/rootwrap.conf env LC_ALL=C qemu-img info -f qcow2 --output=json /opt/stack/data/cinder/mnt/7d7ebbc8dbbe1a701357a3f6a92fd1b2/volume-22b7a750-e242-4636-8996-ae65d2693523" returned: 0 in 1.063s {{(pid=86411) execute /opt/stack/data/venv/lib/python3.12/site-packages/oslo_concurrency/processutils.py:468}}
Jun 04 17:53:54 devstack cinder-volume[86411]: DEBUG cinder.image.image_utils [None req-2952872f-870b-4f1d-877c-1711030f51e3 tempest-GroupsV314Test-655874678 None] Image conversion details: src /opt/stack/data/cinder/mnt/7d7ebbc8dbbe1a701357a3f6a92fd1b2/volume-22b7a750-e242-4636-8996-ae65d2693523, size 1024.00 MB, duration 8.95 sec, destination /opt/stack/data/cinder/mnt/7d7ebbc8dbbe1a701357a3f6a92fd1b2/volume-54063732-b3fb-49c2-a19f-d5cdd1398200 {{(pid=86411) _convert_image /opt/stack/cinder/cinder/image/image_utils.py:536}}
Jun 04 17:53:54 devstack cinder-volume[86411]: INFO cinder.image.image_utils [None req-2952872f-870b-4f1d-877c-1711030f51e3 tempest-GroupsV314Test-655874678 None] Converted 1024.00 MB image at 114.43 MB/s
Jun 04 17:53:54 devstack cinder-volume[86411]: WARNING cinder.volume.drivers.remotefs [None req-2952872f-870b-4f1d-877c-1711030f51e3 tempest-GroupsV314Test-655874678 None] /opt/stack/data/cinder/mnt/7d7ebbc8dbbe1a701357a3f6a92fd1b2/volume-54063732-b3fb-49c2-a19f-d5cdd1398200 is being set with open permissions: ugo+rw: NotImplementedError
Jun 04 17:53:54 devstack cinder-volume[86411]: DEBUG oslo_concurrency.processutils [None req-2952872f-870b-4f1d-877c-1711030f51e3 tempest-GroupsV314Test-655874678 None] Running cmd (subprocess): sudo cinder-rootwrap /etc/cinder/rootwrap.conf chmod ugo+rw /opt/stack/data/cinder/mnt/7d7ebbc8dbbe1a701357a3f6a92fd1b2/volume-54063732-b3fb-49c2-a19f-d5cdd1398200 {{(pid=86411) execute /opt/stack/data/venv/lib/python3.12/site-packages/oslo_concurrency/processutils.py:440}}
Jun 04 17:53:54 devstack sudo[92396]: quobyte : PWD=/ ; USER=root ; COMMAND=/opt/stack/data/venv/bin/cinder-rootwrap /etc/cinder/rootwrap.conf chmod ugo+rw /opt/stack/data/cinder/mnt/7d7ebbc8dbbe1a701357a3f6a92fd1b2/volume-54063732-b3fb-49c2-a19f-d5cdd1398200
Jun 04 17:53:54 devstack sudo[92396]: pam_unix(sudo:session): session opened for user root(uid=0) by (uid=1000)
Jun 04 17:53:54 devstack sudo[92396]: pam_unix(sudo:session): session closed for user root
Jun 04 17:53:54 devstack cinder-volume[86411]: DEBUG oslo_concurrency.processutils [None req-2952872f-870b-4f1d-877c-1711030f51e3 tempest-GroupsV314Test-655874678 None] CMD "sudo cinder-rootwrap /etc/cinder/rootwrap.conf chmod ugo+rw /opt/stack/data/cinder/mnt/7d7ebbc8dbbe1a701357a3f6a92fd1b2/volume-54063732-b3fb-49c2-a19f-d5cdd1398200" returned: 0 in 0.577s {{(pid=86411) execute /opt/stack/data/venv/lib/python3.12/site-packages/oslo_concurrency/processutils.py:468}}
Jun 04 17:53:54 devstack cinder-volume[86411]: DEBUG cinder.coordination [None req-2952872f-870b-4f1d-877c-1711030f51e3 tempest-GroupsV314Test-655874678 None] Lock "cinder-quobyte-54063732-b3fb-49c2-a19f-d5cdd1398200" released by "_copy_volume_from_snapshot" :: held 12.448s {{(pid=86411) __release /opt/stack/cinder/cinder/coordination.py:152}}
Jun 04 17:53:54 devstack cinder-volume[86411]: DEBUG cinder.coordination [None req-2952872f-870b-4f1d-877c-1711030f51e3 tempest-GroupsV314Test-655874678 None] Acquiring lock "cinder-quobyte-227e0480-9fe6-4a7e-a43f-f25aa36fb667" by "_delete_snapshot" {{(pid=86411) __acquire /opt/stack/cinder/cinder/coordination.py:138}}
Jun 04 17:53:55 devstack cinder-volume[86411]: DEBUG cinder.coordination [None req-2952872f-870b-4f1d-877c-1711030f51e3 tempest-GroupsV314Test-655874678 None] Lock "cinder-quobyte-227e0480-9fe6-4a7e-a43f-f25aa36fb667" acquired by "_delete_snapshot" :: waited 0.026s {{(pid=86411) __acquire /opt/stack/cinder/cinder/coordination.py:141}}
Jun 04 17:53:55 devstack cinder-volume[86411]: DEBUG cinder.volume.drivers.remotefs [None req-2952872f-870b-4f1d-877c-1711030f51e3 tempest-GroupsV314Test-655874678 None] Deleting offline snapshot 227e0480-9fe6-4a7e-a43f-f25aa36fb667 of volume 22b7a750-e242-4636-8996-ae65d2693523 {{(pid=86411) _delete_snapshot /opt/stack/cinder/cinder/volume/drivers/remotefs.py:1288}}
Jun 04 17:53:55 devstack cinder-volume[86411]: DEBUG cinder.volume.drivers.remotefs [None req-2952872f-870b-4f1d-877c-1711030f51e3 tempest-GroupsV314Test-655874678 None] snapshot_file for this snap is: volume-22b7a750-e242-4636-8996-ae65d2693523.227e0480-9fe6-4a7e-a43f-f25aa36fb667 {{(pid=86411) _delete_snapshot /opt/stack/cinder/cinder/volume/drivers/remotefs.py:1317}}
Jun 04 17:53:55 devstack cinder-volume[86411]: DEBUG oslo.privsep.daemon [-] privsep: reply[332aa096-2490-44e4-ac64-7608e8658fd2]: (4, 'qcow2') {{(pid=87570) _call_back /opt/stack/data/venv/lib/python3.12/site-packages/oslo_privsep/daemon.py:573}}
Jun 04 17:53:55 devstack cinder-volume[86411]: DEBUG oslo_concurrency.processutils [None req-2952872f-870b-4f1d-877c-1711030f51e3 tempest-GroupsV314Test-655874678 None] Running cmd (subprocess): /opt/stack/data/venv/bin/python3.12 -m oslo_concurrency.prlimit --as=1073741824 --cpu=60 -- sudo cinder-rootwrap /etc/cinder/rootwrap.conf env LC_ALL=C qemu-img info -f qcow2 --output=json --force-share /opt/stack/data/cinder/mnt/7d7ebbc8dbbe1a701357a3f6a92fd1b2/volume-22b7a750-e242-4636-8996-ae65d2693523.227e0480-9fe6-4a7e-a43f-f25aa36fb667 {{(pid=86411) execute /opt/stack/data/venv/lib/python3.12/site-packages/oslo_concurrency/processutils.py:440}}
Jun 04 17:53:55 devstack sudo[92399]: quobyte : PWD=/ ; USER=root ; COMMAND=/opt/stack/data/venv/bin/cinder-rootwrap /etc/cinder/rootwrap.conf env LC_ALL=C qemu-img info -f qcow2 --output=json --force-share /opt/stack/data/cinder/mnt/7d7ebbc8dbbe1a701357a3f6a92fd1b2/volume-22b7a750-e242-4636-8996-ae65d2693523.227e0480-9fe6-4a7e-a43f-f25aa36fb667
Jun 04 17:53:55 devstack sudo[92399]: pam_unix(sudo:session): session opened for user root(uid=0) by (uid=1000)
Jun 04 17:53:55 devstack sudo[92399]: pam_unix(sudo:session): session closed for user root
Jun 04 17:53:55 devstack cinder-volume[86411]: DEBUG oslo_concurrency.processutils [None req-2952872f-870b-4f1d-877c-1711030f51e3 tempest-GroupsV314Test-655874678 None] CMD "/opt/stack/data/venv/bin/python3.12 -m oslo_concurrency.prlimit --as=1073741824 --cpu=60 -- sudo cinder-rootwrap /etc/cinder/rootwrap.conf env LC_ALL=C qemu-img info -f qcow2 --output=json --force-share /opt/stack/data/cinder/mnt/7d7ebbc8dbbe1a701357a3f6a92fd1b2/volume-22b7a750-e242-4636-8996-ae65d2693523.227e0480-9fe6-4a7e-a43f-f25aa36fb667" returned: 0 in 0.759s {{(pid=86411) execute /opt/stack/data/venv/lib/python3.12/site-packages/oslo_concurrency/processutils.py:468}}
Jun 04 17:53:55 devstack cinder-volume[86411]: DEBUG cinder.volume.drivers.remotefs [None req-2952872f-870b-4f1d-877c-1711030f51e3 tempest-GroupsV314Test-655874678 None] Fetching qemu-img info with special backing_file_template: (/opt/stack/data/cinder/mnt/[0-9a-f]+/)?(volume-22b7a750-e242-4636-8996-ae65d2693523(.(tmp-snap-)?[0-9a-f-]+)?|volume_from_snapshot_cache/(tmp-snap-)?[0-9a-f-]+(.(child-|parent-)[0-9a-f-]+)?)$ {{(pid=86411) _qemu_img_info_base /opt/stack/cinder/cinder/volume/drivers/remotefs.py:896}}
Jun 04 17:53:55 devstack cinder-volume[86411]: DEBUG oslo_service.periodic_task [None req-6e3eea29-79ff-4954-9bba-746b71320e10 None None] Running periodic task VolumeManager.publish_service_capabilities {{(pid=86411) run_periodic_tasks /opt/stack/data/venv/lib/python3.12/site-packages/oslo_service/periodic_task.py:210}}
Jun 04 17:53:55 devstack cinder-volume[86411]: DEBUG oslo_concurrency.lockutils [None req-6e3eea29-79ff-4954-9bba-746b71320e10 None None] Acquiring lock "quobyte_ensure" by "cinder.volume.drivers.quobyte.QuobyteDriver._ensure_shares_mounted" {{(pid=86411) inner /opt/stack/data/venv/lib/python3.12/site-packages/oslo_concurrency/lockutils.py:506}}
Jun 04 17:53:55 devstack cinder-volume[86411]: DEBUG oslo_concurrency.lockutils [None req-6e3eea29-79ff-4954-9bba-746b71320e10 None None] Lock "quobyte_ensure" acquired by "cinder.volume.drivers.quobyte.QuobyteDriver._ensure_shares_mounted" :: waited 0.000s {{(pid=86411) inner /opt/stack/data/venv/lib/python3.12/site-packages/oslo_concurrency/lockutils.py:519}}
Jun 04 17:53:55 devstack cinder-volume[86411]: DEBUG cinder.volume.drivers.quobyte [None req-6e3eea29-79ff-4954-9bba-746b71320e10 None None] Quobyte Volume URL set to: {'osci02.corp.quobyte.com/cinder-vol-3fe56b7b-462c-45fa-9e89-716a22336af0': None} {{(pid=86411) _load_shares_config /opt/stack/cinder/cinder/volume/drivers/quobyte.py:617}}
Jun 04 17:53:55 devstack cinder-volume[86411]: DEBUG cinder.volume.drivers.quobyte [None req-6e3eea29-79ff-4954-9bba-746b71320e10 None None] Available shares ['osci02.corp.quobyte.com/cinder-vol-3fe56b7b-462c-45fa-9e89-716a22336af0'] {{(pid=86411) _ensure_shares_mounted /opt/stack/cinder/cinder/volume/drivers/quobyte.py:647}}
Jun 04 17:53:55 devstack cinder-volume[86411]: DEBUG oslo_concurrency.lockutils [None req-6e3eea29-79ff-4954-9bba-746b71320e10 None None] Lock "quobyte_ensure" "released" by "cinder.volume.drivers.quobyte.QuobyteDriver._ensure_shares_mounted" :: held 0.005s {{(pid=86411) inner /opt/stack/data/venv/lib/python3.12/site-packages/oslo_concurrency/lockutils.py:538}}
Jun 04 17:53:55 devstack cinder-volume[86411]: DEBUG oslo_concurrency.processutils [None req-6e3eea29-79ff-4954-9bba-746b71320e10 None None] Running cmd (subprocess): sudo cinder-rootwrap /etc/cinder/rootwrap.conf df --portability --block-size 1 /opt/stack/data/cinder/mnt/7d7ebbc8dbbe1a701357a3f6a92fd1b2 {{(pid=86411) execute /opt/stack/data/venv/lib/python3.12/site-packages/oslo_concurrency/processutils.py:440}}
Jun 04 17:53:55 devstack cinder-volume[86411]: DEBUG oslo.privsep.daemon [-] privsep: reply[932cb010-29d7-46b4-91a0-e6851ed3c09c]: (4, 'qcow2') {{(pid=87570) _call_back /opt/stack/data/venv/lib/python3.12/site-packages/oslo_privsep/daemon.py:573}}
Jun 04 17:53:55 devstack cinder-volume[86411]: DEBUG oslo_concurrency.processutils [None req-2952872f-870b-4f1d-877c-1711030f51e3 tempest-GroupsV314Test-655874678 None] Running cmd (subprocess): /opt/stack/data/venv/bin/python3.12 -m oslo_concurrency.prlimit --as=1073741824 --cpu=60 -- sudo cinder-rootwrap /etc/cinder/rootwrap.conf env LC_ALL=C qemu-img info -f qcow2 --output=json --force-share /opt/stack/data/cinder/mnt/7d7ebbc8dbbe1a701357a3f6a92fd1b2/volume-22b7a750-e242-4636-8996-ae65d2693523 {{(pid=86411) execute /opt/stack/data/venv/lib/python3.12/site-packages/oslo_concurrency/processutils.py:440}}
Jun 04 17:53:55 devstack sudo[92405]: quobyte : PWD=/ ; USER=root ; COMMAND=/opt/stack/data/venv/bin/cinder-rootwrap /etc/cinder/rootwrap.conf df --portability --block-size 1 /opt/stack/data/cinder/mnt/7d7ebbc8dbbe1a701357a3f6a92fd1b2
Jun 04 17:53:55 devstack sudo[92405]: pam_unix(sudo:session): session opened for user root(uid=0) by (uid=1000)
Jun 04 17:53:55 devstack sudo[92406]: quobyte : PWD=/ ; USER=root ; COMMAND=/opt/stack/data/venv/bin/cinder-rootwrap /etc/cinder/rootwrap.conf env LC_ALL=C qemu-img info -f qcow2 --output=json --force-share /opt/stack/data/cinder/mnt/7d7ebbc8dbbe1a701357a3f6a92fd1b2/volume-22b7a750-e242-4636-8996-ae65d2693523
Jun 04 17:53:55 devstack sudo[92406]: pam_unix(sudo:session): session opened for user root(uid=0) by (uid=1000)
Jun 04 17:53:56 devstack sudo[92405]: pam_unix(sudo:session): session closed for user root
Jun 04 17:53:56 devstack cinder-volume[86411]: DEBUG oslo_concurrency.processutils [None req-6e3eea29-79ff-4954-9bba-746b71320e10 None None] CMD "sudo cinder-rootwrap /etc/cinder/rootwrap.conf df --portability --block-size 1 /opt/stack/data/cinder/mnt/7d7ebbc8dbbe1a701357a3f6a92fd1b2" returned: 0 in 0.615s {{(pid=86411) execute /opt/stack/data/venv/lib/python3.12/site-packages/oslo_concurrency/processutils.py:468}}
Jun 04 17:53:56 devstack cinder-volume[86411]: DEBUG cinder.manager [None req-6e3eea29-79ff-4954-9bba-746b71320e10 None None] Notifying Schedulers of capabilities ... {{(pid=86411) _publish_service_capabilities /opt/stack/cinder/cinder/manager.py:219}}
Jun 04 17:53:56 devstack sudo[92406]: pam_unix(sudo:session): session closed for user root
Jun 04 17:53:56 devstack cinder-volume[86411]: DEBUG oslo_concurrency.processutils [None req-2952872f-870b-4f1d-877c-1711030f51e3 tempest-GroupsV314Test-655874678 None] CMD "/opt/stack/data/venv/bin/python3.12 -m oslo_concurrency.prlimit --as=1073741824 --cpu=60 -- sudo cinder-rootwrap /etc/cinder/rootwrap.conf env LC_ALL=C qemu-img info -f qcow2 --output=json --force-share /opt/stack/data/cinder/mnt/7d7ebbc8dbbe1a701357a3f6a92fd1b2/volume-22b7a750-e242-4636-8996-ae65d2693523" returned: 0 in 0.751s {{(pid=86411) execute /opt/stack/data/venv/lib/python3.12/site-packages/oslo_concurrency/processutils.py:468}}
Jun 04 17:53:56 devstack cinder-volume[86411]: DEBUG oslo_concurrency.processutils [None req-2952872f-870b-4f1d-877c-1711030f51e3 tempest-GroupsV314Test-655874678 None] Running cmd (subprocess): sudo cinder-rootwrap /etc/cinder/rootwrap.conf qemu-img commit -d /opt/stack/data/cinder/mnt/7d7ebbc8dbbe1a701357a3f6a92fd1b2/volume-22b7a750-e242-4636-8996-ae65d2693523.227e0480-9fe6-4a7e-a43f-f25aa36fb667 {{(pid=86411) execute /opt/stack/data/venv/lib/python3.12/site-packages/oslo_concurrency/processutils.py:440}}
Jun 04 17:53:56 devstack sudo[92422]: quobyte : PWD=/ ; USER=root ; COMMAND=/opt/stack/data/venv/bin/cinder-rootwrap /etc/cinder/rootwrap.conf qemu-img commit -d /opt/stack/data/cinder/mnt/7d7ebbc8dbbe1a701357a3f6a92fd1b2/volume-22b7a750-e242-4636-8996-ae65d2693523.227e0480-9fe6-4a7e-a43f-f25aa36fb667
Jun 04 17:53:56 devstack sudo[92422]: pam_unix(sudo:session): session opened for user root(uid=0) by (uid=1000)
Jun 04 17:53:57 devstack cinder-volume[86411]: DEBUG cinder.volume.flows.manager.create_volume [None req-34bd2750-13e1-453b-8efc-911c41c94c14 tempest-AttachVolumeShelveTestJSON-35629190 None] Volume reschedule parameters: True retry: {'num_attempts': 1, 'backends': ['devstack@QuobyteHD#QuobyteHD'], 'hosts': ['devstack@QuobyteHD#QuobyteHD']} {{(pid=86411) get_flow /opt/stack/cinder/cinder/volume/flows/manager/create_volume.py:1395}}
Jun 04 17:53:57 devstack sudo[92422]: pam_unix(sudo:session): session closed for user root
Jun 04 17:53:57 devstack cinder-volume[86411]: DEBUG cinder.volume.manager [None req-34bd2750-13e1-453b-8efc-911c41c94c14 tempest-AttachVolumeShelveTestJSON-35629190 None] Flow 'volume_create_manager' (093f6f63-7c14-45ea-98c0-25a72ad391b0) transitioned into state 'RUNNING' from state 'PENDING' {{(pid=86411) _flow_receiver /opt/stack/data/venv/lib/python3.12/site-packages/taskflow/listeners/logging.py:145}}
Jun 04 17:53:57 devstack cinder-volume[86411]: DEBUG cinder.volume.manager [None req-34bd2750-13e1-453b-8efc-911c41c94c14 tempest-AttachVolumeShelveTestJSON-35629190 None] Task 'cinder.volume.flows.manager.create_volume.ExtractVolumeRefTask;volume:create' (fee54284-8091-4c50-91d5-ef6c264eb49f) transitioned into state 'RUNNING' from state 'PENDING' {{(pid=86411) _task_receiver /opt/stack/data/venv/lib/python3.12/site-packages/taskflow/listeners/logging.py:194}}
Jun 04 17:53:57 devstack cinder-volume[86411]: DEBUG oslo_concurrency.processutils [None req-2952872f-870b-4f1d-877c-1711030f51e3 tempest-GroupsV314Test-655874678 None] CMD "sudo cinder-rootwrap /etc/cinder/rootwrap.conf qemu-img commit -d /opt/stack/data/cinder/mnt/7d7ebbc8dbbe1a701357a3f6a92fd1b2/volume-22b7a750-e242-4636-8996-ae65d2693523.227e0480-9fe6-4a7e-a43f-f25aa36fb667" returned: 0 in 0.956s {{(pid=86411) execute /opt/stack/data/venv/lib/python3.12/site-packages/oslo_concurrency/processutils.py:468}}
Jun 04 17:53:57 devstack cinder-volume[86411]: DEBUG oslo_concurrency.processutils [None req-2952872f-870b-4f1d-877c-1711030f51e3 tempest-GroupsV314Test-655874678 None] Running cmd (subprocess): sudo cinder-rootwrap /etc/cinder/rootwrap.conf rm -f /opt/stack/data/cinder/mnt/7d7ebbc8dbbe1a701357a3f6a92fd1b2/volume-22b7a750-e242-4636-8996-ae65d2693523.227e0480-9fe6-4a7e-a43f-f25aa36fb667 {{(pid=86411) execute /opt/stack/data/venv/lib/python3.12/site-packages/oslo_concurrency/processutils.py:440}}
Jun 04 17:53:57 devstack cinder-volume[86411]: DEBUG cinder.volume.manager [None req-34bd2750-13e1-453b-8efc-911c41c94c14 tempest-AttachVolumeShelveTestJSON-35629190 None] Task 'cinder.volume.flows.manager.create_volume.ExtractVolumeRefTask;volume:create' (fee54284-8091-4c50-91d5-ef6c264eb49f) transitioned into state 'SUCCESS' from state 'RUNNING' with result 'Volume(_name_id=None,admin_metadata=,attach_status='detached',availability_zone='nova',bootable=False,cluster=,cluster_name=None,consistencygroup=,consistencygroup_id=None,created_at=2026-06-04T15:53:57Z,deleted=False,deleted_at=None,display_description=None,display_name='tempest-AttachVolumeShelveTestJSON-volume-1589334059',ec2_id=None,encryption_key_id=None,glance_metadata=,group=,group_id=None,host='devstack@QuobyteHD#QuobyteHD',id=5eebfbea-9b72-42bf-b669-c97052e6d4c7,launched_at=None,metadata={},migration_status=None,multiattach=False,previous_status=None,project_id='2f7716c7b77f4da7a1f3947f9be7ad5c',provider_auth=None,provider_geometry=None,provider_id=None,provider_location=None,replication_driver_data=None,replication_extended_status=None,replication_status=None,scheduled_at=2026-06-04T15:53:57Z,service_uuid=None,shared_targets=True,size=1,snapshot_id=None,snapshots=,source_volid=None,status='creating',terminated_at=None,updated_at=2026-06-04T15:53:57Z,use_quota=True,user_id='deb33d52a8bc4c8995cae607d3f258c1',volume_attachment=VolumeAttachmentList,volume_type=VolumeType(0d82ec3b-8aab-4d46-a562-52115248d3b3),volume_type_id=0d82ec3b-8aab-4d46-a562-52115248d3b3)' {{(pid=86411) _task_receiver /opt/stack/data/venv/lib/python3.12/site-packages/taskflow/listeners/logging.py:182}}
Jun 04 17:53:57 devstack cinder-volume[86411]: DEBUG cinder.volume.manager [None req-34bd2750-13e1-453b-8efc-911c41c94c14 tempest-AttachVolumeShelveTestJSON-35629190 None] Task 'cinder.volume.flows.manager.create_volume.OnFailureRescheduleTask;volume:create' (b80703ef-be44-4b2f-aad3-6b7b40611330) transitioned into state 'RUNNING' from state 'PENDING' {{(pid=86411) _task_receiver /opt/stack/data/venv/lib/python3.12/site-packages/taskflow/listeners/logging.py:194}}
Jun 04 17:53:57 devstack sudo[92453]: quobyte : PWD=/ ; USER=root ; COMMAND=/opt/stack/data/venv/bin/cinder-rootwrap /etc/cinder/rootwrap.conf rm -f /opt/stack/data/cinder/mnt/7d7ebbc8dbbe1a701357a3f6a92fd1b2/volume-22b7a750-e242-4636-8996-ae65d2693523.227e0480-9fe6-4a7e-a43f-f25aa36fb667
Jun 04 17:53:57 devstack sudo[92453]: pam_unix(sudo:session): session opened for user root(uid=0) by (uid=1000)
Jun 04 17:53:57 devstack cinder-volume[86411]: DEBUG cinder.volume.manager [None req-34bd2750-13e1-453b-8efc-911c41c94c14 tempest-AttachVolumeShelveTestJSON-35629190 None] Task 'cinder.volume.flows.manager.create_volume.OnFailureRescheduleTask;volume:create' (b80703ef-be44-4b2f-aad3-6b7b40611330) transitioned into state 'SUCCESS' from state 'RUNNING' with result 'None' {{(pid=86411) _task_receiver /opt/stack/data/venv/lib/python3.12/site-packages/taskflow/listeners/logging.py:182}}
Jun 04 17:53:57 devstack cinder-volume[86411]: DEBUG cinder.volume.manager [None req-34bd2750-13e1-453b-8efc-911c41c94c14 tempest-AttachVolumeShelveTestJSON-35629190 None] Task 'cinder.volume.flows.manager.create_volume.ExtractVolumeSpecTask;volume:create' (f80172cd-045a-4571-852a-b394105748ff) transitioned into state 'RUNNING' from state 'PENDING' {{(pid=86411) _task_receiver /opt/stack/data/venv/lib/python3.12/site-packages/taskflow/listeners/logging.py:194}}
Jun 04 17:53:57 devstack cinder-volume[86411]: DEBUG cinder.volume.manager [None req-34bd2750-13e1-453b-8efc-911c41c94c14 tempest-AttachVolumeShelveTestJSON-35629190 None] Task 'cinder.volume.flows.manager.create_volume.ExtractVolumeSpecTask;volume:create' (f80172cd-045a-4571-852a-b394105748ff) transitioned into state 'SUCCESS' from state 'RUNNING' with result '{'status': 'creating', 'type': 'raw', 'volume_id': '5eebfbea-9b72-42bf-b669-c97052e6d4c7', 'volume_name': 'volume-5eebfbea-9b72-42bf-b669-c97052e6d4c7', 'volume_size': 1}' {{(pid=86411) _task_receiver /opt/stack/data/venv/lib/python3.12/site-packages/taskflow/listeners/logging.py:182}}
